[INFO] cloning repository https://github.com/yusei-wy/rgit
[INFO] running `Command { std: "git" "-c" "credential.helper=" "-c" "credential.helper=/workspace/cargo-home/bin/git-credential-null" "clone" "--bare" "https://github.com/yusei-wy/rgit" "/workspace/cache/git-repos/https%3A%2F%2Fgithub.com%2Fyusei-wy%2Frgit", kill_on_drop: false }`
[INFO] [stderr] Cloning into bare repository '/workspace/cache/git-repos/https%3A%2F%2Fgithub.com%2Fyusei-wy%2Frgit'...
[INFO] running `Command { std: "git" "rev-parse" "HEAD", kill_on_drop: false }`
[INFO] [stdout] 2effe7659506fc41708b76a15a726efb52c12c1b
[INFO] testing yusei-wy/rgit against beta-2023-04-20 for beta-1.70-1
[INFO] running `Command { std: "git" "clone" "/workspace/cache/git-repos/https%3A%2F%2Fgithub.com%2Fyusei-wy%2Frgit" "/workspace/builds/worker-0-tc2/source", kill_on_drop: false }`
[INFO] [stderr] Cloning into '/workspace/builds/worker-0-tc2/source'...
[INFO] [stderr] done.
[INFO] validating manifest of git repo https://github.com/yusei-wy/rgit on toolchain beta-2023-04-20
[INFO] running `Command { std: CARGO_HOME="/workspace/cargo-home" RUSTUP_HOME="/workspace/rustup-home" "/workspace/cargo-home/bin/cargo" "+beta-2023-04-20" "metadata" "--manifest-path" "Cargo.toml" "--no-deps", kill_on_drop: false }`
[INFO] started tweaking git repo https://github.com/yusei-wy/rgit
[INFO] finished tweaking git repo https://github.com/yusei-wy/rgit
[INFO] tweaked toml for git repo https://github.com/yusei-wy/rgit written to /workspace/builds/worker-0-tc2/source/Cargo.toml
[INFO] crate git repo https://github.com/yusei-wy/rgit already has a lockfile, it will not be regenerated
[INFO] running `Command { std: CARGO_HOME="/workspace/cargo-home" RUSTUP_HOME="/workspace/rustup-home" "/workspace/cargo-home/bin/cargo" "+beta-2023-04-20" "fetch" "--manifest-path" "Cargo.toml", kill_on_drop: false }`
[INFO] running `Command { std: "docker" "create" "-v" "/var/lib/crater-agent-workspace/builds/worker-0-tc2/target:/opt/rustwide/target:rw,Z" "-v" "/var/lib/crater-agent-workspace/builds/worker-0-tc2/source:/opt/rustwide/workdir:ro,Z" "-v" "/var/lib/crater-agent-workspace/cargo-home:/opt/rustwide/cargo-home:ro,Z" "-v" "/var/lib/crater-agent-workspace/rustup-home:/opt/rustwide/rustup-home:ro,Z" "-e" "SOURCE_DIR=/opt/rustwide/workdir" "-e" "CARGO_TARGET_DIR=/opt/rustwide/target" "-e" "CARGO_HOME=/opt/rustwide/cargo-home" "-e" "RUSTUP_HOME=/opt/rustwide/rustup-home" "-w" "/opt/rustwide/workdir" "-m" "1610612736" "--user" "0:0" "--network" "none" "ghcr.io/rust-lang/crates-build-env/linux@sha256:5ff2268d62e97bff2cde7d5815dd6ed5b47097566f13b8d0ca110b04b60e07ed" "/opt/rustwide/cargo-home/bin/cargo" "+beta-2023-04-20" "metadata" "--no-deps" "--format-version=1", kill_on_drop: false }`
[INFO] [stdout] fd8b6f6614f320ffb823b77a4555183f19772763e759bf82a011f8849ad6d61f
[INFO] running `Command { std: "docker" "start" "-a" "fd8b6f6614f320ffb823b77a4555183f19772763e759bf82a011f8849ad6d61f", kill_on_drop: false }`
[INFO] running `Command { std: "docker" "inspect" "fd8b6f6614f320ffb823b77a4555183f19772763e759bf82a011f8849ad6d61f", kill_on_drop: false }`
[INFO] running `Command { std: "docker" "rm" "-f" "fd8b6f6614f320ffb823b77a4555183f19772763e759bf82a011f8849ad6d61f", kill_on_drop: false }`
[INFO] [stdout] fd8b6f6614f320ffb823b77a4555183f19772763e759bf82a011f8849ad6d61f
[INFO] running `Command { std: "docker" "create" "-v" "/var/lib/crater-agent-workspace/builds/worker-0-tc2/target:/opt/rustwide/target:rw,Z" "-v" "/var/lib/crater-agent-workspace/builds/worker-0-tc2/source:/opt/rustwide/workdir:ro,Z" "-v" "/var/lib/crater-agent-workspace/cargo-home:/opt/rustwide/cargo-home:ro,Z" "-v" "/var/lib/crater-agent-workspace/rustup-home:/opt/rustwide/rustup-home:ro,Z" "-e" "SOURCE_DIR=/opt/rustwide/workdir" "-e" "CARGO_TARGET_DIR=/opt/rustwide/target" "-e" "CARGO_INCREMENTAL=0" "-e" "RUST_BACKTRACE=full" "-e" "RUSTFLAGS=--cap-lints=warn" "-e" "RUSTDOCFLAGS=--cap-lints=warn" "-e" "CARGO_HOME=/opt/rustwide/cargo-home" "-e" "RUSTUP_HOME=/opt/rustwide/rustup-home" "-w" "/opt/rustwide/workdir" "-m" "1610612736" "--user" "0:0" "--network" "none" "ghcr.io/rust-lang/crates-build-env/linux@sha256:5ff2268d62e97bff2cde7d5815dd6ed5b47097566f13b8d0ca110b04b60e07ed" "/opt/rustwide/cargo-home/bin/cargo" "+beta-2023-04-20" "build" "--frozen" "--message-format=json", kill_on_drop: false }`
[INFO] [stdout] ad48a99e2cc8f38424bca8029bae969747e4e490a29b206fcf7c1b62d80a3457
[INFO] running `Command { std: "docker" "start" "-a" "ad48a99e2cc8f38424bca8029bae969747e4e490a29b206fcf7c1b62d80a3457", kill_on_drop: false }`
[INFO] [stderr]    Compiling autocfg v1.0.1
[INFO] [stderr]    Compiling typenum v1.12.0
[INFO] [stderr]    Compiling version_check v0.9.2
[INFO] [stderr]    Compiling libc v0.2.80
[INFO] [stderr]    Compiling serde v1.0.117
[INFO] [stderr]    Compiling crc32fast v1.2.1
[INFO] [stderr]    Compiling cfg-if v1.0.0
[INFO] [stderr]    Compiling rle-decode-fast v1.0.1
[INFO] [stderr]    Compiling libflate_lz77 v1.0.0
[INFO] [stderr]    Compiling adler32 v1.2.0
[INFO] [stderr]    Compiling opaque-debug v0.3.0
[INFO] [stderr]    Compiling cpuid-bool v0.1.2
[INFO] [stderr]    Compiling hex v0.4.2
[INFO] [stderr]    Compiling generic-array v0.14.4
[INFO] [stderr]    Compiling num-traits v0.2.14
[INFO] [stderr]    Compiling num-integer v0.1.44
[INFO] [stderr]    Compiling libflate v1.0.3
[INFO] [stderr]    Compiling time v0.1.44
[INFO] [stderr]    Compiling block-buffer v0.9.0
[INFO] [stderr]    Compiling digest v0.9.0
[INFO] [stderr]    Compiling sha-1 v0.9.2
[INFO] [stderr]    Compiling chrono v0.4.19
[INFO] [stderr]    Compiling rgit v0.1.12 (/opt/rustwide/workdir)
[INFO] [stdout] warning: unused imports: `FileSystem`, `Metadata`
[INFO] [stdout]  --> src/fs/macos.rs:1:13
[INFO] [stdout]   |
[INFO] [stdout] 1 | use super::{FileSystem, Metadata};
[INFO] [stdout]   |             ^^^^^^^^^^  ^^^^^^^^
[INFO] [stdout]   |
[INFO] [stdout]   = note: `#[warn(unused_imports)]` on by default
[INFO] [stdout] 
[INFO] [stdout] 
[INFO] [stdout] warning: unused import: `std::env`
[INFO] [stdout]  --> src/fs/macos.rs:2:5
[INFO] [stdout]   |
[INFO] [stdout] 2 | use std::env;
[INFO] [stdout]   |     ^^^^^^^^
[INFO] [stdout] 
[INFO] [stdout] 
[INFO] [stdout] warning: unused imports: `File`, `self`
[INFO] [stdout]  --> src/fs/macos.rs:3:15
[INFO] [stdout]   |
[INFO] [stdout] 3 | use std::fs::{self, File};
[INFO] [stdout]   |               ^^^^  ^^^^
[INFO] [stdout] 
[INFO] [stdout] 
[INFO] [stdout] warning: unused imports: `Read`, `Write`, `self`
[INFO] [stdout]  --> src/fs/macos.rs:4:15
[INFO] [stdout]   |
[INFO] [stdout] 4 | use std::io::{self, Read, Write};
[INFO] [stdout]   |               ^^^^  ^^^^  ^^^^^
[INFO] [stdout] 
[INFO] [stdout] 
[INFO] [stdout] warning: unused import: `std::path::PathBuf`
[INFO] [stdout]  --> src/fs/macos.rs:7:5
[INFO] [stdout]   |
[INFO] [stdout] 7 | use std::path::PathBuf;
[INFO] [stdout]   |     ^^^^^^^^^^^^^^^^^^
[INFO] [stdout] 
[INFO] [stdout] 
[INFO] [stdout] warning: unused import: `std::error::Error`
[INFO] [stdout]  --> src/object/mod.rs:9:5
[INFO] [stdout]   |
[INFO] [stdout] 9 | use std::error::Error;
[INFO] [stdout]   |     ^^^^^^^^^^^^^^^^^
[INFO] [stdout] 
[INFO] [stdout] 
[INFO] [stdout] warning: unused import: `std::result::Result`
[INFO] [stdout]   --> src/object/mod.rs:11:5
[INFO] [stdout]    |
[INFO] [stdout] 11 | use std::result::Result;
[INFO] [stdout]    |     ^^^^^^^^^^^^^^^^^^^
[INFO] [stdout] 
[INFO] [stdout] 
[INFO] [stdout] warning: unused variable: `index`
[INFO] [stdout]   --> src/cmd.rs:37:9
[INFO] [stdout]    |
[INFO] [stdout] 37 |     let index = git.read_index().and_then(|x| git.ls_files_stage(&x))?;
[INFO] [stdout]    |         ^^^^^ help: if this is intentional, prefix it with an underscore: `_index`
[INFO] [stdout]    |
[INFO] [stdout]    = note: `#[warn(unused_variables)]` on by default
[INFO] [stdout] 
[INFO] [stdout] 
[INFO] [stdout] warning: 8 warnings emitted
[INFO] [stdout] 
[INFO] [stdout] 
[INFO] [stderr]     Finished dev [unoptimized + debuginfo] target(s) in 3.94s
[INFO] running `Command { std: "docker" "inspect" "ad48a99e2cc8f38424bca8029bae969747e4e490a29b206fcf7c1b62d80a3457", kill_on_drop: false }`
[INFO] running `Command { std: "docker" "rm" "-f" "ad48a99e2cc8f38424bca8029bae969747e4e490a29b206fcf7c1b62d80a3457", kill_on_drop: false }`
[INFO] [stdout] ad48a99e2cc8f38424bca8029bae969747e4e490a29b206fcf7c1b62d80a3457
[INFO] running `Command { std: "docker" "create" "-v" "/var/lib/crater-agent-workspace/builds/worker-0-tc2/target:/opt/rustwide/target:rw,Z" "-v" "/var/lib/crater-agent-workspace/builds/worker-0-tc2/source:/opt/rustwide/workdir:ro,Z" "-v" "/var/lib/crater-agent-workspace/cargo-home:/opt/rustwide/cargo-home:ro,Z" "-v" "/var/lib/crater-agent-workspace/rustup-home:/opt/rustwide/rustup-home:ro,Z" "-e" "SOURCE_DIR=/opt/rustwide/workdir" "-e" "CARGO_TARGET_DIR=/opt/rustwide/target" "-e" "CARGO_INCREMENTAL=0" "-e" "RUST_BACKTRACE=full" "-e" "RUSTFLAGS=--cap-lints=warn" "-e" "RUSTDOCFLAGS=--cap-lints=warn" "-e" "CARGO_HOME=/opt/rustwide/cargo-home" "-e" "RUSTUP_HOME=/opt/rustwide/rustup-home" "-w" "/opt/rustwide/workdir" "-m" "1610612736" "--user" "0:0" "--network" "none" "ghcr.io/rust-lang/crates-build-env/linux@sha256:5ff2268d62e97bff2cde7d5815dd6ed5b47097566f13b8d0ca110b04b60e07ed" "/opt/rustwide/cargo-home/bin/cargo" "+beta-2023-04-20" "test" "--frozen" "--no-run" "--message-format=json", kill_on_drop: false }`
[INFO] [stdout] 8931b40625c49530026354a01b952b22e0c6c89991edfe17084a9d119afc57ab
[INFO] running `Command { std: "docker" "start" "-a" "8931b40625c49530026354a01b952b22e0c6c89991edfe17084a9d119afc57ab", kill_on_drop: false }`
[INFO] [stdout] warning: unused imports: `FileSystem`, `Metadata`
[INFO] [stdout]  --> src/fs/macos.rs:1:13
[INFO] [stdout]   |
[INFO] [stdout] 1 | use super::{FileSystem, Metadata};
[INFO] [stdout]   |             ^^^^^^^^^^  ^^^^^^^^
[INFO] [stdout]   |
[INFO] [stdout]   = note: `#[warn(unused_imports)]` on by default
[INFO] [stdout] 
[INFO] [stdout] 
[INFO] [stdout] warning: unused import: `std::env`
[INFO] [stdout]  --> src/fs/macos.rs:2:5
[INFO] [stdout]   |
[INFO] [stdout] 2 | use std::env;
[INFO] [stdout]   |     ^^^^^^^^
[INFO] [stdout] 
[INFO] [stdout] 
[INFO] [stdout] warning: unused imports: `File`, `self`
[INFO] [stdout]  --> src/fs/macos.rs:3:15
[INFO] [stdout]   |
[INFO] [stdout] 3 | use std::fs::{self, File};
[INFO] [stdout]   |               ^^^^  ^^^^
[INFO] [stdout] 
[INFO] [stdout] 
[INFO] [stdout] warning: unused imports: `Read`, `Write`, `self`
[INFO] [stdout]  --> src/fs/macos.rs:4:15
[INFO] [stdout]   |
[INFO] [stdout] 4 | use std::io::{self, Read, Write};
[INFO] [stdout]   |               ^^^^  ^^^^  ^^^^^
[INFO] [stdout] 
[INFO] [stdout] 
[INFO] [stdout] warning: unused import: `std::path::PathBuf`
[INFO] [stdout]  --> src/fs/macos.rs:7:5
[INFO] [stdout]   |
[INFO] [stdout] 7 | use std::path::PathBuf;
[INFO] [stdout]   |     ^^^^^^^^^^^^^^^^^^
[INFO] [stdout] 
[INFO] [stdout] 
[INFO] [stdout] warning: unused import: `std::error::Error`
[INFO] [stdout]  --> src/object/mod.rs:9:5
[INFO] [stdout]   |
[INFO] [stdout] 9 | use std::error::Error;
[INFO] [stdout]   |     ^^^^^^^^^^^^^^^^^
[INFO] [stdout] 
[INFO] [stdout] 
[INFO] [stderr]    Compiling rgit v0.1.12 (/opt/rustwide/workdir)
[INFO] [stdout] warning: unused import: `std::result::Result`
[INFO] [stdout]   --> src/object/mod.rs:11:5
[INFO] [stdout]    |
[INFO] [stdout] 11 | use std::result::Result;
[INFO] [stdout]    |     ^^^^^^^^^^^^^^^^^^^
[INFO] [stdout] 
[INFO] [stdout] 
[INFO] [stdout] warning: unused variable: `index`
[INFO] [stdout]   --> src/cmd.rs:37:9
[INFO] [stdout]    |
[INFO] [stdout] 37 |     let index = git.read_index().and_then(|x| git.ls_files_stage(&x))?;
[INFO] [stdout]    |         ^^^^^ help: if this is intentional, prefix it with an underscore: `_index`
[INFO] [stdout]    |
[INFO] [stdout]    = note: `#[warn(unused_variables)]` on by default
[INFO] [stdout] 
[INFO] [stdout] 
[INFO] [stdout] warning: 8 warnings emitted
[INFO] [stdout] 
[INFO] [stdout] 
[INFO] [stdout] warning: unused imports: `FileSystem`, `Metadata`
[INFO] [stdout]  --> src/fs/macos.rs:1:13
[INFO] [stdout]   |
[INFO] [stdout] 1 | use super::{FileSystem, Metadata};
[INFO] [stdout]   |             ^^^^^^^^^^  ^^^^^^^^
[INFO] [stdout]   |
[INFO] [stdout]   = note: `#[warn(unused_imports)]` on by default
[INFO] [stdout] 
[INFO] [stdout] 
[INFO] [stdout] warning: unused import: `std::env`
[INFO] [stdout]  --> src/fs/macos.rs:2:5
[INFO] [stdout]   |
[INFO] [stdout] 2 | use std::env;
[INFO] [stdout]   |     ^^^^^^^^
[INFO] [stdout] 
[INFO] [stdout] 
[INFO] [stdout] warning: unused imports: `File`, `self`
[INFO] [stdout]  --> src/fs/macos.rs:3:15
[INFO] [stdout]   |
[INFO] [stdout] 3 | use std::fs::{self, File};
[INFO] [stdout]   |               ^^^^  ^^^^
[INFO] [stdout] 
[INFO] [stdout] 
[INFO] [stdout] warning: unused imports: `Read`, `Write`, `self`
[INFO] [stdout]  --> src/fs/macos.rs:4:15
[INFO] [stdout]   |
[INFO] [stdout] 4 | use std::io::{self, Read, Write};
[INFO] [stdout]   |               ^^^^  ^^^^  ^^^^^
[INFO] [stdout] 
[INFO] [stdout] 
[INFO] [stdout] warning: unused import: `std::path::PathBuf`
[INFO] [stdout]  --> src/fs/macos.rs:7:5
[INFO] [stdout]   |
[INFO] [stdout] 7 | use std::path::PathBuf;
[INFO] [stdout]   |     ^^^^^^^^^^^^^^^^^^
[INFO] [stdout] 
[INFO] [stdout] 
[INFO] [stdout] warning: unused import: `std::error::Error`
[INFO] [stdout]  --> src/object/mod.rs:9:5
[INFO] [stdout]   |
[INFO] [stdout] 9 | use std::error::Error;
[INFO] [stdout]   |     ^^^^^^^^^^^^^^^^^
[INFO] [stdout] 
[INFO] [stdout] 
[INFO] [stdout] warning: unused import: `std::result::Result`
[INFO] [stdout]   --> src/object/mod.rs:11:5
[INFO] [stdout]    |
[INFO] [stdout] 11 | use std::result::Result;
[INFO] [stdout]    |     ^^^^^^^^^^^^^^^^^^^
[INFO] [stdout] 
[INFO] [stdout] 
[INFO] [stdout] warning: unused variable: `index`
[INFO] [stdout]   --> src/cmd.rs:37:9
[INFO] [stdout]    |
[INFO] [stdout] 37 |     let index = git.read_index().and_then(|x| git.ls_files_stage(&x))?;
[INFO] [stdout]    |         ^^^^^ help: if this is intentional, prefix it with an underscore: `_index`
[INFO] [stdout]    |
[INFO] [stdout]    = note: `#[warn(unused_variables)]` on by default
[INFO] [stdout] 
[INFO] [stdout] 
[INFO] [stdout] warning: 8 warnings emitted
[INFO] [stdout] 
[INFO] [stdout] 
[INFO] [stderr]     Finished test [unoptimized + debuginfo] target(s) in 0.92s
[INFO] running `Command { std: "docker" "inspect" "8931b40625c49530026354a01b952b22e0c6c89991edfe17084a9d119afc57ab", kill_on_drop: false }`
[INFO] running `Command { std: "docker" "rm" "-f" "8931b40625c49530026354a01b952b22e0c6c89991edfe17084a9d119afc57ab", kill_on_drop: false }`
[INFO] [stdout] 8931b40625c49530026354a01b952b22e0c6c89991edfe17084a9d119afc57ab
[INFO] running `Command { std: "docker" "create" "-v" "/var/lib/crater-agent-workspace/builds/worker-0-tc2/target:/opt/rustwide/target:rw,Z" "-v" "/var/lib/crater-agent-workspace/builds/worker-0-tc2/source:/opt/rustwide/workdir:ro,Z" "-v" "/var/lib/crater-agent-workspace/cargo-home:/opt/rustwide/cargo-home:ro,Z" "-v" "/var/lib/crater-agent-workspace/rustup-home:/opt/rustwide/rustup-home:ro,Z" "-e" "SOURCE_DIR=/opt/rustwide/workdir" "-e" "CARGO_TARGET_DIR=/opt/rustwide/target" "-e" "CARGO_INCREMENTAL=0" "-e" "RUST_BACKTRACE=full" "-e" "RUSTFLAGS=--cap-lints=warn" "-e" "RUSTDOCFLAGS=--cap-lints=warn" "-e" "CARGO_HOME=/opt/rustwide/cargo-home" "-e" "RUSTUP_HOME=/opt/rustwide/rustup-home" "-w" "/opt/rustwide/workdir" "-m" "1610612736" "--user" "0:0" "--network" "none" "ghcr.io/rust-lang/crates-build-env/linux@sha256:5ff2268d62e97bff2cde7d5815dd6ed5b47097566f13b8d0ca110b04b60e07ed" "/opt/rustwide/cargo-home/bin/cargo" "+beta-2023-04-20" "test" "--frozen", kill_on_drop: false }`
[INFO] [stdout] cd44c682008b37f414ec1da7d943a6ad59ffffb1c2c7370890f7ebb0068fd128
[INFO] running `Command { std: "docker" "start" "-a" "cd44c682008b37f414ec1da7d943a6ad59ffffb1c2c7370890f7ebb0068fd128", kill_on_drop: false }`
[INFO] [stderr] warning: unused imports: `FileSystem`, `Metadata`
[INFO] [stderr]  --> src/fs/macos.rs:1:13
[INFO] [stderr]   |
[INFO] [stderr] 1 | use super::{FileSystem, Metadata};
[INFO] [stderr]   |             ^^^^^^^^^^  ^^^^^^^^
[INFO] [stderr]   |
[INFO] [stderr]   = note: `#[warn(unused_imports)]` on by default
[INFO] [stderr] 
[INFO] [stderr] warning: unused import: `std::env`
[INFO] [stderr]  --> src/fs/macos.rs:2:5
[INFO] [stderr]   |
[INFO] [stderr] 2 | use std::env;
[INFO] [stderr]   |     ^^^^^^^^
[INFO] [stderr] 
[INFO] [stderr] warning: unused imports: `File`, `self`
[INFO] [stderr]  --> src/fs/macos.rs:3:15
[INFO] [stderr]   |
[INFO] [stderr] 3 | use std::fs::{self, File};
[INFO] [stderr]   |               ^^^^  ^^^^
[INFO] [stderr] 
[INFO] [stderr] warning: unused imports: `Read`, `Write`, `self`
[INFO] [stderr]  --> src/fs/macos.rs:4:15
[INFO] [stderr]   |
[INFO] [stderr] 4 | use std::io::{self, Read, Write};
[INFO] [stderr]   |               ^^^^  ^^^^  ^^^^^
[INFO] [stderr] 
[INFO] [stderr] warning: unused import: `std::path::PathBuf`
[INFO] [stderr]  --> src/fs/macos.rs:7:5
[INFO] [stderr]   |
[INFO] [stderr] 7 | use std::path::PathBuf;
[INFO] [stderr]   |     ^^^^^^^^^^^^^^^^^^
[INFO] [stderr] 
[INFO] [stderr] warning: unused import: `std::error::Error`
[INFO] [stderr]  --> src/object/mod.rs:9:5
[INFO] [stderr]   |
[INFO] [stderr] 9 | use std::error::Error;
[INFO] [stderr]   |     ^^^^^^^^^^^^^^^^^
[INFO] [stderr] 
[INFO] [stderr] warning: unused import: `std::result::Result`
[INFO] [stderr]   --> src/object/mod.rs:11:5
[INFO] [stderr]    |
[INFO] [stderr] 11 | use std::result::Result;
[INFO] [stderr]    |     ^^^^^^^^^^^^^^^^^^^
[INFO] [stderr] 
[INFO] [stderr] warning: unused variable: `index`
[INFO] [stderr]   --> src/cmd.rs:37:9
[INFO] [stderr]    |
[INFO] [stderr] 37 |     let index = git.read_index().and_then(|x| git.ls_files_stage(&x))?;
[INFO] [stderr]    |         ^^^^^ help: if this is intentional, prefix it with an underscore: `_index`
[INFO] [stderr]    |
[INFO] [stderr]    = note: `#[warn(unused_variables)]` on by default
[INFO] [stderr] 
[INFO] [stderr] warning: `rgit` (lib) generated 8 warnings (run `cargo fix --lib -p rgit` to apply 8 suggestions)
[INFO] [stderr] warning: `rgit` (lib test) generated 8 warnings (8 duplicates)
[INFO] [stderr]     Finished test [unoptimized + debuginfo] target(s) in 0.01s
[INFO] [stderr]      Running unittests src/lib.rs (/opt/rustwide/target/debug/deps/rgit-9ab1edc7c76a3df9)
[INFO] [stdout] 
[INFO] [stdout] running 34 tests
[INFO] [stdout] test fs::inmem::tests::test_fs_read ... ok
[INFO] [stdout] test fs::inmem::tests::test_path_split ... ok
[INFO] [stdout] test index::tests::entry_as_bytes ... ok
[INFO] [stdout] test index::tests::entry_from ... ok
[INFO] [stdout] test fs::inmem::tests::test_fs_write ... ok
[INFO] [stdout] test index::tests::test_hex_to_num ... ok
[INFO] [stdout] test index::tests::index_from ... ok
[INFO] [stdout] test index::tests::test_num_to_mode ... ok
[INFO] [stdout] test object::blob::tests::as_bytes ... ok
[INFO] [stdout] test object::blob::tests::from ... ok
[INFO] [stdout] test object::blob::tests::calc_hash ... ok
[INFO] [stdout] test object::blob::tests::new ... ok
[INFO] [stdout] test object::blob::tests::to_string ... ok
[INFO] [stdout] test object::commit::tests::commit_from ... ok
[INFO] [stdout] test object::commit::tests::user_from ... ok
[INFO] [stdout] test object::commit::tests::commit_as_bytes ... ok
[INFO] [stdout] test object::commit::tests::uesr_to_string ... ok
[INFO] [stdout] test object::commit::tests::commit_to_string ... ok
[INFO] [stdout] test object::tests::git_object_new ... ok
[INFO] [stdout] test object::tests::git_object_as_bytes ... ok
[INFO] [stdout] test object::tree::tests::file_from ... ok
[INFO] [stdout] test object::tests::object_to_string ... ok
[INFO] [stdout] test object::tree::tests::file_to_string ... ok
[INFO] [stdout] test object::tests::git_object_calc_hash ... ok
[INFO] [stdout] test object::tree::tests::file_encode ... ok
[INFO] [stdout] test object::tree::tests::tree_as_bytes ... ok
[INFO] [stdout] test object::tree::tests::file_new ... ok
[INFO] [stdout] test object::tests::object_type_from ... ok
[INFO] [stdout] test object::tree::tests::tree_from ... ok
[INFO] [stdout] test object::tree::tests::tree_to_string ... ok
[INFO] [stdout] test tests::ls_files_stage_index ... ok
[INFO] [stdout] test cmd::tests::cmd_cat_file_p_panic - should panic ... ok
[INFO] [stdout] test cmd::tests::cmd_hash_object ... FAILED
[INFO] [stdout] test index::tests::entry_from_panic - should panic ... ok
[INFO] [stdout] 
[INFO] [stdout] failures:
[INFO] [stdout] 
[INFO] [stdout] ---- cmd::tests::cmd_hash_object stdout ----
[INFO] [stdout] thread 'cmd::tests::cmd_hash_object' panicked at 'called `Result::unwrap()` on an `Err` value: Os { code: 30, kind: ReadOnlyFilesystem, message: "Read-only file system" }', src/cmd.rs:114:55
[INFO] [stdout] stack backtrace:
[INFO] [stdout]    0:     0x5583b75bb2fa - std::backtrace_rs::backtrace::libunwind::trace::h2f05d0192276a8f6
[INFO] [stdout]                                at /rustc/1b7dd2252b99671ce5d1cb9664c5f8636329436d/library/std/src/../../backtrace/src/backtrace/libunwind.rs:93:5
[INFO] [stdout]    1:     0x5583b75bb2fa - std::backtrace_rs::backtrace::trace_unsynchronized::hedc23dff7a1af150
[INFO] [stdout]                                at /rustc/1b7dd2252b99671ce5d1cb9664c5f8636329436d/library/std/src/../../backtrace/src/backtrace/mod.rs:66:5
[INFO] [stdout]    2:     0x5583b75bb2fa - std::sys_common::backtrace::_print_fmt::h17541ef7592f3ce2
[INFO] [stdout]                                at /rustc/1b7dd2252b99671ce5d1cb9664c5f8636329436d/library/std/src/sys_common/backtrace.rs:65:5
[INFO] [stdout]    3:     0x5583b75bb2fa - <std::sys_common::backtrace::_print::DisplayBacktrace as core::fmt::Display>::fmt::h20f75df5ab0c0792
[INFO] [stdout]                                at /rustc/1b7dd2252b99671ce5d1cb9664c5f8636329436d/library/std/src/sys_common/backtrace.rs:44:22
[INFO] [stdout]    4:     0x5583b75df5af - core::fmt::write::h78109e6f466b3af6
[INFO] [stdout]                                at /rustc/1b7dd2252b99671ce5d1cb9664c5f8636329436d/library/core/src/fmt/mod.rs:1254:17
[INFO] [stdout]    5:     0x5583b75b8505 - std::io::Write::write_fmt::hd24bfb68a1b35a25
[INFO] [stdout]                                at /rustc/1b7dd2252b99671ce5d1cb9664c5f8636329436d/library/std/src/io/mod.rs:1698:15
[INFO] [stdout]    6:     0x5583b75bb0c5 - std::sys_common::backtrace::_print::h8dac57a9f8fbf9a5
[INFO] [stdout]                                at /rustc/1b7dd2252b99671ce5d1cb9664c5f8636329436d/library/std/src/sys_common/backtrace.rs:47:5
[INFO] [stdout]    7:     0x5583b75bb0c5 - std::sys_common::backtrace::print::hf9ecbf41d1aa712f
[INFO] [stdout]                                at /rustc/1b7dd2252b99671ce5d1cb9664c5f8636329436d/library/std/src/sys_common/backtrace.rs:34:9
[INFO] [stdout]    8:     0x5583b75bcd7e - std::panicking::default_hook::{{closure}}::h04c07acfc84ca028
[INFO] [stdout]                                at /rustc/1b7dd2252b99671ce5d1cb9664c5f8636329436d/library/std/src/panicking.rs:269:22
[INFO] [stdout]    9:     0x5583b75bcab1 - std::panicking::default_hook::h01f6bb23e1eceb2c
[INFO] [stdout]                                at /rustc/1b7dd2252b99671ce5d1cb9664c5f8636329436d/library/std/src/panicking.rs:285:9
[INFO] [stdout]   10:     0x5583b7550ecb - <alloc::boxed::Box<F,A> as core::ops::function::Fn<Args>>::call::h87fe9f7b2fd49e4c
[INFO] [stdout]                                at /rustc/1b7dd2252b99671ce5d1cb9664c5f8636329436d/library/alloc/src/boxed.rs:1987:9
[INFO] [stdout]   11:     0x5583b7550ecb - test::test_main::{{closure}}::he94d679243a7531b
[INFO] [stdout]                                at /rustc/1b7dd2252b99671ce5d1cb9664c5f8636329436d/library/test/src/lib.rs:134:21
[INFO] [stdout]   12:     0x5583b75bd464 - <alloc::boxed::Box<F,A> as core::ops::function::Fn<Args>>::call::h3f2d6d8b14c4769f
[INFO] [stdout]                                at /rustc/1b7dd2252b99671ce5d1cb9664c5f8636329436d/library/alloc/src/boxed.rs:1987:9
[INFO] [stdout]   13:     0x5583b75bd464 - std::panicking::rust_panic_with_hook::h2bb3722bbaf2f6df
[INFO] [stdout]                                at /rustc/1b7dd2252b99671ce5d1cb9664c5f8636329436d/library/std/src/panicking.rs:695:13
[INFO] [stdout]   14:     0x5583b75bd1d9 - std::panicking::begin_panic_handler::{{closure}}::h91bc7f36a4be011b
[INFO] [stdout]                                at /rustc/1b7dd2252b99671ce5d1cb9664c5f8636329436d/library/std/src/panicking.rs:582:13
[INFO] [stdout]   15:     0x5583b75bb766 - std::sys_common::backtrace::__rust_end_short_backtrace::h8b3d3717114f9e59
[INFO] [stdout]                                at /rustc/1b7dd2252b99671ce5d1cb9664c5f8636329436d/library/std/src/sys_common/backtrace.rs:150:18
[INFO] [stdout]   16:     0x5583b75bcf32 - rust_begin_unwind
[INFO] [stdout]                                at /rustc/1b7dd2252b99671ce5d1cb9664c5f8636329436d/library/std/src/panicking.rs:578:5
[INFO] [stdout]   17:     0x5583b74c4ba3 - core::panicking::panic_fmt::hfd368e3fbdabea26
[INFO] [stdout]                                at /rustc/1b7dd2252b99671ce5d1cb9664c5f8636329436d/library/core/src/panicking.rs:67:14
[INFO] [stdout]   18:     0x5583b74c50e3 - core::result::unwrap_failed::he54eb4b2f125b26f
[INFO] [stdout]                                at /rustc/1b7dd2252b99671ce5d1cb9664c5f8636329436d/library/core/src/result.rs:1687:5
[INFO] [stdout]   19:     0x5583b7502a0b - core::result::Result<T,E>::unwrap::h36509980c96371e4
[INFO] [stdout]                                at /rustc/1b7dd2252b99671ce5d1cb9664c5f8636329436d/library/core/src/result.rs:1089:23
[INFO] [stdout]   20:     0x5583b74f8ffc - rgit::cmd::tests::create_test_file::h1fcf184e5996eb77
[INFO] [stdout]                                at /opt/rustwide/workdir/src/cmd.rs:114:24
[INFO] [stdout]   21:     0x5583b74fc3c2 - rgit::cmd::tests::cmd_hash_object::h7c9eec042e63c68d
[INFO] [stdout]                                at /opt/rustwide/workdir/src/cmd.rs:93:32
[INFO] [stdout]   22:     0x5583b74fc247 - rgit::cmd::tests::cmd_hash_object::{{closure}}::h18ed8aa01dde898e
[INFO] [stdout]                                at /opt/rustwide/workdir/src/cmd.rs:89:26
[INFO] [stdout]   23:     0x5583b74d0e45 - core::ops::function::FnOnce::call_once::hb66193918686bd1b
[INFO] [stdout]                                at /rustc/1b7dd2252b99671ce5d1cb9664c5f8636329436d/library/core/src/ops/function.rs:250:5
[INFO] [stdout]   24:     0x5583b7555d9f - core::ops::function::FnOnce::call_once::ha6a70e79f7481a7e
[INFO] [stdout]                                at /rustc/1b7dd2252b99671ce5d1cb9664c5f8636329436d/library/core/src/ops/function.rs:250:5
[INFO] [stdout]   25:     0x5583b7555d9f - test::__rust_begin_short_backtrace::hce33033019b61e69
[INFO] [stdout]                                at /rustc/1b7dd2252b99671ce5d1cb9664c5f8636329436d/library/test/src/lib.rs:655:18
[INFO] [stdout]   26:     0x5583b752358c - test::run_test::{{closure}}::h858d3528838ae3e5
[INFO] [stdout]                                at /rustc/1b7dd2252b99671ce5d1cb9664c5f8636329436d/library/test/src/lib.rs:646:30
[INFO] [stdout]   27:     0x5583b752358c - core::ops::function::FnOnce::call_once{{vtable.shim}}::he8ac2b00f01ae79e
[INFO] [stdout]                                at /rustc/1b7dd2252b99671ce5d1cb9664c5f8636329436d/library/core/src/ops/function.rs:250:5
[INFO] [stdout]   28:     0x5583b7554e76 - <alloc::boxed::Box<F,A> as core::ops::function::FnOnce<Args>>::call_once::h8093d25b522725ef
[INFO] [stdout]                                at /rustc/1b7dd2252b99671ce5d1cb9664c5f8636329436d/library/alloc/src/boxed.rs:1973:9
[INFO] [stdout]   29:     0x5583b7554e76 - <core::panic::unwind_safe::AssertUnwindSafe<F> as core::ops::function::FnOnce<()>>::call_once::h5c334c204e4a3913
[INFO] [stdout]                                at /rustc/1b7dd2252b99671ce5d1cb9664c5f8636329436d/library/core/src/panic/unwind_safe.rs:271:9
[INFO] [stdout]   30:     0x5583b7554e76 - std::panicking::try::do_call::ha8b740c7b9478074
[INFO] [stdout]                                at /rustc/1b7dd2252b99671ce5d1cb9664c5f8636329436d/library/std/src/panicking.rs:485:40
[INFO] [stdout]   31:     0x5583b7554e76 - std::panicking::try::h5d34f63d0e41b64e
[INFO] [stdout]                                at /rustc/1b7dd2252b99671ce5d1cb9664c5f8636329436d/library/std/src/panicking.rs:449:19
[INFO] [stdout]   32:     0x5583b7554e76 - std::panic::catch_unwind::hcfbb511e1aa7fc67
[INFO] [stdout]                                at /rustc/1b7dd2252b99671ce5d1cb9664c5f8636329436d/library/std/src/panic.rs:140:14
[INFO] [stdout]   33:     0x5583b7554e76 - test::run_test_in_process::h9abda90f802eaf21
[INFO] [stdout]                                at /rustc/1b7dd2252b99671ce5d1cb9664c5f8636329436d/library/test/src/lib.rs:678:27
[INFO] [stdout]   34:     0x5583b7554e76 - test::run_test::run_test_inner::{{closure}}::h0f058de91f6c6edf
[INFO] [stdout]                                at /rustc/1b7dd2252b99671ce5d1cb9664c5f8636329436d/library/test/src/lib.rs:572:39
[INFO] [stdout]   35:     0x5583b751dd95 - test::run_test::run_test_inner::{{closure}}::h5ca48a4c59c6c1fb
[INFO] [stdout]                                at /rustc/1b7dd2252b99671ce5d1cb9664c5f8636329436d/library/test/src/lib.rs:599:37
[INFO] [stdout]   36:     0x5583b751dd95 - std::sys_common::backtrace::__rust_begin_short_backtrace::h32bd51e1495d4a33
[INFO] [stdout]                                at /rustc/1b7dd2252b99671ce5d1cb9664c5f8636329436d/library/std/src/sys_common/backtrace.rs:134:18
[INFO] [stdout]   37:     0x5583b75232d1 - std::thread::Builder::spawn_unchecked_::{{closure}}::{{closure}}::hc086fae9b128b2db
[INFO] [stdout]                                at /rustc/1b7dd2252b99671ce5d1cb9664c5f8636329436d/library/std/src/thread/mod.rs:526:17
[INFO] [stdout]   38:     0x5583b75232d1 - <core::panic::unwind_safe::AssertUnwindSafe<F> as core::ops::function::FnOnce<()>>::call_once::hb66571888d270d43
[INFO] [stdout]                                at /rustc/1b7dd2252b99671ce5d1cb9664c5f8636329436d/library/core/src/panic/unwind_safe.rs:271:9
[INFO] [stdout]   39:     0x5583b75232d1 - std::panicking::try::do_call::h4fa2ef4f6e51fecf
[INFO] [stdout]                                at /rustc/1b7dd2252b99671ce5d1cb9664c5f8636329436d/library/std/src/panicking.rs:485:40
[INFO] [stdout]   40:     0x5583b75232d1 - std::panicking::try::h1e9e22b8584489b5
[INFO] [stdout]                                at /rustc/1b7dd2252b99671ce5d1cb9664c5f8636329436d/library/std/src/panicking.rs:449:19
[INFO] [stdout]   41:     0x5583b75232d1 - std::panic::catch_unwind::h44698a3de0e0769e
[INFO] [stdout]                                at /rustc/1b7dd2252b99671ce5d1cb9664c5f8636329436d/library/std/src/panic.rs:140:14
[INFO] [stdout]   42:     0x5583b75232d1 - std::thread::Builder::spawn_unchecked_::{{closure}}::h50153abde3fe239e
[INFO] [stdout]                                at /rustc/1b7dd2252b99671ce5d1cb9664c5f8636329436d/library/std/src/thread/mod.rs:525:30
[INFO] [stdout]   43:     0x5583b75232d1 - core::ops::function::FnOnce::call_once{{vtable.shim}}::hbe5bbf6f38394364
[INFO] [stdout]                                at /rustc/1b7dd2252b99671ce5d1cb9664c5f8636329436d/library/core/src/ops/function.rs:250:5
[INFO] [stdout]   44:     0x5583b75c1935 - <alloc::boxed::Box<F,A> as core::ops::function::FnOnce<Args>>::call_once::h0d83cb2920a49046
[INFO] [stdout]                                at /rustc/1b7dd2252b99671ce5d1cb9664c5f8636329436d/library/alloc/src/boxed.rs:1973:9
[INFO] [stdout]   45:     0x5583b75c1935 - <alloc::boxed::Box<F,A> as core::ops::function::FnOnce<Args>>::call_once::hbe0a008aa7d9ef59
[INFO] [stdout]                                at /rustc/1b7dd2252b99671ce5d1cb9664c5f8636329436d/library/alloc/src/boxed.rs:1973:9
[INFO] [stdout]   46:     0x5583b75c1935 - std::sys::unix::thread::Thread::new::thread_start::h3a466996bdf6b1f9
[INFO] [stdout]                                at /rustc/1b7dd2252b99671ce5d1cb9664c5f8636329436d/library/std/src/sys/unix/thread.rs:108:17
[INFO] [stdout]   47:     0x7f2b308b8b43 - <unknown>
[INFO] [stdout]   48:     0x7f2b30949bb4 - __clone
[INFO] [stdout]   49:                0x0 - <unknown>
[INFO] [stdout] 
[INFO] [stdout] 
[INFO] [stdout] failures:
[INFO] [stdout]     cmd::tests::cmd_hash_object
[INFO] [stdout] 
[INFO] [stdout] test result: FAILED. 33 passed; 1 failed; 0 ignored; 0 measured; 0 filtered out; finished in 0.01s
[INFO] [stdout] 
[INFO] [stderr] error: test failed, to rerun pass `--lib`
[INFO] running `Command { std: "docker" "inspect" "cd44c682008b37f414ec1da7d943a6ad59ffffb1c2c7370890f7ebb0068fd128", kill_on_drop: false }`
[INFO] running `Command { std: "docker" "rm" "-f" "cd44c682008b37f414ec1da7d943a6ad59ffffb1c2c7370890f7ebb0068fd128", kill_on_drop: false }`
[INFO] [stdout] cd44c682008b37f414ec1da7d943a6ad59ffffb1c2c7370890f7ebb0068fd128
