[INFO] cloning repository https://github.com/yuntara/hrtf_reverb_rs
[INFO] running `Command { std: "git" "-c" "credential.helper=" "-c" "credential.helper=/workspace/cargo-home/bin/git-credential-null" "clone" "--bare" "https://github.com/yuntara/hrtf_reverb_rs" "/workspace/cache/git-repos/https%3A%2F%2Fgithub.com%2Fyuntara%2Fhrtf_reverb_rs", kill_on_drop: false }`
[INFO] [stderr] Cloning into bare repository '/workspace/cache/git-repos/https%3A%2F%2Fgithub.com%2Fyuntara%2Fhrtf_reverb_rs'...
[INFO] running `Command { std: "git" "rev-parse" "HEAD", kill_on_drop: false }`
[INFO] [stdout] 1bba03f24d116fb79e83dba4870a4780b467a38b
[INFO] testing yuntara/hrtf_reverb_rs against beta-2023-04-20 for beta-1.70-1
[INFO] running `Command { std: "git" "clone" "/workspace/cache/git-repos/https%3A%2F%2Fgithub.com%2Fyuntara%2Fhrtf_reverb_rs" "/workspace/builds/worker-2-tc2/source", kill_on_drop: false }`
[INFO] [stderr] Cloning into '/workspace/builds/worker-2-tc2/source'...
[INFO] [stderr] done.
[INFO] validating manifest of git repo https://github.com/yuntara/hrtf_reverb_rs on toolchain beta-2023-04-20
[INFO] running `Command { std: CARGO_HOME="/workspace/cargo-home" RUSTUP_HOME="/workspace/rustup-home" "/workspace/cargo-home/bin/cargo" "+beta-2023-04-20" "metadata" "--manifest-path" "Cargo.toml" "--no-deps", kill_on_drop: false }`
[INFO] started tweaking git repo https://github.com/yuntara/hrtf_reverb_rs
[INFO] finished tweaking git repo https://github.com/yuntara/hrtf_reverb_rs
[INFO] tweaked toml for git repo https://github.com/yuntara/hrtf_reverb_rs written to /workspace/builds/worker-2-tc2/source/Cargo.toml
[INFO] crate git repo https://github.com/yuntara/hrtf_reverb_rs already has a lockfile, it will not be regenerated
[INFO] running `Command { std: CARGO_HOME="/workspace/cargo-home" RUSTUP_HOME="/workspace/rustup-home" "/workspace/cargo-home/bin/cargo" "+beta-2023-04-20" "fetch" "--manifest-path" "Cargo.toml", kill_on_drop: false }`
[INFO] [stderr] warning: unused manifest key: build
[INFO] [stderr]     Updating crates.io index
[INFO] [stderr]  Downloading crates ...
[INFO] [stderr]   Downloaded clapme_derive v0.1.10
[INFO] [stderr]   Downloaded meval v0.1.0
[INFO] [stderr]   Downloaded vector3d v0.1.9
[INFO] [stderr]   Downloaded netcdf-sys v0.3.2
[INFO] [stderr]   Downloaded clapme v0.1.16
[INFO] [stderr]   Downloaded netcdf v0.5.1
[INFO] [stderr]   Downloaded netcdf-src v0.1.3
[INFO] [stderr]   Downloaded hdf5-src v0.7.0
[INFO] running `Command { std: "docker" "create" "-v" "/var/lib/crater-agent-workspace/builds/worker-2-tc2/target:/opt/rustwide/target:rw,Z" "-v" "/var/lib/crater-agent-workspace/builds/worker-2-tc2/source:/opt/rustwide/workdir:ro,Z" "-v" "/var/lib/crater-agent-workspace/cargo-home:/opt/rustwide/cargo-home:ro,Z" "-v" "/var/lib/crater-agent-workspace/rustup-home:/opt/rustwide/rustup-home:ro,Z" "-e" "SOURCE_DIR=/opt/rustwide/workdir" "-e" "CARGO_TARGET_DIR=/opt/rustwide/target" "-e" "CARGO_HOME=/opt/rustwide/cargo-home" "-e" "RUSTUP_HOME=/opt/rustwide/rustup-home" "-w" "/opt/rustwide/workdir" "-m" "1610612736" "--user" "0:0" "--network" "none" "ghcr.io/rust-lang/crates-build-env/linux@sha256:5ff2268d62e97bff2cde7d5815dd6ed5b47097566f13b8d0ca110b04b60e07ed" "/opt/rustwide/cargo-home/bin/cargo" "+beta-2023-04-20" "metadata" "--no-deps" "--format-version=1", kill_on_drop: false }`
[INFO] [stdout] 3088857e88facaa75285503b5c22cee4bf73c473cefdc651791ccfb2fcfa6413
[INFO] running `Command { std: "docker" "start" "-a" "3088857e88facaa75285503b5c22cee4bf73c473cefdc651791ccfb2fcfa6413", kill_on_drop: false }`
[INFO] running `Command { std: "docker" "inspect" "3088857e88facaa75285503b5c22cee4bf73c473cefdc651791ccfb2fcfa6413", kill_on_drop: false }`
[INFO] running `Command { std: "docker" "rm" "-f" "3088857e88facaa75285503b5c22cee4bf73c473cefdc651791ccfb2fcfa6413", kill_on_drop: false }`
[INFO] [stdout] 3088857e88facaa75285503b5c22cee4bf73c473cefdc651791ccfb2fcfa6413
[INFO] running `Command { std: "docker" "create" "-v" "/var/lib/crater-agent-workspace/builds/worker-2-tc2/target:/opt/rustwide/target:rw,Z" "-v" "/var/lib/crater-agent-workspace/builds/worker-2-tc2/source:/opt/rustwide/workdir:ro,Z" "-v" "/var/lib/crater-agent-workspace/cargo-home:/opt/rustwide/cargo-home:ro,Z" "-v" "/var/lib/crater-agent-workspace/rustup-home:/opt/rustwide/rustup-home:ro,Z" "-e" "SOURCE_DIR=/opt/rustwide/workdir" "-e" "CARGO_TARGET_DIR=/opt/rustwide/target" "-e" "CARGO_INCREMENTAL=0" "-e" "RUST_BACKTRACE=full" "-e" "RUSTFLAGS=--cap-lints=warn" "-e" "RUSTDOCFLAGS=--cap-lints=warn" "-e" "CARGO_HOME=/opt/rustwide/cargo-home" "-e" "RUSTUP_HOME=/opt/rustwide/rustup-home" "-w" "/opt/rustwide/workdir" "-m" "1610612736" "--user" "0:0" "--network" "none" "ghcr.io/rust-lang/crates-build-env/linux@sha256:5ff2268d62e97bff2cde7d5815dd6ed5b47097566f13b8d0ca110b04b60e07ed" "/opt/rustwide/cargo-home/bin/cargo" "+beta-2023-04-20" "build" "--frozen" "--message-format=json", kill_on_drop: false }`
[INFO] [stdout] 63e277b5e1bcebfa7258b6d61a3a8644149d24c2b6910151557bd72789aa06fe
[INFO] running `Command { std: "docker" "start" "-a" "63e277b5e1bcebfa7258b6d61a3a8644149d24c2b6910151557bd72789aa06fe", kill_on_drop: false }`
[INFO] [stderr] warning: unused manifest key: build
[INFO] [stderr]    Compiling autocfg v1.0.1
[INFO] [stderr]    Compiling lazy_static v1.4.0
[INFO] [stderr]    Compiling cc v1.0.61
[INFO] [stderr]    Compiling pkg-config v0.3.19
[INFO] [stderr]    Compiling libc v0.2.79
[INFO] [stderr]    Compiling memchr v2.3.3
[INFO] [stderr]    Compiling regex-syntax v0.6.20
[INFO] [stderr]    Compiling cfg-if v0.1.10
[INFO] [stderr]    Compiling const_fn v0.4.2
[INFO] [stderr]    Compiling proc-macro2 v0.4.30
[INFO] [stderr]    Compiling proc-macro2 v1.0.24
[INFO] [stderr]    Compiling cfg-if v1.0.0
[INFO] [stderr]    Compiling unicode-xid v0.1.0
[INFO] [stderr]    Compiling bitflags v1.2.1
[INFO] [stderr]    Compiling unicode-xid v0.2.1
[INFO] [stderr]    Compiling unicode-width v0.1.8
[INFO] [stderr]    Compiling libloading v0.6.4
[INFO] [stderr]    Compiling syn v1.0.44
[INFO] [stderr]    Compiling thread_local v1.0.1
[INFO] [stderr]    Compiling textwrap v0.11.0
[INFO] [stderr]    Compiling netcdf-sys v0.3.2
[INFO] [stderr]    Compiling rawpointer v0.2.1
[INFO] [stderr]    Compiling serde_derive v1.0.116
[INFO] [stderr]    Compiling vec_map v0.8.2
[INFO] [stderr]    Compiling strsim v0.8.0
[INFO] [stderr]    Compiling scopeguard v1.1.0
[INFO] [stderr]    Compiling crossbeam-utils v0.8.0
[INFO] [stderr]    Compiling num-traits v0.2.12
[INFO] [stderr]    Compiling memoffset v0.5.6
[INFO] [stderr]    Compiling num-integer v0.1.43
[INFO] [stderr]    Compiling cmake v0.1.44
[INFO] [stderr]    Compiling num-complex v0.2.4
[INFO] [stderr]    Compiling aho-corasick v0.7.14
[INFO] [stderr]    Compiling ansi_term v0.11.0
[INFO] [stderr]    Compiling serde v1.0.116
[INFO] [stderr]    Compiling quote v0.6.13
[INFO] [stderr]    Compiling quote v1.0.7
[INFO] [stderr]    Compiling ndarray v0.13.1
[INFO] [stderr]    Compiling fnv v1.0.7
[INFO] [stderr]    Compiling nom v1.2.4
[INFO] [stderr]    Compiling syn v0.14.9
[INFO] [stderr]    Compiling atty v0.2.14
[INFO] [stderr]    Compiling matrixmultiply v0.2.3
[INFO] [stderr]    Compiling clap v2.33.3
[INFO] [stderr]    Compiling reverb v0.1.0 (/opt/rustwide/workdir)
[INFO] [stderr]    Compiling libz-sys v1.1.2
[INFO] [stderr]    Compiling hdf5-src v0.7.0
[INFO] [stderr]    Compiling netcdf-src v0.1.3
[INFO] [stderr]    Compiling meval v0.1.0
[INFO] [stderr]    Compiling crossbeam-epoch v0.9.0
[INFO] [stderr]    Compiling crossbeam-channel v0.5.0
[INFO] [stderr]    Compiling crossbeam-queue v0.3.0
[INFO] [stderr]    Compiling crossbeam-deque v0.8.0
[INFO] [stderr]    Compiling regex v1.4.1
[INFO] [stderr]    Compiling crossbeam v0.8.0
[INFO] [stderr]    Compiling clapme_derive v0.1.10
[INFO] [stderr]    Compiling hdf5-sys v0.7.0
[INFO] [stderr]    Compiling clapme v0.1.16
[INFO] [stderr]    Compiling vector3d v0.1.9
[INFO] [stderr]    Compiling netcdf v0.5.1
[INFO] [stdout] warning: found module declaration for lib.rs
[INFO] [stdout]  --> src/main.rs:2:1
[INFO] [stdout]   |
[INFO] [stdout] 2 | pub mod lib;
[INFO] [stdout]   | ^^^^^^^^^^^^
[INFO] [stdout]   |
[INFO] [stdout]   = note: lib.rs is the root of this crate's library target
[INFO] [stdout]   = help: to refer to it from other targets, use the library's name as the path
[INFO] [stdout]   = note: `#[warn(special_module_name)]` on by default
[INFO] [stdout] 
[INFO] [stdout] 
[INFO] [stdout] warning: ambiguous glob re-exports
[INFO] [stdout]  --> src/lib/hrtf_data/sofa_fir.rs:1:9
[INFO] [stdout]   |
[INFO] [stdout] 1 | pub use super::*;
[INFO] [stdout]   |         ^^^^^^^^ the name `ray_nodes` in the type namespace is first re-exported here
[INFO] [stdout] 2 | pub use errors::*;
[INFO] [stdout] 3 | pub use lib::ray_nodes::*;
[INFO] [stdout]   |         ----------------- but the name `ray_nodes` in the type namespace is also re-exported here
[INFO] [stdout]   |
[INFO] [stdout]   = note: `#[warn(ambiguous_glob_reexports)]` on by default
[INFO] [stdout] 
[INFO] [stdout] 
[INFO] [stdout] warning: ambiguous glob re-exports
[INFO] [stdout]  --> src/lib/hrtf_data/sofa_fir.rs:4:9
[INFO] [stdout]   |
[INFO] [stdout] 4 | pub use ndarray::*;
[INFO] [stdout]   |         ^^^^^^^^^^ the name `Dimension` in the type namespace is first re-exported here
[INFO] [stdout] 5 | pub use netcdf::*;
[INFO] [stdout]   |         --------- but the name `Dimension` in the type namespace is also re-exported here
[INFO] [stdout] 
[INFO] [stdout] 
[INFO] [stdout] warning: ambiguous glob re-exports
[INFO] [stdout]  --> src/lib/hrtf_data/sofa_fir.rs:5:9
[INFO] [stdout]   |
[INFO] [stdout] 3 | pub use lib::ray_nodes::*;
[INFO] [stdout]   |         ----------------- but the name `types` in the type namespace is also re-exported here
[INFO] [stdout] 4 | pub use ndarray::*;
[INFO] [stdout] 5 | pub use netcdf::*;
[INFO] [stdout]   |         ^^^^^^^^^ the name `types` in the type namespace is first re-exported here
[INFO] [stdout] 
[INFO] [stdout] 
[INFO] [stdout] warning: ambiguous glob re-exports
[INFO] [stdout]  --> src/lib/hrtf_data/mod.rs:3:9
[INFO] [stdout]   |
[INFO] [stdout] 3 | pub use super::*;
[INFO] [stdout]   |         ^^^^^^^^ the name `ray_nodes` in the type namespace is first re-exported here
[INFO] [stdout] 4 | pub use lib::ray_nodes::*;
[INFO] [stdout]   |         ----------------- but the name `ray_nodes` in the type namespace is also re-exported here
[INFO] [stdout] 
[INFO] [stdout] 
[INFO] [stdout] warning: ambiguous glob re-exports
[INFO] [stdout]  --> src/lib/hrtf_data/mod.rs:5:9
[INFO] [stdout]   |
[INFO] [stdout] 4 | pub use lib::ray_nodes::*;
[INFO] [stdout]   |         ----------------- but the name `types` in the type namespace is also re-exported here
[INFO] [stdout] 5 | pub use sofa_fir::*;
[INFO] [stdout]   |         ^^^^^^^^^^^ the name `types` in the type namespace is first re-exported here
[INFO] [stdout] 
[INFO] [stdout] 
[INFO] [stdout] warning: ambiguous glob re-exports
[INFO] [stdout]  --> src/lib/ray_nodes/ray_nodes.rs:1:9
[INFO] [stdout]   |
[INFO] [stdout] 1 | pub use super::*;
[INFO] [stdout]   |         ^^^^^^^^ the name `ray_nodes` in the type namespace is first re-exported here
[INFO] [stdout] 2 | pub use lib::hrtf_data::*;
[INFO] [stdout]   |         ----------------- but the name `ray_nodes` in the type namespace is also re-exported here
[INFO] [stdout] 
[INFO] [stdout] 
[INFO] [stdout] warning: ambiguous glob re-exports
[INFO] [stdout]  --> src/lib/ray_nodes/ray_nodes.rs:1:9
[INFO] [stdout]   |
[INFO] [stdout] 1 | pub use super::*;
[INFO] [stdout]   |         ^^^^^^^^ the name `types` in the type namespace is first re-exported here
[INFO] [stdout] 2 | pub use lib::hrtf_data::*;
[INFO] [stdout]   |         ----------------- but the name `types` in the type namespace is also re-exported here
[INFO] [stdout] 
[INFO] [stdout] 
[INFO] [stdout] warning: unused variable: `recv`
[INFO] [stdout]   --> src/lib/hrtf_data/mod.rs:30:26
[INFO] [stdout]    |
[INFO] [stdout] 30 |     pub fn adjust(&self, recv: ReceiveEvent) -> Option<AdjustResult> {
[INFO] [stdout]    |                          ^^^^ help: if this is intentional, prefix it with an underscore: `_recv`
[INFO] [stdout]    |
[INFO] [stdout]    = note: `#[warn(unused_variables)]` on by default
[INFO] [stdout] 
[INFO] [stdout] 
[INFO] [stdout] warning: fields `theta`, `phi`, and `dist` are never read
[INFO] [stdout]   --> src/lib/hrtf_data/mod.rs:9:5
[INFO] [stdout]    |
[INFO] [stdout] 8  | pub struct SourcePosition {
[INFO] [stdout]    |            -------------- fields in this struct
[INFO] [stdout] 9  |     theta: Float,
[INFO] [stdout]    |     ^^^^^
[INFO] [stdout] 10 |     phi: Float,
[INFO] [stdout]    |     ^^^
[INFO] [stdout] 11 |     dist: Float,
[INFO] [stdout]    |     ^^^^
[INFO] [stdout]    |
[INFO] [stdout]    = note: `SourcePosition` has derived impls for the traits `Clone` and `Debug`, but these are intentionally ignored during dead code analysis
[INFO] [stdout]    = note: `#[warn(dead_code)]` on by default
[INFO] [stdout] 
[INFO] [stdout] 
[INFO] [stdout] warning: field `data` is never read
[INFO] [stdout]   --> src/lib/hrtf_data/mod.rs:16:5
[INFO] [stdout]    |
[INFO] [stdout] 15 | pub struct HRTFData {
[INFO] [stdout]    |            -------- field in this struct
[INFO] [stdout] 16 |     data: Vec<Vec<Float>>,
[INFO] [stdout]    |     ^^^^
[INFO] [stdout]    |
[INFO] [stdout]    = note: `HRTFData` has derived impls for the traits `Clone` and `Debug`, but these are intentionally ignored during dead code analysis
[INFO] [stdout] 
[INFO] [stdout] 
[INFO] [stdout] warning: fields `elev`, `azim`, and `dist` are never read
[INFO] [stdout]   --> src/lib/hrtf_data/sofa_fir.rs:20:5
[INFO] [stdout]    |
[INFO] [stdout] 19 | pub struct SourcePosition {
[INFO] [stdout]    |            -------------- fields in this struct
[INFO] [stdout] 20 |     elev: Float,
[INFO] [stdout]    |     ^^^^
[INFO] [stdout] 21 |     azim: Float,
[INFO] [stdout]    |     ^^^^
[INFO] [stdout] 22 |     dist: Float,
[INFO] [stdout]    |     ^^^^
[INFO] [stdout]    |
[INFO] [stdout]    = note: `SourcePosition` has a derived impl for the trait `Debug`, but this is intentionally ignored during dead code analysis
[INFO] [stdout] 
[INFO] [stdout] 
[INFO] [stdout] warning: field `opt` is never read
[INFO] [stdout]  --> src/lib/reverbrator/mod.rs:5:5
[INFO] [stdout]   |
[INFO] [stdout] 4 | struct Context<'a> {
[INFO] [stdout]   |        ------- field in this struct
[INFO] [stdout] 5 |     opt: ContextInitOptions<'a>,
[INFO] [stdout]   |     ^^^
[INFO] [stdout]   |
[INFO] [stdout]   = note: `Context` has derived impls for the traits `Clone` and `Debug`, but these are intentionally ignored during dead code analysis
[INFO] [stdout] 
[INFO] [stdout] 
[INFO] [stdout] warning: 13 warnings emitted
[INFO] [stdout] 
[INFO] [stdout] 
[INFO] [stderr]     Finished dev [unoptimized + debuginfo] target(s) in 36.03s
[INFO] [stderr] warning: the following packages contain code that will be rejected by a future version of Rust: nom v1.2.4, syn v0.14.9
[INFO] [stderr] note: to see what the problems were, use the option `--future-incompat-report`, or run `cargo report future-incompatibilities --id 1`
[INFO] running `Command { std: "docker" "inspect" "63e277b5e1bcebfa7258b6d61a3a8644149d24c2b6910151557bd72789aa06fe", kill_on_drop: false }`
[INFO] running `Command { std: "docker" "rm" "-f" "63e277b5e1bcebfa7258b6d61a3a8644149d24c2b6910151557bd72789aa06fe", kill_on_drop: false }`
[INFO] [stdout] 63e277b5e1bcebfa7258b6d61a3a8644149d24c2b6910151557bd72789aa06fe
[INFO] running `Command { std: "docker" "create" "-v" "/var/lib/crater-agent-workspace/builds/worker-2-tc2/target:/opt/rustwide/target:rw,Z" "-v" "/var/lib/crater-agent-workspace/builds/worker-2-tc2/source:/opt/rustwide/workdir:ro,Z" "-v" "/var/lib/crater-agent-workspace/cargo-home:/opt/rustwide/cargo-home:ro,Z" "-v" "/var/lib/crater-agent-workspace/rustup-home:/opt/rustwide/rustup-home:ro,Z" "-e" "SOURCE_DIR=/opt/rustwide/workdir" "-e" "CARGO_TARGET_DIR=/opt/rustwide/target" "-e" "CARGO_INCREMENTAL=0" "-e" "RUST_BACKTRACE=full" "-e" "RUSTFLAGS=--cap-lints=warn" "-e" "RUSTDOCFLAGS=--cap-lints=warn" "-e" "CARGO_HOME=/opt/rustwide/cargo-home" "-e" "RUSTUP_HOME=/opt/rustwide/rustup-home" "-w" "/opt/rustwide/workdir" "-m" "1610612736" "--user" "0:0" "--network" "none" "ghcr.io/rust-lang/crates-build-env/linux@sha256:5ff2268d62e97bff2cde7d5815dd6ed5b47097566f13b8d0ca110b04b60e07ed" "/opt/rustwide/cargo-home/bin/cargo" "+beta-2023-04-20" "test" "--frozen" "--no-run" "--message-format=json", kill_on_drop: false }`
[INFO] [stdout] a7f3e76ffa9b25415fabe89bf582617be605a71a29ba3f422ceba1f8ad56e3d9
[INFO] running `Command { std: "docker" "start" "-a" "a7f3e76ffa9b25415fabe89bf582617be605a71a29ba3f422ceba1f8ad56e3d9", kill_on_drop: false }`
[INFO] [stderr] warning: unused manifest key: build
[INFO] [stderr]    Compiling reverb v0.1.0 (/opt/rustwide/workdir)
[INFO] [stdout] warning: found module declaration for lib.rs
[INFO] [stdout]  --> src/main.rs:2:1
[INFO] [stdout]   |
[INFO] [stdout] 2 | pub mod lib;
[INFO] [stdout]   | ^^^^^^^^^^^^
[INFO] [stdout]   |
[INFO] [stdout]   = note: lib.rs is the root of this crate's library target
[INFO] [stdout]   = help: to refer to it from other targets, use the library's name as the path
[INFO] [stdout]   = note: `#[warn(special_module_name)]` on by default
[INFO] [stdout] 
[INFO] [stdout] 
[INFO] [stdout] warning: ambiguous glob re-exports
[INFO] [stdout]  --> src/lib/hrtf_data/sofa_fir.rs:1:9
[INFO] [stdout]   |
[INFO] [stdout] 1 | pub use super::*;
[INFO] [stdout]   |         ^^^^^^^^ the name `ray_nodes` in the type namespace is first re-exported here
[INFO] [stdout] 2 | pub use errors::*;
[INFO] [stdout] 3 | pub use lib::ray_nodes::*;
[INFO] [stdout]   |         ----------------- but the name `ray_nodes` in the type namespace is also re-exported here
[INFO] [stdout]   |
[INFO] [stdout]   = note: `#[warn(ambiguous_glob_reexports)]` on by default
[INFO] [stdout] 
[INFO] [stdout] 
[INFO] [stdout] warning: ambiguous glob re-exports
[INFO] [stdout]  --> src/lib/hrtf_data/sofa_fir.rs:4:9
[INFO] [stdout]   |
[INFO] [stdout] 4 | pub use ndarray::*;
[INFO] [stdout]   |         ^^^^^^^^^^ the name `Dimension` in the type namespace is first re-exported here
[INFO] [stdout] 5 | pub use netcdf::*;
[INFO] [stdout]   |         --------- but the name `Dimension` in the type namespace is also re-exported here
[INFO] [stdout] 
[INFO] [stdout] 
[INFO] [stdout] warning: ambiguous glob re-exports
[INFO] [stdout]  --> src/lib/hrtf_data/sofa_fir.rs:5:9
[INFO] [stdout]   |
[INFO] [stdout] 3 | pub use lib::ray_nodes::*;
[INFO] [stdout]   |         ----------------- but the name `types` in the type namespace is also re-exported here
[INFO] [stdout] 4 | pub use ndarray::*;
[INFO] [stdout] 5 | pub use netcdf::*;
[INFO] [stdout]   |         ^^^^^^^^^ the name `types` in the type namespace is first re-exported here
[INFO] [stdout] 
[INFO] [stdout] 
[INFO] [stdout] warning: ambiguous glob re-exports
[INFO] [stdout]  --> src/lib/hrtf_data/mod.rs:3:9
[INFO] [stdout]   |
[INFO] [stdout] 3 | pub use super::*;
[INFO] [stdout]   |         ^^^^^^^^ the name `ray_nodes` in the type namespace is first re-exported here
[INFO] [stdout] 4 | pub use lib::ray_nodes::*;
[INFO] [stdout]   |         ----------------- but the name `ray_nodes` in the type namespace is also re-exported here
[INFO] [stdout] 
[INFO] [stdout] 
[INFO] [stdout] warning: ambiguous glob re-exports
[INFO] [stdout]  --> src/lib/hrtf_data/mod.rs:5:9
[INFO] [stdout]   |
[INFO] [stdout] 4 | pub use lib::ray_nodes::*;
[INFO] [stdout]   |         ----------------- but the name `types` in the type namespace is also re-exported here
[INFO] [stdout] 5 | pub use sofa_fir::*;
[INFO] [stdout]   |         ^^^^^^^^^^^ the name `types` in the type namespace is first re-exported here
[INFO] [stdout] 
[INFO] [stdout] 
[INFO] [stdout] warning: ambiguous glob re-exports
[INFO] [stdout]  --> src/lib/ray_nodes/ray_nodes.rs:1:9
[INFO] [stdout]   |
[INFO] [stdout] 1 | pub use super::*;
[INFO] [stdout]   |         ^^^^^^^^ the name `ray_nodes` in the type namespace is first re-exported here
[INFO] [stdout] 2 | pub use lib::hrtf_data::*;
[INFO] [stdout]   |         ----------------- but the name `ray_nodes` in the type namespace is also re-exported here
[INFO] [stdout] 
[INFO] [stdout] 
[INFO] [stdout] warning: ambiguous glob re-exports
[INFO] [stdout]  --> src/lib/ray_nodes/ray_nodes.rs:1:9
[INFO] [stdout]   |
[INFO] [stdout] 1 | pub use super::*;
[INFO] [stdout]   |         ^^^^^^^^ the name `types` in the type namespace is first re-exported here
[INFO] [stdout] 2 | pub use lib::hrtf_data::*;
[INFO] [stdout]   |         ----------------- but the name `types` in the type namespace is also re-exported here
[INFO] [stdout] 
[INFO] [stdout] 
[INFO] [stdout] warning: unused variable: `recv`
[INFO] [stdout]   --> src/lib/hrtf_data/mod.rs:30:26
[INFO] [stdout]    |
[INFO] [stdout] 30 |     pub fn adjust(&self, recv: ReceiveEvent) -> Option<AdjustResult> {
[INFO] [stdout]    |                          ^^^^ help: if this is intentional, prefix it with an underscore: `_recv`
[INFO] [stdout]    |
[INFO] [stdout]    = note: `#[warn(unused_variables)]` on by default
[INFO] [stdout] 
[INFO] [stdout] 
[INFO] [stdout] warning: fields `theta`, `phi`, and `dist` are never read
[INFO] [stdout]   --> src/lib/hrtf_data/mod.rs:9:5
[INFO] [stdout]    |
[INFO] [stdout] 8  | pub struct SourcePosition {
[INFO] [stdout]    |            -------------- fields in this struct
[INFO] [stdout] 9  |     theta: Float,
[INFO] [stdout]    |     ^^^^^
[INFO] [stdout] 10 |     phi: Float,
[INFO] [stdout]    |     ^^^
[INFO] [stdout] 11 |     dist: Float,
[INFO] [stdout]    |     ^^^^
[INFO] [stdout]    |
[INFO] [stdout]    = note: `SourcePosition` has derived impls for the traits `Clone` and `Debug`, but these are intentionally ignored during dead code analysis
[INFO] [stdout]    = note: `#[warn(dead_code)]` on by default
[INFO] [stdout] 
[INFO] [stdout] 
[INFO] [stdout] warning: field `data` is never read
[INFO] [stdout]   --> src/lib/hrtf_data/mod.rs:16:5
[INFO] [stdout]    |
[INFO] [stdout] 15 | pub struct HRTFData {
[INFO] [stdout]    |            -------- field in this struct
[INFO] [stdout] 16 |     data: Vec<Vec<Float>>,
[INFO] [stdout]    |     ^^^^
[INFO] [stdout]    |
[INFO] [stdout]    = note: `HRTFData` has derived impls for the traits `Clone` and `Debug`, but these are intentionally ignored during dead code analysis
[INFO] [stdout] 
[INFO] [stdout] 
[INFO] [stdout] warning: fields `elev`, `azim`, and `dist` are never read
[INFO] [stdout]   --> src/lib/hrtf_data/sofa_fir.rs:20:5
[INFO] [stdout]    |
[INFO] [stdout] 19 | pub struct SourcePosition {
[INFO] [stdout]    |            -------------- fields in this struct
[INFO] [stdout] 20 |     elev: Float,
[INFO] [stdout]    |     ^^^^
[INFO] [stdout] 21 |     azim: Float,
[INFO] [stdout]    |     ^^^^
[INFO] [stdout] 22 |     dist: Float,
[INFO] [stdout]    |     ^^^^
[INFO] [stdout]    |
[INFO] [stdout]    = note: `SourcePosition` has a derived impl for the trait `Debug`, but this is intentionally ignored during dead code analysis
[INFO] [stdout] 
[INFO] [stdout] 
[INFO] [stdout] warning: field `opt` is never read
[INFO] [stdout]  --> src/lib/reverbrator/mod.rs:5:5
[INFO] [stdout]   |
[INFO] [stdout] 4 | struct Context<'a> {
[INFO] [stdout]   |        ------- field in this struct
[INFO] [stdout] 5 |     opt: ContextInitOptions<'a>,
[INFO] [stdout]   |     ^^^
[INFO] [stdout]   |
[INFO] [stdout]   = note: `Context` has derived impls for the traits `Clone` and `Debug`, but these are intentionally ignored during dead code analysis
[INFO] [stdout] 
[INFO] [stdout] 
[INFO] [stdout] warning: 13 warnings emitted
[INFO] [stdout] 
[INFO] [stdout] 
[INFO] [stderr]     Finished test [unoptimized + debuginfo] target(s) in 0.96s
[INFO] [stderr] warning: the following packages contain code that will be rejected by a future version of Rust: nom v1.2.4, syn v0.14.9
[INFO] [stderr] note: to see what the problems were, use the option `--future-incompat-report`, or run `cargo report future-incompatibilities --id 1`
[INFO] running `Command { std: "docker" "inspect" "a7f3e76ffa9b25415fabe89bf582617be605a71a29ba3f422ceba1f8ad56e3d9", kill_on_drop: false }`
[INFO] running `Command { std: "docker" "rm" "-f" "a7f3e76ffa9b25415fabe89bf582617be605a71a29ba3f422ceba1f8ad56e3d9", kill_on_drop: false }`
[INFO] [stdout] a7f3e76ffa9b25415fabe89bf582617be605a71a29ba3f422ceba1f8ad56e3d9
[INFO] running `Command { std: "docker" "create" "-v" "/var/lib/crater-agent-workspace/builds/worker-2-tc2/target:/opt/rustwide/target:rw,Z" "-v" "/var/lib/crater-agent-workspace/builds/worker-2-tc2/source:/opt/rustwide/workdir:ro,Z" "-v" "/var/lib/crater-agent-workspace/cargo-home:/opt/rustwide/cargo-home:ro,Z" "-v" "/var/lib/crater-agent-workspace/rustup-home:/opt/rustwide/rustup-home:ro,Z" "-e" "SOURCE_DIR=/opt/rustwide/workdir" "-e" "CARGO_TARGET_DIR=/opt/rustwide/target" "-e" "CARGO_INCREMENTAL=0" "-e" "RUST_BACKTRACE=full" "-e" "RUSTFLAGS=--cap-lints=warn" "-e" "RUSTDOCFLAGS=--cap-lints=warn" "-e" "CARGO_HOME=/opt/rustwide/cargo-home" "-e" "RUSTUP_HOME=/opt/rustwide/rustup-home" "-w" "/opt/rustwide/workdir" "-m" "1610612736" "--user" "0:0" "--network" "none" "ghcr.io/rust-lang/crates-build-env/linux@sha256:5ff2268d62e97bff2cde7d5815dd6ed5b47097566f13b8d0ca110b04b60e07ed" "/opt/rustwide/cargo-home/bin/cargo" "+beta-2023-04-20" "test" "--frozen", kill_on_drop: false }`
[INFO] [stdout] b6ea80c28e5a74feed5891efd1a5ea1340d3f3bfb2fd1a993f2de29dd8bf3d8f
[INFO] running `Command { std: "docker" "start" "-a" "b6ea80c28e5a74feed5891efd1a5ea1340d3f3bfb2fd1a993f2de29dd8bf3d8f", kill_on_drop: false }`
[INFO] [stderr] warning: unused manifest key: build
[INFO] [stderr] warning: found module declaration for lib.rs
[INFO] [stderr]  --> src/main.rs:2:1
[INFO] [stderr]   |
[INFO] [stderr] 2 | pub mod lib;
[INFO] [stderr]   | ^^^^^^^^^^^^
[INFO] [stderr]   |
[INFO] [stderr]   = note: lib.rs is the root of this crate's library target
[INFO] [stderr]   = help: to refer to it from other targets, use the library's name as the path
[INFO] [stderr]   = note: `#[warn(special_module_name)]` on by default
[INFO] [stderr] 
[INFO] [stderr] warning: ambiguous glob re-exports
[INFO] [stderr]  --> src/lib/hrtf_data/sofa_fir.rs:1:9
[INFO] [stderr]   |
[INFO] [stderr] 1 | pub use super::*;
[INFO] [stderr]   |         ^^^^^^^^ the name `ray_nodes` in the type namespace is first re-exported here
[INFO] [stderr] 2 | pub use errors::*;
[INFO] [stderr] 3 | pub use lib::ray_nodes::*;
[INFO] [stderr]   |         ----------------- but the name `ray_nodes` in the type namespace is also re-exported here
[INFO] [stderr]   |
[INFO] [stderr]   = note: `#[warn(ambiguous_glob_reexports)]` on by default
[INFO] [stderr] 
[INFO] [stderr] warning: ambiguous glob re-exports
[INFO] [stderr]  --> src/lib/hrtf_data/sofa_fir.rs:4:9
[INFO] [stderr]   |
[INFO] [stderr] 4 | pub use ndarray::*;
[INFO] [stderr]   |         ^^^^^^^^^^ the name `Dimension` in the type namespace is first re-exported here
[INFO] [stderr] 5 | pub use netcdf::*;
[INFO] [stderr]   |         --------- but the name `Dimension` in the type namespace is also re-exported here
[INFO] [stderr] 
[INFO] [stderr] warning: ambiguous glob re-exports
[INFO] [stderr]  --> src/lib/hrtf_data/sofa_fir.rs:5:9
[INFO] [stderr]   |
[INFO] [stderr] 3 | pub use lib::ray_nodes::*;
[INFO] [stderr]   |         ----------------- but the name `types` in the type namespace is also re-exported here
[INFO] [stderr] 4 | pub use ndarray::*;
[INFO] [stderr] 5 | pub use netcdf::*;
[INFO] [stderr]   |         ^^^^^^^^^ the name `types` in the type namespace is first re-exported here
[INFO] [stderr] 
[INFO] [stderr] warning: ambiguous glob re-exports
[INFO] [stderr]  --> src/lib/hrtf_data/mod.rs:3:9
[INFO] [stderr]   |
[INFO] [stderr] 3 | pub use super::*;
[INFO] [stderr]   |         ^^^^^^^^ the name `ray_nodes` in the type namespace is first re-exported here
[INFO] [stderr] 4 | pub use lib::ray_nodes::*;
[INFO] [stderr]   |         ----------------- but the name `ray_nodes` in the type namespace is also re-exported here
[INFO] [stderr] 
[INFO] [stderr] warning: ambiguous glob re-exports
[INFO] [stderr]  --> src/lib/hrtf_data/mod.rs:5:9
[INFO] [stderr]   |
[INFO] [stderr] 4 | pub use lib::ray_nodes::*;
[INFO] [stderr]   |         ----------------- but the name `types` in the type namespace is also re-exported here
[INFO] [stderr] 5 | pub use sofa_fir::*;
[INFO] [stderr]   |         ^^^^^^^^^^^ the name `types` in the type namespace is first re-exported here
[INFO] [stderr] 
[INFO] [stderr] warning: ambiguous glob re-exports
[INFO] [stderr]  --> src/lib/ray_nodes/ray_nodes.rs:1:9
[INFO] [stderr]   |
[INFO] [stderr] 1 | pub use super::*;
[INFO] [stderr]   |         ^^^^^^^^ the name `ray_nodes` in the type namespace is first re-exported here
[INFO] [stderr] 2 | pub use lib::hrtf_data::*;
[INFO] [stderr]   |         ----------------- but the name `ray_nodes` in the type namespace is also re-exported here
[INFO] [stderr] 
[INFO] [stderr] warning: ambiguous glob re-exports
[INFO] [stderr]  --> src/lib/ray_nodes/ray_nodes.rs:1:9
[INFO] [stderr]   |
[INFO] [stderr] 1 | pub use super::*;
[INFO] [stderr]   |         ^^^^^^^^ the name `types` in the type namespace is first re-exported here
[INFO] [stderr] 2 | pub use lib::hrtf_data::*;
[INFO] [stderr]   |         ----------------- but the name `types` in the type namespace is also re-exported here
[INFO] [stderr] 
[INFO] [stderr] warning: unused variable: `recv`
[INFO] [stderr]   --> src/lib/hrtf_data/mod.rs:30:26
[INFO] [stderr]    |
[INFO] [stderr] 30 |     pub fn adjust(&self, recv: ReceiveEvent) -> Option<AdjustResult> {
[INFO] [stderr]    |                          ^^^^ help: if this is intentional, prefix it with an underscore: `_recv`
[INFO] [stderr]    |
[INFO] [stderr]    = note: `#[warn(unused_variables)]` on by default
[INFO] [stderr] 
[INFO] [stderr] warning: fields `theta`, `phi`, and `dist` are never read
[INFO] [stderr]   --> src/lib/hrtf_data/mod.rs:9:5
[INFO] [stderr]    |
[INFO] [stderr] 8  | pub struct SourcePosition {
[INFO] [stderr]    |            -------------- fields in this struct
[INFO] [stderr] 9  |     theta: Float,
[INFO] [stderr]    |     ^^^^^
[INFO] [stderr] 10 |     phi: Float,
[INFO] [stderr]    |     ^^^
[INFO] [stderr] 11 |     dist: Float,
[INFO] [stderr]    |     ^^^^
[INFO] [stderr]    |
[INFO] [stderr]    = note: `SourcePosition` has derived impls for the traits `Clone` and `Debug`, but these are intentionally ignored during dead code analysis
[INFO] [stderr]    = note: `#[warn(dead_code)]` on by default
[INFO] [stderr] 
[INFO] [stderr] warning: field `data` is never read
[INFO] [stderr]   --> src/lib/hrtf_data/mod.rs:16:5
[INFO] [stderr]    |
[INFO] [stderr] 15 | pub struct HRTFData {
[INFO] [stderr]    |            -------- field in this struct
[INFO] [stderr] 16 |     data: Vec<Vec<Float>>,
[INFO] [stderr]    |     ^^^^
[INFO] [stderr]    |
[INFO] [stderr]    = note: `HRTFData` has derived impls for the traits `Clone` and `Debug`, but these are intentionally ignored during dead code analysis
[INFO] [stderr] 
[INFO] [stderr] warning: fields `elev`, `azim`, and `dist` are never read
[INFO] [stderr]   --> src/lib/hrtf_data/sofa_fir.rs:20:5
[INFO] [stderr]    |
[INFO] [stderr] 19 | pub struct SourcePosition {
[INFO] [stderr]    |            -------------- fields in this struct
[INFO] [stderr] 20 |     elev: Float,
[INFO] [stderr]    |     ^^^^
[INFO] [stderr] 21 |     azim: Float,
[INFO] [stderr]    |     ^^^^
[INFO] [stderr] 22 |     dist: Float,
[INFO] [stderr]    |     ^^^^
[INFO] [stderr]    |
[INFO] [stderr]    = note: `SourcePosition` has a derived impl for the trait `Debug`, but this is intentionally ignored during dead code analysis
[INFO] [stderr] 
[INFO] [stderr] warning: field `opt` is never read
[INFO] [stderr]  --> src/lib/reverbrator/mod.rs:5:5
[INFO] [stderr]   |
[INFO] [stderr] 4 | struct Context<'a> {
[INFO] [stderr]   |        ------- field in this struct
[INFO] [stderr] 5 |     opt: ContextInitOptions<'a>,
[INFO] [stderr]   |     ^^^
[INFO] [stderr]   |
[INFO] [stderr]   = note: `Context` has derived impls for the traits `Clone` and `Debug`, but these are intentionally ignored during dead code analysis
[INFO] [stderr] 
[INFO] [stderr] warning: `reverb` (bin "reverb" test) generated 13 warnings (run `cargo fix --bin "reverb" --tests` to apply 1 suggestion)
[INFO] [stderr]     Finished test [unoptimized + debuginfo] target(s) in 0.03s
[INFO] [stderr] warning: the following packages contain code that will be rejected by a future version of Rust: nom v1.2.4, syn v0.14.9
[INFO] [stderr] note: to see what the problems were, use the option `--future-incompat-report`, or run `cargo report future-incompatibilities --id 1`
[INFO] [stderr]      Running unittests src/main.rs (/opt/rustwide/target/debug/deps/reverb-518b859147922395)
[INFO] [stdout] 
[INFO] [stdout] running 2 tests
[INFO] [stdout] test model::room::tests::can_calc_intersect ... ok
[INFO] [stdout] test lib::hrtf_data::sofa_fir::tests::sofa_load ... FAILED
[INFO] [stdout] 
[INFO] [stdout] failures:
[INFO] [stdout] 
[INFO] [stdout] ---- lib::hrtf_data::sofa_fir::tests::sofa_load stdout ----
[INFO] [stdout] thread 'lib::hrtf_data::sofa_fir::tests::sofa_load' panicked at 'not found', src/lib/hrtf_data/sofa_fir.rs:28:13
[INFO] [stdout] stack backtrace:
[INFO] [stdout]    0:     0x55721cdc7a4a - std::backtrace_rs::backtrace::libunwind::trace::h2f05d0192276a8f6
[INFO] [stdout]                                at /rustc/1b7dd2252b99671ce5d1cb9664c5f8636329436d/library/std/src/../../backtrace/src/backtrace/libunwind.rs:93:5
[INFO] [stdout]    1:     0x55721cdc7a4a - std::backtrace_rs::backtrace::trace_unsynchronized::hedc23dff7a1af150
[INFO] [stdout]                                at /rustc/1b7dd2252b99671ce5d1cb9664c5f8636329436d/library/std/src/../../backtrace/src/backtrace/mod.rs:66:5
[INFO] [stdout]    2:     0x55721cdc7a4a - std::sys_common::backtrace::_print_fmt::h17541ef7592f3ce2
[INFO] [stdout]                                at /rustc/1b7dd2252b99671ce5d1cb9664c5f8636329436d/library/std/src/sys_common/backtrace.rs:65:5
[INFO] [stdout]    3:     0x55721cdc7a4a - <std::sys_common::backtrace::_print::DisplayBacktrace as core::fmt::Display>::fmt::h20f75df5ab0c0792
[INFO] [stdout]                                at /rustc/1b7dd2252b99671ce5d1cb9664c5f8636329436d/library/std/src/sys_common/backtrace.rs:44:22
[INFO] [stdout]    4:     0x55721cdebbdf - core::fmt::write::h78109e6f466b3af6
[INFO] [stdout]                                at /rustc/1b7dd2252b99671ce5d1cb9664c5f8636329436d/library/core/src/fmt/mod.rs:1254:17
[INFO] [stdout]    5:     0x55721cdc4d95 - std::io::Write::write_fmt::hd24bfb68a1b35a25
[INFO] [stdout]                                at /rustc/1b7dd2252b99671ce5d1cb9664c5f8636329436d/library/std/src/io/mod.rs:1698:15
[INFO] [stdout]    6:     0x55721cdc7815 - std::sys_common::backtrace::_print::h8dac57a9f8fbf9a5
[INFO] [stdout]                                at /rustc/1b7dd2252b99671ce5d1cb9664c5f8636329436d/library/std/src/sys_common/backtrace.rs:47:5
[INFO] [stdout]    7:     0x55721cdc7815 - std::sys_common::backtrace::print::hf9ecbf41d1aa712f
[INFO] [stdout]                                at /rustc/1b7dd2252b99671ce5d1cb9664c5f8636329436d/library/std/src/sys_common/backtrace.rs:34:9
[INFO] [stdout]    8:     0x55721cdc94ce - std::panicking::default_hook::{{closure}}::h04c07acfc84ca028
[INFO] [stdout]                                at /rustc/1b7dd2252b99671ce5d1cb9664c5f8636329436d/library/std/src/panicking.rs:269:22
[INFO] [stdout]    9:     0x55721cdc9201 - std::panicking::default_hook::h01f6bb23e1eceb2c
[INFO] [stdout]                                at /rustc/1b7dd2252b99671ce5d1cb9664c5f8636329436d/library/std/src/panicking.rs:285:9
[INFO] [stdout]   10:     0x55721ca4083b - <alloc::boxed::Box<F,A> as core::ops::function::Fn<Args>>::call::h87fe9f7b2fd49e4c
[INFO] [stdout]                                at /rustc/1b7dd2252b99671ce5d1cb9664c5f8636329436d/library/alloc/src/boxed.rs:1987:9
[INFO] [stdout]   11:     0x55721ca4083b - test::test_main::{{closure}}::he94d679243a7531b
[INFO] [stdout]                                at /rustc/1b7dd2252b99671ce5d1cb9664c5f8636329436d/library/test/src/lib.rs:134:21
[INFO] [stdout]   12:     0x55721cdc9bb4 - <alloc::boxed::Box<F,A> as core::ops::function::Fn<Args>>::call::h3f2d6d8b14c4769f
[INFO] [stdout]                                at /rustc/1b7dd2252b99671ce5d1cb9664c5f8636329436d/library/alloc/src/boxed.rs:1987:9
[INFO] [stdout]   13:     0x55721cdc9bb4 - std::panicking::rust_panic_with_hook::h2bb3722bbaf2f6df
[INFO] [stdout]                                at /rustc/1b7dd2252b99671ce5d1cb9664c5f8636329436d/library/std/src/panicking.rs:695:13
[INFO] [stdout]   14:     0x55721cda22fa - std::panicking::begin_panic::{{closure}}::h8fce8961813faa86
[INFO] [stdout]                                at /rustc/1b7dd2252b99671ce5d1cb9664c5f8636329436d/library/std/src/panicking.rs:611:9
[INFO] [stdout]   15:     0x55721cd9fe1d - std::sys_common::backtrace::__rust_end_short_backtrace::h02bb82068fa291f0
[INFO] [stdout]                                at /rustc/1b7dd2252b99671ce5d1cb9664c5f8636329436d/library/std/src/sys_common/backtrace.rs:150:18
[INFO] [stdout]   16:     0x55721cda2237 - std::panicking::begin_panic::h3005d597f267b29a
[INFO] [stdout]                                at /rustc/1b7dd2252b99671ce5d1cb9664c5f8636329436d/library/std/src/panicking.rs:610:12
[INFO] [stdout]   17:     0x55721ca05579 - reverb::lib::hrtf_data::sofa_fir::SofaFIR::new::hac50545a97a6972b
[INFO] [stdout]                                at /opt/rustwide/workdir/src/lib/hrtf_data/sofa_fir.rs:28:13
[INFO] [stdout]   18:     0x55721ca07458 - reverb::lib::hrtf_data::sofa_fir::tests::sofa_load::h065eddc93a282c40
[INFO] [stdout]                                at /opt/rustwide/workdir/src/lib/hrtf_data/sofa_fir.rs:110:20
[INFO] [stdout]   19:     0x55721ca07427 - reverb::lib::hrtf_data::sofa_fir::tests::sofa_load::{{closure}}::h48e42b614300721d
[INFO] [stdout]                                at /opt/rustwide/workdir/src/lib/hrtf_data/sofa_fir.rs:109:20
[INFO] [stdout]   20:     0x55721ca0c675 - core::ops::function::FnOnce::call_once::hd6b9aefd3a080cc7
[INFO] [stdout]                                at /rustc/1b7dd2252b99671ce5d1cb9664c5f8636329436d/library/core/src/ops/function.rs:250:5
[INFO] [stdout]   21:     0x55721ca4570f - core::ops::function::FnOnce::call_once::ha6a70e79f7481a7e
[INFO] [stdout]                                at /rustc/1b7dd2252b99671ce5d1cb9664c5f8636329436d/library/core/src/ops/function.rs:250:5
[INFO] [stdout]   22:     0x55721ca4570f - test::__rust_begin_short_backtrace::hce33033019b61e69
[INFO] [stdout]                                at /rustc/1b7dd2252b99671ce5d1cb9664c5f8636329436d/library/test/src/lib.rs:655:18
[INFO] [stdout]   23:     0x55721ca12efc - test::run_test::{{closure}}::h858d3528838ae3e5
[INFO] [stdout]                                at /rustc/1b7dd2252b99671ce5d1cb9664c5f8636329436d/library/test/src/lib.rs:646:30
[INFO] [stdout]   24:     0x55721ca12efc - core::ops::function::FnOnce::call_once{{vtable.shim}}::he8ac2b00f01ae79e
[INFO] [stdout]                                at /rustc/1b7dd2252b99671ce5d1cb9664c5f8636329436d/library/core/src/ops/function.rs:250:5
[INFO] [stdout]   25:     0x55721ca447e6 - <alloc::boxed::Box<F,A> as core::ops::function::FnOnce<Args>>::call_once::h8093d25b522725ef
[INFO] [stdout]                                at /rustc/1b7dd2252b99671ce5d1cb9664c5f8636329436d/library/alloc/src/boxed.rs:1973:9
[INFO] [stdout]   26:     0x55721ca447e6 - <core::panic::unwind_safe::AssertUnwindSafe<F> as core::ops::function::FnOnce<()>>::call_once::h5c334c204e4a3913
[INFO] [stdout]                                at /rustc/1b7dd2252b99671ce5d1cb9664c5f8636329436d/library/core/src/panic/unwind_safe.rs:271:9
[INFO] [stdout]   27:     0x55721ca447e6 - std::panicking::try::do_call::ha8b740c7b9478074
[INFO] [stdout]                                at /rustc/1b7dd2252b99671ce5d1cb9664c5f8636329436d/library/std/src/panicking.rs:485:40
[INFO] [stdout]   28:     0x55721ca447e6 - std::panicking::try::h5d34f63d0e41b64e
[INFO] [stdout]                                at /rustc/1b7dd2252b99671ce5d1cb9664c5f8636329436d/library/std/src/panicking.rs:449:19
[INFO] [stdout]   29:     0x55721ca447e6 - std::panic::catch_unwind::hcfbb511e1aa7fc67
[INFO] [stdout]                                at /rustc/1b7dd2252b99671ce5d1cb9664c5f8636329436d/library/std/src/panic.rs:140:14
[INFO] [stdout]   30:     0x55721ca447e6 - test::run_test_in_process::h9abda90f802eaf21
[INFO] [stdout]                                at /rustc/1b7dd2252b99671ce5d1cb9664c5f8636329436d/library/test/src/lib.rs:678:27
[INFO] [stdout]   31:     0x55721ca447e6 - test::run_test::run_test_inner::{{closure}}::h0f058de91f6c6edf
[INFO] [stdout]                                at /rustc/1b7dd2252b99671ce5d1cb9664c5f8636329436d/library/test/src/lib.rs:572:39
[INFO] [stdout]   32:     0x55721ca0d705 - test::run_test::run_test_inner::{{closure}}::h5ca48a4c59c6c1fb
[INFO] [stdout]                                at /rustc/1b7dd2252b99671ce5d1cb9664c5f8636329436d/library/test/src/lib.rs:599:37
[INFO] [stdout]   33:     0x55721ca0d705 - std::sys_common::backtrace::__rust_begin_short_backtrace::h32bd51e1495d4a33
[INFO] [stdout]                                at /rustc/1b7dd2252b99671ce5d1cb9664c5f8636329436d/library/std/src/sys_common/backtrace.rs:134:18
[INFO] [stdout]   34:     0x55721ca12c41 - std::thread::Builder::spawn_unchecked_::{{closure}}::{{closure}}::hc086fae9b128b2db
[INFO] [stdout]                                at /rustc/1b7dd2252b99671ce5d1cb9664c5f8636329436d/library/std/src/thread/mod.rs:526:17
[INFO] [stdout]   35:     0x55721ca12c41 - <core::panic::unwind_safe::AssertUnwindSafe<F> as core::ops::function::FnOnce<()>>::call_once::hb66571888d270d43
[INFO] [stdout]                                at /rustc/1b7dd2252b99671ce5d1cb9664c5f8636329436d/library/core/src/panic/unwind_safe.rs:271:9
[INFO] [stdout]   36:     0x55721ca12c41 - std::panicking::try::do_call::h4fa2ef4f6e51fecf
[INFO] [stdout]                                at /rustc/1b7dd2252b99671ce5d1cb9664c5f8636329436d/library/std/src/panicking.rs:485:40
[INFO] [stdout]   37:     0x55721ca12c41 - std::panicking::try::h1e9e22b8584489b5
[INFO] [stdout]                                at /rustc/1b7dd2252b99671ce5d1cb9664c5f8636329436d/library/std/src/panicking.rs:449:19
[INFO] [stdout]   38:     0x55721ca12c41 - std::panic::catch_unwind::h44698a3de0e0769e
[INFO] [stdout]                                at /rustc/1b7dd2252b99671ce5d1cb9664c5f8636329436d/library/std/src/panic.rs:140:14
[INFO] [stdout]   39:     0x55721ca12c41 - std::thread::Builder::spawn_unchecked_::{{closure}}::h50153abde3fe239e
[INFO] [stdout]                                at /rustc/1b7dd2252b99671ce5d1cb9664c5f8636329436d/library/std/src/thread/mod.rs:525:30
[INFO] [stdout]   40:     0x55721ca12c41 - core::ops::function::FnOnce::call_once{{vtable.shim}}::hbe5bbf6f38394364
[INFO] [stdout]                                at /rustc/1b7dd2252b99671ce5d1cb9664c5f8636329436d/library/core/src/ops/function.rs:250:5
[INFO] [stdout]   41:     0x55721cdce085 - <alloc::boxed::Box<F,A> as core::ops::function::FnOnce<Args>>::call_once::h0d83cb2920a49046
[INFO] [stdout]                                at /rustc/1b7dd2252b99671ce5d1cb9664c5f8636329436d/library/alloc/src/boxed.rs:1973:9
[INFO] [stdout]   42:     0x55721cdce085 - <alloc::boxed::Box<F,A> as core::ops::function::FnOnce<Args>>::call_once::hbe0a008aa7d9ef59
[INFO] [stdout]                                at /rustc/1b7dd2252b99671ce5d1cb9664c5f8636329436d/library/alloc/src/boxed.rs:1973:9
[INFO] [stdout]   43:     0x55721cdce085 - std::sys::unix::thread::Thread::new::thread_start::h3a466996bdf6b1f9
[INFO] [stdout]                                at /rustc/1b7dd2252b99671ce5d1cb9664c5f8636329436d/library/std/src/sys/unix/thread.rs:108:17
[INFO] [stdout]   44:     0x7fdbfc87ab43 - <unknown>
[INFO] [stdout]   45:     0x7fdbfc90bbb4 - __clone
[INFO] [stdout]   46:                0x0 - <unknown>
[INFO] [stdout] 
[INFO] [stdout] 
[INFO] [stdout] failures:
[INFO] [stdout]     lib::hrtf_data::sofa_fir::tests::sofa_load
[INFO] [stdout] 
[INFO] [stdout] test result: FAILED. 1 passed; 1 failed; 0 ignored; 0 measured; 0 filtered out; finished in 0.02s
[INFO] [stdout] 
[INFO] [stderr] error: test failed, to rerun pass `--bin reverb`
[INFO] running `Command { std: "docker" "inspect" "b6ea80c28e5a74feed5891efd1a5ea1340d3f3bfb2fd1a993f2de29dd8bf3d8f", kill_on_drop: false }`
[INFO] running `Command { std: "docker" "rm" "-f" "b6ea80c28e5a74feed5891efd1a5ea1340d3f3bfb2fd1a993f2de29dd8bf3d8f", kill_on_drop: false }`
[INFO] [stdout] b6ea80c28e5a74feed5891efd1a5ea1340d3f3bfb2fd1a993f2de29dd8bf3d8f
