[INFO] cloning repository https://github.com/yskszk63/tokio-pipe
[INFO] running `Command { std: "git" "-c" "credential.helper=" "-c" "credential.helper=/workspace/cargo-home/bin/git-credential-null" "clone" "--bare" "https://github.com/yskszk63/tokio-pipe" "/workspace/cache/git-repos/https%3A%2F%2Fgithub.com%2Fyskszk63%2Ftokio-pipe", kill_on_drop: false }`
[INFO] [stderr] Cloning into bare repository '/workspace/cache/git-repos/https%3A%2F%2Fgithub.com%2Fyskszk63%2Ftokio-pipe'...
[INFO] running `Command { std: "git" "rev-parse" "HEAD", kill_on_drop: false }`
[INFO] [stdout] 503e8aeea4374738951c98b8afd8751af15de2d7
[INFO] testing yskszk63/tokio-pipe against 1.69.0 for beta-1.70-1
[INFO] running `Command { std: "git" "clone" "/workspace/cache/git-repos/https%3A%2F%2Fgithub.com%2Fyskszk63%2Ftokio-pipe" "/workspace/builds/worker-4-tc1/source", kill_on_drop: false }`
[INFO] [stderr] Cloning into '/workspace/builds/worker-4-tc1/source'...
[INFO] [stderr] done.
[INFO] validating manifest of git repo https://github.com/yskszk63/tokio-pipe on toolchain 1.69.0
[INFO] running `Command { std: CARGO_HOME="/workspace/cargo-home" RUSTUP_HOME="/workspace/rustup-home" "/workspace/cargo-home/bin/cargo" "+1.69.0" "metadata" "--manifest-path" "Cargo.toml" "--no-deps", kill_on_drop: false }`
[INFO] started tweaking git repo https://github.com/yskszk63/tokio-pipe
[INFO] finished tweaking git repo https://github.com/yskszk63/tokio-pipe
[INFO] tweaked toml for git repo https://github.com/yskszk63/tokio-pipe written to /workspace/builds/worker-4-tc1/source/Cargo.toml
[INFO] running `Command { std: CARGO_HOME="/workspace/cargo-home" RUSTUP_HOME="/workspace/rustup-home" __CARGO_TEST_CHANNEL_OVERRIDE_DO_NOT_USE_THIS="nightly" "/workspace/cargo-home/bin/cargo" "+1.69.0" "generate-lockfile" "--manifest-path" "Cargo.toml" "-Zno-index-update", kill_on_drop: false }`
[INFO] running `Command { std: CARGO_HOME="/workspace/cargo-home" RUSTUP_HOME="/workspace/rustup-home" "/workspace/cargo-home/bin/cargo" "+1.69.0" "fetch" "--manifest-path" "Cargo.toml", kill_on_drop: false }`
[INFO] running `Command { std: "docker" "create" "-v" "/var/lib/crater-agent-workspace/builds/worker-4-tc1/target:/opt/rustwide/target:rw,Z" "-v" "/var/lib/crater-agent-workspace/builds/worker-4-tc1/source:/opt/rustwide/workdir:ro,Z" "-v" "/var/lib/crater-agent-workspace/cargo-home:/opt/rustwide/cargo-home:ro,Z" "-v" "/var/lib/crater-agent-workspace/rustup-home:/opt/rustwide/rustup-home:ro,Z" "-e" "SOURCE_DIR=/opt/rustwide/workdir" "-e" "CARGO_TARGET_DIR=/opt/rustwide/target" "-e" "CARGO_HOME=/opt/rustwide/cargo-home" "-e" "RUSTUP_HOME=/opt/rustwide/rustup-home" "-w" "/opt/rustwide/workdir" "-m" "1610612736" "--user" "0:0" "--network" "none" "ghcr.io/rust-lang/crates-build-env/linux@sha256:5ff2268d62e97bff2cde7d5815dd6ed5b47097566f13b8d0ca110b04b60e07ed" "/opt/rustwide/cargo-home/bin/cargo" "+1.69.0" "metadata" "--no-deps" "--format-version=1", kill_on_drop: false }`
[INFO] [stdout] 542071301c9c6363ae45123d0fa504b91e6b05f8075a7b0e3e88a29bd79a2882
[INFO] running `Command { std: "docker" "start" "-a" "542071301c9c6363ae45123d0fa504b91e6b05f8075a7b0e3e88a29bd79a2882", kill_on_drop: false }`
[INFO] running `Command { std: "docker" "inspect" "542071301c9c6363ae45123d0fa504b91e6b05f8075a7b0e3e88a29bd79a2882", kill_on_drop: false }`
[INFO] running `Command { std: "docker" "rm" "-f" "542071301c9c6363ae45123d0fa504b91e6b05f8075a7b0e3e88a29bd79a2882", kill_on_drop: false }`
[INFO] [stdout] 542071301c9c6363ae45123d0fa504b91e6b05f8075a7b0e3e88a29bd79a2882
[INFO] running `Command { std: "docker" "create" "-v" "/var/lib/crater-agent-workspace/builds/worker-4-tc1/target:/opt/rustwide/target:rw,Z" "-v" "/var/lib/crater-agent-workspace/builds/worker-4-tc1/source:/opt/rustwide/workdir:ro,Z" "-v" "/var/lib/crater-agent-workspace/cargo-home:/opt/rustwide/cargo-home:ro,Z" "-v" "/var/lib/crater-agent-workspace/rustup-home:/opt/rustwide/rustup-home:ro,Z" "-e" "SOURCE_DIR=/opt/rustwide/workdir" "-e" "CARGO_TARGET_DIR=/opt/rustwide/target" "-e" "CARGO_INCREMENTAL=0" "-e" "RUST_BACKTRACE=full" "-e" "RUSTFLAGS=--cap-lints=warn" "-e" "RUSTDOCFLAGS=--cap-lints=warn" "-e" "CARGO_HOME=/opt/rustwide/cargo-home" "-e" "RUSTUP_HOME=/opt/rustwide/rustup-home" "-w" "/opt/rustwide/workdir" "-m" "1610612736" "--user" "0:0" "--network" "none" "ghcr.io/rust-lang/crates-build-env/linux@sha256:5ff2268d62e97bff2cde7d5815dd6ed5b47097566f13b8d0ca110b04b60e07ed" "/opt/rustwide/cargo-home/bin/cargo" "+1.69.0" "build" "--frozen" "--message-format=json", kill_on_drop: false }`
[INFO] [stdout] e90f5b7a0f1cfa3913524cd81237be8bea153a49fe413a2b2f1cd6f1b94267bb
[INFO] running `Command { std: "docker" "start" "-a" "e90f5b7a0f1cfa3913524cd81237be8bea153a49fe413a2b2f1cd6f1b94267bb", kill_on_drop: false }`
[INFO] [stderr]    Compiling libc v0.2.142
[INFO] [stderr]    Compiling proc-macro2 v1.0.56
[INFO] [stderr]    Compiling unicode-ident v1.0.8
[INFO] [stderr]    Compiling quote v1.0.26
[INFO] [stderr]    Compiling log v0.4.17
[INFO] [stderr]    Compiling cfg-if v1.0.0
[INFO] [stderr]    Compiling autocfg v1.1.0
[INFO] [stderr]    Compiling bytes v1.4.0
[INFO] [stderr]    Compiling pin-project-lite v0.2.9
[INFO] [stderr]    Compiling tokio v1.28.0
[INFO] [stderr]    Compiling signal-hook-registry v1.4.1
[INFO] [stderr]    Compiling num_cpus v1.15.0
[INFO] [stderr]    Compiling socket2 v0.4.9
[INFO] [stderr]    Compiling mio v0.8.6
[INFO] [stderr]    Compiling syn v2.0.15
[INFO] [stderr]    Compiling tokio-macros v2.1.0
[INFO] [stderr]    Compiling tokio-pipe v0.2.12 (/opt/rustwide/workdir)
[INFO] [stderr]     Finished dev [unoptimized + debuginfo] target(s) in 8.47s
[INFO] running `Command { std: "docker" "inspect" "e90f5b7a0f1cfa3913524cd81237be8bea153a49fe413a2b2f1cd6f1b94267bb", kill_on_drop: false }`
[INFO] running `Command { std: "docker" "rm" "-f" "e90f5b7a0f1cfa3913524cd81237be8bea153a49fe413a2b2f1cd6f1b94267bb", kill_on_drop: false }`
[INFO] [stdout] e90f5b7a0f1cfa3913524cd81237be8bea153a49fe413a2b2f1cd6f1b94267bb
[INFO] running `Command { std: "docker" "create" "-v" "/var/lib/crater-agent-workspace/builds/worker-4-tc1/target:/opt/rustwide/target:rw,Z" "-v" "/var/lib/crater-agent-workspace/builds/worker-4-tc1/source:/opt/rustwide/workdir:ro,Z" "-v" "/var/lib/crater-agent-workspace/cargo-home:/opt/rustwide/cargo-home:ro,Z" "-v" "/var/lib/crater-agent-workspace/rustup-home:/opt/rustwide/rustup-home:ro,Z" "-e" "SOURCE_DIR=/opt/rustwide/workdir" "-e" "CARGO_TARGET_DIR=/opt/rustwide/target" "-e" "CARGO_INCREMENTAL=0" "-e" "RUST_BACKTRACE=full" "-e" "RUSTFLAGS=--cap-lints=warn" "-e" "RUSTDOCFLAGS=--cap-lints=warn" "-e" "CARGO_HOME=/opt/rustwide/cargo-home" "-e" "RUSTUP_HOME=/opt/rustwide/rustup-home" "-w" "/opt/rustwide/workdir" "-m" "1610612736" "--user" "0:0" "--network" "none" "ghcr.io/rust-lang/crates-build-env/linux@sha256:5ff2268d62e97bff2cde7d5815dd6ed5b47097566f13b8d0ca110b04b60e07ed" "/opt/rustwide/cargo-home/bin/cargo" "+1.69.0" "test" "--frozen" "--no-run" "--message-format=json", kill_on_drop: false }`
[INFO] [stdout] 52bd7084db7556c9399572850fa4ca12bb38763a6d0ef3288518667d47e5dfa6
[INFO] running `Command { std: "docker" "start" "-a" "52bd7084db7556c9399572850fa4ca12bb38763a6d0ef3288518667d47e5dfa6", kill_on_drop: false }`
[INFO] [stderr]    Compiling anyhow v1.0.71
[INFO] [stderr]    Compiling tokio-pipe v0.2.12 (/opt/rustwide/workdir)
[INFO] [stderr]     Finished test [unoptimized + debuginfo] target(s) in 2.30s
[INFO] running `Command { std: "docker" "inspect" "52bd7084db7556c9399572850fa4ca12bb38763a6d0ef3288518667d47e5dfa6", kill_on_drop: false }`
[INFO] running `Command { std: "docker" "rm" "-f" "52bd7084db7556c9399572850fa4ca12bb38763a6d0ef3288518667d47e5dfa6", kill_on_drop: false }`
[INFO] [stdout] 52bd7084db7556c9399572850fa4ca12bb38763a6d0ef3288518667d47e5dfa6
[INFO] running `Command { std: "docker" "create" "-v" "/var/lib/crater-agent-workspace/builds/worker-4-tc1/target:/opt/rustwide/target:rw,Z" "-v" "/var/lib/crater-agent-workspace/builds/worker-4-tc1/source:/opt/rustwide/workdir:ro,Z" "-v" "/var/lib/crater-agent-workspace/cargo-home:/opt/rustwide/cargo-home:ro,Z" "-v" "/var/lib/crater-agent-workspace/rustup-home:/opt/rustwide/rustup-home:ro,Z" "-e" "SOURCE_DIR=/opt/rustwide/workdir" "-e" "CARGO_TARGET_DIR=/opt/rustwide/target" "-e" "CARGO_INCREMENTAL=0" "-e" "RUST_BACKTRACE=full" "-e" "RUSTFLAGS=--cap-lints=warn" "-e" "RUSTDOCFLAGS=--cap-lints=warn" "-e" "CARGO_HOME=/opt/rustwide/cargo-home" "-e" "RUSTUP_HOME=/opt/rustwide/rustup-home" "-w" "/opt/rustwide/workdir" "-m" "1610612736" "--user" "0:0" "--network" "none" "ghcr.io/rust-lang/crates-build-env/linux@sha256:5ff2268d62e97bff2cde7d5815dd6ed5b47097566f13b8d0ca110b04b60e07ed" "/opt/rustwide/cargo-home/bin/cargo" "+1.69.0" "test" "--frozen", kill_on_drop: false }`
[INFO] [stdout] 91a7549575e049ffcf9158e0e5e195d0f2bfaa642f655512fc14bcece2e5275f
[INFO] running `Command { std: "docker" "start" "-a" "91a7549575e049ffcf9158e0e5e195d0f2bfaa642f655512fc14bcece2e5275f", kill_on_drop: false }`
[INFO] [stderr]     Finished test [unoptimized + debuginfo] target(s) in 0.02s
[INFO] [stderr]      Running unittests src/lib.rs (/opt/rustwide/target/debug/deps/tokio_pipe-761d4c7bb78a0ec1)
[INFO] [stdout] 
[INFO] [stdout] running 17 tests
[INFO] [stdout] test tests::test_pipewrite_from_raw_fd_checked_failure_not_pipe ... ok
[INFO] [stdout] test tests::test_piperead_from_raw_fd_checked_success ... ok
[INFO] [stdout] test tests::test_piperead_from_raw_fd_checked_failure_not_read_end ... ok
[INFO] [stdout] test tests::test_piperead_from_raw_fd_checked_failure_not_pipe ... ok
[INFO] [stdout] test tests::test_from_child_no_stdio ... FAILED
[INFO] [stdout] test tests::test_from_child_stdio ... FAILED
[INFO] [stdout] test tests::test_pipewrite_from_raw_fd_checked_failure_not_write_end ... ok
[INFO] [stdout] test tests::test_pipewrite_from_raw_fd_checked_success ... ok
[INFO] [stdout] test tests::test_read_to_end ... ok
[INFO] [stdout] test tests::test_write_after_shutdown ... ok
[INFO] [stdout] test tests::test_writev ... ok
[INFO] [stdout] test tests::test_splice ... ok
[INFO] [stdout] test tests::test_tee ... ok
[INFO] [stdout] test tests::test ... ok
[INFO] [stdout] test tests::test_atomic_write_io_slices ... ok
[INFO] [stdout] test tests::test_splice_no_inf_loop ... ok
[INFO] [stdout] test tests::test_tee_no_inf_loop ... ok
[INFO] [stdout] 
[INFO] [stdout] failures:
[INFO] [stdout] 
[INFO] [stdout] ---- tests::test_from_child_no_stdio stdout ----
[INFO] [stdout] Error: Os { code: 2, kind: NotFound, message: "No such file or directory" }
[INFO] [stdout] 
[INFO] [stdout] ---- tests::test_from_child_stdio stdout ----
[INFO] [stdout] Error: Os { code: 2, kind: NotFound, message: "No such file or directory" }
[INFO] [stdout] 
[INFO] [stdout] 
[INFO] [stdout] failures:
[INFO] [stdout]     tests::test_from_child_no_stdio
[INFO] [stdout]     tests::test_from_child_stdio
[INFO] [stdout] 
[INFO] [stdout] test result: FAILED. 15 passed; 2 failed; 0 ignored; 0 measured; 0 filtered out; finished in 0.21s
[INFO] [stdout] 
[INFO] [stderr] error: test failed, to rerun pass `--lib`
[INFO] running `Command { std: "docker" "inspect" "91a7549575e049ffcf9158e0e5e195d0f2bfaa642f655512fc14bcece2e5275f", kill_on_drop: false }`
[INFO] running `Command { std: "docker" "rm" "-f" "91a7549575e049ffcf9158e0e5e195d0f2bfaa642f655512fc14bcece2e5275f", kill_on_drop: false }`
[INFO] [stdout] 91a7549575e049ffcf9158e0e5e195d0f2bfaa642f655512fc14bcece2e5275f
