[INFO] cloning repository https://github.com/yoRyuuuuu/actix-web-demo
[INFO] running `Command { std: "git" "-c" "credential.helper=" "-c" "credential.helper=/workspace/cargo-home/bin/git-credential-null" "clone" "--bare" "https://github.com/yoRyuuuuu/actix-web-demo" "/workspace/cache/git-repos/https%3A%2F%2Fgithub.com%2FyoRyuuuuu%2Factix-web-demo", kill_on_drop: false }`
[INFO] [stderr] Cloning into bare repository '/workspace/cache/git-repos/https%3A%2F%2Fgithub.com%2FyoRyuuuuu%2Factix-web-demo'...
[INFO] running `Command { std: "git" "rev-parse" "HEAD", kill_on_drop: false }`
[INFO] [stdout] d8ef7bdd029ac984e6134de28cbfaf535fec6654
[INFO] testing yoRyuuuuu/actix-web-demo against 1.69.0 for beta-1.70-1
[INFO] running `Command { std: "git" "clone" "/workspace/cache/git-repos/https%3A%2F%2Fgithub.com%2FyoRyuuuuu%2Factix-web-demo" "/workspace/builds/worker-2-tc1/source", kill_on_drop: false }`
[INFO] [stderr] Cloning into '/workspace/builds/worker-2-tc1/source'...
[INFO] [stderr] done.
[INFO] validating manifest of git repo https://github.com/yoRyuuuuu/actix-web-demo on toolchain 1.69.0
[INFO] running `Command { std: CARGO_HOME="/workspace/cargo-home" RUSTUP_HOME="/workspace/rustup-home" "/workspace/cargo-home/bin/cargo" "+1.69.0" "metadata" "--manifest-path" "Cargo.toml" "--no-deps", kill_on_drop: false }`
[INFO] started tweaking git repo https://github.com/yoRyuuuuu/actix-web-demo
[INFO] finished tweaking git repo https://github.com/yoRyuuuuu/actix-web-demo
[INFO] tweaked toml for git repo https://github.com/yoRyuuuuu/actix-web-demo written to /workspace/builds/worker-2-tc1/source/Cargo.toml
[INFO] crate git repo https://github.com/yoRyuuuuu/actix-web-demo already has a lockfile, it will not be regenerated
[INFO] running `Command { std: CARGO_HOME="/workspace/cargo-home" RUSTUP_HOME="/workspace/rustup-home" "/workspace/cargo-home/bin/cargo" "+1.69.0" "fetch" "--manifest-path" "Cargo.toml", kill_on_drop: false }`
[INFO] running `Command { std: "docker" "create" "-v" "/var/lib/crater-agent-workspace/builds/worker-2-tc1/target:/opt/rustwide/target:rw,Z" "-v" "/var/lib/crater-agent-workspace/builds/worker-2-tc1/source:/opt/rustwide/workdir:ro,Z" "-v" "/var/lib/crater-agent-workspace/cargo-home:/opt/rustwide/cargo-home:ro,Z" "-v" "/var/lib/crater-agent-workspace/rustup-home:/opt/rustwide/rustup-home:ro,Z" "-e" "SOURCE_DIR=/opt/rustwide/workdir" "-e" "CARGO_TARGET_DIR=/opt/rustwide/target" "-e" "CARGO_HOME=/opt/rustwide/cargo-home" "-e" "RUSTUP_HOME=/opt/rustwide/rustup-home" "-w" "/opt/rustwide/workdir" "-m" "1610612736" "--user" "0:0" "--network" "none" "ghcr.io/rust-lang/crates-build-env/linux@sha256:5ff2268d62e97bff2cde7d5815dd6ed5b47097566f13b8d0ca110b04b60e07ed" "/opt/rustwide/cargo-home/bin/cargo" "+1.69.0" "metadata" "--no-deps" "--format-version=1", kill_on_drop: false }`
[INFO] [stdout] f1c17abf43bd488c346df7da8ec2e7bb63a9d0a63308f20a55520196cb8e27be
[INFO] running `Command { std: "docker" "start" "-a" "f1c17abf43bd488c346df7da8ec2e7bb63a9d0a63308f20a55520196cb8e27be", kill_on_drop: false }`
[INFO] running `Command { std: "docker" "inspect" "f1c17abf43bd488c346df7da8ec2e7bb63a9d0a63308f20a55520196cb8e27be", kill_on_drop: false }`
[INFO] running `Command { std: "docker" "rm" "-f" "f1c17abf43bd488c346df7da8ec2e7bb63a9d0a63308f20a55520196cb8e27be", kill_on_drop: false }`
[INFO] [stdout] f1c17abf43bd488c346df7da8ec2e7bb63a9d0a63308f20a55520196cb8e27be
[INFO] running `Command { std: "docker" "create" "-v" "/var/lib/crater-agent-workspace/builds/worker-2-tc1/target:/opt/rustwide/target:rw,Z" "-v" "/var/lib/crater-agent-workspace/builds/worker-2-tc1/source:/opt/rustwide/workdir:ro,Z" "-v" "/var/lib/crater-agent-workspace/cargo-home:/opt/rustwide/cargo-home:ro,Z" "-v" "/var/lib/crater-agent-workspace/rustup-home:/opt/rustwide/rustup-home:ro,Z" "-e" "SOURCE_DIR=/opt/rustwide/workdir" "-e" "CARGO_TARGET_DIR=/opt/rustwide/target" "-e" "CARGO_INCREMENTAL=0" "-e" "RUST_BACKTRACE=full" "-e" "RUSTFLAGS=--cap-lints=warn" "-e" "RUSTDOCFLAGS=--cap-lints=warn" "-e" "CARGO_HOME=/opt/rustwide/cargo-home" "-e" "RUSTUP_HOME=/opt/rustwide/rustup-home" "-w" "/opt/rustwide/workdir" "-m" "1610612736" "--user" "0:0" "--network" "none" "ghcr.io/rust-lang/crates-build-env/linux@sha256:5ff2268d62e97bff2cde7d5815dd6ed5b47097566f13b8d0ca110b04b60e07ed" "/opt/rustwide/cargo-home/bin/cargo" "+1.69.0" "build" "--frozen" "--message-format=json", kill_on_drop: false }`
[INFO] [stdout] c9714b581d7cd219e17b9cd82c0559333e28d19caf37126e282e9fc7d6aa798c
[INFO] running `Command { std: "docker" "start" "-a" "c9714b581d7cd219e17b9cd82c0559333e28d19caf37126e282e9fc7d6aa798c", kill_on_drop: false }`
[INFO] [stderr]    Compiling cfg-if v1.0.0
[INFO] [stderr]    Compiling proc-macro2 v1.0.36
[INFO] [stderr]    Compiling syn v1.0.86
[INFO] [stderr]    Compiling libc v0.2.117
[INFO] [stderr]    Compiling autocfg v1.1.0
[INFO] [stderr]    Compiling version_check v0.9.4
[INFO] [stderr]    Compiling futures-core v0.3.21
[INFO] [stderr]    Compiling cfg-if v0.1.10
[INFO] [stderr]    Compiling futures-channel v0.3.21
[INFO] [stderr]    Compiling log v0.4.14
[INFO] [stderr]    Compiling pin-project-lite v0.2.8
[INFO] [stderr]    Compiling futures-task v0.3.21
[INFO] [stderr]    Compiling serde_derive v1.0.136
[INFO] [stderr]    Compiling futures-util v0.3.21
[INFO] [stderr]    Compiling serde v1.0.136
[INFO] [stderr]    Compiling futures-io v0.3.21
[INFO] [stderr]    Compiling pin-project-lite v0.1.12
[INFO] [stderr]    Compiling quote v1.0.15
[INFO] [stderr]    Compiling bytes v0.5.6
[INFO] [stderr]    Compiling smallvec v1.8.0
[INFO] [stderr]    Compiling parking_lot_core v0.8.5
[INFO] [stderr]    Compiling instant v0.1.12
[INFO] [stderr]    Compiling cc v1.0.72
[INFO] [stderr]    Compiling futures-sink v0.3.21
[INFO] [stderr]    Compiling num_cpus v1.13.1
[INFO] [stderr]    Compiling net2 v0.2.37
[INFO] [stderr]    Compiling iovec v0.1.4
[INFO] [stderr]    Compiling scopeguard v1.1.0
[INFO] [stderr]    Compiling lock_api v0.4.6
[INFO] [stderr]    Compiling signal-hook-registry v1.4.0
[INFO] [stderr]    Compiling convert_case v0.4.0
[INFO] [stderr]    Compiling mio v0.6.23
[INFO] [stderr]    Compiling getrandom v0.1.16
[INFO] [stderr]    Compiling typenum v1.15.0
[INFO] [stderr]    Compiling generic-array v0.14.5
[INFO] [stderr]    Compiling pkg-config v0.3.24
[INFO] [stderr]    Compiling copyless v0.1.5
[INFO] [stderr]    Compiling itoa v1.0.1
[INFO] [stderr]    Compiling once_cell v1.9.0
[INFO] [stderr]    Compiling tinyvec_macros v0.1.0
[INFO] [stderr]    Compiling tinyvec v1.5.1
[INFO] [stderr]    Compiling matches v0.1.9
[INFO] [stderr]    Compiling mio-uds v0.6.8
[INFO] [stderr]    Compiling percent-encoding v2.1.0
[INFO] [stderr]    Compiling openssl-sys v0.9.72
[INFO] [stderr]    Compiling ppv-lite86 v0.2.16
[INFO] [stderr]    Compiling parking_lot v0.11.2
[INFO] [stderr]    Compiling threadpool v1.8.1
[INFO] [stderr]    Compiling unicode-bidi v0.3.7
[INFO] [stderr]    Compiling openssl v0.10.38
[INFO] [stderr]    Compiling unicode-normalization v0.1.19
[INFO] [stderr]    Compiling pin-project-internal v0.4.29
[INFO] [stderr]    Compiling foreign-types-shared v0.1.1
[INFO] [stderr]    Compiling form_urlencoded v1.0.1
[INFO] [stderr]    Compiling digest v0.9.0
[INFO] [stderr]    Compiling block-buffer v0.9.0
[INFO] [stderr]    Compiling foreign-types v0.3.2
[INFO] [stderr]    Compiling opaque-debug v0.3.0
[INFO] [stderr]    Compiling cpufeatures v0.2.1
[INFO] [stderr]    Compiling native-tls v0.2.8
[INFO] [stderr]    Compiling indexmap v1.8.0
[INFO] [stderr]    Compiling num-traits v0.2.14
[INFO] [stderr]    Compiling rand_core v0.5.1
[INFO] [stderr]    Compiling openssl-probe v0.1.5
[INFO] [stderr]    Compiling unicode-segmentation v1.9.0
[INFO] [stderr]    Compiling idna v0.2.3
[INFO] [stderr]    Compiling ryu v1.0.9
[INFO] [stderr]    Compiling rand_chacha v0.2.2
[INFO] [stderr]    Compiling heck v0.3.3
[INFO] [stderr]    Compiling getrandom v0.2.4
[INFO] [stderr]    Compiling url v2.2.2
[INFO] [stderr]    Compiling standback v0.2.17
[INFO] [stderr]    Compiling proc-macro-hack v0.5.19
[INFO] [stderr]    Compiling hashbrown v0.11.2
[INFO] [stderr]    Compiling rand v0.7.3
[INFO] [stderr]    Compiling num-integer v0.1.44
[INFO] [stderr]    Compiling crossbeam-utils v0.8.7
[INFO] [stderr]    Compiling bytes v1.1.0
[INFO] [stderr]    Compiling async-trait v0.1.52
[INFO] [stderr]    Compiling ahash v0.6.3
[INFO] [stderr]    Compiling nom v7.1.0
[INFO] [stderr]    Compiling itoa v0.4.8
[INFO] [stderr]    Compiling build_const v0.2.2
[INFO] [stderr]    Compiling base64 v0.13.0
[INFO] [stderr]    Compiling fnv v1.0.7
[INFO] [stderr]    Compiling match_cfg v0.1.0
[INFO] [stderr]    Compiling const_fn v0.4.9
[INFO] [stderr]    Compiling crc v1.8.1
[INFO] [stderr]    Compiling http v0.2.6
[INFO] [stderr]    Compiling hostname v0.3.1
[INFO] [stderr]    Compiling tokio-macros v0.2.6
[INFO] [stderr]    Compiling futures-macro v0.3.21
[INFO] [stderr]    Compiling derive_more v0.99.17
[INFO] [stderr]    Compiling actix-macros v0.1.3
[INFO] [stderr]    Compiling thiserror-impl v1.0.30
[INFO] [stderr]    Compiling tokio v0.2.25
[INFO] [stderr]    Compiling thiserror v1.0.30
[INFO] [stderr]    Compiling pin-project-internal v1.0.10
[INFO] [stderr]    Compiling pin-project v0.4.29
[INFO] [stderr]    Compiling time-macros-impl v0.1.2
[INFO] [stderr]    Compiling actix-threadpool v0.3.3
[INFO] [stderr]    Compiling tokio-util v0.3.1
[INFO] [stderr]    Compiling enum-as-inner v0.3.3
[INFO] [stderr]    Compiling actix-rt v1.1.1
[INFO] [stderr]    Compiling actix-codec v0.3.0
[INFO] [stderr]    Compiling actix-service v1.0.6
[INFO] [stderr]    Compiling futures v0.3.21
[INFO] [stderr]    Compiling miniz_oxide v0.4.4
[INFO] [stderr]    Compiling time v0.2.27
[INFO] [stderr]    Compiling tracing-core v0.1.22
[INFO] [stderr]    Compiling byteorder v1.4.3
[INFO] [stderr]    Compiling crc32fast v1.3.2
[INFO] [stderr]    Compiling linked-hash-map v0.5.4
[INFO] [stderr]    Compiling quick-error v1.2.3
[INFO] [stderr]    Compiling ahash v0.4.7
[INFO] [stderr]    Compiling serde_json v1.0.79
[INFO] [stderr]    Compiling subtle v2.4.1
[INFO] [stderr]    Compiling crossbeam-queue v0.3.4
[INFO] [stderr]    Compiling alloc-no-stdlib v2.0.3
[INFO] [stderr]    Compiling ucd-trie v0.1.3
[INFO] [stderr]    Compiling minimal-lexical v0.2.1
[INFO] [stderr]    Compiling alloc-stdlib v0.2.1
[INFO] [stderr]    Compiling pest v2.1.3
[INFO] [stderr]    Compiling crypto-mac v0.10.1
[INFO] [stderr]    Compiling hashbrown v0.9.1
[INFO] [stderr]    Compiling lru-cache v0.1.2
[INFO] [stderr]    Compiling resolv-conf v0.7.0
[INFO] [stderr]    Compiling tracing v0.1.30
[INFO] [stderr]    Compiling regex v1.5.4
[INFO] [stderr]    Compiling trust-dns-proto v0.19.7
[INFO] [stderr]    Compiling time-macros v0.1.1
[INFO] [stderr]    Compiling pin-project v1.0.10
[INFO] [stderr]    Compiling rand_core v0.6.3
[INFO] [stderr]    Compiling either v1.6.1
[INFO] [stderr]    Compiling sha-1 v0.9.8
[INFO] [stderr]    Compiling cookie v0.14.4
[INFO] [stderr]    Compiling actix-utils v2.0.0
[INFO] [stderr]    Compiling itertools v0.10.3
[INFO] [stderr]    Compiling unicode_categories v0.1.1
[INFO] [stderr]    Compiling httparse v1.6.0
[INFO] [stderr]    Compiling encoding_rs v0.8.30
[INFO] [stderr]    Compiling adler v1.0.2
[INFO] [stderr]    Compiling trust-dns-resolver v0.19.7
[INFO] [stderr]    Compiling rand v0.8.5
[INFO] [stderr]    Compiling sqlformat v0.1.8
[INFO] [stderr]    Compiling tokio-native-tls v0.1.0
[INFO] [stderr]    Compiling tracing-futures v0.2.5
[INFO] [stderr]    Compiling semver-parser v0.10.2
[INFO] [stderr]    Compiling hashlink v0.6.0
[INFO] [stderr]    Compiling hmac v0.10.1
[INFO] [stderr]    Compiling brotli-decompressor v2.3.2
[INFO] [stderr]    Compiling crossbeam-channel v0.5.2
[INFO] [stderr]    Compiling stringprep v0.1.2
[INFO] [stderr]    Compiling md-5 v0.9.1
[INFO] [stderr]    Compiling num-bigint v0.4.3
[INFO] [stderr]    Compiling hex v0.4.3
[INFO] [stderr]    Compiling whoami v1.2.1
[INFO] [stderr]    Compiling flate2 v1.0.22
[INFO] [stderr]    Compiling semver v0.11.0
[INFO] [stderr]    Compiling sqlx-rt v0.2.0
[INFO] [stderr]    Compiling chrono v0.4.19
[INFO] [stderr]    Compiling h2 v0.2.7
[INFO] [stderr]    Compiling brotli v3.3.3
[INFO] [stderr]    Compiling quickcheck v1.0.3
[INFO] [stderr]    Compiling actix-connect v2.0.0
[INFO] [stderr]    Compiling serde_urlencoded v0.7.1
[INFO] [stderr]    Compiling cargo-platform v0.1.2
[INFO] [stderr]    Compiling fxhash v0.2.1
[INFO] [stderr]    Compiling futures-executor v0.3.21
[INFO] [stderr]    Compiling atoi v0.4.0
[INFO] [stderr]    Compiling sha2 v0.9.9
[INFO] [stderr]    Compiling ring v0.16.20
[INFO] [stderr]    Compiling socket2 v0.3.19
[INFO] [stderr]    Compiling time v0.1.43
[INFO] [stderr]    Compiling num_threads v0.1.3
[INFO] [stderr]    Compiling language-tags v0.2.2
[INFO] [stderr]    Compiling time-macros v0.2.3
[INFO] [stderr]    Compiling mime v0.3.16
[INFO] [stderr]    Compiling sqlx-core v0.4.2
[INFO] [stderr]    Compiling actix-server v1.0.4
[INFO] [stderr]    Compiling cargo_metadata v0.12.3
[INFO] [stderr]    Compiling time v0.3.7
[INFO] [stderr]    Compiling actix-http v2.2.2
[INFO] [stderr]    Compiling bytestring v1.0.0
[INFO] [stderr]    Compiling spin v0.5.2
[INFO] [stderr]    Compiling dotenv v0.15.0
[INFO] [stderr]    Compiling untrusted v0.7.1
[INFO] [stderr]    Compiling actix-router v0.2.7
[INFO] [stderr]    Compiling simple_asn1 v0.6.1
[INFO] [stderr]    Compiling actix-testing v1.0.1
[INFO] [stderr]    Compiling actix-tls v2.0.0
[INFO] [stderr]    Compiling actix-web-codegen v0.4.0
[INFO] [stderr]    Compiling awc v2.0.3
[INFO] [stderr]    Compiling pem v1.0.2
[INFO] [stderr]    Compiling atty v0.2.14
[INFO] [stderr]    Compiling termcolor v1.1.2
[INFO] [stderr]    Compiling humantime v2.1.0
[INFO] [stderr]    Compiling jsonwebtoken v8.0.1
[INFO] [stderr]    Compiling env_logger v0.9.0
[INFO] [stderr]    Compiling actix-web v3.3.3
[INFO] [stderr]    Compiling sqlx-macros v0.4.2
[INFO] [stderr]    Compiling sqlx v0.4.2
[INFO] [stderr]    Compiling actix-web-demo v0.1.0 (/opt/rustwide/workdir)
[INFO] [stderr]     Finished dev [unoptimized + debuginfo] target(s) in 1m 46s
[INFO] [stderr] warning: the following packages contain code that will be rejected by a future version of Rust: sqlx-macros v0.4.2
[INFO] [stderr]     Blocking waiting for file lock on package cache
[INFO] [stderr] note: to see what the problems were, use the option `--future-incompat-report`, or run `cargo report future-incompatibilities --id 1`
[INFO] running `Command { std: "docker" "inspect" "c9714b581d7cd219e17b9cd82c0559333e28d19caf37126e282e9fc7d6aa798c", kill_on_drop: false }`
[INFO] running `Command { std: "docker" "rm" "-f" "c9714b581d7cd219e17b9cd82c0559333e28d19caf37126e282e9fc7d6aa798c", kill_on_drop: false }`
[INFO] [stdout] c9714b581d7cd219e17b9cd82c0559333e28d19caf37126e282e9fc7d6aa798c
[INFO] running `Command { std: "docker" "create" "-v" "/var/lib/crater-agent-workspace/builds/worker-2-tc1/target:/opt/rustwide/target:rw,Z" "-v" "/var/lib/crater-agent-workspace/builds/worker-2-tc1/source:/opt/rustwide/workdir:ro,Z" "-v" "/var/lib/crater-agent-workspace/cargo-home:/opt/rustwide/cargo-home:ro,Z" "-v" "/var/lib/crater-agent-workspace/rustup-home:/opt/rustwide/rustup-home:ro,Z" "-e" "SOURCE_DIR=/opt/rustwide/workdir" "-e" "CARGO_TARGET_DIR=/opt/rustwide/target" "-e" "CARGO_INCREMENTAL=0" "-e" "RUST_BACKTRACE=full" "-e" "RUSTFLAGS=--cap-lints=warn" "-e" "RUSTDOCFLAGS=--cap-lints=warn" "-e" "CARGO_HOME=/opt/rustwide/cargo-home" "-e" "RUSTUP_HOME=/opt/rustwide/rustup-home" "-w" "/opt/rustwide/workdir" "-m" "1610612736" "--user" "0:0" "--network" "none" "ghcr.io/rust-lang/crates-build-env/linux@sha256:5ff2268d62e97bff2cde7d5815dd6ed5b47097566f13b8d0ca110b04b60e07ed" "/opt/rustwide/cargo-home/bin/cargo" "+1.69.0" "test" "--frozen" "--no-run" "--message-format=json", kill_on_drop: false }`
[INFO] [stdout] cde462f5d7dd22c3346f9ba2a129320f4705828c6f0ce2673ac62b7fa2946566
[INFO] running `Command { std: "docker" "start" "-a" "cde462f5d7dd22c3346f9ba2a129320f4705828c6f0ce2673ac62b7fa2946566", kill_on_drop: false }`
[INFO] [stderr]    Compiling actix-web-demo v0.1.0 (/opt/rustwide/workdir)
[INFO] [stderr]     Finished test [unoptimized + debuginfo] target(s) in 8.98s
[INFO] [stderr] warning: the following packages contain code that will be rejected by a future version of Rust: sqlx-macros v0.4.2
[INFO] [stderr] note: to see what the problems were, use the option `--future-incompat-report`, or run `cargo report future-incompatibilities --id 1`
[INFO] running `Command { std: "docker" "inspect" "cde462f5d7dd22c3346f9ba2a129320f4705828c6f0ce2673ac62b7fa2946566", kill_on_drop: false }`
[INFO] running `Command { std: "docker" "rm" "-f" "cde462f5d7dd22c3346f9ba2a129320f4705828c6f0ce2673ac62b7fa2946566", kill_on_drop: false }`
[INFO] [stdout] cde462f5d7dd22c3346f9ba2a129320f4705828c6f0ce2673ac62b7fa2946566
[INFO] running `Command { std: "docker" "create" "-v" "/var/lib/crater-agent-workspace/builds/worker-2-tc1/target:/opt/rustwide/target:rw,Z" "-v" "/var/lib/crater-agent-workspace/builds/worker-2-tc1/source:/opt/rustwide/workdir:ro,Z" "-v" "/var/lib/crater-agent-workspace/cargo-home:/opt/rustwide/cargo-home:ro,Z" "-v" "/var/lib/crater-agent-workspace/rustup-home:/opt/rustwide/rustup-home:ro,Z" "-e" "SOURCE_DIR=/opt/rustwide/workdir" "-e" "CARGO_TARGET_DIR=/opt/rustwide/target" "-e" "CARGO_INCREMENTAL=0" "-e" "RUST_BACKTRACE=full" "-e" "RUSTFLAGS=--cap-lints=warn" "-e" "RUSTDOCFLAGS=--cap-lints=warn" "-e" "CARGO_HOME=/opt/rustwide/cargo-home" "-e" "RUSTUP_HOME=/opt/rustwide/rustup-home" "-w" "/opt/rustwide/workdir" "-m" "1610612736" "--user" "0:0" "--network" "none" "ghcr.io/rust-lang/crates-build-env/linux@sha256:5ff2268d62e97bff2cde7d5815dd6ed5b47097566f13b8d0ca110b04b60e07ed" "/opt/rustwide/cargo-home/bin/cargo" "+1.69.0" "test" "--frozen", kill_on_drop: false }`
[INFO] [stdout] 6871a03c8ae28a236bdf5689b7273b9bae10bcc427f8cc1788363b7e4a63c7c3
[INFO] running `Command { std: "docker" "start" "-a" "6871a03c8ae28a236bdf5689b7273b9bae10bcc427f8cc1788363b7e4a63c7c3", kill_on_drop: false }`
[INFO] [stderr]     Finished test [unoptimized + debuginfo] target(s) in 0.13s
[INFO] [stderr] warning: the following packages contain code that will be rejected by a future version of Rust: sqlx-macros v0.4.2
[INFO] [stderr] note: to see what the problems were, use the option `--future-incompat-report`, or run `cargo report future-incompatibilities --id 1`
[INFO] [stderr]      Running unittests src/main.rs (/opt/rustwide/target/debug/deps/actix_web_demo-109f7f79df587e00)
[INFO] [stdout] 
[INFO] [stdout] running 1 test
[INFO] [stdout] test handler::tests::test_api ... FAILED
[INFO] [stdout] 
[INFO] [stdout] failures:
[INFO] [stdout] 
[INFO] [stdout] ---- handler::tests::test_api stdout ----
[INFO] [stdout] thread 'handler::tests::test_api' panicked at 'assertion failed: resp.status().is_success()', src/handler.rs:139:9
[INFO] [stdout] stack backtrace:
[INFO] [stdout]    0:     0x5574f3e04b3a - std::backtrace_rs::backtrace::libunwind::trace::ha9053a9a07ca49cb
[INFO] [stdout]                                at /rustc/84c898d65adf2f39a5a98507f1fe0ce10a2b8dbc/library/std/src/../../backtrace/src/backtrace/libunwind.rs:93:5
[INFO] [stdout]    1:     0x5574f3e04b3a - std::backtrace_rs::backtrace::trace_unsynchronized::h9c2852a457ad564e
[INFO] [stdout]                                at /rustc/84c898d65adf2f39a5a98507f1fe0ce10a2b8dbc/library/std/src/../../backtrace/src/backtrace/mod.rs:66:5
[INFO] [stdout]    2:     0x5574f3e04b3a - std::sys_common::backtrace::_print_fmt::h457936fbfaa0070f
[INFO] [stdout]                                at /rustc/84c898d65adf2f39a5a98507f1fe0ce10a2b8dbc/library/std/src/sys_common/backtrace.rs:65:5
[INFO] [stdout]    3:     0x5574f3e04b3a - <std::sys_common::backtrace::_print::DisplayBacktrace as core::fmt::Display>::fmt::h5779d7bf7f70cb0c
[INFO] [stdout]                                at /rustc/84c898d65adf2f39a5a98507f1fe0ce10a2b8dbc/library/std/src/sys_common/backtrace.rs:44:22
[INFO] [stdout]    4:     0x5574f3e2b77e - core::fmt::write::h5a4baaff1bcd3eb5
[INFO] [stdout]                                at /rustc/84c898d65adf2f39a5a98507f1fe0ce10a2b8dbc/library/core/src/fmt/mod.rs:1232:17
[INFO] [stdout]    5:     0x5574f3e015d5 - std::io::Write::write_fmt::h478f79c628ef31d1
[INFO] [stdout]                                at /rustc/84c898d65adf2f39a5a98507f1fe0ce10a2b8dbc/library/std/src/io/mod.rs:1684:15
[INFO] [stdout]    6:     0x5574f3e04905 - std::sys_common::backtrace::_print::h5fcdc36060f177e8
[INFO] [stdout]                                at /rustc/84c898d65adf2f39a5a98507f1fe0ce10a2b8dbc/library/std/src/sys_common/backtrace.rs:47:5
[INFO] [stdout]    7:     0x5574f3e04905 - std::sys_common::backtrace::print::h54ca9458b876c8bf
[INFO] [stdout]                                at /rustc/84c898d65adf2f39a5a98507f1fe0ce10a2b8dbc/library/std/src/sys_common/backtrace.rs:34:9
[INFO] [stdout]    8:     0x5574f3e066cf - std::panicking::default_hook::{{closure}}::hbe471161c7664ed6
[INFO] [stdout]                                at /rustc/84c898d65adf2f39a5a98507f1fe0ce10a2b8dbc/library/std/src/panicking.rs:271:22
[INFO] [stdout]    9:     0x5574f3e0638f - std::panicking::default_hook::ha3500da57aa4ac4f
[INFO] [stdout]                                at /rustc/84c898d65adf2f39a5a98507f1fe0ce10a2b8dbc/library/std/src/panicking.rs:287:9
[INFO] [stdout]   10:     0x5574f3713587 - <alloc::boxed::Box<F,A> as core::ops::function::Fn<Args>>::call::hdf1b89dd137ece34
[INFO] [stdout]                                at /rustc/84c898d65adf2f39a5a98507f1fe0ce10a2b8dbc/library/alloc/src/boxed.rs:2001:9
[INFO] [stdout]   11:     0x5574f3713587 - test::test_main::{{closure}}::h9081a79f20e75698
[INFO] [stdout]                                at /rustc/84c898d65adf2f39a5a98507f1fe0ce10a2b8dbc/library/test/src/lib.rs:135:21
[INFO] [stdout]   12:     0x5574f3e06dfd - <alloc::boxed::Box<F,A> as core::ops::function::Fn<Args>>::call::h6507bddc3eebb4a5
[INFO] [stdout]                                at /rustc/84c898d65adf2f39a5a98507f1fe0ce10a2b8dbc/library/alloc/src/boxed.rs:2001:9
[INFO] [stdout]   13:     0x5574f3e06dfd - std::panicking::rust_panic_with_hook::h50c09d000dc561d2
[INFO] [stdout]                                at /rustc/84c898d65adf2f39a5a98507f1fe0ce10a2b8dbc/library/std/src/panicking.rs:696:13
[INFO] [stdout]   14:     0x5574f3e06b32 - std::panicking::begin_panic_handler::{{closure}}::h9e2b2176e00e0d9c
[INFO] [stdout]                                at /rustc/84c898d65adf2f39a5a98507f1fe0ce10a2b8dbc/library/std/src/panicking.rs:581:13
[INFO] [stdout]   15:     0x5574f3e04fa6 - std::sys_common::backtrace::__rust_end_short_backtrace::h5739b8e512c09d02
[INFO] [stdout]                                at /rustc/84c898d65adf2f39a5a98507f1fe0ce10a2b8dbc/library/std/src/sys_common/backtrace.rs:150:18
[INFO] [stdout]   16:     0x5574f3e06882 - rust_begin_unwind
[INFO] [stdout]                                at /rustc/84c898d65adf2f39a5a98507f1fe0ce10a2b8dbc/library/std/src/panicking.rs:579:5
[INFO] [stdout]   17:     0x5574f36664f3 - core::panicking::panic_fmt::hf33a1475b4dc5c3e
[INFO] [stdout]                                at /rustc/84c898d65adf2f39a5a98507f1fe0ce10a2b8dbc/library/core/src/panicking.rs:64:14
[INFO] [stdout]   18:     0x5574f366658d - core::panicking::panic::h9533b2fee90b999e
[INFO] [stdout]                                at /rustc/84c898d65adf2f39a5a98507f1fe0ce10a2b8dbc/library/core/src/panicking.rs:114:5
[INFO] [stdout]   19:     0x5574f36caccb - actix_web_demo::handler::tests::test_api::{{closure}}::he6b199663bd5360d
[INFO] [stdout]                                at /opt/rustwide/workdir/src/handler.rs:139:9
[INFO] [stdout]   20:     0x5574f36c1a40 - <tokio::task::local::RunUntil<T> as core::future::future::Future>::poll::{{closure}}::{{closure}}::h1064e8fa7356ffb3
[INFO] [stdout]                                at /opt/rustwide/cargo-home/registry/src/github.com-1ecc6299db9ec823/tokio-0.2.25/src/task/local.rs:528:65
[INFO] [stdout]   21:     0x5574f368bd50 - tokio::coop::with_budget::{{closure}}::h8d9278d155d3293a
[INFO] [stdout]                                at /opt/rustwide/cargo-home/registry/src/github.com-1ecc6299db9ec823/tokio-0.2.25/src/coop.rs:127:9
[INFO] [stdout]   22:     0x5574f369a1f4 - std::thread::local::LocalKey<T>::try_with::h6468a69b4bc57acb
[INFO] [stdout]                                at /rustc/84c898d65adf2f39a5a98507f1fe0ce10a2b8dbc/library/std/src/thread/local.rs:446:16
[INFO] [stdout]   23:     0x5574f3699d2a - std::thread::local::LocalKey<T>::with::hc7e2de1d6bcc0220
[INFO] [stdout]                                at /rustc/84c898d65adf2f39a5a98507f1fe0ce10a2b8dbc/library/std/src/thread/local.rs:422:9
[INFO] [stdout]   24:     0x5574f36c190f - tokio::coop::with_budget::h7287d0095f3025d2
[INFO] [stdout]                                at /opt/rustwide/cargo-home/registry/src/github.com-1ecc6299db9ec823/tokio-0.2.25/src/coop.rs:120:5
[INFO] [stdout]   25:     0x5574f36c190f - tokio::coop::budget::h6bb90d7b161b2611
[INFO] [stdout]                                at /opt/rustwide/cargo-home/registry/src/github.com-1ecc6299db9ec823/tokio-0.2.25/src/coop.rs:96:5
[INFO] [stdout]   26:     0x5574f36c190f - <tokio::task::local::RunUntil<T> as core::future::future::Future>::poll::{{closure}}::hb193a4cbd9fa00a7
[INFO] [stdout]                                at /opt/rustwide/cargo-home/registry/src/github.com-1ecc6299db9ec823/tokio-0.2.25/src/task/local.rs:528:42
[INFO] [stdout]   27:     0x5574f36d03b7 - tokio::macros::scoped_tls::ScopedKey<T>::set::ha244b81090545e68
[INFO] [stdout]                                at /opt/rustwide/cargo-home/registry/src/github.com-1ecc6299db9ec823/tokio-0.2.25/src/macros/scoped_tls.rs:63:9
[INFO] [stdout]   28:     0x5574f36be357 - tokio::task::local::LocalSet::with::haa24213877727bf5
[INFO] [stdout]                                at /opt/rustwide/cargo-home/registry/src/github.com-1ecc6299db9ec823/tokio-0.2.25/src/task/local.rs:442:9
[INFO] [stdout]   29:     0x5574f36c17aa - <tokio::task::local::RunUntil<T> as core::future::future::Future>::poll::h3837eada18eee93f
[INFO] [stdout]                                at /opt/rustwide/cargo-home/registry/src/github.com-1ecc6299db9ec823/tokio-0.2.25/src/task/local.rs:518:9
[INFO] [stdout]   30:     0x5574f36be5fc - tokio::task::local::LocalSet::run_until::{{closure}}::hb07ce210c9b1422d
[INFO] [stdout]                                at /opt/rustwide/cargo-home/registry/src/github.com-1ecc6299db9ec823/tokio-0.2.25/src/task/local.rs:392:18
[INFO] [stdout]   31:     0x5574f367a694 - tokio::runtime::basic_scheduler::BasicScheduler<P>::block_on::{{closure}}::{{closure}}::h54a9961b46f553a0
[INFO] [stdout]                                at /opt/rustwide/cargo-home/registry/src/github.com-1ecc6299db9ec823/tokio-0.2.25/src/runtime/basic_scheduler.rs:131:58
[INFO] [stdout]   32:     0x5574f368c0e0 - tokio::coop::with_budget::{{closure}}::hfafb2f4e141a3f76
[INFO] [stdout]                                at /opt/rustwide/cargo-home/registry/src/github.com-1ecc6299db9ec823/tokio-0.2.25/src/coop.rs:127:9
[INFO] [stdout]   33:     0x5574f369a784 - std::thread::local::LocalKey<T>::try_with::hbd7b40fde43aa386
[INFO] [stdout]                                at /rustc/84c898d65adf2f39a5a98507f1fe0ce10a2b8dbc/library/std/src/thread/local.rs:446:16
[INFO] [stdout]   34:     0x5574f3699d5a - std::thread::local::LocalKey<T>::with::hcdd33a220ec3ec95
[INFO] [stdout]                                at /rustc/84c898d65adf2f39a5a98507f1fe0ce10a2b8dbc/library/std/src/thread/local.rs:422:9
[INFO] [stdout]   35:     0x5574f367a136 - tokio::coop::with_budget::ha832a7a3506f0fb2
[INFO] [stdout]                                at /opt/rustwide/cargo-home/registry/src/github.com-1ecc6299db9ec823/tokio-0.2.25/src/coop.rs:120:5
[INFO] [stdout]   36:     0x5574f367a136 - tokio::coop::budget::hacf1d1745521c96f
[INFO] [stdout]                                at /opt/rustwide/cargo-home/registry/src/github.com-1ecc6299db9ec823/tokio-0.2.25/src/coop.rs:96:5
[INFO] [stdout]   37:     0x5574f367a136 - tokio::runtime::basic_scheduler::BasicScheduler<P>::block_on::{{closure}}::h04e3d66cc78ea6e0
[INFO] [stdout]                                at /opt/rustwide/cargo-home/registry/src/github.com-1ecc6299db9ec823/tokio-0.2.25/src/runtime/basic_scheduler.rs:131:35
[INFO] [stdout]   38:     0x5574f367ab64 - tokio::runtime::basic_scheduler::enter::{{closure}}::h5541bd8be82fffbd
[INFO] [stdout]                                at /opt/rustwide/cargo-home/registry/src/github.com-1ecc6299db9ec823/tokio-0.2.25/src/runtime/basic_scheduler.rs:213:29
[INFO] [stdout]   39:     0x5574f36d04e9 - tokio::macros::scoped_tls::ScopedKey<T>::set::hb2e82ac7d45cfab3
[INFO] [stdout]                                at /opt/rustwide/cargo-home/registry/src/github.com-1ecc6299db9ec823/tokio-0.2.25/src/macros/scoped_tls.rs:63:9
[INFO] [stdout]   40:     0x5574f367aaa7 - tokio::runtime::basic_scheduler::enter::h3b2a746fe18b3446
[INFO] [stdout]                                at /opt/rustwide/cargo-home/registry/src/github.com-1ecc6299db9ec823/tokio-0.2.25/src/runtime/basic_scheduler.rs:213:5
[INFO] [stdout]   41:     0x5574f3679e26 - tokio::runtime::basic_scheduler::BasicScheduler<P>::block_on::h2d1bbf21b6c2b5a7
[INFO] [stdout]                                at /opt/rustwide/cargo-home/registry/src/github.com-1ecc6299db9ec823/tokio-0.2.25/src/runtime/basic_scheduler.rs:123:9
[INFO] [stdout]   42:     0x5574f36c0e72 - tokio::runtime::Runtime::block_on::{{closure}}::h7a96b9cad73e30cc
[INFO] [stdout]                                at /opt/rustwide/cargo-home/registry/src/github.com-1ecc6299db9ec823/tokio-0.2.25/src/runtime/mod.rs:444:34
[INFO] [stdout]   43:     0x5574f369e47c - tokio::runtime::context::enter::hc024617f6bf3da0d
[INFO] [stdout]                                at /opt/rustwide/cargo-home/registry/src/github.com-1ecc6299db9ec823/tokio-0.2.25/src/runtime/context.rs:72:5
[INFO] [stdout]   44:     0x5574f36d0b10 - tokio::runtime::handle::Handle::enter::h29117049f7a7496b
[INFO] [stdout]                                at /opt/rustwide/cargo-home/registry/src/github.com-1ecc6299db9ec823/tokio-0.2.25/src/runtime/handle.rs:76:9
[INFO] [stdout]   45:     0x5574f36c0d97 - tokio::runtime::Runtime::block_on::h5dcbf1e9fa873601
[INFO] [stdout]                                at /opt/rustwide/cargo-home/registry/src/github.com-1ecc6299db9ec823/tokio-0.2.25/src/runtime/mod.rs:441:9
[INFO] [stdout]   46:     0x5574f36be3a1 - tokio::task::local::LocalSet::block_on::ha5316eec4675e56c
[INFO] [stdout]                                at /opt/rustwide/cargo-home/registry/src/github.com-1ecc6299db9ec823/tokio-0.2.25/src/task/local.rs:353:9
[INFO] [stdout]   47:     0x5574f36ab01a - actix_rt::runtime::Runtime::block_on::hdb202804bb4832cb
[INFO] [stdout]                                at /opt/rustwide/cargo-home/registry/src/github.com-1ecc6299db9ec823/actix-rt-1.1.1/src/runtime.rs:89:9
[INFO] [stdout]   48:     0x5574f36d85cb - actix_rt::builder::SystemRunner::block_on::h3d9a18878fc86538
[INFO] [stdout]                                at /opt/rustwide/cargo-home/registry/src/github.com-1ecc6299db9ec823/actix-rt-1.1.1/src/builder.rs:187:19
[INFO] [stdout]   49:     0x5574f36c9ea0 - actix_web_demo::handler::tests::test_api::h58d447118d29be9c
[INFO] [stdout]                                at /opt/rustwide/workdir/src/handler.rs:100:5
[INFO] [stdout]   50:     0x5574f36c9e17 - actix_web_demo::handler::tests::test_api::{{closure}}::h8294087b77a22f5a
[INFO] [stdout]                                at /opt/rustwide/workdir/src/handler.rs:100:5
[INFO] [stdout]   51:     0x5574f36801c5 - core::ops::function::FnOnce::call_once::h7b05e0175b51acf7
[INFO] [stdout]                                at /rustc/84c898d65adf2f39a5a98507f1fe0ce10a2b8dbc/library/core/src/ops/function.rs:250:5
[INFO] [stdout]   52:     0x5574f371896f - core::ops::function::FnOnce::call_once::h7d969581be7d0075
[INFO] [stdout]                                at /rustc/84c898d65adf2f39a5a98507f1fe0ce10a2b8dbc/library/core/src/ops/function.rs:250:5
[INFO] [stdout]   53:     0x5574f371896f - test::__rust_begin_short_backtrace::hca25a52684e56655
[INFO] [stdout]                                at /rustc/84c898d65adf2f39a5a98507f1fe0ce10a2b8dbc/library/test/src/lib.rs:656:18
[INFO] [stdout]   54:     0x5574f36e9f8c - test::run_test::{{closure}}::ha8ac744c4af1a4bb
[INFO] [stdout]                                at /rustc/84c898d65adf2f39a5a98507f1fe0ce10a2b8dbc/library/test/src/lib.rs:647:30
[INFO] [stdout]   55:     0x5574f36e9f8c - core::ops::function::FnOnce::call_once{{vtable.shim}}::h7b411a9ed45bdecf
[INFO] [stdout]                                at /rustc/84c898d65adf2f39a5a98507f1fe0ce10a2b8dbc/library/core/src/ops/function.rs:250:5
[INFO] [stdout]   56:     0x5574f3717936 - <alloc::boxed::Box<F,A> as core::ops::function::FnOnce<Args>>::call_once::hd05328869a8ed200
[INFO] [stdout]                                at /rustc/84c898d65adf2f39a5a98507f1fe0ce10a2b8dbc/library/alloc/src/boxed.rs:1987:9
[INFO] [stdout]   57:     0x5574f3717936 - <core::panic::unwind_safe::AssertUnwindSafe<F> as core::ops::function::FnOnce<()>>::call_once::h0c601ce20bd5b2be
[INFO] [stdout]                                at /rustc/84c898d65adf2f39a5a98507f1fe0ce10a2b8dbc/library/core/src/panic/unwind_safe.rs:271:9
[INFO] [stdout]   58:     0x5574f3717936 - std::panicking::try::do_call::ha4be5c164fe30854
[INFO] [stdout]                                at /rustc/84c898d65adf2f39a5a98507f1fe0ce10a2b8dbc/library/std/src/panicking.rs:487:40
[INFO] [stdout]   59:     0x5574f3717936 - std::panicking::try::h604546f3609af05f
[INFO] [stdout]                                at /rustc/84c898d65adf2f39a5a98507f1fe0ce10a2b8dbc/library/std/src/panicking.rs:451:19
[INFO] [stdout]   60:     0x5574f3717936 - std::panic::catch_unwind::h5bfa8afe44c9c2f9
[INFO] [stdout]                                at /rustc/84c898d65adf2f39a5a98507f1fe0ce10a2b8dbc/library/std/src/panic.rs:140:14
[INFO] [stdout]   61:     0x5574f3717936 - test::run_test_in_process::hd50dee55dd63e6aa
[INFO] [stdout]                                at /rustc/84c898d65adf2f39a5a98507f1fe0ce10a2b8dbc/library/test/src/lib.rs:679:27
[INFO] [stdout]   62:     0x5574f3717936 - test::run_test::run_test_inner::{{closure}}::h4aa0f433aa85cea8
[INFO] [stdout]                                at /rustc/84c898d65adf2f39a5a98507f1fe0ce10a2b8dbc/library/test/src/lib.rs:573:39
[INFO] [stdout]   63:     0x5574f36e4601 - test::run_test::run_test_inner::{{closure}}::had56431adf24b4d6
[INFO] [stdout]                                at /rustc/84c898d65adf2f39a5a98507f1fe0ce10a2b8dbc/library/test/src/lib.rs:600:37
[INFO] [stdout]   64:     0x5574f36e4601 - std::sys_common::backtrace::__rust_begin_short_backtrace::ha8d9890e0c73bf13
[INFO] [stdout]                                at /rustc/84c898d65adf2f39a5a98507f1fe0ce10a2b8dbc/library/std/src/sys_common/backtrace.rs:134:18
[INFO] [stdout]   65:     0x5574f36ea01b - std::thread::Builder::spawn_unchecked_::{{closure}}::{{closure}}::h251832bcb4a95327
[INFO] [stdout]                                at /rustc/84c898d65adf2f39a5a98507f1fe0ce10a2b8dbc/library/std/src/thread/mod.rs:560:17
[INFO] [stdout]   66:     0x5574f36ea01b - <core::panic::unwind_safe::AssertUnwindSafe<F> as core::ops::function::FnOnce<()>>::call_once::h8fdff598fa414831
[INFO] [stdout]                                at /rustc/84c898d65adf2f39a5a98507f1fe0ce10a2b8dbc/library/core/src/panic/unwind_safe.rs:271:9
[INFO] [stdout]   67:     0x5574f36ea01b - std::panicking::try::do_call::h455dd2f7764a950f
[INFO] [stdout]                                at /rustc/84c898d65adf2f39a5a98507f1fe0ce10a2b8dbc/library/std/src/panicking.rs:487:40
[INFO] [stdout]   68:     0x5574f36ea01b - std::panicking::try::had6f23b7b73ae72a
[INFO] [stdout]                                at /rustc/84c898d65adf2f39a5a98507f1fe0ce10a2b8dbc/library/std/src/panicking.rs:451:19
[INFO] [stdout]   69:     0x5574f36ea01b - std::panic::catch_unwind::ha6a5ca3915b4dad0
[INFO] [stdout]                                at /rustc/84c898d65adf2f39a5a98507f1fe0ce10a2b8dbc/library/std/src/panic.rs:140:14
[INFO] [stdout]   70:     0x5574f36ea01b - std::thread::Builder::spawn_unchecked_::{{closure}}::h883b72ef75da6231
[INFO] [stdout]                                at /rustc/84c898d65adf2f39a5a98507f1fe0ce10a2b8dbc/library/std/src/thread/mod.rs:559:30
[INFO] [stdout]   71:     0x5574f36ea01b - core::ops::function::FnOnce::call_once{{vtable.shim}}::hb7dff73dc8bd2ccb
[INFO] [stdout]                                at /rustc/84c898d65adf2f39a5a98507f1fe0ce10a2b8dbc/library/core/src/ops/function.rs:250:5
[INFO] [stdout]   72:     0x5574f3e0b3e3 - <alloc::boxed::Box<F,A> as core::ops::function::FnOnce<Args>>::call_once::h39990b24eedef2ab
[INFO] [stdout]                                at /rustc/84c898d65adf2f39a5a98507f1fe0ce10a2b8dbc/library/alloc/src/boxed.rs:1987:9
[INFO] [stdout]   73:     0x5574f3e0b3e3 - <alloc::boxed::Box<F,A> as core::ops::function::FnOnce<Args>>::call_once::h01a027258444143b
[INFO] [stdout]                                at /rustc/84c898d65adf2f39a5a98507f1fe0ce10a2b8dbc/library/alloc/src/boxed.rs:1987:9
[INFO] [stdout]   74:     0x5574f3e0b3e3 - std::sys::unix::thread::Thread::new::thread_start::ha4f1cdd9c25884ba
[INFO] [stdout]                                at /rustc/84c898d65adf2f39a5a98507f1fe0ce10a2b8dbc/library/std/src/sys/unix/thread.rs:108:17
[INFO] [stdout]   75:     0x7f070d112b43 - <unknown>
[INFO] [stdout]   76:     0x7f070d1a3bb4 - __clone
[INFO] [stdout]   77:                0x0 - <unknown>
[INFO] [stdout] Panic in Arbiter thread.
[INFO] [stdout] 
[INFO] [stdout] 
[INFO] [stdout] failures:
[INFO] [stdout]     handler::tests::test_api
[INFO] [stdout] 
[INFO] [stdout] test result: FAILED. 0 passed; 1 failed; 0 ignored; 0 measured; 0 filtered out; finished in 30.05s
[INFO] [stdout] 
[INFO] [stderr] error: test failed, to rerun pass `--bin actix-web-demo`
[INFO] running `Command { std: "docker" "inspect" "6871a03c8ae28a236bdf5689b7273b9bae10bcc427f8cc1788363b7e4a63c7c3", kill_on_drop: false }`
[INFO] running `Command { std: "docker" "rm" "-f" "6871a03c8ae28a236bdf5689b7273b9bae10bcc427f8cc1788363b7e4a63c7c3", kill_on_drop: false }`
[INFO] [stdout] 6871a03c8ae28a236bdf5689b7273b9bae10bcc427f8cc1788363b7e4a63c7c3
