[INFO] cloning repository https://github.com/wmclt/grustings
[INFO] running `Command { std: "git" "-c" "credential.helper=" "-c" "credential.helper=/workspace/cargo-home/bin/git-credential-null" "clone" "--bare" "https://github.com/wmclt/grustings" "/workspace/cache/git-repos/https%3A%2F%2Fgithub.com%2Fwmclt%2Fgrustings", kill_on_drop: false }`
[INFO] [stderr] Cloning into bare repository '/workspace/cache/git-repos/https%3A%2F%2Fgithub.com%2Fwmclt%2Fgrustings'...
[INFO] running `Command { std: "git" "rev-parse" "HEAD", kill_on_drop: false }`
[INFO] [stdout] eae76adcdce728b51a924a9a18a96f91acbd87ce
[INFO] testing wmclt/grustings against 1.69.0 for beta-1.70-1
[INFO] running `Command { std: "git" "clone" "/workspace/cache/git-repos/https%3A%2F%2Fgithub.com%2Fwmclt%2Fgrustings" "/workspace/builds/worker-2-tc1/source", kill_on_drop: false }`
[INFO] [stderr] Cloning into '/workspace/builds/worker-2-tc1/source'...
[INFO] [stderr] done.
[INFO] validating manifest of git repo https://github.com/wmclt/grustings on toolchain 1.69.0
[INFO] running `Command { std: CARGO_HOME="/workspace/cargo-home" RUSTUP_HOME="/workspace/rustup-home" "/workspace/cargo-home/bin/cargo" "+1.69.0" "metadata" "--manifest-path" "Cargo.toml" "--no-deps", kill_on_drop: false }`
[INFO] started tweaking git repo https://github.com/wmclt/grustings
[INFO] finished tweaking git repo https://github.com/wmclt/grustings
[INFO] tweaked toml for git repo https://github.com/wmclt/grustings written to /workspace/builds/worker-2-tc1/source/Cargo.toml
[INFO] crate git repo https://github.com/wmclt/grustings already has a lockfile, it will not be regenerated
[INFO] running `Command { std: CARGO_HOME="/workspace/cargo-home" RUSTUP_HOME="/workspace/rustup-home" "/workspace/cargo-home/bin/cargo" "+1.69.0" "fetch" "--manifest-path" "Cargo.toml", kill_on_drop: false }`
[INFO] [stderr]     Blocking waiting for file lock on package cache
[INFO] [stderr]     Blocking waiting for file lock on package cache
[INFO] [stderr]  Downloading crates ...
[INFO] [stderr]   Downloaded normpath v0.3.0
[INFO] [stderr]   Downloaded spin v0.9.1
[INFO] [stderr]   Downloaded figment v0.10.5
[INFO] [stderr]   Downloaded diesel v1.4.7
[INFO] [stderr]   Downloaded loom v0.5.0
[INFO] [stderr]   Downloaded tera v1.11.0
[INFO] running `Command { std: "docker" "create" "-v" "/var/lib/crater-agent-workspace/builds/worker-2-tc1/target:/opt/rustwide/target:rw,Z" "-v" "/var/lib/crater-agent-workspace/builds/worker-2-tc1/source:/opt/rustwide/workdir:ro,Z" "-v" "/var/lib/crater-agent-workspace/cargo-home:/opt/rustwide/cargo-home:ro,Z" "-v" "/var/lib/crater-agent-workspace/rustup-home:/opt/rustwide/rustup-home:ro,Z" "-e" "SOURCE_DIR=/opt/rustwide/workdir" "-e" "CARGO_TARGET_DIR=/opt/rustwide/target" "-e" "CARGO_HOME=/opt/rustwide/cargo-home" "-e" "RUSTUP_HOME=/opt/rustwide/rustup-home" "-w" "/opt/rustwide/workdir" "-m" "1610612736" "--user" "0:0" "--network" "none" "ghcr.io/rust-lang/crates-build-env/linux@sha256:5ff2268d62e97bff2cde7d5815dd6ed5b47097566f13b8d0ca110b04b60e07ed" "/opt/rustwide/cargo-home/bin/cargo" "+1.69.0" "metadata" "--no-deps" "--format-version=1", kill_on_drop: false }`
[INFO] [stdout] a0513a4c89118e3eac3b53582b88a9692040fc37859bd1178b41fec10fc3fe3f
[INFO] running `Command { std: "docker" "start" "-a" "a0513a4c89118e3eac3b53582b88a9692040fc37859bd1178b41fec10fc3fe3f", kill_on_drop: false }`
[INFO] running `Command { std: "docker" "inspect" "a0513a4c89118e3eac3b53582b88a9692040fc37859bd1178b41fec10fc3fe3f", kill_on_drop: false }`
[INFO] running `Command { std: "docker" "rm" "-f" "a0513a4c89118e3eac3b53582b88a9692040fc37859bd1178b41fec10fc3fe3f", kill_on_drop: false }`
[INFO] [stdout] a0513a4c89118e3eac3b53582b88a9692040fc37859bd1178b41fec10fc3fe3f
[INFO] running `Command { std: "docker" "create" "-v" "/var/lib/crater-agent-workspace/builds/worker-2-tc1/target:/opt/rustwide/target:rw,Z" "-v" "/var/lib/crater-agent-workspace/builds/worker-2-tc1/source:/opt/rustwide/workdir:ro,Z" "-v" "/var/lib/crater-agent-workspace/cargo-home:/opt/rustwide/cargo-home:ro,Z" "-v" "/var/lib/crater-agent-workspace/rustup-home:/opt/rustwide/rustup-home:ro,Z" "-e" "SOURCE_DIR=/opt/rustwide/workdir" "-e" "CARGO_TARGET_DIR=/opt/rustwide/target" "-e" "CARGO_INCREMENTAL=0" "-e" "RUST_BACKTRACE=full" "-e" "RUSTFLAGS=--cap-lints=warn" "-e" "RUSTDOCFLAGS=--cap-lints=warn" "-e" "CARGO_HOME=/opt/rustwide/cargo-home" "-e" "RUSTUP_HOME=/opt/rustwide/rustup-home" "-w" "/opt/rustwide/workdir" "-m" "1610612736" "--user" "0:0" "--network" "none" "ghcr.io/rust-lang/crates-build-env/linux@sha256:5ff2268d62e97bff2cde7d5815dd6ed5b47097566f13b8d0ca110b04b60e07ed" "/opt/rustwide/cargo-home/bin/cargo" "+1.69.0" "build" "--frozen" "--message-format=json", kill_on_drop: false }`
[INFO] [stdout] 2c4b7944f4df56fd3aca5182a11b795ddbd1fc2123483e91d35086110d409dfe
[INFO] running `Command { std: "docker" "start" "-a" "2c4b7944f4df56fd3aca5182a11b795ddbd1fc2123483e91d35086110d409dfe", kill_on_drop: false }`
[INFO] [stderr]    Compiling version_check v0.9.3
[INFO] [stderr]    Compiling proc-macro2 v1.0.27
[INFO] [stderr]    Compiling unicode-xid v0.2.2
[INFO] [stderr]    Compiling syn v1.0.73
[INFO] [stderr]    Compiling libc v0.2.97
[INFO] [stderr]    Compiling cfg-if v1.0.0
[INFO] [stderr]    Compiling autocfg v1.0.1
[INFO] [stderr]    Compiling memchr v2.4.0
[INFO] [stderr]    Compiling log v0.4.14
[INFO] [stderr]    Compiling typenum v1.13.0
[INFO] [stderr]    Compiling serde_derive v1.0.126
[INFO] [stderr]    Compiling generic-array v0.14.4
[INFO] [stderr]    Compiling once_cell v1.8.0
[INFO] [stderr]    Compiling serde v1.0.126
[INFO] [stderr]    Compiling proc-macro-hack v0.5.19
[INFO] [stderr]    Compiling futures-core v0.3.15
[INFO] [stderr]    Compiling pin-project-lite v0.2.6
[INFO] [stderr]    Compiling quote v1.0.9
[INFO] [stderr]    Compiling getrandom v0.2.3
[INFO] [stderr]    Compiling yansi v0.5.0
[INFO] [stderr]    Compiling bitflags v1.2.1
[INFO] [stderr]    Compiling proc-macro2-diagnostics v0.9.1
[INFO] [stderr]    Compiling slab v0.4.3
[INFO] [stderr]    Compiling smallvec v1.6.1
[INFO] [stderr]    Compiling fnv v1.0.7
[INFO] [stderr]    Compiling futures-macro v0.3.15
[INFO] [stderr]    Compiling instant v0.1.9
[INFO] [stderr]    Compiling scopeguard v1.1.0
[INFO] [stderr]    Compiling lazy_static v1.4.0
[INFO] [stderr]    Compiling futures-task v0.3.15
[INFO] [stderr]    Compiling bytes v1.0.1
[INFO] [stderr]    Compiling futures-sink v0.3.15
[INFO] [stderr]    Compiling proc-macro-nested v0.1.7
[INFO] [stderr]    Compiling futures-channel v0.3.15
[INFO] [stderr]    Compiling subtle v2.4.0
[INFO] [stderr]    Compiling lock_api v0.4.4
[INFO] [stderr]    Compiling parking_lot_core v0.8.3
[INFO] [stderr]    Compiling tokio v1.7.1
[INFO] [stderr]    Compiling futures-util v0.3.15
[INFO] [stderr]    Compiling itoa v0.4.7
[INFO] [stderr]    Compiling opaque-debug v0.3.0
[INFO] [stderr]    Compiling parking_lot v0.11.1
[INFO] [stderr]    Compiling signal-hook-registry v1.4.0
[INFO] [stderr]    Compiling num_cpus v1.13.0
[INFO] [stderr]    Compiling mio v0.7.13
[INFO] [stderr]    Compiling standback v0.2.17
[INFO] [stderr]    Compiling futures-io v0.3.15
[INFO] [stderr]    Compiling pin-utils v0.1.0
[INFO] [stderr]    Compiling cipher v0.2.5
[INFO] [stderr]    Compiling rand_core v0.6.3
[INFO] [stderr]    Compiling aho-corasick v0.7.18
[INFO] [stderr]    Compiling ppv-lite86 v0.2.10
[INFO] [stderr]    Compiling regex-syntax v0.6.25
[INFO] [stderr]    Compiling http v0.2.4
[INFO] [stderr]    Compiling universal-hash v0.4.0
[INFO] [stderr]    Compiling digest v0.9.0
[INFO] [stderr]    Compiling indexmap v1.6.2
[INFO] [stderr]    Compiling rand_chacha v0.3.1
[INFO] [stderr]    Compiling const_fn v0.4.8
[INFO] [stderr]    Compiling pkg-config v0.3.19
[INFO] [stderr]    Compiling cpuid-bool v0.2.0
[INFO] [stderr]    Compiling cc v1.0.68
[INFO] [stderr]    Compiling httparse v1.4.1
[INFO] [stderr]    Compiling polyval v0.4.5
[INFO] [stderr]    Compiling rand v0.8.4
[INFO] [stderr]    Compiling aes-soft v0.6.4
[INFO] [stderr]    Compiling crypto-mac v0.10.0
[INFO] [stderr]    Compiling tracing-core v0.1.18
[INFO] [stderr]    Compiling time v0.2.27
[INFO] [stderr]    Compiling uncased v0.9.6
[INFO] [stderr]    Compiling libsqlite3-sys v0.22.2
[INFO] [stderr]    Compiling hashbrown v0.9.1
[INFO] [stderr]    Compiling tracing v0.1.26
[INFO] [stderr]    Compiling aes v0.6.0
[INFO] [stderr]    Compiling hmac v0.10.1
[INFO] [stderr]    Compiling regex v1.5.4
[INFO] [stderr]    Compiling ghash v0.3.1
[INFO] [stderr]    Compiling ctr v0.6.0
[INFO] [stderr]    Compiling aead v0.3.2
[INFO] [stderr]    Compiling block-buffer v0.9.0
[INFO] [stderr]    Compiling cookie v0.15.0
[INFO] [stderr]    Compiling num-traits v0.2.14
[INFO] [stderr]    Compiling inlinable_string v0.1.14
[INFO] [stderr]    Compiling try-lock v0.2.3
[INFO] [stderr]    Compiling ref-cast v1.0.6
[INFO] [stderr]    Compiling cpufeatures v0.1.5
[INFO] [stderr]    Compiling percent-encoding v2.1.0
[INFO] [stderr]    Compiling ryu v1.0.5
[INFO] [stderr]    Compiling sha2 v0.9.5
[INFO] [stderr]    Compiling want v0.3.0
[INFO] [stderr]    Compiling devise_core v0.3.0
[INFO] [stderr]    Compiling aes-gcm v0.8.0
[INFO] [stderr]    Compiling hkdf v0.10.0
[INFO] [stderr]    Compiling http-body v0.4.2
[INFO] [stderr]    Compiling scheduled-thread-pool v0.2.5
[INFO] [stderr]    Compiling socket2 v0.4.0
[INFO] [stderr]    Compiling num-integer v0.1.44
[INFO] [stderr]    Compiling same-file v1.0.6
[INFO] [stderr]    Compiling crossbeam-utils v0.8.5
[INFO] [stderr]    Compiling tower-service v0.3.1
[INFO] [stderr]    Compiling encoding_rs v0.8.28
[INFO] [stderr]    Compiling serde_json v1.0.64
[INFO] [stderr]    Compiling ucd-trie v0.1.3
[INFO] [stderr]    Compiling httpdate v1.0.1
[INFO] [stderr]    Compiling base64 v0.13.0
[INFO] [stderr]    Compiling mime v0.3.16
[INFO] [stderr]    Compiling pest v2.1.3
[INFO] [stderr]    Compiling walkdir v2.3.2
[INFO] [stderr]    Compiling r2d2 v0.8.9
[INFO] [stderr]    Compiling parse-zoneinfo v0.3.0
[INFO] [stderr]    Compiling bstr v0.2.16
[INFO] [stderr]    Compiling stable-pattern v0.1.0
[INFO] [stderr]    Compiling figment v0.10.5
[INFO] [stderr]    Compiling multer v2.0.0
[INFO] [stderr]    Compiling ahash v0.7.4
[INFO] [stderr]    Compiling atomic v0.5.0
[INFO] [stderr]    Compiling state v0.5.2
[INFO] [stderr]    Compiling cfg-if v0.1.10
[INFO] [stderr]    Compiling maplit v1.0.2
[INFO] [stderr]    Compiling unchecked-index v0.2.2
[INFO] [stderr]    Compiling unic-common v0.9.0
[INFO] [stderr]    Compiling tokio-macros v1.2.0
[INFO] [stderr]    Compiling time-macros-impl v0.1.2
[INFO] [stderr]    Compiling pear_codegen v0.2.3
[INFO] [stderr]    Compiling devise_codegen v0.3.0
[INFO] [stderr]    Compiling ref-cast-impl v1.0.6
[INFO] [stderr]    Compiling time-macros v0.1.1
[INFO] [stderr]    Compiling diesel_derives v1.4.1
[INFO] [stderr]    Compiling devise v0.3.0
[INFO] [stderr]    Compiling byteorder v1.4.3
[INFO] [stderr]    Compiling pear v0.2.3
[INFO] [stderr]    Compiling async-trait v0.1.50
[INFO] [stderr]    Compiling unic-char-range v0.9.0
[INFO] [stderr]    Compiling either v1.6.1
[INFO] [stderr]    Compiling convert_case v0.4.0
[INFO] [stderr]    Compiling unic-char-property v0.9.0
[INFO] [stderr]    Compiling chrono-tz v0.5.3
[INFO] [stderr]    Compiling unic-ucd-version v0.9.0
[INFO] [stderr]    Compiling async-stream-impl v0.3.2
[INFO] [stderr]    Compiling derive_more v0.99.14
[INFO] [stderr]    Compiling futures-executor v0.3.15
[INFO] [stderr]    Compiling twoway v0.2.2
[INFO] [stderr]    Compiling pest_meta v2.1.3
[INFO] [stderr]    Compiling net2 v0.2.37
[INFO] [stderr]    Compiling tokio-util v0.6.7
[INFO] [stderr]    Compiling globset v0.4.8
[INFO] [stderr]    Compiling rocket v0.5.0-rc.1
[INFO] [stderr]    Compiling iovec v0.1.4
[INFO] [stderr]    Compiling time v0.1.44
[INFO] [stderr]    Compiling thread_local v1.1.3
[INFO] [stderr]    Compiling spin v0.9.1
[INFO] [stderr]    Compiling diesel v1.4.7
[INFO] [stderr]    Compiling remove_dir_all v0.5.3
[INFO] [stderr]    Compiling glob v0.3.0
[INFO] [stderr]    Compiling ignore v0.4.18
[INFO] [stderr]    Compiling tempfile v3.2.0
[INFO] [stderr]    Compiling mio v0.6.23
[INFO] [stderr]    Compiling pest_generator v2.1.3
[INFO] [stderr]    Compiling toml v0.5.8
[INFO] [stderr]    Compiling chrono v0.4.19
[INFO] [stderr]    Compiling h2 v0.3.3
[INFO] [stderr]    Compiling ubyte v0.10.1
[INFO] [stderr]    Compiling tokio-stream v0.1.6
[INFO] [stderr]    Compiling futures v0.3.15
[INFO] [stderr]    Compiling async-stream v0.3.2
[INFO] [stderr]    Compiling unic-ucd-segment v0.9.0
[INFO] [stderr]    Compiling atty v0.2.14
[INFO] [stderr]    Compiling inotify-sys v0.1.5
[INFO] [stderr]    Compiling lazycell v1.3.0
[INFO] [stderr]    Compiling binascii v0.1.4
[INFO] [stderr]    Compiling deunicode v0.4.3
[INFO] [stderr]    Compiling slug v0.1.4
[INFO] [stderr]    Compiling mio-extras v2.0.6
[INFO] [stderr]    Compiling inotify v0.7.1
[INFO] [stderr]    Compiling unic-segment v0.9.0
[INFO] [stderr]    Compiling pest_derive v2.1.0
[INFO] [stderr]    Compiling hashbrown v0.11.2
[INFO] [stderr]    Compiling globwalk v0.8.1
[INFO] [stderr]    Compiling filetime v0.2.14
[INFO] [stderr]    Compiling humansize v1.1.1
[INFO] [stderr]    Compiling notify v4.0.17
[INFO] [stderr]    Compiling rocket_sync_db_pools_codegen v0.1.0-rc.1
[INFO] [stderr]    Compiling fallible-iterator v0.2.0
[INFO] [stderr]    Compiling hashlink v0.7.0
[INFO] [stderr]    Compiling normpath v0.3.0
[INFO] [stderr]    Compiling fallible-streaming-iterator v0.1.9
[INFO] [stderr]    Compiling rusqlite v0.25.3
[INFO] [stderr]    Compiling hyper v0.14.9
[INFO] [stderr]    Compiling tera v1.11.0
[INFO] [stderr]    Compiling migrations_internals v1.4.1
[INFO] [stderr]    Compiling migrations_macros v1.4.2
[INFO] [stderr]    Compiling diesel_migrations v1.4.0
[INFO] [stderr]    Compiling rocket_http v0.5.0-rc.1
[INFO] [stderr]    Compiling rocket_codegen v0.5.0-rc.1
[INFO] [stderr]    Compiling rocket_sync_db_pools v0.1.0-rc.1
[INFO] [stderr]    Compiling rocket_dyn_templates v0.1.0-rc.1
[INFO] [stderr]    Compiling todo v0.0.0 (/opt/rustwide/workdir)
[INFO] [stdout] warning: associated function `all` is never used
[INFO] [stdout]   --> src/conversation.rs:50:18
[INFO] [stdout]    |
[INFO] [stdout] 50 |     pub async fn all(conn: &DbConn) -> QueryResult<Vec<Conversation>> {
[INFO] [stdout]    |                  ^^^
[INFO] [stdout]    |
[INFO] [stdout]    = note: `#[warn(dead_code)]` on by default
[INFO] [stdout] 
[INFO] [stdout] 
[INFO] [stdout] warning: associated function `insert` is never used
[INFO] [stdout]   --> src/conversation.rs:57:18
[INFO] [stdout]    |
[INFO] [stdout] 57 |     pub async fn insert(create_conv: CreateConversation, conn: &DbConn) -> QueryResult<usize> {
[INFO] [stdout]    |                  ^^^^^^
[INFO] [stdout] 
[INFO] [stdout] 
[INFO] [stdout] warning: associated function `delete_with_id` is never used
[INFO] [stdout]   --> src/conversation.rs:74:18
[INFO] [stdout]    |
[INFO] [stdout] 74 |     pub async fn delete_with_id(id: i32, conn: &DbConn) -> QueryResult<usize> {
[INFO] [stdout]    |                  ^^^^^^^^^^^^^^
[INFO] [stdout] 
[INFO] [stdout] 
[INFO] [stdout] warning: associated function `all` is never used
[INFO] [stdout]   --> src/users.rs:37:18
[INFO] [stdout]    |
[INFO] [stdout] 37 |     pub async fn all(conn: &DbConn) -> QueryResult<Vec<User>> {
[INFO] [stdout]    |                  ^^^
[INFO] [stdout] 
[INFO] [stdout] 
[INFO] [stdout] warning: associated function `insert` is never used
[INFO] [stdout]   --> src/users.rs:53:18
[INFO] [stdout]    |
[INFO] [stdout] 53 |     pub async fn insert(create_user: CreateUser, conn: &DbConn) -> QueryResult<usize> {
[INFO] [stdout]    |                  ^^^^^^
[INFO] [stdout] 
[INFO] [stdout] 
[INFO] [stdout] warning: associated function `delete_with_id` is never used
[INFO] [stdout]   --> src/users.rs:60:18
[INFO] [stdout]    |
[INFO] [stdout] 60 |     pub async fn delete_with_id(id: i32, conn: &DbConn) -> QueryResult<usize> {
[INFO] [stdout]    |                  ^^^^^^^^^^^^^^
[INFO] [stdout] 
[INFO] [stdout] 
[INFO] [stdout] warning: 6 warnings emitted
[INFO] [stdout] 
[INFO] [stdout] 
[INFO] [stderr]     Finished dev [unoptimized + debuginfo] target(s) in 1m 03s
[INFO] [stderr] warning: the following packages contain code that will be rejected by a future version of Rust: ubyte v0.10.1
[INFO] [stderr] note: to see what the problems were, use the option `--future-incompat-report`, or run `cargo report future-incompatibilities --id 1`
[INFO] running `Command { std: "docker" "inspect" "2c4b7944f4df56fd3aca5182a11b795ddbd1fc2123483e91d35086110d409dfe", kill_on_drop: false }`
[INFO] running `Command { std: "docker" "rm" "-f" "2c4b7944f4df56fd3aca5182a11b795ddbd1fc2123483e91d35086110d409dfe", kill_on_drop: false }`
[INFO] [stdout] 2c4b7944f4df56fd3aca5182a11b795ddbd1fc2123483e91d35086110d409dfe
[INFO] running `Command { std: "docker" "create" "-v" "/var/lib/crater-agent-workspace/builds/worker-2-tc1/target:/opt/rustwide/target:rw,Z" "-v" "/var/lib/crater-agent-workspace/builds/worker-2-tc1/source:/opt/rustwide/workdir:ro,Z" "-v" "/var/lib/crater-agent-workspace/cargo-home:/opt/rustwide/cargo-home:ro,Z" "-v" "/var/lib/crater-agent-workspace/rustup-home:/opt/rustwide/rustup-home:ro,Z" "-e" "SOURCE_DIR=/opt/rustwide/workdir" "-e" "CARGO_TARGET_DIR=/opt/rustwide/target" "-e" "CARGO_INCREMENTAL=0" "-e" "RUST_BACKTRACE=full" "-e" "RUSTFLAGS=--cap-lints=warn" "-e" "RUSTDOCFLAGS=--cap-lints=warn" "-e" "CARGO_HOME=/opt/rustwide/cargo-home" "-e" "RUSTUP_HOME=/opt/rustwide/rustup-home" "-w" "/opt/rustwide/workdir" "-m" "1610612736" "--user" "0:0" "--network" "none" "ghcr.io/rust-lang/crates-build-env/linux@sha256:5ff2268d62e97bff2cde7d5815dd6ed5b47097566f13b8d0ca110b04b60e07ed" "/opt/rustwide/cargo-home/bin/cargo" "+1.69.0" "test" "--frozen" "--no-run" "--message-format=json", kill_on_drop: false }`
[INFO] [stdout] fad89e31e5330a9cc502f9810c8901ddcab9d69cc54186b543b75639c56c7fac
[INFO] running `Command { std: "docker" "start" "-a" "fad89e31e5330a9cc502f9810c8901ddcab9d69cc54186b543b75639c56c7fac", kill_on_drop: false }`
[INFO] [stderr]    Compiling todo v0.0.0 (/opt/rustwide/workdir)
[INFO] [stdout] warning: associated function `all` is never used
[INFO] [stdout]   --> src/conversation.rs:50:18
[INFO] [stdout]    |
[INFO] [stdout] 50 |     pub async fn all(conn: &DbConn) -> QueryResult<Vec<Conversation>> {
[INFO] [stdout]    |                  ^^^
[INFO] [stdout]    |
[INFO] [stdout]    = note: `#[warn(dead_code)]` on by default
[INFO] [stdout] 
[INFO] [stdout] 
[INFO] [stdout] warning: associated function `insert` is never used
[INFO] [stdout]   --> src/conversation.rs:57:18
[INFO] [stdout]    |
[INFO] [stdout] 57 |     pub async fn insert(create_conv: CreateConversation, conn: &DbConn) -> QueryResult<usize> {
[INFO] [stdout]    |                  ^^^^^^
[INFO] [stdout] 
[INFO] [stdout] 
[INFO] [stdout] warning: associated function `delete_with_id` is never used
[INFO] [stdout]   --> src/conversation.rs:74:18
[INFO] [stdout]    |
[INFO] [stdout] 74 |     pub async fn delete_with_id(id: i32, conn: &DbConn) -> QueryResult<usize> {
[INFO] [stdout]    |                  ^^^^^^^^^^^^^^
[INFO] [stdout] 
[INFO] [stdout] 
[INFO] [stdout] warning: associated function `delete_all` is never used
[INFO] [stdout]   --> src/conversation.rs:80:18
[INFO] [stdout]    |
[INFO] [stdout] 80 |     pub async fn delete_all(conn: &DbConn) -> QueryResult<usize> {
[INFO] [stdout]    |                  ^^^^^^^^^^
[INFO] [stdout] 
[INFO] [stdout] 
[INFO] [stdout] warning: associated function `all` is never used
[INFO] [stdout]   --> src/users.rs:37:18
[INFO] [stdout]    |
[INFO] [stdout] 37 |     pub async fn all(conn: &DbConn) -> QueryResult<Vec<User>> {
[INFO] [stdout]    |                  ^^^
[INFO] [stdout] 
[INFO] [stdout] 
[INFO] [stdout] warning: associated function `insert` is never used
[INFO] [stdout]   --> src/users.rs:53:18
[INFO] [stdout]    |
[INFO] [stdout] 53 |     pub async fn insert(create_user: CreateUser, conn: &DbConn) -> QueryResult<usize> {
[INFO] [stdout]    |                  ^^^^^^
[INFO] [stdout] 
[INFO] [stdout] 
[INFO] [stdout] warning: associated function `delete_with_id` is never used
[INFO] [stdout]   --> src/users.rs:60:18
[INFO] [stdout]    |
[INFO] [stdout] 60 |     pub async fn delete_with_id(id: i32, conn: &DbConn) -> QueryResult<usize> {
[INFO] [stdout]    |                  ^^^^^^^^^^^^^^
[INFO] [stdout] 
[INFO] [stdout] 
[INFO] [stdout] warning: associated function `delete_all` is never used
[INFO] [stdout]   --> src/users.rs:66:18
[INFO] [stdout]    |
[INFO] [stdout] 66 |     pub async fn delete_all(conn: &DbConn) -> QueryResult<usize> {
[INFO] [stdout]    |                  ^^^^^^^^^^
[INFO] [stdout] 
[INFO] [stdout] 
[INFO] [stdout] warning: 8 warnings emitted
[INFO] [stdout] 
[INFO] [stdout] 
[INFO] [stderr]     Finished test [unoptimized + debuginfo] target(s) in 5.24s
[INFO] [stderr] warning: the following packages contain code that will be rejected by a future version of Rust: ubyte v0.10.1
[INFO] [stderr] note: to see what the problems were, use the option `--future-incompat-report`, or run `cargo report future-incompatibilities --id 1`
[INFO] running `Command { std: "docker" "inspect" "fad89e31e5330a9cc502f9810c8901ddcab9d69cc54186b543b75639c56c7fac", kill_on_drop: false }`
[INFO] running `Command { std: "docker" "rm" "-f" "fad89e31e5330a9cc502f9810c8901ddcab9d69cc54186b543b75639c56c7fac", kill_on_drop: false }`
[INFO] [stdout] fad89e31e5330a9cc502f9810c8901ddcab9d69cc54186b543b75639c56c7fac
[INFO] running `Command { std: "docker" "create" "-v" "/var/lib/crater-agent-workspace/builds/worker-2-tc1/target:/opt/rustwide/target:rw,Z" "-v" "/var/lib/crater-agent-workspace/builds/worker-2-tc1/source:/opt/rustwide/workdir:ro,Z" "-v" "/var/lib/crater-agent-workspace/cargo-home:/opt/rustwide/cargo-home:ro,Z" "-v" "/var/lib/crater-agent-workspace/rustup-home:/opt/rustwide/rustup-home:ro,Z" "-e" "SOURCE_DIR=/opt/rustwide/workdir" "-e" "CARGO_TARGET_DIR=/opt/rustwide/target" "-e" "CARGO_INCREMENTAL=0" "-e" "RUST_BACKTRACE=full" "-e" "RUSTFLAGS=--cap-lints=warn" "-e" "RUSTDOCFLAGS=--cap-lints=warn" "-e" "CARGO_HOME=/opt/rustwide/cargo-home" "-e" "RUSTUP_HOME=/opt/rustwide/rustup-home" "-w" "/opt/rustwide/workdir" "-m" "1610612736" "--user" "0:0" "--network" "none" "ghcr.io/rust-lang/crates-build-env/linux@sha256:5ff2268d62e97bff2cde7d5815dd6ed5b47097566f13b8d0ca110b04b60e07ed" "/opt/rustwide/cargo-home/bin/cargo" "+1.69.0" "test" "--frozen", kill_on_drop: false }`
[INFO] [stdout] e7d33af5d7496d71e91fc8d8993043fdcd7ff276f6a2bc831e65a86c2cc8ca06
[INFO] running `Command { std: "docker" "start" "-a" "e7d33af5d7496d71e91fc8d8993043fdcd7ff276f6a2bc831e65a86c2cc8ca06", kill_on_drop: false }`
[INFO] [stderr] warning: associated function `all` is never used
[INFO] [stderr]   --> src/conversation.rs:50:18
[INFO] [stderr]    |
[INFO] [stderr] 50 |     pub async fn all(conn: &DbConn) -> QueryResult<Vec<Conversation>> {
[INFO] [stderr]    |                  ^^^
[INFO] [stderr]    |
[INFO] [stderr]    = note: `#[warn(dead_code)]` on by default
[INFO] [stderr] 
[INFO] [stderr] warning: associated function `insert` is never used
[INFO] [stderr]   --> src/conversation.rs:57:18
[INFO] [stderr]    |
[INFO] [stderr] 57 |     pub async fn insert(create_conv: CreateConversation, conn: &DbConn) -> QueryResult<usize> {
[INFO] [stderr]    |                  ^^^^^^
[INFO] [stderr] 
[INFO] [stderr] warning: associated function `delete_with_id` is never used
[INFO] [stderr]   --> src/conversation.rs:74:18
[INFO] [stderr]    |
[INFO] [stderr] 74 |     pub async fn delete_with_id(id: i32, conn: &DbConn) -> QueryResult<usize> {
[INFO] [stderr]    |                  ^^^^^^^^^^^^^^
[INFO] [stderr] 
[INFO] [stderr] warning: associated function `delete_all` is never used
[INFO] [stderr]   --> src/conversation.rs:80:18
[INFO] [stderr]    |
[INFO] [stderr] 80 |     pub async fn delete_all(conn: &DbConn) -> QueryResult<usize> {
[INFO] [stderr]    |                  ^^^^^^^^^^
[INFO] [stderr] 
[INFO] [stderr] warning: associated function `all` is never used
[INFO] [stderr]   --> src/users.rs:37:18
[INFO] [stderr]    |
[INFO] [stderr] 37 |     pub async fn all(conn: &DbConn) -> QueryResult<Vec<User>> {
[INFO] [stderr]    |                  ^^^
[INFO] [stderr] 
[INFO] [stderr] warning: associated function `insert` is never used
[INFO] [stderr]   --> src/users.rs:53:18
[INFO] [stderr]    |
[INFO] [stderr] 53 |     pub async fn insert(create_user: CreateUser, conn: &DbConn) -> QueryResult<usize> {
[INFO] [stderr]    |                  ^^^^^^
[INFO] [stderr] 
[INFO] [stderr] warning: associated function `delete_with_id` is never used
[INFO] [stderr]   --> src/users.rs:60:18
[INFO] [stderr]    |
[INFO] [stderr] 60 |     pub async fn delete_with_id(id: i32, conn: &DbConn) -> QueryResult<usize> {
[INFO] [stderr]    |                  ^^^^^^^^^^^^^^
[INFO] [stderr] 
[INFO] [stderr] warning: associated function `delete_all` is never used
[INFO] [stderr]   --> src/users.rs:66:18
[INFO] [stderr]    |
[INFO] [stderr] 66 |     pub async fn delete_all(conn: &DbConn) -> QueryResult<usize> {
[INFO] [stderr]    |                  ^^^^^^^^^^
[INFO] [stderr] 
[INFO] [stderr] warning: `todo` (bin "todo" test) generated 8 warnings
[INFO] [stderr]     Finished test [unoptimized + debuginfo] target(s) in 0.13s
[INFO] [stderr] warning: the following packages contain code that will be rejected by a future version of Rust: ubyte v0.10.1
[INFO] [stderr] note: to see what the problems were, use the option `--future-incompat-report`, or run `cargo report future-incompatibilities --id 1`
[INFO] [stderr]      Running unittests src/main.rs (/opt/rustwide/target/debug/deps/todo-7ef7197e1798bee3)
[INFO] [stdout] 
[INFO] [stdout] running 5 tests
[INFO] [stdout] test tests::test_insertion_deletion ... FAILED
[INFO] [stdout] test tests::test_bad_form_submissions has been running for over 60 seconds
[INFO] [stdout] test tests::test_index has been running for over 60 seconds
[INFO] [stdout] test tests::test_many_insertions has been running for over 60 seconds
[INFO] [stdout] test tests::test_toggle has been running for over 60 seconds
[INFO] [stdout] test tests::test_bad_form_submissions ... FAILED
[INFO] [stdout] test tests::test_index ... FAILED
[INFO] [stdout] test tests::test_many_insertions ... FAILED
[INFO] [stdout] test tests::test_toggle ... FAILED
[INFO] [stdout] 
[INFO] [stdout] failures:
[INFO] [stdout] 
[INFO] [stdout] ---- tests::test_insertion_deletion stdout ----
[INFO] [stdout] Error: database pool init error for pool named `sqlite_database`
[INFO] [stdout]    >> timed out waiting for connection: unable to open database file
[INFO] [stdout]    >> missing database fairing for `todo::DbConn`
[INFO] [stdout] thread 'tests::test_insertion_deletion' panicked at 'database connection', src/main.rs:107:47
[INFO] [stdout] stack backtrace:
[INFO] [stdout]    0:     0x55ec61629fda - std::backtrace_rs::backtrace::libunwind::trace::ha9053a9a07ca49cb
[INFO] [stdout]                                at /rustc/84c898d65adf2f39a5a98507f1fe0ce10a2b8dbc/library/std/src/../../backtrace/src/backtrace/libunwind.rs:93:5
[INFO] [stdout]    1:     0x55ec61629fda - std::backtrace_rs::backtrace::trace_unsynchronized::h9c2852a457ad564e
[INFO] [stdout]                                at /rustc/84c898d65adf2f39a5a98507f1fe0ce10a2b8dbc/library/std/src/../../backtrace/src/backtrace/mod.rs:66:5
[INFO] [stdout]    2:     0x55ec61629fda - std::sys_common::backtrace::_print_fmt::h457936fbfaa0070f
[INFO] [stdout]                                at /rustc/84c898d65adf2f39a5a98507f1fe0ce10a2b8dbc/library/std/src/sys_common/backtrace.rs:65:5
[INFO] [stdout]    3:     0x55ec61629fda - <std::sys_common::backtrace::_print::DisplayBacktrace as core::fmt::Display>::fmt::h5779d7bf7f70cb0c
[INFO] [stdout]                                at /rustc/84c898d65adf2f39a5a98507f1fe0ce10a2b8dbc/library/std/src/sys_common/backtrace.rs:44:22
[INFO] [stdout]    4:     0x55ec6165341e - core::fmt::write::h5a4baaff1bcd3eb5
[INFO] [stdout]                                at /rustc/84c898d65adf2f39a5a98507f1fe0ce10a2b8dbc/library/core/src/fmt/mod.rs:1232:17
[INFO] [stdout]    5:     0x55ec61626bb5 - std::io::Write::write_fmt::h478f79c628ef31d1
[INFO] [stdout]                                at /rustc/84c898d65adf2f39a5a98507f1fe0ce10a2b8dbc/library/std/src/io/mod.rs:1684:15
[INFO] [stdout]    6:     0x55ec61629da5 - std::sys_common::backtrace::_print::h5fcdc36060f177e8
[INFO] [stdout]                                at /rustc/84c898d65adf2f39a5a98507f1fe0ce10a2b8dbc/library/std/src/sys_common/backtrace.rs:47:5
[INFO] [stdout]    7:     0x55ec61629da5 - std::sys_common::backtrace::print::h54ca9458b876c8bf
[INFO] [stdout]                                at /rustc/84c898d65adf2f39a5a98507f1fe0ce10a2b8dbc/library/std/src/sys_common/backtrace.rs:34:9
[INFO] [stdout]    8:     0x55ec6162bb6f - std::panicking::default_hook::{{closure}}::hbe471161c7664ed6
[INFO] [stdout]                                at /rustc/84c898d65adf2f39a5a98507f1fe0ce10a2b8dbc/library/std/src/panicking.rs:271:22
[INFO] [stdout]    9:     0x55ec6162b82f - std::panicking::default_hook::ha3500da57aa4ac4f
[INFO] [stdout]                                at /rustc/84c898d65adf2f39a5a98507f1fe0ce10a2b8dbc/library/std/src/panicking.rs:287:9
[INFO] [stdout]   10:     0x55ec60acde97 - <alloc::boxed::Box<F,A> as core::ops::function::Fn<Args>>::call::hdf1b89dd137ece34
[INFO] [stdout]                                at /rustc/84c898d65adf2f39a5a98507f1fe0ce10a2b8dbc/library/alloc/src/boxed.rs:2001:9
[INFO] [stdout]   11:     0x55ec60acde97 - test::test_main::{{closure}}::h9081a79f20e75698
[INFO] [stdout]                                at /rustc/84c898d65adf2f39a5a98507f1fe0ce10a2b8dbc/library/test/src/lib.rs:135:21
[INFO] [stdout]   12:     0x55ec6162c29d - <alloc::boxed::Box<F,A> as core::ops::function::Fn<Args>>::call::h6507bddc3eebb4a5
[INFO] [stdout]                                at /rustc/84c898d65adf2f39a5a98507f1fe0ce10a2b8dbc/library/alloc/src/boxed.rs:2001:9
[INFO] [stdout]   13:     0x55ec6162c29d - std::panicking::rust_panic_with_hook::h50c09d000dc561d2
[INFO] [stdout]                                at /rustc/84c898d65adf2f39a5a98507f1fe0ce10a2b8dbc/library/std/src/panicking.rs:696:13
[INFO] [stdout]   14:     0x55ec6162c019 - std::panicking::begin_panic_handler::{{closure}}::h9e2b2176e00e0d9c
[INFO] [stdout]                                at /rustc/84c898d65adf2f39a5a98507f1fe0ce10a2b8dbc/library/std/src/panicking.rs:583:13
[INFO] [stdout]   15:     0x55ec6162a446 - std::sys_common::backtrace::__rust_end_short_backtrace::h5739b8e512c09d02
[INFO] [stdout]                                at /rustc/84c898d65adf2f39a5a98507f1fe0ce10a2b8dbc/library/std/src/sys_common/backtrace.rs:150:18
[INFO] [stdout]   16:     0x55ec6162bd22 - rust_begin_unwind
[INFO] [stdout]                                at /rustc/84c898d65adf2f39a5a98507f1fe0ce10a2b8dbc/library/std/src/panicking.rs:579:5
[INFO] [stdout]   17:     0x55ec609be503 - core::panicking::panic_fmt::hf33a1475b4dc5c3e
[INFO] [stdout]                                at /rustc/84c898d65adf2f39a5a98507f1fe0ce10a2b8dbc/library/core/src/panicking.rs:64:14
[INFO] [stdout]   18:     0x55ec61651171 - core::panicking::panic_display::ha103dd28e5023b08
[INFO] [stdout]                                at /rustc/84c898d65adf2f39a5a98507f1fe0ce10a2b8dbc/library/core/src/panicking.rs:147:5
[INFO] [stdout]   19:     0x55ec6165111b - core::panicking::panic_str::h940bf021f492dc8c
[INFO] [stdout]                                at /rustc/84c898d65adf2f39a5a98507f1fe0ce10a2b8dbc/library/core/src/panicking.rs:131:5
[INFO] [stdout]   20:     0x55ec609be4c6 - core::option::expect_failed::h09b982639336e7ea
[INFO] [stdout]                                at /rustc/84c898d65adf2f39a5a98507f1fe0ce10a2b8dbc/library/core/src/option.rs:2045:5
[INFO] [stdout]   21:     0x55ec60a5d7ed - core::option::Option<T>::expect::h17cdd70af567b622
[INFO] [stdout]                                at /rustc/84c898d65adf2f39a5a98507f1fe0ce10a2b8dbc/library/core/src/option.rs:905:21
[INFO] [stdout]   22:     0x55ec60a718f6 - todo::run_migrations::{{closure}}::h934280e5a5e6d710
[INFO] [stdout]                                at /opt/rustwide/workdir/src/main.rs:107:16
[INFO] [stdout]   23:     0x55ec60a57da9 - <futures_util::future::future::map::Map<Fut,F> as core::future::future::Future>::poll::h58b9b31f83df6177
[INFO] [stdout]                                at /opt/rustwide/cargo-home/registry/src/github.com-1ecc6299db9ec823/futures-util-0.3.15/src/future/future/map.rs:55:37
[INFO] [stdout]   24:     0x55ec609f0d01 - <futures_util::future::future::Map<Fut,F> as core::future::future::Future>::poll::hded9f1627f5c8006
[INFO] [stdout]                                at /opt/rustwide/cargo-home/registry/src/github.com-1ecc6299db9ec823/futures-util-0.3.15/src/lib.rs:93:13
[INFO] [stdout]   25:     0x55ec61099b8e - <core::pin::Pin<P> as core::future::future::Future>::poll::he1e01809278ac3c9
[INFO] [stdout]                                at /rustc/84c898d65adf2f39a5a98507f1fe0ce10a2b8dbc/library/core/src/future/future.rs:125:9
[INFO] [stdout]   26:     0x55ec610c3e79 - <rocket::fairing::ad_hoc::AdHoc as rocket::fairing::Fairing>::on_ignite::{{closure}}::h4384bd4efd2471d1
[INFO] [stdout]                                at /opt/rustwide/cargo-home/registry/src/github.com-1ecc6299db9ec823/rocket-0.5.0-rc.1/src/fairing/ad_hoc.rs:239:59
[INFO] [stdout]   27:     0x55ec61099b8e - <core::pin::Pin<P> as core::future::future::Future>::poll::he1e01809278ac3c9
[INFO] [stdout]                                at /rustc/84c898d65adf2f39a5a98507f1fe0ce10a2b8dbc/library/core/src/future/future.rs:125:9
[INFO] [stdout]   28:     0x55ec610b2d35 - rocket::fairing::fairings::Fairings::handle_ignite::{{closure}}::he9702019eb3fca1c
[INFO] [stdout]                                at /opt/rustwide/cargo-home/registry/src/github.com-1ecc6299db9ec823/rocket-0.5.0-rc.1/src/fairing/fairings.rs:116:57
[INFO] [stdout]   29:     0x55ec61153a2c - rocket::rocket::Rocket<rocket::phase::Build>::ignite::{{closure}}::h6c7c1a10367e101a
[INFO] [stdout]                                at /opt/rustwide/cargo-home/registry/src/github.com-1ecc6299db9ec823/rocket-0.5.0-rc.1/src/rocket.rs:473:45
[INFO] [stdout]   30:     0x55ec6115701d - rocket::rocket::Rocket<P>::local_launch::{{closure}}::h5497283aaf7c3895
[INFO] [stdout]                                at /opt/rustwide/cargo-home/registry/src/github.com-1ecc6299db9ec823/rocket-0.5.0-rc.1/src/rocket.rs:790:56
[INFO] [stdout]   31:     0x55ec610b01aa - rocket::local::asynchronous::client::Client::_new::{{closure}}::h56bcc7a5cb1180c9
[INFO] [stdout]                                at /opt/rustwide/cargo-home/registry/src/github.com-1ecc6299db9ec823/rocket-0.5.0-rc.1/src/local/asynchronous/client.rs:61:43
[INFO] [stdout]   32:     0x55ec60a6239a - rocket::local::asynchronous::client::Client::tracked::{{closure}}::hcd7454d3384aa7d9
[INFO] [stdout]                                at /opt/rustwide/cargo-home/registry/src/github.com-1ecc6299db9ec823/rocket-0.5.0-rc.1/src/local/client.rs:71:9
[INFO] [stdout]   33:     0x55ec60a63646 - todo::tests::test_insertion_deletion::{{closure}}::hcd8ae79d00642a58
[INFO] [stdout]                                at /opt/rustwide/workdir/src/tests.rs:18:59
[INFO] [stdout]   34:     0x55ec60a2e884 - tokio::park::thread::CachedParkThread::block_on::{{closure}}::h56c020eaa2cd1b00
[INFO] [stdout]                                at /opt/rustwide/cargo-home/registry/src/github.com-1ecc6299db9ec823/tokio-1.7.1/src/park/thread.rs:263:54
[INFO] [stdout]   35:     0x55ec60a35fe0 - tokio::coop::with_budget::{{closure}}::h022587a2329ed96e
[INFO] [stdout]                                at /opt/rustwide/cargo-home/registry/src/github.com-1ecc6299db9ec823/tokio-1.7.1/src/coop.rs:106:9
[INFO] [stdout]   36:     0x55ec60a9d6a4 - std::thread::local::LocalKey<T>::try_with::hc0861a37fe0211d6
[INFO] [stdout]                                at /rustc/84c898d65adf2f39a5a98507f1fe0ce10a2b8dbc/library/std/src/thread/local.rs:446:16
[INFO] [stdout]   37:     0x55ec60a9b67a - std::thread::local::LocalKey<T>::with::h9b10d4a4e6ab7d3e
[INFO] [stdout]                                at /rustc/84c898d65adf2f39a5a98507f1fe0ce10a2b8dbc/library/std/src/thread/local.rs:422:9
[INFO] [stdout]   38:     0x55ec60a2a849 - tokio::coop::with_budget::hbb0efb58e5d743f8
[INFO] [stdout]                                at /opt/rustwide/cargo-home/registry/src/github.com-1ecc6299db9ec823/tokio-1.7.1/src/coop.rs:99:5
[INFO] [stdout]   39:     0x55ec60a2a849 - tokio::coop::budget::h71288267a1b3518a
[INFO] [stdout]                                at /opt/rustwide/cargo-home/registry/src/github.com-1ecc6299db9ec823/tokio-1.7.1/src/coop.rs:76:5
[INFO] [stdout]   40:     0x55ec60a2a849 - tokio::park::thread::CachedParkThread::block_on::h23291cf61778758a
[INFO] [stdout]                                at /opt/rustwide/cargo-home/registry/src/github.com-1ecc6299db9ec823/tokio-1.7.1/src/park/thread.rs:263:31
[INFO] [stdout]   41:     0x55ec60a600b6 - tokio::runtime::enter::Enter::block_on::hf6659b7b64ac1b57
[INFO] [stdout]                                at /opt/rustwide/cargo-home/registry/src/github.com-1ecc6299db9ec823/tokio-1.7.1/src/runtime/enter.rs:151:13
[INFO] [stdout]   42:     0x55ec60a22812 - tokio::runtime::thread_pool::ThreadPool::block_on::h593da725c3cb1739
[INFO] [stdout]                                at /opt/rustwide/cargo-home/registry/src/github.com-1ecc6299db9ec823/tokio-1.7.1/src/runtime/thread_pool/mod.rs:71:9
[INFO] [stdout]   43:     0x55ec60a51d14 - tokio::runtime::Runtime::block_on::h4f967ab4d5a57210
[INFO] [stdout]                                at /opt/rustwide/cargo-home/registry/src/github.com-1ecc6299db9ec823/tokio-1.7.1/src/runtime/mod.rs:452:43
[INFO] [stdout]   44:     0x55ec60a420dc - rocket::async_test::h1109ae802f233f70
[INFO] [stdout]                                at /opt/rustwide/cargo-home/registry/src/github.com-1ecc6299db9ec823/rocket-0.5.0-rc.1/src/lib.rs:210:5
[INFO] [stdout]   45:     0x55ec60a63214 - todo::tests::test_insertion_deletion::h56edc534b6414190
[INFO] [stdout]                                at /opt/rustwide/workdir/src/tests.rs:40:5
[INFO] [stdout]   46:     0x55ec60a63187 - todo::tests::test_insertion_deletion::{{closure}}::h231d9c03cc391cc4
[INFO] [stdout]                                at /opt/rustwide/workdir/src/tests.rs:39:30
[INFO] [stdout]   47:     0x55ec609cedb5 - core::ops::function::FnOnce::call_once::h3aabd6a672d4603c
[INFO] [stdout]                                at /rustc/84c898d65adf2f39a5a98507f1fe0ce10a2b8dbc/library/core/src/ops/function.rs:250:5
[INFO] [stdout]   48:     0x55ec60ad327f - core::ops::function::FnOnce::call_once::h7d969581be7d0075
[INFO] [stdout]                                at /rustc/84c898d65adf2f39a5a98507f1fe0ce10a2b8dbc/library/core/src/ops/function.rs:250:5
[INFO] [stdout]   49:     0x55ec60ad327f - test::__rust_begin_short_backtrace::hca25a52684e56655
[INFO] [stdout]                                at /rustc/84c898d65adf2f39a5a98507f1fe0ce10a2b8dbc/library/test/src/lib.rs:656:18
[INFO] [stdout]   50:     0x55ec60aa489c - test::run_test::{{closure}}::ha8ac744c4af1a4bb
[INFO] [stdout]                                at /rustc/84c898d65adf2f39a5a98507f1fe0ce10a2b8dbc/library/test/src/lib.rs:647:30
[INFO] [stdout]   51:     0x55ec60aa489c - core::ops::function::FnOnce::call_once{{vtable.shim}}::h7b411a9ed45bdecf
[INFO] [stdout]                                at /rustc/84c898d65adf2f39a5a98507f1fe0ce10a2b8dbc/library/core/src/ops/function.rs:250:5
[INFO] [stdout]   52:     0x55ec60ad2246 - <alloc::boxed::Box<F,A> as core::ops::function::FnOnce<Args>>::call_once::hd05328869a8ed200
[INFO] [stdout]                                at /rustc/84c898d65adf2f39a5a98507f1fe0ce10a2b8dbc/library/alloc/src/boxed.rs:1987:9
[INFO] [stdout]   53:     0x55ec60ad2246 - <core::panic::unwind_safe::AssertUnwindSafe<F> as core::ops::function::FnOnce<()>>::call_once::h0c601ce20bd5b2be
[INFO] [stdout]                                at /rustc/84c898d65adf2f39a5a98507f1fe0ce10a2b8dbc/library/core/src/panic/unwind_safe.rs:271:9
[INFO] [stdout]   54:     0x55ec60ad2246 - std::panicking::try::do_call::ha4be5c164fe30854
[INFO] [stdout]                                at /rustc/84c898d65adf2f39a5a98507f1fe0ce10a2b8dbc/library/std/src/panicking.rs:487:40
[INFO] [stdout]   55:     0x55ec60ad2246 - std::panicking::try::h604546f3609af05f
[INFO] [stdout]                                at /rustc/84c898d65adf2f39a5a98507f1fe0ce10a2b8dbc/library/std/src/panicking.rs:451:19
[INFO] [stdout]   56:     0x55ec60ad2246 - std::panic::catch_unwind::h5bfa8afe44c9c2f9
[INFO] [stdout]                                at /rustc/84c898d65adf2f39a5a98507f1fe0ce10a2b8dbc/library/std/src/panic.rs:140:14
[INFO] [stdout]   57:     0x55ec60ad2246 - test::run_test_in_process::hd50dee55dd63e6aa
[INFO] [stdout]                                at /rustc/84c898d65adf2f39a5a98507f1fe0ce10a2b8dbc/library/test/src/lib.rs:679:27
[INFO] [stdout]   58:     0x55ec60ad2246 - test::run_test::run_test_inner::{{closure}}::h4aa0f433aa85cea8
[INFO] [stdout]                                at /rustc/84c898d65adf2f39a5a98507f1fe0ce10a2b8dbc/library/test/src/lib.rs:573:39
[INFO] [stdout]   59:     0x55ec60a9ef11 - test::run_test::run_test_inner::{{closure}}::had56431adf24b4d6
[INFO] [stdout]                                at /rustc/84c898d65adf2f39a5a98507f1fe0ce10a2b8dbc/library/test/src/lib.rs:600:37
[INFO] [stdout]   60:     0x55ec60a9ef11 - std::sys_common::backtrace::__rust_begin_short_backtrace::ha8d9890e0c73bf13
[INFO] [stdout]                                at /rustc/84c898d65adf2f39a5a98507f1fe0ce10a2b8dbc/library/std/src/sys_common/backtrace.rs:134:18
[INFO] [stdout]   61:     0x55ec60aa492b - std::thread::Builder::spawn_unchecked_::{{closure}}::{{closure}}::h251832bcb4a95327
[INFO] [stdout]                                at /rustc/84c898d65adf2f39a5a98507f1fe0ce10a2b8dbc/library/std/src/thread/mod.rs:560:17
[INFO] [stdout]   62:     0x55ec60aa492b - <core::panic::unwind_safe::AssertUnwindSafe<F> as core::ops::function::FnOnce<()>>::call_once::h8fdff598fa414831
[INFO] [stdout]                                at /rustc/84c898d65adf2f39a5a98507f1fe0ce10a2b8dbc/library/core/src/panic/unwind_safe.rs:271:9
[INFO] [stdout]   63:     0x55ec60aa492b - std::panicking::try::do_call::h455dd2f7764a950f
[INFO] [stdout]                                at /rustc/84c898d65adf2f39a5a98507f1fe0ce10a2b8dbc/library/std/src/panicking.rs:487:40
[INFO] [stdout]   64:     0x55ec60aa492b - std::panicking::try::had6f23b7b73ae72a
[INFO] [stdout]                                at /rustc/84c898d65adf2f39a5a98507f1fe0ce10a2b8dbc/library/std/src/panicking.rs:451:19
[INFO] [stdout]   65:     0x55ec60aa492b - std::panic::catch_unwind::ha6a5ca3915b4dad0
[INFO] [stdout]                                at /rustc/84c898d65adf2f39a5a98507f1fe0ce10a2b8dbc/library/std/src/panic.rs:140:14
[INFO] [stdout]   66:     0x55ec60aa492b - std::thread::Builder::spawn_unchecked_::{{closure}}::h883b72ef75da6231
[INFO] [stdout]                                at /rustc/84c898d65adf2f39a5a98507f1fe0ce10a2b8dbc/library/std/src/thread/mod.rs:559:30
[INFO] [stdout]   67:     0x55ec60aa492b - core::ops::function::FnOnce::call_once{{vtable.shim}}::hb7dff73dc8bd2ccb
[INFO] [stdout]                                at /rustc/84c898d65adf2f39a5a98507f1fe0ce10a2b8dbc/library/core/src/ops/function.rs:250:5
[INFO] [stdout]   68:     0x55ec61630d43 - <alloc::boxed::Box<F,A> as core::ops::function::FnOnce<Args>>::call_once::h39990b24eedef2ab
[INFO] [stdout]                                at /rustc/84c898d65adf2f39a5a98507f1fe0ce10a2b8dbc/library/alloc/src/boxed.rs:1987:9
[INFO] [stdout]   69:     0x55ec61630d43 - <alloc::boxed::Box<F,A> as core::ops::function::FnOnce<Args>>::call_once::h01a027258444143b
[INFO] [stdout]                                at /rustc/84c898d65adf2f39a5a98507f1fe0ce10a2b8dbc/library/alloc/src/boxed.rs:1987:9
[INFO] [stdout]   70:     0x55ec61630d43 - std::sys::unix::thread::Thread::new::thread_start::ha4f1cdd9c25884ba
[INFO] [stdout]                                at /rustc/84c898d65adf2f39a5a98507f1fe0ce10a2b8dbc/library/std/src/sys/unix/thread.rs:108:17
[INFO] [stdout]   71:     0x7fca5bbd9b43 - <unknown>
[INFO] [stdout]   72:     0x7fca5bc6abb4 - __clone
[INFO] [stdout]   73:                0x0 - <unknown>
[INFO] [stdout] 
[INFO] [stdout] ---- tests::test_bad_form_submissions stdout ----
[INFO] [stdout] Error: database pool init error for pool named `sqlite_database`
[INFO] [stdout]    >> timed out waiting for connection: unable to open database file
[INFO] [stdout]    >> missing database fairing for `todo::DbConn`
[INFO] [stdout] thread 'tests::test_bad_form_submissions' panicked at 'database connection', src/main.rs:107:47
[INFO] [stdout] stack backtrace:
[INFO] [stdout]    0:     0x55ec61629fda - std::backtrace_rs::backtrace::libunwind::trace::ha9053a9a07ca49cb
[INFO] [stdout]                                at /rustc/84c898d65adf2f39a5a98507f1fe0ce10a2b8dbc/library/std/src/../../backtrace/src/backtrace/libunwind.rs:93:5
[INFO] [stdout]    1:     0x55ec61629fda - std::backtrace_rs::backtrace::trace_unsynchronized::h9c2852a457ad564e
[INFO] [stdout]                                at /rustc/84c898d65adf2f39a5a98507f1fe0ce10a2b8dbc/library/std/src/../../backtrace/src/backtrace/mod.rs:66:5
[INFO] [stdout]    2:     0x55ec61629fda - std::sys_common::backtrace::_print_fmt::h457936fbfaa0070f
[INFO] [stdout]                                at /rustc/84c898d65adf2f39a5a98507f1fe0ce10a2b8dbc/library/std/src/sys_common/backtrace.rs:65:5
[INFO] [stdout]    3:     0x55ec61629fda - <std::sys_common::backtrace::_print::DisplayBacktrace as core::fmt::Display>::fmt::h5779d7bf7f70cb0c
[INFO] [stdout]                                at /rustc/84c898d65adf2f39a5a98507f1fe0ce10a2b8dbc/library/std/src/sys_common/backtrace.rs:44:22
[INFO] [stdout]    4:     0x55ec6165341e - core::fmt::write::h5a4baaff1bcd3eb5
[INFO] [stdout]                                at /rustc/84c898d65adf2f39a5a98507f1fe0ce10a2b8dbc/library/core/src/fmt/mod.rs:1232:17
[INFO] [stdout]    5:     0x55ec61626bb5 - std::io::Write::write_fmt::h478f79c628ef31d1
[INFO] [stdout]                                at /rustc/84c898d65adf2f39a5a98507f1fe0ce10a2b8dbc/library/std/src/io/mod.rs:1684:15
[INFO] [stdout]    6:     0x55ec61629da5 - std::sys_common::backtrace::_print::h5fcdc36060f177e8
[INFO] [stdout]                                at /rustc/84c898d65adf2f39a5a98507f1fe0ce10a2b8dbc/library/std/src/sys_common/backtrace.rs:47:5
[INFO] [stdout]    7:     0x55ec61629da5 - std::sys_common::backtrace::print::h54ca9458b876c8bf
[INFO] [stdout]                                at /rustc/84c898d65adf2f39a5a98507f1fe0ce10a2b8dbc/library/std/src/sys_common/backtrace.rs:34:9
[INFO] [stdout]    8:     0x55ec6162bb6f - std::panicking::default_hook::{{closure}}::hbe471161c7664ed6
[INFO] [stdout]                                at /rustc/84c898d65adf2f39a5a98507f1fe0ce10a2b8dbc/library/std/src/panicking.rs:271:22
[INFO] [stdout]    9:     0x55ec6162b82f - std::panicking::default_hook::ha3500da57aa4ac4f
[INFO] [stdout]                                at /rustc/84c898d65adf2f39a5a98507f1fe0ce10a2b8dbc/library/std/src/panicking.rs:287:9
[INFO] [stdout]   10:     0x55ec60acde97 - <alloc::boxed::Box<F,A> as core::ops::function::Fn<Args>>::call::hdf1b89dd137ece34
[INFO] [stdout]                                at /rustc/84c898d65adf2f39a5a98507f1fe0ce10a2b8dbc/library/alloc/src/boxed.rs:2001:9
[INFO] [stdout]   11:     0x55ec60acde97 - test::test_main::{{closure}}::h9081a79f20e75698
[INFO] [stdout]                                at /rustc/84c898d65adf2f39a5a98507f1fe0ce10a2b8dbc/library/test/src/lib.rs:135:21
[INFO] [stdout]   12:     0x55ec6162c29d - <alloc::boxed::Box<F,A> as core::ops::function::Fn<Args>>::call::h6507bddc3eebb4a5
[INFO] [stdout]                                at /rustc/84c898d65adf2f39a5a98507f1fe0ce10a2b8dbc/library/alloc/src/boxed.rs:2001:9
[INFO] [stdout]   13:     0x55ec6162c29d - std::panicking::rust_panic_with_hook::h50c09d000dc561d2
[INFO] [stdout]                                at /rustc/84c898d65adf2f39a5a98507f1fe0ce10a2b8dbc/library/std/src/panicking.rs:696:13
[INFO] [stdout]   14:     0x55ec6162c019 - std::panicking::begin_panic_handler::{{closure}}::h9e2b2176e00e0d9c
[INFO] [stdout]                                at /rustc/84c898d65adf2f39a5a98507f1fe0ce10a2b8dbc/library/std/src/panicking.rs:583:13
[INFO] [stdout]   15:     0x55ec6162a446 - std::sys_common::backtrace::__rust_end_short_backtrace::h5739b8e512c09d02
[INFO] [stdout]                                at /rustc/84c898d65adf2f39a5a98507f1fe0ce10a2b8dbc/library/std/src/sys_common/backtrace.rs:150:18
[INFO] [stdout]   16:     0x55ec6162bd22 - rust_begin_unwind
[INFO] [stdout]                                at /rustc/84c898d65adf2f39a5a98507f1fe0ce10a2b8dbc/library/std/src/panicking.rs:579:5
[INFO] [stdout]   17:     0x55ec609be503 - core::panicking::panic_fmt::hf33a1475b4dc5c3e
[INFO] [stdout]                                at /rustc/84c898d65adf2f39a5a98507f1fe0ce10a2b8dbc/library/core/src/panicking.rs:64:14
[INFO] [stdout]   18:     0x55ec61651171 - core::panicking::panic_display::ha103dd28e5023b08
[INFO] [stdout]                                at /rustc/84c898d65adf2f39a5a98507f1fe0ce10a2b8dbc/library/core/src/panicking.rs:147:5
[INFO] [stdout]   19:     0x55ec6165111b - core::panicking::panic_str::h940bf021f492dc8c
[INFO] [stdout]                                at /rustc/84c898d65adf2f39a5a98507f1fe0ce10a2b8dbc/library/core/src/panicking.rs:131:5
[INFO] [stdout]   20:     0x55ec609be4c6 - core::option::expect_failed::h09b982639336e7ea
[INFO] [stdout]                                at /rustc/84c898d65adf2f39a5a98507f1fe0ce10a2b8dbc/library/core/src/option.rs:2045:5
[INFO] [stdout]   21:     0x55ec60a5d7ed - core::option::Option<T>::expect::h17cdd70af567b622
[INFO] [stdout]                                at /rustc/84c898d65adf2f39a5a98507f1fe0ce10a2b8dbc/library/core/src/option.rs:905:21
[INFO] [stdout]   22:     0x55ec60a718f6 - todo::run_migrations::{{closure}}::h934280e5a5e6d710
[INFO] [stdout]                                at /opt/rustwide/workdir/src/main.rs:107:16
[INFO] [stdout]   23:     0x55ec60a57da9 - <futures_util::future::future::map::Map<Fut,F> as core::future::future::Future>::poll::h58b9b31f83df6177
[INFO] [stdout]                                at /opt/rustwide/cargo-home/registry/src/github.com-1ecc6299db9ec823/futures-util-0.3.15/src/future/future/map.rs:55:37
[INFO] [stdout]   24:     0x55ec609f0d01 - <futures_util::future::future::Map<Fut,F> as core::future::future::Future>::poll::hded9f1627f5c8006
[INFO] [stdout]                                at /opt/rustwide/cargo-home/registry/src/github.com-1ecc6299db9ec823/futures-util-0.3.15/src/lib.rs:93:13
[INFO] [stdout]   25:     0x55ec61099b8e - <core::pin::Pin<P> as core::future::future::Future>::poll::he1e01809278ac3c9
[INFO] [stdout]                                at /rustc/84c898d65adf2f39a5a98507f1fe0ce10a2b8dbc/library/core/src/future/future.rs:125:9
[INFO] [stdout]   26:     0x55ec610c3e79 - <rocket::fairing::ad_hoc::AdHoc as rocket::fairing::Fairing>::on_ignite::{{closure}}::h4384bd4efd2471d1
[INFO] [stdout]                                at /opt/rustwide/cargo-home/registry/src/github.com-1ecc6299db9ec823/rocket-0.5.0-rc.1/src/fairing/ad_hoc.rs:239:59
[INFO] [stdout]   27:     0x55ec61099b8e - <core::pin::Pin<P> as core::future::future::Future>::poll::he1e01809278ac3c9
[INFO] [stdout]                                at /rustc/84c898d65adf2f39a5a98507f1fe0ce10a2b8dbc/library/core/src/future/future.rs:125:9
[INFO] [stdout]   28:     0x55ec610b2d35 - rocket::fairing::fairings::Fairings::handle_ignite::{{closure}}::he9702019eb3fca1c
[INFO] [stdout]                                at /opt/rustwide/cargo-home/registry/src/github.com-1ecc6299db9ec823/rocket-0.5.0-rc.1/src/fairing/fairings.rs:116:57
[INFO] [stdout]   29:     0x55ec61153a2c - rocket::rocket::Rocket<rocket::phase::Build>::ignite::{{closure}}::h6c7c1a10367e101a
[INFO] [stdout]                                at /opt/rustwide/cargo-home/registry/src/github.com-1ecc6299db9ec823/rocket-0.5.0-rc.1/src/rocket.rs:473:45
[INFO] [stdout]   30:     0x55ec6115701d - rocket::rocket::Rocket<P>::local_launch::{{closure}}::h5497283aaf7c3895
[INFO] [stdout]                                at /opt/rustwide/cargo-home/registry/src/github.com-1ecc6299db9ec823/rocket-0.5.0-rc.1/src/rocket.rs:790:56
[INFO] [stdout]   31:     0x55ec610b01aa - rocket::local::asynchronous::client::Client::_new::{{closure}}::h56bcc7a5cb1180c9
[INFO] [stdout]                                at /opt/rustwide/cargo-home/registry/src/github.com-1ecc6299db9ec823/rocket-0.5.0-rc.1/src/local/asynchronous/client.rs:61:43
[INFO] [stdout]   32:     0x55ec60a6239a - rocket::local::asynchronous::client::Client::tracked::{{closure}}::hcd7454d3384aa7d9
[INFO] [stdout]                                at /opt/rustwide/cargo-home/registry/src/github.com-1ecc6299db9ec823/rocket-0.5.0-rc.1/src/local/client.rs:71:9
[INFO] [stdout]   33:     0x55ec60a67bc6 - todo::tests::test_bad_form_submissions::{{closure}}::ha7e999afcac200d8
[INFO] [stdout]                                at /opt/rustwide/workdir/src/tests.rs:18:59
[INFO] [stdout]   34:     0x55ec60a2e8c4 - tokio::park::thread::CachedParkThread::block_on::{{closure}}::h5c09ff69d76c5c96
[INFO] [stdout]                                at /opt/rustwide/cargo-home/registry/src/github.com-1ecc6299db9ec823/tokio-1.7.1/src/park/thread.rs:263:54
[INFO] [stdout]   35:     0x55ec60a36a90 - tokio::coop::with_budget::{{closure}}::h49bcd5d3fb44bc3e
[INFO] [stdout]                                at /opt/rustwide/cargo-home/registry/src/github.com-1ecc6299db9ec823/tokio-1.7.1/src/coop.rs:106:9
[INFO] [stdout]   36:     0x55ec60a9c5c4 - std::thread::local::LocalKey<T>::try_with::h6ed8d54a9ccd415b
[INFO] [stdout]                                at /rustc/84c898d65adf2f39a5a98507f1fe0ce10a2b8dbc/library/std/src/thread/local.rs:446:16
[INFO] [stdout]   37:     0x55ec60a9b3ca - std::thread::local::LocalKey<T>::with::h34df5aa48ecd2e71
[INFO] [stdout]                                at /rustc/84c898d65adf2f39a5a98507f1fe0ce10a2b8dbc/library/std/src/thread/local.rs:422:9
[INFO] [stdout]   38:     0x55ec60a2c2e9 - tokio::coop::with_budget::h9f7a118a82e6705b
[INFO] [stdout]                                at /opt/rustwide/cargo-home/registry/src/github.com-1ecc6299db9ec823/tokio-1.7.1/src/coop.rs:99:5
[INFO] [stdout]   39:     0x55ec60a2c2e9 - tokio::coop::budget::h346d12c9fec68561
[INFO] [stdout]                                at /opt/rustwide/cargo-home/registry/src/github.com-1ecc6299db9ec823/tokio-1.7.1/src/coop.rs:76:5
[INFO] [stdout]   40:     0x55ec60a2c2e9 - tokio::park::thread::CachedParkThread::block_on::h922b91d1938236af
[INFO] [stdout]                                at /opt/rustwide/cargo-home/registry/src/github.com-1ecc6299db9ec823/tokio-1.7.1/src/park/thread.rs:263:31
[INFO] [stdout]   41:     0x55ec60a5f486 - tokio::runtime::enter::Enter::block_on::h12cbf973b9d0d798
[INFO] [stdout]                                at /opt/rustwide/cargo-home/registry/src/github.com-1ecc6299db9ec823/tokio-1.7.1/src/runtime/enter.rs:151:13
[INFO] [stdout]   42:     0x55ec60a22952 - tokio::runtime::thread_pool::ThreadPool::block_on::h94ecedaaaea23e72
[INFO] [stdout]                                at /opt/rustwide/cargo-home/registry/src/github.com-1ecc6299db9ec823/tokio-1.7.1/src/runtime/thread_pool/mod.rs:71:9
[INFO] [stdout]   43:     0x55ec60a51ea4 - tokio::runtime::Runtime::block_on::hbb9b9a1eb50eaa93
[INFO] [stdout]                                at /opt/rustwide/cargo-home/registry/src/github.com-1ecc6299db9ec823/tokio-1.7.1/src/runtime/mod.rs:452:43
[INFO] [stdout]   44:     0x55ec60a4249c - rocket::async_test::h797b574de25efb65
[INFO] [stdout]                                at /opt/rustwide/cargo-home/registry/src/github.com-1ecc6299db9ec823/rocket-0.5.0-rc.1/src/lib.rs:210:5
[INFO] [stdout]   45:     0x55ec60a67824 - todo::tests::test_bad_form_submissions::h03a8758dbb687607
[INFO] [stdout]                                at /opt/rustwide/workdir/src/tests.rs:134:5
[INFO] [stdout]   46:     0x55ec60a67797 - todo::tests::test_bad_form_submissions::{{closure}}::h7c45cd6fe8e8bb25
[INFO] [stdout]                                at /opt/rustwide/workdir/src/tests.rs:133:32
[INFO] [stdout]   47:     0x55ec609cf3c5 - core::ops::function::FnOnce::call_once::hcaa8b8226829d1a5
[INFO] [stdout]                                at /rustc/84c898d65adf2f39a5a98507f1fe0ce10a2b8dbc/library/core/src/ops/function.rs:250:5
[INFO] [stdout]   48:     0x55ec60ad327f - core::ops::function::FnOnce::call_once::h7d969581be7d0075
[INFO] [stdout]                                at /rustc/84c898d65adf2f39a5a98507f1fe0ce10a2b8dbc/library/core/src/ops/function.rs:250:5
[INFO] [stdout]   49:     0x55ec60ad327f - test::__rust_begin_short_backtrace::hca25a52684e56655
[INFO] [stdout]                                at /rustc/84c898d65adf2f39a5a98507f1fe0ce10a2b8dbc/library/test/src/lib.rs:656:18
[INFO] [stdout]   50:     0x55ec60aa489c - test::run_test::{{closure}}::ha8ac744c4af1a4bb
[INFO] [stdout]                                at /rustc/84c898d65adf2f39a5a98507f1fe0ce10a2b8dbc/library/test/src/lib.rs:647:30
[INFO] [stdout]   51:     0x55ec60aa489c - core::ops::function::FnOnce::call_once{{vtable.shim}}::h7b411a9ed45bdecf
[INFO] [stdout]                                at /rustc/84c898d65adf2f39a5a98507f1fe0ce10a2b8dbc/library/core/src/ops/function.rs:250:5
[INFO] [stdout]   52:     0x55ec60ad2246 - <alloc::boxed::Box<F,A> as core::ops::function::FnOnce<Args>>::call_once::hd05328869a8ed200
[INFO] [stdout]                                at /rustc/84c898d65adf2f39a5a98507f1fe0ce10a2b8dbc/library/alloc/src/boxed.rs:1987:9
[INFO] [stdout]   53:     0x55ec60ad2246 - <core::panic::unwind_safe::AssertUnwindSafe<F> as core::ops::function::FnOnce<()>>::call_once::h0c601ce20bd5b2be
[INFO] [stdout]                                at /rustc/84c898d65adf2f39a5a98507f1fe0ce10a2b8dbc/library/core/src/panic/unwind_safe.rs:271:9
[INFO] [stdout]   54:     0x55ec60ad2246 - std::panicking::try::do_call::ha4be5c164fe30854
[INFO] [stdout]                                at /rustc/84c898d65adf2f39a5a98507f1fe0ce10a2b8dbc/library/std/src/panicking.rs:487:40
[INFO] [stdout]   55:     0x55ec60ad2246 - std::panicking::try::h604546f3609af05f
[INFO] [stdout]                                at /rustc/84c898d65adf2f39a5a98507f1fe0ce10a2b8dbc/library/std/src/panicking.rs:451:19
[INFO] [stdout]   56:     0x55ec60ad2246 - std::panic::catch_unwind::h5bfa8afe44c9c2f9
[INFO] [stdout]                                at /rustc/84c898d65adf2f39a5a98507f1fe0ce10a2b8dbc/library/std/src/panic.rs:140:14
[INFO] [stdout]   57:     0x55ec60ad2246 - test::run_test_in_process::hd50dee55dd63e6aa
[INFO] [stdout]                                at /rustc/84c898d65adf2f39a5a98507f1fe0ce10a2b8dbc/library/test/src/lib.rs:679:27
[INFO] [stdout]   58:     0x55ec60ad2246 - test::run_test::run_test_inner::{{closure}}::h4aa0f433aa85cea8
[INFO] [stdout]                                at /rustc/84c898d65adf2f39a5a98507f1fe0ce10a2b8dbc/library/test/src/lib.rs:573:39
[INFO] [stdout]   59:     0x55ec60a9ef11 - test::run_test::run_test_inner::{{closure}}::had56431adf24b4d6
[INFO] [stdout]                                at /rustc/84c898d65adf2f39a5a98507f1fe0ce10a2b8dbc/library/test/src/lib.rs:600:37
[INFO] [stdout]   60:     0x55ec60a9ef11 - std::sys_common::backtrace::__rust_begin_short_backtrace::ha8d9890e0c73bf13
[INFO] [stdout]                                at /rustc/84c898d65adf2f39a5a98507f1fe0ce10a2b8dbc/library/std/src/sys_common/backtrace.rs:134:18
[INFO] [stdout]   61:     0x55ec60aa492b - std::thread::Builder::spawn_unchecked_::{{closure}}::{{closure}}::h251832bcb4a95327
[INFO] [stdout]                                at /rustc/84c898d65adf2f39a5a98507f1fe0ce10a2b8dbc/library/std/src/thread/mod.rs:560:17
[INFO] [stdout]   62:     0x55ec60aa492b - <core::panic::unwind_safe::AssertUnwindSafe<F> as core::ops::function::FnOnce<()>>::call_once::h8fdff598fa414831
[INFO] [stdout]                                at /rustc/84c898d65adf2f39a5a98507f1fe0ce10a2b8dbc/library/core/src/panic/unwind_safe.rs:271:9
[INFO] [stdout]   63:     0x55ec60aa492b - std::panicking::try::do_call::h455dd2f7764a950f
[INFO] [stdout]                                at /rustc/84c898d65adf2f39a5a98507f1fe0ce10a2b8dbc/library/std/src/panicking.rs:487:40
[INFO] [stdout]   64:     0x55ec60aa492b - std::panicking::try::had6f23b7b73ae72a
[INFO] [stdout]                                at /rustc/84c898d65adf2f39a5a98507f1fe0ce10a2b8dbc/library/std/src/panicking.rs:451:19
[INFO] [stdout]   65:     0x55ec60aa492b - std::panic::catch_unwind::ha6a5ca3915b4dad0
[INFO] [stdout]                                at /rustc/84c898d65adf2f39a5a98507f1fe0ce10a2b8dbc/library/std/src/panic.rs:140:14
[INFO] [stdout]   66:     0x55ec60aa492b - std::thread::Builder::spawn_unchecked_::{{closure}}::h883b72ef75da6231
[INFO] [stdout]                                at /rustc/84c898d65adf2f39a5a98507f1fe0ce10a2b8dbc/library/std/src/thread/mod.rs:559:30
[INFO] [stdout]   67:     0x55ec60aa492b - core::ops::function::FnOnce::call_once{{vtable.shim}}::hb7dff73dc8bd2ccb
[INFO] [stdout]                                at /rustc/84c898d65adf2f39a5a98507f1fe0ce10a2b8dbc/library/core/src/ops/function.rs:250:5
[INFO] [stdout]   68:     0x55ec61630d43 - <alloc::boxed::Box<F,A> as core::ops::function::FnOnce<Args>>::call_once::h39990b24eedef2ab
[INFO] [stdout]                                at /rustc/84c898d65adf2f39a5a98507f1fe0ce10a2b8dbc/library/alloc/src/boxed.rs:1987:9
[INFO] [stdout]   69:     0x55ec61630d43 - <alloc::boxed::Box<F,A> as core::ops::function::FnOnce<Args>>::call_once::h01a027258444143b
[INFO] [stdout]                                at /rustc/84c898d65adf2f39a5a98507f1fe0ce10a2b8dbc/library/alloc/src/boxed.rs:1987:9
[INFO] [stdout]   70:     0x55ec61630d43 - std::sys::unix::thread::Thread::new::thread_start::ha4f1cdd9c25884ba
[INFO] [stdout]                                at /rustc/84c898d65adf2f39a5a98507f1fe0ce10a2b8dbc/library/std/src/sys/unix/thread.rs:108:17
[INFO] [stdout]   71:     0x7fca5bbd9b43 - <unknown>
[INFO] [stdout]   72:     0x7fca5bc6abb4 - __clone
[INFO] [stdout]   73:                0x0 - <unknown>
[INFO] [stdout] 
[INFO] [stdout] ---- tests::test_index stdout ----
[INFO] [stdout] Error: database pool init error for pool named `sqlite_database`
[INFO] [stdout]    >> timed out waiting for connection: unable to open database file
[INFO] [stdout]    >> missing database fairing for `todo::DbConn`
[INFO] [stdout] thread 'tests::test_index' panicked at 'database connection', src/main.rs:107:47
[INFO] [stdout] stack backtrace:
[INFO] [stdout]    0:     0x55ec61629fda - std::backtrace_rs::backtrace::libunwind::trace::ha9053a9a07ca49cb
[INFO] [stdout]                                at /rustc/84c898d65adf2f39a5a98507f1fe0ce10a2b8dbc/library/std/src/../../backtrace/src/backtrace/libunwind.rs:93:5
[INFO] [stdout]    1:     0x55ec61629fda - std::backtrace_rs::backtrace::trace_unsynchronized::h9c2852a457ad564e
[INFO] [stdout]                                at /rustc/84c898d65adf2f39a5a98507f1fe0ce10a2b8dbc/library/std/src/../../backtrace/src/backtrace/mod.rs:66:5
[INFO] [stdout]    2:     0x55ec61629fda - std::sys_common::backtrace::_print_fmt::h457936fbfaa0070f
[INFO] [stdout]                                at /rustc/84c898d65adf2f39a5a98507f1fe0ce10a2b8dbc/library/std/src/sys_common/backtrace.rs:65:5
[INFO] [stdout]    3:     0x55ec61629fda - <std::sys_common::backtrace::_print::DisplayBacktrace as core::fmt::Display>::fmt::h5779d7bf7f70cb0c
[INFO] [stdout]                                at /rustc/84c898d65adf2f39a5a98507f1fe0ce10a2b8dbc/library/std/src/sys_common/backtrace.rs:44:22
[INFO] [stdout]    4:     0x55ec6165341e - core::fmt::write::h5a4baaff1bcd3eb5
[INFO] [stdout]                                at /rustc/84c898d65adf2f39a5a98507f1fe0ce10a2b8dbc/library/core/src/fmt/mod.rs:1232:17
[INFO] [stdout]    5:     0x55ec61626bb5 - std::io::Write::write_fmt::h478f79c628ef31d1
[INFO] [stdout]                                at /rustc/84c898d65adf2f39a5a98507f1fe0ce10a2b8dbc/library/std/src/io/mod.rs:1684:15
[INFO] [stdout]    6:     0x55ec61629da5 - std::sys_common::backtrace::_print::h5fcdc36060f177e8
[INFO] [stdout]                                at /rustc/84c898d65adf2f39a5a98507f1fe0ce10a2b8dbc/library/std/src/sys_common/backtrace.rs:47:5
[INFO] [stdout]    7:     0x55ec61629da5 - std::sys_common::backtrace::print::h54ca9458b876c8bf
[INFO] [stdout]                                at /rustc/84c898d65adf2f39a5a98507f1fe0ce10a2b8dbc/library/std/src/sys_common/backtrace.rs:34:9
[INFO] [stdout]    8:     0x55ec6162bb6f - std::panicking::default_hook::{{closure}}::hbe471161c7664ed6
[INFO] [stdout]                                at /rustc/84c898d65adf2f39a5a98507f1fe0ce10a2b8dbc/library/std/src/panicking.rs:271:22
[INFO] [stdout]    9:     0x55ec6162b82f - std::panicking::default_hook::ha3500da57aa4ac4f
[INFO] [stdout]                                at /rustc/84c898d65adf2f39a5a98507f1fe0ce10a2b8dbc/library/std/src/panicking.rs:287:9
[INFO] [stdout]   10:     0x55ec60acde97 - <alloc::boxed::Box<F,A> as core::ops::function::Fn<Args>>::call::hdf1b89dd137ece34
[INFO] [stdout]                                at /rustc/84c898d65adf2f39a5a98507f1fe0ce10a2b8dbc/library/alloc/src/boxed.rs:2001:9
[INFO] [stdout]   11:     0x55ec60acde97 - test::test_main::{{closure}}::h9081a79f20e75698
[INFO] [stdout]                                at /rustc/84c898d65adf2f39a5a98507f1fe0ce10a2b8dbc/library/test/src/lib.rs:135:21
[INFO] [stdout]   12:     0x55ec6162c29d - <alloc::boxed::Box<F,A> as core::ops::function::Fn<Args>>::call::h6507bddc3eebb4a5
[INFO] [stdout]                                at /rustc/84c898d65adf2f39a5a98507f1fe0ce10a2b8dbc/library/alloc/src/boxed.rs:2001:9
[INFO] [stdout]   13:     0x55ec6162c29d - std::panicking::rust_panic_with_hook::h50c09d000dc561d2
[INFO] [stdout]                                at /rustc/84c898d65adf2f39a5a98507f1fe0ce10a2b8dbc/library/std/src/panicking.rs:696:13
[INFO] [stdout]   14:     0x55ec6162c019 - std::panicking::begin_panic_handler::{{closure}}::h9e2b2176e00e0d9c
[INFO] [stdout]                                at /rustc/84c898d65adf2f39a5a98507f1fe0ce10a2b8dbc/library/std/src/panicking.rs:583:13
[INFO] [stdout]   15:     0x55ec6162a446 - std::sys_common::backtrace::__rust_end_short_backtrace::h5739b8e512c09d02
[INFO] [stdout]                                at /rustc/84c898d65adf2f39a5a98507f1fe0ce10a2b8dbc/library/std/src/sys_common/backtrace.rs:150:18
[INFO] [stdout]   16:     0x55ec6162bd22 - rust_begin_unwind
[INFO] [stdout]                                at /rustc/84c898d65adf2f39a5a98507f1fe0ce10a2b8dbc/library/std/src/panicking.rs:579:5
[INFO] [stdout]   17:     0x55ec609be503 - core::panicking::panic_fmt::hf33a1475b4dc5c3e
[INFO] [stdout]                                at /rustc/84c898d65adf2f39a5a98507f1fe0ce10a2b8dbc/library/core/src/panicking.rs:64:14
[INFO] [stdout]   18:     0x55ec61651171 - core::panicking::panic_display::ha103dd28e5023b08
[INFO] [stdout]                                at /rustc/84c898d65adf2f39a5a98507f1fe0ce10a2b8dbc/library/core/src/panicking.rs:147:5
[INFO] [stdout]   19:     0x55ec6165111b - core::panicking::panic_str::h940bf021f492dc8c
[INFO] [stdout]                                at /rustc/84c898d65adf2f39a5a98507f1fe0ce10a2b8dbc/library/core/src/panicking.rs:131:5
[INFO] [stdout]   20:     0x55ec609be4c6 - core::option::expect_failed::h09b982639336e7ea
[INFO] [stdout]                                at /rustc/84c898d65adf2f39a5a98507f1fe0ce10a2b8dbc/library/core/src/option.rs:2045:5
[INFO] [stdout]   21:     0x55ec60a5d7ed - core::option::Option<T>::expect::h17cdd70af567b622
[INFO] [stdout]                                at /rustc/84c898d65adf2f39a5a98507f1fe0ce10a2b8dbc/library/core/src/option.rs:905:21
[INFO] [stdout]   22:     0x55ec60a718f6 - todo::run_migrations::{{closure}}::h934280e5a5e6d710
[INFO] [stdout]                                at /opt/rustwide/workdir/src/main.rs:107:16
[INFO] [stdout]   23:     0x55ec60a57da9 - <futures_util::future::future::map::Map<Fut,F> as core::future::future::Future>::poll::h58b9b31f83df6177
[INFO] [stdout]                                at /opt/rustwide/cargo-home/registry/src/github.com-1ecc6299db9ec823/futures-util-0.3.15/src/future/future/map.rs:55:37
[INFO] [stdout]   24:     0x55ec609f0d01 - <futures_util::future::future::Map<Fut,F> as core::future::future::Future>::poll::hded9f1627f5c8006
[INFO] [stdout]                                at /opt/rustwide/cargo-home/registry/src/github.com-1ecc6299db9ec823/futures-util-0.3.15/src/lib.rs:93:13
[INFO] [stdout]   25:     0x55ec61099b8e - <core::pin::Pin<P> as core::future::future::Future>::poll::he1e01809278ac3c9
[INFO] [stdout]                                at /rustc/84c898d65adf2f39a5a98507f1fe0ce10a2b8dbc/library/core/src/future/future.rs:125:9
[INFO] [stdout]   26:     0x55ec610c3e79 - <rocket::fairing::ad_hoc::AdHoc as rocket::fairing::Fairing>::on_ignite::{{closure}}::h4384bd4efd2471d1
[INFO] [stdout]                                at /opt/rustwide/cargo-home/registry/src/github.com-1ecc6299db9ec823/rocket-0.5.0-rc.1/src/fairing/ad_hoc.rs:239:59
[INFO] [stdout]   27:     0x55ec61099b8e - <core::pin::Pin<P> as core::future::future::Future>::poll::he1e01809278ac3c9
[INFO] [stdout]                                at /rustc/84c898d65adf2f39a5a98507f1fe0ce10a2b8dbc/library/core/src/future/future.rs:125:9
[INFO] [stdout]   28:     0x55ec610b2d35 - rocket::fairing::fairings::Fairings::handle_ignite::{{closure}}::he9702019eb3fca1c
[INFO] [stdout]                                at /opt/rustwide/cargo-home/registry/src/github.com-1ecc6299db9ec823/rocket-0.5.0-rc.1/src/fairing/fairings.rs:116:57
[INFO] [stdout]   29:     0x55ec61153a2c - rocket::rocket::Rocket<rocket::phase::Build>::ignite::{{closure}}::h6c7c1a10367e101a
[INFO] [stdout]                                at /opt/rustwide/cargo-home/registry/src/github.com-1ecc6299db9ec823/rocket-0.5.0-rc.1/src/rocket.rs:473:45
[INFO] [stdout]   30:     0x55ec6115701d - rocket::rocket::Rocket<P>::local_launch::{{closure}}::h5497283aaf7c3895
[INFO] [stdout]                                at /opt/rustwide/cargo-home/registry/src/github.com-1ecc6299db9ec823/rocket-0.5.0-rc.1/src/rocket.rs:790:56
[INFO] [stdout]   31:     0x55ec610b01aa - rocket::local::asynchronous::client::Client::_new::{{closure}}::h56bcc7a5cb1180c9
[INFO] [stdout]                                at /opt/rustwide/cargo-home/registry/src/github.com-1ecc6299db9ec823/rocket-0.5.0-rc.1/src/local/asynchronous/client.rs:61:43
[INFO] [stdout]   32:     0x55ec61143385 - tokio::park::thread::CachedParkThread::block_on::{{closure}}::he21c8a46abe9e147
[INFO] [stdout]                                at /opt/rustwide/cargo-home/registry/src/github.com-1ecc6299db9ec823/tokio-1.7.1/src/park/thread.rs:263:54
[INFO] [stdout]   33:     0x55ec61249b7e - tokio::coop::with_budget::{{closure}}::h7c0a1acf523ce8f6
[INFO] [stdout]                                at /opt/rustwide/cargo-home/registry/src/github.com-1ecc6299db9ec823/tokio-1.7.1/src/coop.rs:106:9
[INFO] [stdout]   34:     0x55ec6107d3e2 - std::thread::local::LocalKey<T>::try_with::hc1071b2567327745
[INFO] [stdout]                                at /rustc/84c898d65adf2f39a5a98507f1fe0ce10a2b8dbc/library/std/src/thread/local.rs:446:16
[INFO] [stdout]   35:     0x55ec6107c104 - std::thread::local::LocalKey<T>::with::h5f90465eb03bb6e0
[INFO] [stdout]                                at /rustc/84c898d65adf2f39a5a98507f1fe0ce10a2b8dbc/library/std/src/thread/local.rs:422:9
[INFO] [stdout]   36:     0x55ec61141b20 - tokio::coop::with_budget::hc5ecbd9fffd318de
[INFO] [stdout]                                at /opt/rustwide/cargo-home/registry/src/github.com-1ecc6299db9ec823/tokio-1.7.1/src/coop.rs:99:5
[INFO] [stdout]   37:     0x55ec61141b20 - tokio::coop::budget::h0c784d5cc37544ec
[INFO] [stdout]                                at /opt/rustwide/cargo-home/registry/src/github.com-1ecc6299db9ec823/tokio-1.7.1/src/coop.rs:76:5
[INFO] [stdout]   38:     0x55ec61141b20 - tokio::park::thread::CachedParkThread::block_on::h37f51fb397f2922b
[INFO] [stdout]                                at /opt/rustwide/cargo-home/registry/src/github.com-1ecc6299db9ec823/tokio-1.7.1/src/park/thread.rs:263:31
[INFO] [stdout]   39:     0x55ec610a812c - tokio::runtime::enter::Enter::block_on::ha7ad9cea3fdafb37
[INFO] [stdout]                                at /opt/rustwide/cargo-home/registry/src/github.com-1ecc6299db9ec823/tokio-1.7.1/src/runtime/enter.rs:151:13
[INFO] [stdout]   40:     0x55ec6114348d - tokio::runtime::thread_pool::ThreadPool::block_on::h1abe9d73d3a714c2
[INFO] [stdout]                                at /opt/rustwide/cargo-home/registry/src/github.com-1ecc6299db9ec823/tokio-1.7.1/src/runtime/thread_pool/mod.rs:71:9
[INFO] [stdout]   41:     0x55ec611973cd - tokio::runtime::Runtime::block_on::h9592d9bb9a2c2796
[INFO] [stdout]                                at /opt/rustwide/cargo-home/registry/src/github.com-1ecc6299db9ec823/tokio-1.7.1/src/runtime/mod.rs:452:43
[INFO] [stdout]   42:     0x55ec6120729d - rocket::local::blocking::client::Client::_new::h8f8b6b70d6c84f03
[INFO] [stdout]                                at /opt/rustwide/cargo-home/registry/src/github.com-1ecc6299db9ec823/rocket-0.5.0-rc.1/src/local/blocking/client.rs:43:26
[INFO] [stdout]   43:     0x55ec60a62f20 - rocket::local::blocking::client::Client::tracked::hcf7eb401b34bb66d
[INFO] [stdout]                                at /opt/rustwide/cargo-home/registry/src/github.com-1ecc6299db9ec823/rocket-0.5.0-rc.1/src/local/client.rs:71:9
[INFO] [stdout]   44:     0x55ec60a62f20 - todo::tests::test_index::h706ef9693c5d643d
[INFO] [stdout]                                at /opt/rustwide/workdir/src/tests.rs:33:18
[INFO] [stdout]   45:     0x55ec60a62e97 - todo::tests::test_index::{{closure}}::hdfab8157316e0d97
[INFO] [stdout]                                at /opt/rustwide/workdir/src/tests.rs:29:17
[INFO] [stdout]   46:     0x55ec609cf475 - core::ops::function::FnOnce::call_once::hceeef4a44a43706b
[INFO] [stdout]                                at /rustc/84c898d65adf2f39a5a98507f1fe0ce10a2b8dbc/library/core/src/ops/function.rs:250:5
[INFO] [stdout]   47:     0x55ec60ad327f - core::ops::function::FnOnce::call_once::h7d969581be7d0075
[INFO] [stdout]                                at /rustc/84c898d65adf2f39a5a98507f1fe0ce10a2b8dbc/library/core/src/ops/function.rs:250:5
[INFO] [stdout]   48:     0x55ec60ad327f - test::__rust_begin_short_backtrace::hca25a52684e56655
[INFO] [stdout]                                at /rustc/84c898d65adf2f39a5a98507f1fe0ce10a2b8dbc/library/test/src/lib.rs:656:18
[INFO] [stdout]   49:     0x55ec60aa489c - test::run_test::{{closure}}::ha8ac744c4af1a4bb
[INFO] [stdout]                                at /rustc/84c898d65adf2f39a5a98507f1fe0ce10a2b8dbc/library/test/src/lib.rs:647:30
[INFO] [stdout]   50:     0x55ec60aa489c - core::ops::function::FnOnce::call_once{{vtable.shim}}::h7b411a9ed45bdecf
[INFO] [stdout]                                at /rustc/84c898d65adf2f39a5a98507f1fe0ce10a2b8dbc/library/core/src/ops/function.rs:250:5
[INFO] [stdout]   51:     0x55ec60ad2246 - <alloc::boxed::Box<F,A> as core::ops::function::FnOnce<Args>>::call_once::hd05328869a8ed200
[INFO] [stdout]                                at /rustc/84c898d65adf2f39a5a98507f1fe0ce10a2b8dbc/library/alloc/src/boxed.rs:1987:9
[INFO] [stdout]   52:     0x55ec60ad2246 - <core::panic::unwind_safe::AssertUnwindSafe<F> as core::ops::function::FnOnce<()>>::call_once::h0c601ce20bd5b2be
[INFO] [stdout]                                at /rustc/84c898d65adf2f39a5a98507f1fe0ce10a2b8dbc/library/core/src/panic/unwind_safe.rs:271:9
[INFO] [stdout]   53:     0x55ec60ad2246 - std::panicking::try::do_call::ha4be5c164fe30854
[INFO] [stdout]                                at /rustc/84c898d65adf2f39a5a98507f1fe0ce10a2b8dbc/library/std/src/panicking.rs:487:40
[INFO] [stdout]   54:     0x55ec60ad2246 - std::panicking::try::h604546f3609af05f
[INFO] [stdout]                                at /rustc/84c898d65adf2f39a5a98507f1fe0ce10a2b8dbc/library/std/src/panicking.rs:451:19
[INFO] [stdout]   55:     0x55ec60ad2246 - std::panic::catch_unwind::h5bfa8afe44c9c2f9
[INFO] [stdout]                                at /rustc/84c898d65adf2f39a5a98507f1fe0ce10a2b8dbc/library/std/src/panic.rs:140:14
[INFO] [stdout]   56:     0x55ec60ad2246 - test::run_test_in_process::hd50dee55dd63e6aa
[INFO] [stdout]                                at /rustc/84c898d65adf2f39a5a98507f1fe0ce10a2b8dbc/library/test/src/lib.rs:679:27
[INFO] [stdout]   57:     0x55ec60ad2246 - test::run_test::run_test_inner::{{closure}}::h4aa0f433aa85cea8
[INFO] [stdout]                                at /rustc/84c898d65adf2f39a5a98507f1fe0ce10a2b8dbc/library/test/src/lib.rs:573:39
[INFO] [stdout]   58:     0x55ec60a9ef11 - test::run_test::run_test_inner::{{closure}}::had56431adf24b4d6
[INFO] [stdout]                                at /rustc/84c898d65adf2f39a5a98507f1fe0ce10a2b8dbc/library/test/src/lib.rs:600:37
[INFO] [stdout]   59:     0x55ec60a9ef11 - std::sys_common::backtrace::__rust_begin_short_backtrace::ha8d9890e0c73bf13
[INFO] [stdout]                                at /rustc/84c898d65adf2f39a5a98507f1fe0ce10a2b8dbc/library/std/src/sys_common/backtrace.rs:134:18
[INFO] [stdout]   60:     0x55ec60aa492b - std::thread::Builder::spawn_unchecked_::{{closure}}::{{closure}}::h251832bcb4a95327
[INFO] [stdout]                                at /rustc/84c898d65adf2f39a5a98507f1fe0ce10a2b8dbc/library/std/src/thread/mod.rs:560:17
[INFO] [stdout]   61:     0x55ec60aa492b - <core::panic::unwind_safe::AssertUnwindSafe<F> as core::ops::function::FnOnce<()>>::call_once::h8fdff598fa414831
[INFO] [stdout]                                at /rustc/84c898d65adf2f39a5a98507f1fe0ce10a2b8dbc/library/core/src/panic/unwind_safe.rs:271:9
[INFO] [stdout]   62:     0x55ec60aa492b - std::panicking::try::do_call::h455dd2f7764a950f
[INFO] [stdout]                                at /rustc/84c898d65adf2f39a5a98507f1fe0ce10a2b8dbc/library/std/src/panicking.rs:487:40
[INFO] [stdout]   63:     0x55ec60aa492b - std::panicking::try::had6f23b7b73ae72a
[INFO] [stdout]                                at /rustc/84c898d65adf2f39a5a98507f1fe0ce10a2b8dbc/library/std/src/panicking.rs:451:19
[INFO] [stdout]   64:     0x55ec60aa492b - std::panic::catch_unwind::ha6a5ca3915b4dad0
[INFO] [stdout]                                at /rustc/84c898d65adf2f39a5a98507f1fe0ce10a2b8dbc/library/std/src/panic.rs:140:14
[INFO] [stdout]   65:     0x55ec60aa492b - std::thread::Builder::spawn_unchecked_::{{closure}}::h883b72ef75da6231
[INFO] [stdout]                                at /rustc/84c898d65adf2f39a5a98507f1fe0ce10a2b8dbc/library/std/src/thread/mod.rs:559:30
[INFO] [stdout]   66:     0x55ec60aa492b - core::ops::function::FnOnce::call_once{{vtable.shim}}::hb7dff73dc8bd2ccb
[INFO] [stdout]                                at /rustc/84c898d65adf2f39a5a98507f1fe0ce10a2b8dbc/library/core/src/ops/function.rs:250:5
[INFO] [stdout]   67:     0x55ec61630d43 - <alloc::boxed::Box<F,A> as core::ops::function::FnOnce<Args>>::call_once::h39990b24eedef2ab
[INFO] [stdout]                                at /rustc/84c898d65adf2f39a5a98507f1fe0ce10a2b8dbc/library/alloc/src/boxed.rs:1987:9
[INFO] [stdout]   68:     0x55ec61630d43 - <alloc::boxed::Box<F,A> as core::ops::function::FnOnce<Args>>::call_once::h01a027258444143b
[INFO] [stdout]                                at /rustc/84c898d65adf2f39a5a98507f1fe0ce10a2b8dbc/library/alloc/src/boxed.rs:1987:9
[INFO] [stdout]   69:     0x55ec61630d43 - std::sys::unix::thread::Thread::new::thread_start::ha4f1cdd9c25884ba
[INFO] [stdout]                                at /rustc/84c898d65adf2f39a5a98507f1fe0ce10a2b8dbc/library/std/src/sys/unix/thread.rs:108:17
[INFO] [stdout]   70:     0x7fca5bbd9b43 - <unknown>
[INFO] [stdout]   71:     0x7fca5bc6abb4 - __clone
[INFO] [stdout]   72:                0x0 - <unknown>
[INFO] [stdout] 
[INFO] [stdout] ---- tests::test_many_insertions stdout ----
[INFO] [stdout] Error: database pool init error for pool named `sqlite_database`
[INFO] [stdout]    >> timed out waiting for connection: unable to open database file
[INFO] [stdout]    >> missing database fairing for `todo::DbConn`
[INFO] [stdout] thread 'tests::test_many_insertions' panicked at 'database connection', src/main.rs:107:47
[INFO] [stdout] stack backtrace:
[INFO] [stdout]    0:     0x55ec61629fda - std::backtrace_rs::backtrace::libunwind::trace::ha9053a9a07ca49cb
[INFO] [stdout]                                at /rustc/84c898d65adf2f39a5a98507f1fe0ce10a2b8dbc/library/std/src/../../backtrace/src/backtrace/libunwind.rs:93:5
[INFO] [stdout]    1:     0x55ec61629fda - std::backtrace_rs::backtrace::trace_unsynchronized::h9c2852a457ad564e
[INFO] [stdout]                                at /rustc/84c898d65adf2f39a5a98507f1fe0ce10a2b8dbc/library/std/src/../../backtrace/src/backtrace/mod.rs:66:5
[INFO] [stdout]    2:     0x55ec61629fda - std::sys_common::backtrace::_print_fmt::h457936fbfaa0070f
[INFO] [stdout]                                at /rustc/84c898d65adf2f39a5a98507f1fe0ce10a2b8dbc/library/std/src/sys_common/backtrace.rs:65:5
[INFO] [stdout]    3:     0x55ec61629fda - <std::sys_common::backtrace::_print::DisplayBacktrace as core::fmt::Display>::fmt::h5779d7bf7f70cb0c
[INFO] [stdout]                                at /rustc/84c898d65adf2f39a5a98507f1fe0ce10a2b8dbc/library/std/src/sys_common/backtrace.rs:44:22
[INFO] [stdout]    4:     0x55ec6165341e - core::fmt::write::h5a4baaff1bcd3eb5
[INFO] [stdout]                                at /rustc/84c898d65adf2f39a5a98507f1fe0ce10a2b8dbc/library/core/src/fmt/mod.rs:1232:17
[INFO] [stdout]    5:     0x55ec61626bb5 - std::io::Write::write_fmt::h478f79c628ef31d1
[INFO] [stdout]                                at /rustc/84c898d65adf2f39a5a98507f1fe0ce10a2b8dbc/library/std/src/io/mod.rs:1684:15
[INFO] [stdout]    6:     0x55ec61629da5 - std::sys_common::backtrace::_print::h5fcdc36060f177e8
[INFO] [stdout]                                at /rustc/84c898d65adf2f39a5a98507f1fe0ce10a2b8dbc/library/std/src/sys_common/backtrace.rs:47:5
[INFO] [stdout]    7:     0x55ec61629da5 - std::sys_common::backtrace::print::h54ca9458b876c8bf
[INFO] [stdout]                                at /rustc/84c898d65adf2f39a5a98507f1fe0ce10a2b8dbc/library/std/src/sys_common/backtrace.rs:34:9
[INFO] [stdout]    8:     0x55ec6162bb6f - std::panicking::default_hook::{{closure}}::hbe471161c7664ed6
[INFO] [stdout]                                at /rustc/84c898d65adf2f39a5a98507f1fe0ce10a2b8dbc/library/std/src/panicking.rs:271:22
[INFO] [stdout]    9:     0x55ec6162b82f - std::panicking::default_hook::ha3500da57aa4ac4f
[INFO] [stdout]                                at /rustc/84c898d65adf2f39a5a98507f1fe0ce10a2b8dbc/library/std/src/panicking.rs:287:9
[INFO] [stdout]   10:     0x55ec60acde97 - <alloc::boxed::Box<F,A> as core::ops::function::Fn<Args>>::call::hdf1b89dd137ece34
[INFO] [stdout]                                at /rustc/84c898d65adf2f39a5a98507f1fe0ce10a2b8dbc/library/alloc/src/boxed.rs:2001:9
[INFO] [stdout]   11:     0x55ec60acde97 - test::test_main::{{closure}}::h9081a79f20e75698
[INFO] [stdout]                                at /rustc/84c898d65adf2f39a5a98507f1fe0ce10a2b8dbc/library/test/src/lib.rs:135:21
[INFO] [stdout]   12:     0x55ec6162c29d - <alloc::boxed::Box<F,A> as core::ops::function::Fn<Args>>::call::h6507bddc3eebb4a5
[INFO] [stdout]                                at /rustc/84c898d65adf2f39a5a98507f1fe0ce10a2b8dbc/library/alloc/src/boxed.rs:2001:9
[INFO] [stdout]   13:     0x55ec6162c29d - std::panicking::rust_panic_with_hook::h50c09d000dc561d2
[INFO] [stdout]                                at /rustc/84c898d65adf2f39a5a98507f1fe0ce10a2b8dbc/library/std/src/panicking.rs:696:13
[INFO] [stdout]   14:     0x55ec6162c019 - std::panicking::begin_panic_handler::{{closure}}::h9e2b2176e00e0d9c
[INFO] [stdout]                                at /rustc/84c898d65adf2f39a5a98507f1fe0ce10a2b8dbc/library/std/src/panicking.rs:583:13
[INFO] [stdout]   15:     0x55ec6162a446 - std::sys_common::backtrace::__rust_end_short_backtrace::h5739b8e512c09d02
[INFO] [stdout]                                at /rustc/84c898d65adf2f39a5a98507f1fe0ce10a2b8dbc/library/std/src/sys_common/backtrace.rs:150:18
[INFO] [stdout]   16:     0x55ec6162bd22 - rust_begin_unwind
[INFO] [stdout]                                at /rustc/84c898d65adf2f39a5a98507f1fe0ce10a2b8dbc/library/std/src/panicking.rs:579:5
[INFO] [stdout]   17:     0x55ec609be503 - core::panicking::panic_fmt::hf33a1475b4dc5c3e
[INFO] [stdout]                                at /rustc/84c898d65adf2f39a5a98507f1fe0ce10a2b8dbc/library/core/src/panicking.rs:64:14
[INFO] [stdout]   18:     0x55ec61651171 - core::panicking::panic_display::ha103dd28e5023b08
[INFO] [stdout]                                at /rustc/84c898d65adf2f39a5a98507f1fe0ce10a2b8dbc/library/core/src/panicking.rs:147:5
[INFO] [stdout]   19:     0x55ec6165111b - core::panicking::panic_str::h940bf021f492dc8c
[INFO] [stdout]                                at /rustc/84c898d65adf2f39a5a98507f1fe0ce10a2b8dbc/library/core/src/panicking.rs:131:5
[INFO] [stdout]   20:     0x55ec609be4c6 - core::option::expect_failed::h09b982639336e7ea
[INFO] [stdout]                                at /rustc/84c898d65adf2f39a5a98507f1fe0ce10a2b8dbc/library/core/src/option.rs:2045:5
[INFO] [stdout]   21:     0x55ec60a5d7ed - core::option::Option<T>::expect::h17cdd70af567b622
[INFO] [stdout]                                at /rustc/84c898d65adf2f39a5a98507f1fe0ce10a2b8dbc/library/core/src/option.rs:905:21
[INFO] [stdout]   22:     0x55ec60a718f6 - todo::run_migrations::{{closure}}::h934280e5a5e6d710
[INFO] [stdout]                                at /opt/rustwide/workdir/src/main.rs:107:16
[INFO] [stdout]   23:     0x55ec60a57da9 - <futures_util::future::future::map::Map<Fut,F> as core::future::future::Future>::poll::h58b9b31f83df6177
[INFO] [stdout]                                at /opt/rustwide/cargo-home/registry/src/github.com-1ecc6299db9ec823/futures-util-0.3.15/src/future/future/map.rs:55:37
[INFO] [stdout]   24:     0x55ec609f0d01 - <futures_util::future::future::Map<Fut,F> as core::future::future::Future>::poll::hded9f1627f5c8006
[INFO] [stdout]                                at /opt/rustwide/cargo-home/registry/src/github.com-1ecc6299db9ec823/futures-util-0.3.15/src/lib.rs:93:13
[INFO] [stdout]   25:     0x55ec61099b8e - <core::pin::Pin<P> as core::future::future::Future>::poll::he1e01809278ac3c9
[INFO] [stdout]                                at /rustc/84c898d65adf2f39a5a98507f1fe0ce10a2b8dbc/library/core/src/future/future.rs:125:9
[INFO] [stdout]   26:     0x55ec610c3e79 - <rocket::fairing::ad_hoc::AdHoc as rocket::fairing::Fairing>::on_ignite::{{closure}}::h4384bd4efd2471d1
[INFO] [stdout]                                at /opt/rustwide/cargo-home/registry/src/github.com-1ecc6299db9ec823/rocket-0.5.0-rc.1/src/fairing/ad_hoc.rs:239:59
[INFO] [stdout]   27:     0x55ec61099b8e - <core::pin::Pin<P> as core::future::future::Future>::poll::he1e01809278ac3c9
[INFO] [stdout]                                at /rustc/84c898d65adf2f39a5a98507f1fe0ce10a2b8dbc/library/core/src/future/future.rs:125:9
[INFO] [stdout]   28:     0x55ec610b2d35 - rocket::fairing::fairings::Fairings::handle_ignite::{{closure}}::he9702019eb3fca1c
[INFO] [stdout]                                at /opt/rustwide/cargo-home/registry/src/github.com-1ecc6299db9ec823/rocket-0.5.0-rc.1/src/fairing/fairings.rs:116:57
[INFO] [stdout]   29:     0x55ec61153a2c - rocket::rocket::Rocket<rocket::phase::Build>::ignite::{{closure}}::h6c7c1a10367e101a
[INFO] [stdout]                                at /opt/rustwide/cargo-home/registry/src/github.com-1ecc6299db9ec823/rocket-0.5.0-rc.1/src/rocket.rs:473:45
[INFO] [stdout]   30:     0x55ec6115701d - rocket::rocket::Rocket<P>::local_launch::{{closure}}::h5497283aaf7c3895
[INFO] [stdout]                                at /opt/rustwide/cargo-home/registry/src/github.com-1ecc6299db9ec823/rocket-0.5.0-rc.1/src/rocket.rs:790:56
[INFO] [stdout]   31:     0x55ec610b01aa - rocket::local::asynchronous::client::Client::_new::{{closure}}::h56bcc7a5cb1180c9
[INFO] [stdout]                                at /opt/rustwide/cargo-home/registry/src/github.com-1ecc6299db9ec823/rocket-0.5.0-rc.1/src/local/asynchronous/client.rs:61:43
[INFO] [stdout]   32:     0x55ec60a6239a - rocket::local::asynchronous::client::Client::tracked::{{closure}}::hcd7454d3384aa7d9
[INFO] [stdout]                                at /opt/rustwide/cargo-home/registry/src/github.com-1ecc6299db9ec823/rocket-0.5.0-rc.1/src/local/client.rs:71:9
[INFO] [stdout]   33:     0x55ec60a666ad - todo::tests::test_many_insertions::{{closure}}::hc27d0eb2368995a1
[INFO] [stdout]                                at /opt/rustwide/workdir/src/tests.rs:18:59
[INFO] [stdout]   34:     0x55ec60a2e784 - tokio::park::thread::CachedParkThread::block_on::{{closure}}::h0c30326c3721a218
[INFO] [stdout]                                at /opt/rustwide/cargo-home/registry/src/github.com-1ecc6299db9ec823/tokio-1.7.1/src/park/thread.rs:263:54
[INFO] [stdout]   35:     0x55ec60a37670 - tokio::coop::with_budget::{{closure}}::ha95bc5211665b781
[INFO] [stdout]                                at /opt/rustwide/cargo-home/registry/src/github.com-1ecc6299db9ec823/tokio-1.7.1/src/coop.rs:106:9
[INFO] [stdout]   36:     0x55ec60a9bd64 - std::thread::local::LocalKey<T>::try_with::h52617fc235371085
[INFO] [stdout]                                at /rustc/84c898d65adf2f39a5a98507f1fe0ce10a2b8dbc/library/std/src/thread/local.rs:446:16
[INFO] [stdout]   37:     0x55ec60a9b7ba - std::thread::local::LocalKey<T>::with::hfa3b02ac1e8a62da
[INFO] [stdout]                                at /rustc/84c898d65adf2f39a5a98507f1fe0ce10a2b8dbc/library/std/src/thread/local.rs:422:9
[INFO] [stdout]   38:     0x55ec60a2b9e9 - tokio::coop::with_budget::h4d534c524ad2d53b
[INFO] [stdout]                                at /opt/rustwide/cargo-home/registry/src/github.com-1ecc6299db9ec823/tokio-1.7.1/src/coop.rs:99:5
[INFO] [stdout]   39:     0x55ec60a2b9e9 - tokio::coop::budget::hd95809ed585607b1
[INFO] [stdout]                                at /opt/rustwide/cargo-home/registry/src/github.com-1ecc6299db9ec823/tokio-1.7.1/src/coop.rs:76:5
[INFO] [stdout]   40:     0x55ec60a2b9e9 - tokio::park::thread::CachedParkThread::block_on::h8106d2cbbc139b0d
[INFO] [stdout]                                at /opt/rustwide/cargo-home/registry/src/github.com-1ecc6299db9ec823/tokio-1.7.1/src/park/thread.rs:263:31
[INFO] [stdout]   41:     0x55ec60a5f646 - tokio::runtime::enter::Enter::block_on::h3610c246781ed5e0
[INFO] [stdout]                                at /opt/rustwide/cargo-home/registry/src/github.com-1ecc6299db9ec823/tokio-1.7.1/src/runtime/enter.rs:151:13
[INFO] [stdout]   42:     0x55ec60a22bd2 - tokio::runtime::thread_pool::ThreadPool::block_on::hd20b4dfd5291558f
[INFO] [stdout]                                at /opt/rustwide/cargo-home/registry/src/github.com-1ecc6299db9ec823/tokio-1.7.1/src/runtime/thread_pool/mod.rs:71:9
[INFO] [stdout]   43:     0x55ec60a51b84 - tokio::runtime::Runtime::block_on::h36e08876f8ffc3d1
[INFO] [stdout]                                at /opt/rustwide/cargo-home/registry/src/github.com-1ecc6299db9ec823/tokio-1.7.1/src/runtime/mod.rs:452:43
[INFO] [stdout]   44:     0x55ec60a4267c - rocket::async_test::ha000f0f643eb1921
[INFO] [stdout]                                at /opt/rustwide/cargo-home/registry/src/github.com-1ecc6299db9ec823/rocket-0.5.0-rc.1/src/lib.rs:210:5
[INFO] [stdout]   45:     0x55ec60a662f4 - todo::tests::test_many_insertions::ha425f9e9c54e0e1d
[INFO] [stdout]                                at /opt/rustwide/workdir/src/tests.rs:99:5
[INFO] [stdout]   46:     0x55ec60a66267 - todo::tests::test_many_insertions::{{closure}}::h45282261384bec68
[INFO] [stdout]                                at /opt/rustwide/workdir/src/tests.rs:96:27
[INFO] [stdout]   47:     0x55ec609cf595 - core::ops::function::FnOnce::call_once::he27db86b6eb6e23e
[INFO] [stdout]                                at /rustc/84c898d65adf2f39a5a98507f1fe0ce10a2b8dbc/library/core/src/ops/function.rs:250:5
[INFO] [stdout]   48:     0x55ec60ad327f - core::ops::function::FnOnce::call_once::h7d969581be7d0075
[INFO] [stdout]                                at /rustc/84c898d65adf2f39a5a98507f1fe0ce10a2b8dbc/library/core/src/ops/function.rs:250:5
[INFO] [stdout]   49:     0x55ec60ad327f - test::__rust_begin_short_backtrace::hca25a52684e56655
[INFO] [stdout]                                at /rustc/84c898d65adf2f39a5a98507f1fe0ce10a2b8dbc/library/test/src/lib.rs:656:18
[INFO] [stdout]   50:     0x55ec60aa489c - test::run_test::{{closure}}::ha8ac744c4af1a4bb
[INFO] [stdout]                                at /rustc/84c898d65adf2f39a5a98507f1fe0ce10a2b8dbc/library/test/src/lib.rs:647:30
[INFO] [stdout]   51:     0x55ec60aa489c - core::ops::function::FnOnce::call_once{{vtable.shim}}::h7b411a9ed45bdecf
[INFO] [stdout]                                at /rustc/84c898d65adf2f39a5a98507f1fe0ce10a2b8dbc/library/core/src/ops/function.rs:250:5
[INFO] [stdout]   52:     0x55ec60ad2246 - <alloc::boxed::Box<F,A> as core::ops::function::FnOnce<Args>>::call_once::hd05328869a8ed200
[INFO] [stdout]                                at /rustc/84c898d65adf2f39a5a98507f1fe0ce10a2b8dbc/library/alloc/src/boxed.rs:1987:9
[INFO] [stdout]   53:     0x55ec60ad2246 - <core::panic::unwind_safe::AssertUnwindSafe<F> as core::ops::function::FnOnce<()>>::call_once::h0c601ce20bd5b2be
[INFO] [stdout]                                at /rustc/84c898d65adf2f39a5a98507f1fe0ce10a2b8dbc/library/core/src/panic/unwind_safe.rs:271:9
[INFO] [stdout]   54:     0x55ec60ad2246 - std::panicking::try::do_call::ha4be5c164fe30854
[INFO] [stdout]                                at /rustc/84c898d65adf2f39a5a98507f1fe0ce10a2b8dbc/library/std/src/panicking.rs:487:40
[INFO] [stdout]   55:     0x55ec60ad2246 - std::panicking::try::h604546f3609af05f
[INFO] [stdout]                                at /rustc/84c898d65adf2f39a5a98507f1fe0ce10a2b8dbc/library/std/src/panicking.rs:451:19
[INFO] [stdout]   56:     0x55ec60ad2246 - std::panic::catch_unwind::h5bfa8afe44c9c2f9
[INFO] [stdout]                                at /rustc/84c898d65adf2f39a5a98507f1fe0ce10a2b8dbc/library/std/src/panic.rs:140:14
[INFO] [stdout]   57:     0x55ec60ad2246 - test::run_test_in_process::hd50dee55dd63e6aa
[INFO] [stdout]                                at /rustc/84c898d65adf2f39a5a98507f1fe0ce10a2b8dbc/library/test/src/lib.rs:679:27
[INFO] [stdout]   58:     0x55ec60ad2246 - test::run_test::run_test_inner::{{closure}}::h4aa0f433aa85cea8
[INFO] [stdout]                                at /rustc/84c898d65adf2f39a5a98507f1fe0ce10a2b8dbc/library/test/src/lib.rs:573:39
[INFO] [stdout]   59:     0x55ec60a9ef11 - test::run_test::run_test_inner::{{closure}}::had56431adf24b4d6
[INFO] [stdout]                                at /rustc/84c898d65adf2f39a5a98507f1fe0ce10a2b8dbc/library/test/src/lib.rs:600:37
[INFO] [stdout]   60:     0x55ec60a9ef11 - std::sys_common::backtrace::__rust_begin_short_backtrace::ha8d9890e0c73bf13
[INFO] [stdout]                                at /rustc/84c898d65adf2f39a5a98507f1fe0ce10a2b8dbc/library/std/src/sys_common/backtrace.rs:134:18
[INFO] [stdout]   61:     0x55ec60aa492b - std::thread::Builder::spawn_unchecked_::{{closure}}::{{closure}}::h251832bcb4a95327
[INFO] [stdout]                                at /rustc/84c898d65adf2f39a5a98507f1fe0ce10a2b8dbc/library/std/src/thread/mod.rs:560:17
[INFO] [stdout]   62:     0x55ec60aa492b - <core::panic::unwind_safe::AssertUnwindSafe<F> as core::ops::function::FnOnce<()>>::call_once::h8fdff598fa414831
[INFO] [stdout]                                at /rustc/84c898d65adf2f39a5a98507f1fe0ce10a2b8dbc/library/core/src/panic/unwind_safe.rs:271:9
[INFO] [stdout]   63:     0x55ec60aa492b - std::panicking::try::do_call::h455dd2f7764a950f
[INFO] [stdout]                                at /rustc/84c898d65adf2f39a5a98507f1fe0ce10a2b8dbc/library/std/src/panicking.rs:487:40
[INFO] [stdout]   64:     0x55ec60aa492b - std::panicking::try::had6f23b7b73ae72a
[INFO] [stdout]                                at /rustc/84c898d65adf2f39a5a98507f1fe0ce10a2b8dbc/library/std/src/panicking.rs:451:19
[INFO] [stdout]   65:     0x55ec60aa492b - std::panic::catch_unwind::ha6a5ca3915b4dad0
[INFO] [stdout]                                at /rustc/84c898d65adf2f39a5a98507f1fe0ce10a2b8dbc/library/std/src/panic.rs:140:14
[INFO] [stdout]   66:     0x55ec60aa492b - std::thread::Builder::spawn_unchecked_::{{closure}}::h883b72ef75da6231
[INFO] [stdout]                                at /rustc/84c898d65adf2f39a5a98507f1fe0ce10a2b8dbc/library/std/src/thread/mod.rs:559:30
[INFO] [stdout]   67:     0x55ec60aa492b - core::ops::function::FnOnce::call_once{{vtable.shim}}::hb7dff73dc8bd2ccb
[INFO] [stdout]                                at /rustc/84c898d65adf2f39a5a98507f1fe0ce10a2b8dbc/library/core/src/ops/function.rs:250:5
[INFO] [stdout]   68:     0x55ec61630d43 - <alloc::boxed::Box<F,A> as core::ops::function::FnOnce<Args>>::call_once::h39990b24eedef2ab
[INFO] [stdout]                                at /rustc/84c898d65adf2f39a5a98507f1fe0ce10a2b8dbc/library/alloc/src/boxed.rs:1987:9
[INFO] [stdout]   69:     0x55ec61630d43 - <alloc::boxed::Box<F,A> as core::ops::function::FnOnce<Args>>::call_once::h01a027258444143b
[INFO] [stdout]                                at /rustc/84c898d65adf2f39a5a98507f1fe0ce10a2b8dbc/library/alloc/src/boxed.rs:1987:9
[INFO] [stdout]   70:     0x55ec61630d43 - std::sys::unix::thread::Thread::new::thread_start::ha4f1cdd9c25884ba
[INFO] [stdout]                                at /rustc/84c898d65adf2f39a5a98507f1fe0ce10a2b8dbc/library/std/src/sys/unix/thread.rs:108:17
[INFO] [stdout]   71:     0x7fca5bbd9b43 - <unknown>
[INFO] [stdout]   72:     0x7fca5bc6abb4 - __clone
[INFO] [stdout]   73:                0x0 - <unknown>
[INFO] [stdout] 
[INFO] [stdout] ---- tests::test_toggle stdout ----
[INFO] [stdout] Error: database pool init error for pool named `sqlite_database`
[INFO] [stdout]    >> timed out waiting for connection: unable to open database file
[INFO] [stdout]    >> missing database fairing for `todo::DbConn`
[INFO] [stdout] thread 'tests::test_toggle' panicked at 'database connection', src/main.rs:107:47
[INFO] [stdout] stack backtrace:
[INFO] [stdout]    0:     0x55ec61629fda - std::backtrace_rs::backtrace::libunwind::trace::ha9053a9a07ca49cb
[INFO] [stdout]                                at /rustc/84c898d65adf2f39a5a98507f1fe0ce10a2b8dbc/library/std/src/../../backtrace/src/backtrace/libunwind.rs:93:5
[INFO] [stdout]    1:     0x55ec61629fda - std::backtrace_rs::backtrace::trace_unsynchronized::h9c2852a457ad564e
[INFO] [stdout]                                at /rustc/84c898d65adf2f39a5a98507f1fe0ce10a2b8dbc/library/std/src/../../backtrace/src/backtrace/mod.rs:66:5
[INFO] [stdout]    2:     0x55ec61629fda - std::sys_common::backtrace::_print_fmt::h457936fbfaa0070f
[INFO] [stdout]                                at /rustc/84c898d65adf2f39a5a98507f1fe0ce10a2b8dbc/library/std/src/sys_common/backtrace.rs:65:5
[INFO] [stdout]    3:     0x55ec61629fda - <std::sys_common::backtrace::_print::DisplayBacktrace as core::fmt::Display>::fmt::h5779d7bf7f70cb0c
[INFO] [stdout]                                at /rustc/84c898d65adf2f39a5a98507f1fe0ce10a2b8dbc/library/std/src/sys_common/backtrace.rs:44:22
[INFO] [stdout]    4:     0x55ec6165341e - core::fmt::write::h5a4baaff1bcd3eb5
[INFO] [stdout]                                at /rustc/84c898d65adf2f39a5a98507f1fe0ce10a2b8dbc/library/core/src/fmt/mod.rs:1232:17
[INFO] [stdout]    5:     0x55ec61626bb5 - std::io::Write::write_fmt::h478f79c628ef31d1
[INFO] [stdout]                                at /rustc/84c898d65adf2f39a5a98507f1fe0ce10a2b8dbc/library/std/src/io/mod.rs:1684:15
[INFO] [stdout]    6:     0x55ec61629da5 - std::sys_common::backtrace::_print::h5fcdc36060f177e8
[INFO] [stdout]                                at /rustc/84c898d65adf2f39a5a98507f1fe0ce10a2b8dbc/library/std/src/sys_common/backtrace.rs:47:5
[INFO] [stdout]    7:     0x55ec61629da5 - std::sys_common::backtrace::print::h54ca9458b876c8bf
[INFO] [stdout]                                at /rustc/84c898d65adf2f39a5a98507f1fe0ce10a2b8dbc/library/std/src/sys_common/backtrace.rs:34:9
[INFO] [stdout]    8:     0x55ec6162bb6f - std::panicking::default_hook::{{closure}}::hbe471161c7664ed6
[INFO] [stdout]                                at /rustc/84c898d65adf2f39a5a98507f1fe0ce10a2b8dbc/library/std/src/panicking.rs:271:22
[INFO] [stdout]    9:     0x55ec6162b82f - std::panicking::default_hook::ha3500da57aa4ac4f
[INFO] [stdout]                                at /rustc/84c898d65adf2f39a5a98507f1fe0ce10a2b8dbc/library/std/src/panicking.rs:287:9
[INFO] [stdout]   10:     0x55ec60acde97 - <alloc::boxed::Box<F,A> as core::ops::function::Fn<Args>>::call::hdf1b89dd137ece34
[INFO] [stdout]                                at /rustc/84c898d65adf2f39a5a98507f1fe0ce10a2b8dbc/library/alloc/src/boxed.rs:2001:9
[INFO] [stdout]   11:     0x55ec60acde97 - test::test_main::{{closure}}::h9081a79f20e75698
[INFO] [stdout]                                at /rustc/84c898d65adf2f39a5a98507f1fe0ce10a2b8dbc/library/test/src/lib.rs:135:21
[INFO] [stdout]   12:     0x55ec6162c29d - <alloc::boxed::Box<F,A> as core::ops::function::Fn<Args>>::call::h6507bddc3eebb4a5
[INFO] [stdout]                                at /rustc/84c898d65adf2f39a5a98507f1fe0ce10a2b8dbc/library/alloc/src/boxed.rs:2001:9
[INFO] [stdout]   13:     0x55ec6162c29d - std::panicking::rust_panic_with_hook::h50c09d000dc561d2
[INFO] [stdout]                                at /rustc/84c898d65adf2f39a5a98507f1fe0ce10a2b8dbc/library/std/src/panicking.rs:696:13
[INFO] [stdout]   14:     0x55ec6162c019 - std::panicking::begin_panic_handler::{{closure}}::h9e2b2176e00e0d9c
[INFO] [stdout]                                at /rustc/84c898d65adf2f39a5a98507f1fe0ce10a2b8dbc/library/std/src/panicking.rs:583:13
[INFO] [stdout]   15:     0x55ec6162a446 - std::sys_common::backtrace::__rust_end_short_backtrace::h5739b8e512c09d02
[INFO] [stdout]                                at /rustc/84c898d65adf2f39a5a98507f1fe0ce10a2b8dbc/library/std/src/sys_common/backtrace.rs:150:18
[INFO] [stdout]   16:     0x55ec6162bd22 - rust_begin_unwind
[INFO] [stdout]                                at /rustc/84c898d65adf2f39a5a98507f1fe0ce10a2b8dbc/library/std/src/panicking.rs:579:5
[INFO] [stdout]   17:     0x55ec609be503 - core::panicking::panic_fmt::hf33a1475b4dc5c3e
[INFO] [stdout]                                at /rustc/84c898d65adf2f39a5a98507f1fe0ce10a2b8dbc/library/core/src/panicking.rs:64:14
[INFO] [stdout]   18:     0x55ec61651171 - core::panicking::panic_display::ha103dd28e5023b08
[INFO] [stdout]                                at /rustc/84c898d65adf2f39a5a98507f1fe0ce10a2b8dbc/library/core/src/panicking.rs:147:5
[INFO] [stdout]   19:     0x55ec6165111b - core::panicking::panic_str::h940bf021f492dc8c
[INFO] [stdout]                                at /rustc/84c898d65adf2f39a5a98507f1fe0ce10a2b8dbc/library/core/src/panicking.rs:131:5
[INFO] [stdout]   20:     0x55ec609be4c6 - core::option::expect_failed::h09b982639336e7ea
[INFO] [stdout]                                at /rustc/84c898d65adf2f39a5a98507f1fe0ce10a2b8dbc/library/core/src/option.rs:2045:5
[INFO] [stdout]   21:     0x55ec60a5d7ed - core::option::Option<T>::expect::h17cdd70af567b622
[INFO] [stdout]                                at /rustc/84c898d65adf2f39a5a98507f1fe0ce10a2b8dbc/library/core/src/option.rs:905:21
[INFO] [stdout]   22:     0x55ec60a718f6 - todo::run_migrations::{{closure}}::h934280e5a5e6d710
[INFO] [stdout]                                at /opt/rustwide/workdir/src/main.rs:107:16
[INFO] [stdout]   23:     0x55ec60a57da9 - <futures_util::future::future::map::Map<Fut,F> as core::future::future::Future>::poll::h58b9b31f83df6177
[INFO] [stdout]                                at /opt/rustwide/cargo-home/registry/src/github.com-1ecc6299db9ec823/futures-util-0.3.15/src/future/future/map.rs:55:37
[INFO] [stdout]   24:     0x55ec609f0d01 - <futures_util::future::future::Map<Fut,F> as core::future::future::Future>::poll::hded9f1627f5c8006
[INFO] [stdout]                                at /opt/rustwide/cargo-home/registry/src/github.com-1ecc6299db9ec823/futures-util-0.3.15/src/lib.rs:93:13
[INFO] [stdout]   25:     0x55ec61099b8e - <core::pin::Pin<P> as core::future::future::Future>::poll::he1e01809278ac3c9
[INFO] [stdout]                                at /rustc/84c898d65adf2f39a5a98507f1fe0ce10a2b8dbc/library/core/src/future/future.rs:125:9
[INFO] [stdout]   26:     0x55ec610c3e79 - <rocket::fairing::ad_hoc::AdHoc as rocket::fairing::Fairing>::on_ignite::{{closure}}::h4384bd4efd2471d1
[INFO] [stdout]                                at /opt/rustwide/cargo-home/registry/src/github.com-1ecc6299db9ec823/rocket-0.5.0-rc.1/src/fairing/ad_hoc.rs:239:59
[INFO] [stdout]   27:     0x55ec61099b8e - <core::pin::Pin<P> as core::future::future::Future>::poll::he1e01809278ac3c9
[INFO] [stdout]                                at /rustc/84c898d65adf2f39a5a98507f1fe0ce10a2b8dbc/library/core/src/future/future.rs:125:9
[INFO] [stdout]   28:     0x55ec610b2d35 - rocket::fairing::fairings::Fairings::handle_ignite::{{closure}}::he9702019eb3fca1c
[INFO] [stdout]                                at /opt/rustwide/cargo-home/registry/src/github.com-1ecc6299db9ec823/rocket-0.5.0-rc.1/src/fairing/fairings.rs:116:57
[INFO] [stdout]   29:     0x55ec61153a2c - rocket::rocket::Rocket<rocket::phase::Build>::ignite::{{closure}}::h6c7c1a10367e101a
[INFO] [stdout]                                at /opt/rustwide/cargo-home/registry/src/github.com-1ecc6299db9ec823/rocket-0.5.0-rc.1/src/rocket.rs:473:45
[INFO] [stdout]   30:     0x55ec6115701d - rocket::rocket::Rocket<P>::local_launch::{{closure}}::h5497283aaf7c3895
[INFO] [stdout]                                at /opt/rustwide/cargo-home/registry/src/github.com-1ecc6299db9ec823/rocket-0.5.0-rc.1/src/rocket.rs:790:56
[INFO] [stdout]   31:     0x55ec610b01aa - rocket::local::asynchronous::client::Client::_new::{{closure}}::h56bcc7a5cb1180c9
[INFO] [stdout]                                at /opt/rustwide/cargo-home/registry/src/github.com-1ecc6299db9ec823/rocket-0.5.0-rc.1/src/local/asynchronous/client.rs:61:43
[INFO] [stdout]   32:     0x55ec60a6239a - rocket::local::asynchronous::client::Client::tracked::{{closure}}::hcd7454d3384aa7d9
[INFO] [stdout]                                at /opt/rustwide/cargo-home/registry/src/github.com-1ecc6299db9ec823/rocket-0.5.0-rc.1/src/local/client.rs:71:9
[INFO] [stdout]   33:     0x55ec60a64e9e - todo::tests::test_toggle::{{closure}}::hfb3411f82259755d
[INFO] [stdout]                                at /opt/rustwide/workdir/src/tests.rs:18:59
[INFO] [stdout]   34:     0x55ec60a2e7c4 - tokio::park::thread::CachedParkThread::block_on::{{closure}}::h2149df4e90b57eae
[INFO] [stdout]                                at /opt/rustwide/cargo-home/registry/src/github.com-1ecc6299db9ec823/tokio-1.7.1/src/park/thread.rs:263:54
[INFO] [stdout]   35:     0x55ec60a37410 - tokio::coop::with_budget::{{closure}}::h9ec2de8e34a42351
[INFO] [stdout]                                at /opt/rustwide/cargo-home/registry/src/github.com-1ecc6299db9ec823/tokio-1.7.1/src/coop.rs:106:9
[INFO] [stdout]   36:     0x55ec60a9c884 - std::thread::local::LocalKey<T>::try_with::h6f8584e11bde53c0
[INFO] [stdout]                                at /rustc/84c898d65adf2f39a5a98507f1fe0ce10a2b8dbc/library/std/src/thread/local.rs:446:16
[INFO] [stdout]   37:     0x55ec60a9b29a - std::thread::local::LocalKey<T>::with::h13e1853bbbeca831
[INFO] [stdout]                                at /rustc/84c898d65adf2f39a5a98507f1fe0ce10a2b8dbc/library/std/src/thread/local.rs:422:9
[INFO] [stdout]   38:     0x55ec60a2dce9 - tokio::coop::with_budget::haba9169c8760db2b
[INFO] [stdout]                                at /opt/rustwide/cargo-home/registry/src/github.com-1ecc6299db9ec823/tokio-1.7.1/src/coop.rs:99:5
[INFO] [stdout]   39:     0x55ec60a2dce9 - tokio::coop::budget::h249efb28ac7669fc
[INFO] [stdout]                                at /opt/rustwide/cargo-home/registry/src/github.com-1ecc6299db9ec823/tokio-1.7.1/src/coop.rs:76:5
[INFO] [stdout]   40:     0x55ec60a2dce9 - tokio::park::thread::CachedParkThread::block_on::hc35770d3267d262c
[INFO] [stdout]                                at /opt/rustwide/cargo-home/registry/src/github.com-1ecc6299db9ec823/tokio-1.7.1/src/park/thread.rs:263:31
[INFO] [stdout]   41:     0x55ec60a5fef6 - tokio::runtime::enter::Enter::block_on::hd0c43b0f21676cdb
[INFO] [stdout]                                at /opt/rustwide/cargo-home/registry/src/github.com-1ecc6299db9ec823/tokio-1.7.1/src/runtime/enter.rs:151:13
[INFO] [stdout]   42:     0x55ec60a22a92 - tokio::runtime::thread_pool::ThreadPool::block_on::hae2b9ecc6cc4347c
[INFO] [stdout]                                at /opt/rustwide/cargo-home/registry/src/github.com-1ecc6299db9ec823/tokio-1.7.1/src/runtime/thread_pool/mod.rs:71:9
[INFO] [stdout]   43:     0x55ec60a519f4 - tokio::runtime::Runtime::block_on::h03ec2dd38f333bd3
[INFO] [stdout]                                at /opt/rustwide/cargo-home/registry/src/github.com-1ecc6299db9ec823/tokio-1.7.1/src/runtime/mod.rs:452:43
[INFO] [stdout]   44:     0x55ec60a422bc - rocket::async_test::h6e7fe611a6745879
[INFO] [stdout]                                at /opt/rustwide/cargo-home/registry/src/github.com-1ecc6299db9ec823/rocket-0.5.0-rc.1/src/lib.rs:210:5
[INFO] [stdout]   45:     0x55ec60a64a24 - todo::tests::test_toggle::h2b3163224ab71dba
[INFO] [stdout]                                at /opt/rustwide/workdir/src/tests.rs:74:5
[INFO] [stdout]   46:     0x55ec60a64997 - todo::tests::test_toggle::{{closure}}::hdcd43140b57315c7
[INFO] [stdout]                                at /opt/rustwide/workdir/src/tests.rs:73:18
[INFO] [stdout]   47:     0x55ec609cf245 - core::ops::function::FnOnce::call_once::haba653e52295d5ef
[INFO] [stdout]                                at /rustc/84c898d65adf2f39a5a98507f1fe0ce10a2b8dbc/library/core/src/ops/function.rs:250:5
[INFO] [stdout]   48:     0x55ec60ad327f - core::ops::function::FnOnce::call_once::h7d969581be7d0075
[INFO] [stdout]                                at /rustc/84c898d65adf2f39a5a98507f1fe0ce10a2b8dbc/library/core/src/ops/function.rs:250:5
[INFO] [stdout]   49:     0x55ec60ad327f - test::__rust_begin_short_backtrace::hca25a52684e56655
[INFO] [stdout]                                at /rustc/84c898d65adf2f39a5a98507f1fe0ce10a2b8dbc/library/test/src/lib.rs:656:18
[INFO] [stdout]   50:     0x55ec60aa489c - test::run_test::{{closure}}::ha8ac744c4af1a4bb
[INFO] [stdout]                                at /rustc/84c898d65adf2f39a5a98507f1fe0ce10a2b8dbc/library/test/src/lib.rs:647:30
[INFO] [stdout]   51:     0x55ec60aa489c - core::ops::function::FnOnce::call_once{{vtable.shim}}::h7b411a9ed45bdecf
[INFO] [stdout]                                at /rustc/84c898d65adf2f39a5a98507f1fe0ce10a2b8dbc/library/core/src/ops/function.rs:250:5
[INFO] [stdout]   52:     0x55ec60ad2246 - <alloc::boxed::Box<F,A> as core::ops::function::FnOnce<Args>>::call_once::hd05328869a8ed200
[INFO] [stdout]                                at /rustc/84c898d65adf2f39a5a98507f1fe0ce10a2b8dbc/library/alloc/src/boxed.rs:1987:9
[INFO] [stdout]   53:     0x55ec60ad2246 - <core::panic::unwind_safe::AssertUnwindSafe<F> as core::ops::function::FnOnce<()>>::call_once::h0c601ce20bd5b2be
[INFO] [stdout]                                at /rustc/84c898d65adf2f39a5a98507f1fe0ce10a2b8dbc/library/core/src/panic/unwind_safe.rs:271:9
[INFO] [stdout]   54:     0x55ec60ad2246 - std::panicking::try::do_call::ha4be5c164fe30854
[INFO] [stdout]                                at /rustc/84c898d65adf2f39a5a98507f1fe0ce10a2b8dbc/library/std/src/panicking.rs:487:40
[INFO] [stdout]   55:     0x55ec60ad2246 - std::panicking::try::h604546f3609af05f
[INFO] [stdout]                                at /rustc/84c898d65adf2f39a5a98507f1fe0ce10a2b8dbc/library/std/src/panicking.rs:451:19
[INFO] [stdout]   56:     0x55ec60ad2246 - std::panic::catch_unwind::h5bfa8afe44c9c2f9
[INFO] [stdout]                                at /rustc/84c898d65adf2f39a5a98507f1fe0ce10a2b8dbc/library/std/src/panic.rs:140:14
[INFO] [stdout]   57:     0x55ec60ad2246 - test::run_test_in_process::hd50dee55dd63e6aa
[INFO] [stdout]                                at /rustc/84c898d65adf2f39a5a98507f1fe0ce10a2b8dbc/library/test/src/lib.rs:679:27
[INFO] [stdout]   58:     0x55ec60ad2246 - test::run_test::run_test_inner::{{closure}}::h4aa0f433aa85cea8
[INFO] [stdout]                                at /rustc/84c898d65adf2f39a5a98507f1fe0ce10a2b8dbc/library/test/src/lib.rs:573:39
[INFO] [stdout]   59:     0x55ec60a9ef11 - test::run_test::run_test_inner::{{closure}}::had56431adf24b4d6
[INFO] [stdout]                                at /rustc/84c898d65adf2f39a5a98507f1fe0ce10a2b8dbc/library/test/src/lib.rs:600:37
[INFO] [stdout]   60:     0x55ec60a9ef11 - std::sys_common::backtrace::__rust_begin_short_backtrace::ha8d9890e0c73bf13
[INFO] [stdout]                                at /rustc/84c898d65adf2f39a5a98507f1fe0ce10a2b8dbc/library/std/src/sys_common/backtrace.rs:134:18
[INFO] [stdout]   61:     0x55ec60aa492b - std::thread::Builder::spawn_unchecked_::{{closure}}::{{closure}}::h251832bcb4a95327
[INFO] [stdout]                                at /rustc/84c898d65adf2f39a5a98507f1fe0ce10a2b8dbc/library/std/src/thread/mod.rs:560:17
[INFO] [stdout]   62:     0x55ec60aa492b - <core::panic::unwind_safe::AssertUnwindSafe<F> as core::ops::function::FnOnce<()>>::call_once::h8fdff598fa414831
[INFO] [stdout]                                at /rustc/84c898d65adf2f39a5a98507f1fe0ce10a2b8dbc/library/core/src/panic/unwind_safe.rs:271:9
[INFO] [stdout]   63:     0x55ec60aa492b - std::panicking::try::do_call::h455dd2f7764a950f
[INFO] [stdout]                                at /rustc/84c898d65adf2f39a5a98507f1fe0ce10a2b8dbc/library/std/src/panicking.rs:487:40
[INFO] [stdout]   64:     0x55ec60aa492b - std::panicking::try::had6f23b7b73ae72a
[INFO] [stdout]                                at /rustc/84c898d65adf2f39a5a98507f1fe0ce10a2b8dbc/library/std/src/panicking.rs:451:19
[INFO] [stdout]   65:     0x55ec60aa492b - std::panic::catch_unwind::ha6a5ca3915b4dad0
[INFO] [stdout]                                at /rustc/84c898d65adf2f39a5a98507f1fe0ce10a2b8dbc/library/std/src/panic.rs:140:14
[INFO] [stdout]   66:     0x55ec60aa492b - std::thread::Builder::spawn_unchecked_::{{closure}}::h883b72ef75da6231
[INFO] [stdout]                                at /rustc/84c898d65adf2f39a5a98507f1fe0ce10a2b8dbc/library/std/src/thread/mod.rs:559:30
[INFO] [stdout]   67:     0x55ec60aa492b - core::ops::function::FnOnce::call_once{{vtable.shim}}::hb7dff73dc8bd2ccb
[INFO] [stdout]                                at /rustc/84c898d65adf2f39a5a98507f1fe0ce10a2b8dbc/library/core/src/ops/function.rs:250:5
[INFO] [stdout]   68:     0x55ec61630d43 - <alloc::boxed::Box<F,A> as core::ops::function::FnOnce<Args>>::call_once::h39990b24eedef2ab
[INFO] [stdout]                                at /rustc/84c898d65adf2f39a5a98507f1fe0ce10a2b8dbc/library/alloc/src/boxed.rs:1987:9
[INFO] [stdout]   69:     0x55ec61630d43 - <alloc::boxed::Box<F,A> as core::ops::function::FnOnce<Args>>::call_once::h01a027258444143b
[INFO] [stdout]                                at /rustc/84c898d65adf2f39a5a98507f1fe0ce10a2b8dbc/library/alloc/src/boxed.rs:1987:9
[INFO] [stdout]   70:     0x55ec61630d43 - std::sys::unix::thread::Thread::new::thread_start::ha4f1cdd9c25884ba
[INFO] [stdout]                                at /rustc/84c898d65adf2f39a5a98507f1fe0ce10a2b8dbc/library/std/src/sys/unix/thread.rs:108:17
[INFO] [stdout]   71:     0x7fca5bbd9b43 - <unknown>
[INFO] [stdout]   72:     0x7fca5bc6abb4 - __clone
[INFO] [stdout]   73:                0x0 - <unknown>
[INFO] [stdout] 
[INFO] [stdout] 
[INFO] [stdout] failures:
[INFO] [stdout]     tests::test_bad_form_submissions
[INFO] [stdout]     tests::test_index
[INFO] [stdout]     tests::test_insertion_deletion
[INFO] [stdout]     tests::test_many_insertions
[INFO] [stdout]     tests::test_toggle
[INFO] [stdout] 
[INFO] [stdout] test result: FAILED. 0 passed; 5 failed; 0 ignored; 0 measured; 0 filtered out; finished in 150.14s
[INFO] [stdout] 
[INFO] [stderr] error: test failed, to rerun pass `--bin todo`
[INFO] running `Command { std: "docker" "inspect" "e7d33af5d7496d71e91fc8d8993043fdcd7ff276f6a2bc831e65a86c2cc8ca06", kill_on_drop: false }`
[INFO] running `Command { std: "docker" "rm" "-f" "e7d33af5d7496d71e91fc8d8993043fdcd7ff276f6a2bc831e65a86c2cc8ca06", kill_on_drop: false }`
[INFO] [stdout] e7d33af5d7496d71e91fc8d8993043fdcd7ff276f6a2bc831e65a86c2cc8ca06
