[INFO] cloning repository https://github.com/wfraser/rsbrowse
[INFO] running `Command { std: "git" "-c" "credential.helper=" "-c" "credential.helper=/workspace/cargo-home/bin/git-credential-null" "clone" "--bare" "https://github.com/wfraser/rsbrowse" "/workspace/cache/git-repos/https%3A%2F%2Fgithub.com%2Fwfraser%2Frsbrowse", kill_on_drop: false }`
[INFO] [stderr] Cloning into bare repository '/workspace/cache/git-repos/https%3A%2F%2Fgithub.com%2Fwfraser%2Frsbrowse'...
[INFO] running `Command { std: "git" "rev-parse" "HEAD", kill_on_drop: false }`
[INFO] [stdout] a72332c6dbfb4f8c5b52f1480f6b745cf21d2579
[INFO] testing wfraser/rsbrowse against beta-2023-04-20 for beta-1.70-1
[INFO] running `Command { std: "git" "clone" "/workspace/cache/git-repos/https%3A%2F%2Fgithub.com%2Fwfraser%2Frsbrowse" "/workspace/builds/worker-3-tc2/source", kill_on_drop: false }`
[INFO] [stderr] Cloning into '/workspace/builds/worker-3-tc2/source'...
[INFO] [stderr] done.
[INFO] validating manifest of git repo https://github.com/wfraser/rsbrowse on toolchain beta-2023-04-20
[INFO] running `Command { std: CARGO_HOME="/workspace/cargo-home" RUSTUP_HOME="/workspace/rustup-home" "/workspace/cargo-home/bin/cargo" "+beta-2023-04-20" "metadata" "--manifest-path" "Cargo.toml" "--no-deps", kill_on_drop: false }`
[INFO] started tweaking git repo https://github.com/wfraser/rsbrowse
[INFO] finished tweaking git repo https://github.com/wfraser/rsbrowse
[INFO] tweaked toml for git repo https://github.com/wfraser/rsbrowse written to /workspace/builds/worker-3-tc2/source/Cargo.toml
[INFO] crate git repo https://github.com/wfraser/rsbrowse already has a lockfile, it will not be regenerated
[INFO] running `Command { std: CARGO_HOME="/workspace/cargo-home" RUSTUP_HOME="/workspace/rustup-home" "/workspace/cargo-home/bin/cargo" "+beta-2023-04-20" "fetch" "--manifest-path" "Cargo.toml", kill_on_drop: false }`
[INFO] [stderr]     Updating crates.io index
[INFO] [stderr]  Downloading crates ...
[INFO] [stderr]   Downloaded rls-span v0.5.4
[INFO] [stderr]   Downloaded pancurses v0.17.0
[INFO] [stderr]   Downloaded cursive_core v0.3.7
[INFO] [stderr]   Downloaded pdcurses-sys v0.7.1
[INFO] [stderr]   Downloaded fst v0.4.7
[INFO] [stderr]   Downloaded cursive v0.20.0
[INFO] [stderr]   Downloaded rls-analysis v0.18.3
[INFO] [stderr]   Downloaded rls-data v0.19.1
[INFO] running `Command { std: "docker" "create" "-v" "/var/lib/crater-agent-workspace/builds/worker-3-tc2/target:/opt/rustwide/target:rw,Z" "-v" "/var/lib/crater-agent-workspace/builds/worker-3-tc2/source:/opt/rustwide/workdir:ro,Z" "-v" "/var/lib/crater-agent-workspace/cargo-home:/opt/rustwide/cargo-home:ro,Z" "-v" "/var/lib/crater-agent-workspace/rustup-home:/opt/rustwide/rustup-home:ro,Z" "-e" "SOURCE_DIR=/opt/rustwide/workdir" "-e" "CARGO_TARGET_DIR=/opt/rustwide/target" "-e" "CARGO_HOME=/opt/rustwide/cargo-home" "-e" "RUSTUP_HOME=/opt/rustwide/rustup-home" "-w" "/opt/rustwide/workdir" "-m" "1610612736" "--user" "0:0" "--network" "none" "ghcr.io/rust-lang/crates-build-env/linux@sha256:5ff2268d62e97bff2cde7d5815dd6ed5b47097566f13b8d0ca110b04b60e07ed" "/opt/rustwide/cargo-home/bin/cargo" "+beta-2023-04-20" "metadata" "--no-deps" "--format-version=1", kill_on_drop: false }`
[INFO] [stdout] efd5b255dc0ec4a28f2684ceea929c7841846fe0a64f0e877b8089bff3175277
[INFO] running `Command { std: "docker" "start" "-a" "efd5b255dc0ec4a28f2684ceea929c7841846fe0a64f0e877b8089bff3175277", kill_on_drop: false }`
[INFO] running `Command { std: "docker" "inspect" "efd5b255dc0ec4a28f2684ceea929c7841846fe0a64f0e877b8089bff3175277", kill_on_drop: false }`
[INFO] running `Command { std: "docker" "rm" "-f" "efd5b255dc0ec4a28f2684ceea929c7841846fe0a64f0e877b8089bff3175277", kill_on_drop: false }`
[INFO] [stdout] efd5b255dc0ec4a28f2684ceea929c7841846fe0a64f0e877b8089bff3175277
[INFO] running `Command { std: "docker" "create" "-v" "/var/lib/crater-agent-workspace/builds/worker-3-tc2/target:/opt/rustwide/target:rw,Z" "-v" "/var/lib/crater-agent-workspace/builds/worker-3-tc2/source:/opt/rustwide/workdir:ro,Z" "-v" "/var/lib/crater-agent-workspace/cargo-home:/opt/rustwide/cargo-home:ro,Z" "-v" "/var/lib/crater-agent-workspace/rustup-home:/opt/rustwide/rustup-home:ro,Z" "-e" "SOURCE_DIR=/opt/rustwide/workdir" "-e" "CARGO_TARGET_DIR=/opt/rustwide/target" "-e" "CARGO_INCREMENTAL=0" "-e" "RUST_BACKTRACE=full" "-e" "RUSTFLAGS=--cap-lints=warn" "-e" "RUSTDOCFLAGS=--cap-lints=warn" "-e" "CARGO_HOME=/opt/rustwide/cargo-home" "-e" "RUSTUP_HOME=/opt/rustwide/rustup-home" "-w" "/opt/rustwide/workdir" "-m" "1610612736" "--user" "0:0" "--network" "none" "ghcr.io/rust-lang/crates-build-env/linux@sha256:5ff2268d62e97bff2cde7d5815dd6ed5b47097566f13b8d0ca110b04b60e07ed" "/opt/rustwide/cargo-home/bin/cargo" "+beta-2023-04-20" "build" "--frozen" "--message-format=json", kill_on_drop: false }`
[INFO] [stdout] 723020e55426207a55dff42e1695e5c99a2ae6520253ef5a4bf616bee8b55cc8
[INFO] running `Command { std: "docker" "start" "-a" "723020e55426207a55dff42e1695e5c99a2ae6520253ef5a4bf616bee8b55cc8", kill_on_drop: false }`
[INFO] [stderr]    Compiling proc-macro2 v1.0.56
[INFO] [stderr]    Compiling quote v1.0.26
[INFO] [stderr]    Compiling unicode-ident v1.0.8
[INFO] [stderr]    Compiling autocfg v1.1.0
[INFO] [stderr]    Compiling syn v1.0.109
[INFO] [stderr]    Compiling libc v0.2.142
[INFO] [stderr]    Compiling cfg-if v1.0.0
[INFO] [stderr]    Compiling serde_derive v1.0.160
[INFO] [stderr]    Compiling ident_case v1.0.1
[INFO] [stderr]    Compiling fnv v1.0.7
[INFO] [stderr]    Compiling log v0.4.17
[INFO] [stderr]    Compiling serde v1.0.160
[INFO] [stderr]    Compiling cc v1.0.79
[INFO] [stderr]    Compiling version_check v0.9.4
[INFO] [stderr]    Compiling pkg-config v0.3.26
[INFO] [stderr]    Compiling num-traits v0.2.15
[INFO] [stderr]    Compiling num-integer v0.1.45
[INFO] [stderr]    Compiling num-rational v0.4.1
[INFO] [stderr]    Compiling num-iter v0.1.43
[INFO] [stderr]    Compiling crossbeam-utils v0.8.15
[INFO] [stderr]    Compiling itoa v1.0.6
[INFO] [stderr]    Compiling syn v2.0.15
[INFO] [stderr]    Compiling ahash v0.8.3
[INFO] [stderr]    Compiling getrandom v0.2.9
[INFO] [stderr]    Compiling ncurses v5.101.0
[INFO] [stderr]    Compiling fst v0.4.7
[INFO] [stderr]    Compiling serde_json v1.0.96
[INFO] [stderr]    Compiling num_threads v0.1.6
[INFO] [stderr]    Compiling once_cell v1.17.1
[INFO] [stderr]    Compiling num-complex v0.4.3
[INFO] [stderr]    Compiling time-core v0.1.0
[INFO] [stderr]    Compiling signal-hook v0.3.15
[INFO] [stderr]    Compiling stable_deref_trait v1.2.0
[INFO] [stderr]    Compiling time v0.3.20
[INFO] [stderr]    Compiling owning_ref v0.4.1
[INFO] [stderr]    Compiling crossbeam-channel v0.5.8
[INFO] [stderr]    Compiling signal-hook-registry v1.4.1
[INFO] [stderr]    Compiling xi-unicode v0.3.0
[INFO] [stderr]    Compiling num v0.4.0
[INFO] [stderr]    Compiling either v1.8.1
[INFO] [stderr]    Compiling ryu v1.0.13
[INFO] [stderr]    Compiling unicode-width v0.1.10
[INFO] [stderr]    Compiling unicode-segmentation v1.10.1
[INFO] [stderr]    Compiling lazy_static v1.4.0
[INFO] [stderr]    Compiling itertools v0.10.5
[INFO] [stderr]    Compiling pancurses v0.17.0
[INFO] [stderr]    Compiling term_size v0.3.2
[INFO] [stderr]    Compiling maplit v1.0.2
[INFO] [stderr]    Compiling json v0.12.4
[INFO] [stderr]    Compiling rsbrowse v0.1.1 (/opt/rustwide/workdir)
[INFO] [stderr]    Compiling darling_core v0.14.4
[INFO] [stderr]    Compiling enum-map-derive v0.11.0
[INFO] [stderr]    Compiling derive-new v0.5.9
[INFO] [stderr]    Compiling enum-map v2.5.0
[INFO] [stderr]    Compiling darling_macro v0.14.4
[INFO] [stderr]    Compiling darling v0.14.4
[INFO] [stderr]    Compiling enumset_derive v0.6.1
[INFO] [stderr]    Compiling enumset v1.0.12
[INFO] [stderr]    Compiling cursive_core v0.3.7
[INFO] [stderr]    Compiling rls-span v0.5.4
[INFO] [stderr]    Compiling cursive v0.20.0
[INFO] [stderr]    Compiling rls-data v0.19.1
[INFO] [stderr]    Compiling rls-analysis v0.18.3
[INFO] [stderr]     Finished dev [unoptimized + debuginfo] target(s) in 23.35s
[INFO] running `Command { std: "docker" "inspect" "723020e55426207a55dff42e1695e5c99a2ae6520253ef5a4bf616bee8b55cc8", kill_on_drop: false }`
[INFO] running `Command { std: "docker" "rm" "-f" "723020e55426207a55dff42e1695e5c99a2ae6520253ef5a4bf616bee8b55cc8", kill_on_drop: false }`
[INFO] [stdout] 723020e55426207a55dff42e1695e5c99a2ae6520253ef5a4bf616bee8b55cc8
[INFO] running `Command { std: "docker" "create" "-v" "/var/lib/crater-agent-workspace/builds/worker-3-tc2/target:/opt/rustwide/target:rw,Z" "-v" "/var/lib/crater-agent-workspace/builds/worker-3-tc2/source:/opt/rustwide/workdir:ro,Z" "-v" "/var/lib/crater-agent-workspace/cargo-home:/opt/rustwide/cargo-home:ro,Z" "-v" "/var/lib/crater-agent-workspace/rustup-home:/opt/rustwide/rustup-home:ro,Z" "-e" "SOURCE_DIR=/opt/rustwide/workdir" "-e" "CARGO_TARGET_DIR=/opt/rustwide/target" "-e" "CARGO_INCREMENTAL=0" "-e" "RUST_BACKTRACE=full" "-e" "RUSTFLAGS=--cap-lints=warn" "-e" "RUSTDOCFLAGS=--cap-lints=warn" "-e" "CARGO_HOME=/opt/rustwide/cargo-home" "-e" "RUSTUP_HOME=/opt/rustwide/rustup-home" "-w" "/opt/rustwide/workdir" "-m" "1610612736" "--user" "0:0" "--network" "none" "ghcr.io/rust-lang/crates-build-env/linux@sha256:5ff2268d62e97bff2cde7d5815dd6ed5b47097566f13b8d0ca110b04b60e07ed" "/opt/rustwide/cargo-home/bin/cargo" "+beta-2023-04-20" "test" "--frozen" "--no-run" "--message-format=json", kill_on_drop: false }`
[INFO] [stdout] 94fc189af1e9807650b9248ce0130a9469999970b59722cd6f96f77762e4ee60
[INFO] running `Command { std: "docker" "start" "-a" "94fc189af1e9807650b9248ce0130a9469999970b59722cd6f96f77762e4ee60", kill_on_drop: false }`
[INFO] [stderr]    Compiling rsbrowse v0.1.1 (/opt/rustwide/workdir)
[INFO] [stderr]     Finished test [unoptimized + debuginfo] target(s) in 1.92s
[INFO] running `Command { std: "docker" "inspect" "94fc189af1e9807650b9248ce0130a9469999970b59722cd6f96f77762e4ee60", kill_on_drop: false }`
[INFO] running `Command { std: "docker" "rm" "-f" "94fc189af1e9807650b9248ce0130a9469999970b59722cd6f96f77762e4ee60", kill_on_drop: false }`
[INFO] [stdout] 94fc189af1e9807650b9248ce0130a9469999970b59722cd6f96f77762e4ee60
[INFO] running `Command { std: "docker" "create" "-v" "/var/lib/crater-agent-workspace/builds/worker-3-tc2/target:/opt/rustwide/target:rw,Z" "-v" "/var/lib/crater-agent-workspace/builds/worker-3-tc2/source:/opt/rustwide/workdir:ro,Z" "-v" "/var/lib/crater-agent-workspace/cargo-home:/opt/rustwide/cargo-home:ro,Z" "-v" "/var/lib/crater-agent-workspace/rustup-home:/opt/rustwide/rustup-home:ro,Z" "-e" "SOURCE_DIR=/opt/rustwide/workdir" "-e" "CARGO_TARGET_DIR=/opt/rustwide/target" "-e" "CARGO_INCREMENTAL=0" "-e" "RUST_BACKTRACE=full" "-e" "RUSTFLAGS=--cap-lints=warn" "-e" "RUSTDOCFLAGS=--cap-lints=warn" "-e" "CARGO_HOME=/opt/rustwide/cargo-home" "-e" "RUSTUP_HOME=/opt/rustwide/rustup-home" "-w" "/opt/rustwide/workdir" "-m" "1610612736" "--user" "0:0" "--network" "none" "ghcr.io/rust-lang/crates-build-env/linux@sha256:5ff2268d62e97bff2cde7d5815dd6ed5b47097566f13b8d0ca110b04b60e07ed" "/opt/rustwide/cargo-home/bin/cargo" "+beta-2023-04-20" "test" "--frozen", kill_on_drop: false }`
[INFO] [stdout] 4e7917ca88741173ef259e9c46e5109e697cff24a6c34dbd0b215b6a9259439c
[INFO] running `Command { std: "docker" "start" "-a" "4e7917ca88741173ef259e9c46e5109e697cff24a6c34dbd0b215b6a9259439c", kill_on_drop: false }`
[INFO] [stderr]     Finished test [unoptimized + debuginfo] target(s) in 0.07s
[INFO] [stderr]      Running unittests src/lib.rs (/opt/rustwide/target/debug/deps/rsbrowse-c356c32e52ca7b11)
[INFO] [stdout] 
[INFO] [stdout] running 0 tests
[INFO] [stdout] 
[INFO] [stdout] test result: ok. 0 passed; 0 failed; 0 ignored; 0 measured; 0 filtered out; finished in 0.00s
[INFO] [stdout] 
[INFO] [stderr]      Running unittests src/main.rs (/opt/rustwide/target/debug/deps/rsbrowse-5100629d59d75d0f)
[INFO] [stdout] 
[INFO] [stdout] running 0 tests
[INFO] [stdout] 
[INFO] [stdout] test result: ok. 0 passed; 0 failed; 0 ignored; 0 measured; 0 filtered out; finished in 0.00s
[INFO] [stdout] 
[INFO] [stderr]      Running tests/browser_test.rs (/opt/rustwide/target/debug/deps/browser_test-22e6e843ef690a2a)
[INFO] [stdout] 
[INFO] [stdout] running 1 test
[INFO] [stderr] error: could not remove build directory
[INFO] [stderr] 
[INFO] [stderr] Caused by:
[INFO] [stderr]   failed to remove directory `/opt/rustwide/target`
[INFO] [stderr] 
[INFO] [stderr] Caused by:
[INFO] [stderr]   Device or resource busy (os error 16)
[INFO] [stdout] test list_items ... FAILED
[INFO] [stdout] 
[INFO] [stdout] failures:
[INFO] [stdout] 
[INFO] [stdout] ---- list_items stdout ----
[INFO] [stdout] thread 'list_items' panicked at 'Failed to run 'cargo clean' on test crate', tests/browser_test.rs:18:13
[INFO] [stdout] stack backtrace:
[INFO] [stdout]    0:     0x563449d0d45a - <unknown>
[INFO] [stdout]    1:     0x563449d31b3f - <unknown>
[INFO] [stdout]    2:     0x563449d0a3d5 - <unknown>
[INFO] [stdout]    3:     0x563449d0d225 - <unknown>
[INFO] [stdout]    4:     0x563449d0eede - <unknown>
[INFO] [stdout]    5:     0x563449d0ec11 - <unknown>
[INFO] [stdout]    6:     0x563449c0c58b - <unknown>
[INFO] [stdout]    7:     0x563449d0f5c4 - <unknown>
[INFO] [stdout]    8:     0x563449c3eeda - <unknown>
[INFO] [stdout]    9:     0x563449c4058d - <unknown>
[INFO] [stdout]   10:     0x563449c3ee17 - <unknown>
[INFO] [stdout]   11:     0x563449bcdb23 - <unknown>
[INFO] [stdout]   12:     0x563449bd7160 - <unknown>
[INFO] [stdout]   13:     0x563449bcc987 - <unknown>
[INFO] [stdout]   14:     0x563449bd74e9 - <unknown>
[INFO] [stdout]   15:     0x563449bcc8c9 - <unknown>
[INFO] [stdout]   16:     0x563449bd5329 - <unknown>
[INFO] [stdout]   17:     0x563449bd5423 - <unknown>
[INFO] [stdout]   18:     0x563449bd53f7 - <unknown>
[INFO] [stdout]   19:     0x563449bcd965 - <unknown>
[INFO] [stdout]   20:     0x563449c1145f - <unknown>
[INFO] [stdout]   21:     0x563449bdec4c - <unknown>
[INFO] [stdout]   22:     0x563449c10536 - <unknown>
[INFO] [stdout]   23:     0x563449bd9455 - <unknown>
[INFO] [stdout]   24:     0x563449bde991 - <unknown>
[INFO] [stdout]   25:     0x563449d14115 - <unknown>
[INFO] [stdout]   26:     0x7f1db9dbcb43 - <unknown>
[INFO] [stdout]   27:     0x7f1db9e4dbb4 - __clone
[INFO] [stdout]   28:                0x0 - <unknown>
[INFO] [stdout] 
[INFO] [stdout] 
[INFO] [stdout] failures:
[INFO] [stdout]     list_items
[INFO] [stdout] 
[INFO] [stdout] test result: FAILED. 0 passed; 1 failed; 0 ignored; 0 measured; 0 filtered out; finished in 0.24s
[INFO] [stdout] 
[INFO] [stderr] error: test failed, to rerun pass `--test browser_test`
[INFO] running `Command { std: "docker" "inspect" "4e7917ca88741173ef259e9c46e5109e697cff24a6c34dbd0b215b6a9259439c", kill_on_drop: false }`
[INFO] running `Command { std: "docker" "rm" "-f" "4e7917ca88741173ef259e9c46e5109e697cff24a6c34dbd0b215b6a9259439c", kill_on_drop: false }`
[INFO] [stdout] 4e7917ca88741173ef259e9c46e5109e697cff24a6c34dbd0b215b6a9259439c
