[INFO] cloning repository https://github.com/wedik66/html-tool
[INFO] running `Command { std: "git" "-c" "credential.helper=" "-c" "credential.helper=/workspace/cargo-home/bin/git-credential-null" "clone" "--bare" "https://github.com/wedik66/html-tool" "/workspace/cache/git-repos/https%3A%2F%2Fgithub.com%2Fwedik66%2Fhtml-tool", kill_on_drop: false }`
[INFO] [stderr] Cloning into bare repository '/workspace/cache/git-repos/https%3A%2F%2Fgithub.com%2Fwedik66%2Fhtml-tool'...
[INFO] running `Command { std: "git" "rev-parse" "HEAD", kill_on_drop: false }`
[INFO] [stdout] a1c49f0e06826be8cb95f25b4b3e742d9a363739
[INFO] testing wedik66/html-tool against beta-2023-04-20 for beta-1.70-1
[INFO] running `Command { std: "git" "clone" "/workspace/cache/git-repos/https%3A%2F%2Fgithub.com%2Fwedik66%2Fhtml-tool" "/workspace/builds/worker-2-tc2/source", kill_on_drop: false }`
[INFO] [stderr] Cloning into '/workspace/builds/worker-2-tc2/source'...
[INFO] [stderr] done.
[INFO] validating manifest of git repo https://github.com/wedik66/html-tool on toolchain beta-2023-04-20
[INFO] running `Command { std: CARGO_HOME="/workspace/cargo-home" RUSTUP_HOME="/workspace/rustup-home" "/workspace/cargo-home/bin/cargo" "+beta-2023-04-20" "metadata" "--manifest-path" "Cargo.toml" "--no-deps", kill_on_drop: false }`
[INFO] removed /workspace/builds/worker-2-tc2/source/.cargo/config.toml
[INFO] removed /workspace/builds/worker-2-tc2/source/rust-toolchain.toml
[INFO] started tweaking git repo https://github.com/wedik66/html-tool
[INFO] finished tweaking git repo https://github.com/wedik66/html-tool
[INFO] tweaked toml for git repo https://github.com/wedik66/html-tool written to /workspace/builds/worker-2-tc2/source/Cargo.toml
[INFO] crate git repo https://github.com/wedik66/html-tool already has a lockfile, it will not be regenerated
[INFO] running `Command { std: CARGO_HOME="/workspace/cargo-home" RUSTUP_HOME="/workspace/rustup-home" "/workspace/cargo-home/bin/cargo" "+beta-2023-04-20" "fetch" "--manifest-path" "Cargo.toml", kill_on_drop: false }`
[INFO] [stderr]     Updating crates.io index
[INFO] [stderr]  Downloading crates ...
[INFO] [stderr]   Downloaded yastl v0.1.2
[INFO] [stderr]   Downloaded lsp-types v0.81.0
[INFO] [stderr]   Downloaded schemars_derive v0.8.6
[INFO] [stderr]   Downloaded m_lexer v0.0.4
[INFO] [stderr]   Downloaded schemars v0.8.6
[INFO] [stderr]   Downloaded ungrammar v1.14.9
[INFO] [stderr]   Downloaded ascii_table v3.0.2
[INFO] running `Command { std: "docker" "create" "-v" "/var/lib/crater-agent-workspace/builds/worker-2-tc2/target:/opt/rustwide/target:rw,Z" "-v" "/var/lib/crater-agent-workspace/builds/worker-2-tc2/source:/opt/rustwide/workdir:ro,Z" "-v" "/var/lib/crater-agent-workspace/cargo-home:/opt/rustwide/cargo-home:ro,Z" "-v" "/var/lib/crater-agent-workspace/rustup-home:/opt/rustwide/rustup-home:ro,Z" "-e" "SOURCE_DIR=/opt/rustwide/workdir" "-e" "CARGO_TARGET_DIR=/opt/rustwide/target" "-e" "CARGO_HOME=/opt/rustwide/cargo-home" "-e" "RUSTUP_HOME=/opt/rustwide/rustup-home" "-w" "/opt/rustwide/workdir" "-m" "1610612736" "--user" "0:0" "--network" "none" "ghcr.io/rust-lang/crates-build-env/linux@sha256:5ff2268d62e97bff2cde7d5815dd6ed5b47097566f13b8d0ca110b04b60e07ed" "/opt/rustwide/cargo-home/bin/cargo" "+beta-2023-04-20" "metadata" "--no-deps" "--format-version=1", kill_on_drop: false }`
[INFO] [stdout] c0655e72b435340dbf5aa143d203586926599674e11bffb54a5826ca5d7cffb7
[INFO] running `Command { std: "docker" "start" "-a" "c0655e72b435340dbf5aa143d203586926599674e11bffb54a5826ca5d7cffb7", kill_on_drop: false }`
[INFO] running `Command { std: "docker" "inspect" "c0655e72b435340dbf5aa143d203586926599674e11bffb54a5826ca5d7cffb7", kill_on_drop: false }`
[INFO] running `Command { std: "docker" "rm" "-f" "c0655e72b435340dbf5aa143d203586926599674e11bffb54a5826ca5d7cffb7", kill_on_drop: false }`
[INFO] [stdout] c0655e72b435340dbf5aa143d203586926599674e11bffb54a5826ca5d7cffb7
[INFO] running `Command { std: "docker" "create" "-v" "/var/lib/crater-agent-workspace/builds/worker-2-tc2/target:/opt/rustwide/target:rw,Z" "-v" "/var/lib/crater-agent-workspace/builds/worker-2-tc2/source:/opt/rustwide/workdir:ro,Z" "-v" "/var/lib/crater-agent-workspace/cargo-home:/opt/rustwide/cargo-home:ro,Z" "-v" "/var/lib/crater-agent-workspace/rustup-home:/opt/rustwide/rustup-home:ro,Z" "-e" "SOURCE_DIR=/opt/rustwide/workdir" "-e" "CARGO_TARGET_DIR=/opt/rustwide/target" "-e" "CARGO_INCREMENTAL=0" "-e" "RUST_BACKTRACE=full" "-e" "RUSTFLAGS=--cap-lints=warn" "-e" "RUSTDOCFLAGS=--cap-lints=warn" "-e" "CARGO_HOME=/opt/rustwide/cargo-home" "-e" "RUSTUP_HOME=/opt/rustwide/rustup-home" "-w" "/opt/rustwide/workdir" "-m" "1610612736" "--user" "0:0" "--network" "none" "ghcr.io/rust-lang/crates-build-env/linux@sha256:5ff2268d62e97bff2cde7d5815dd6ed5b47097566f13b8d0ca110b04b60e07ed" "/opt/rustwide/cargo-home/bin/cargo" "+beta-2023-04-20" "build" "--frozen" "--message-format=json", kill_on_drop: false }`
[INFO] [stdout] 34fe4ee8704828522f9cfe56c0adff7e11acc29b70d685b604fa0bd3dd63d185
[INFO] running `Command { std: "docker" "start" "-a" "34fe4ee8704828522f9cfe56c0adff7e11acc29b70d685b604fa0bd3dd63d185", kill_on_drop: false }`
[INFO] [stderr]    Compiling autocfg v1.0.1
[INFO] [stderr]    Compiling unicode-xid v0.2.2
[INFO] [stderr]    Compiling proc-macro2 v1.0.29
[INFO] [stderr]    Compiling libc v0.2.102
[INFO] [stderr]    Compiling syn v1.0.80
[INFO] [stderr]    Compiling lazy_static v1.4.0
[INFO] [stderr]    Compiling cfg-if v1.0.0
[INFO] [stderr]    Compiling memchr v2.4.1
[INFO] [stderr]    Compiling hashbrown v0.11.2
[INFO] [stderr]    Compiling ryu v1.0.5
[INFO] [stderr]    Compiling bitflags v1.3.2
[INFO] [stderr]    Compiling unicode-width v0.1.9
[INFO] [stderr]    Compiling version_check v0.9.3
[INFO] [stderr]    Compiling rustc-hash v1.1.0
[INFO] [stderr]    Compiling text-size v1.1.0
[INFO] [stderr]    Compiling countme v2.0.4
[INFO] [stderr]    Compiling termcolor v1.1.2
[INFO] [stderr]    Compiling regex-syntax v0.6.25
[INFO] [stderr]    Compiling lexical-core v0.7.6
[INFO] [stderr]    Compiling serde_derive v1.0.130
[INFO] [stderr]    Compiling arrayvec v0.5.2
[INFO] [stderr]    Compiling static_assertions v1.1.0
[INFO] [stderr]    Compiling unicode-segmentation v1.8.0
[INFO] [stderr]    Compiling ansi_term v0.12.1
[INFO] [stderr]    Compiling once_cell v1.8.0
[INFO] [stderr]    Compiling serde v1.0.130
[INFO] [stderr]    Compiling proc-macro-error-attr v1.0.4
[INFO] [stderr]    Compiling memoffset v0.6.4
[INFO] [stderr]    Compiling num-traits v0.2.14
[INFO] [stderr]    Compiling num-integer v0.1.44
[INFO] [stderr]    Compiling num-bigint v0.3.3
[INFO] [stderr]    Compiling indexmap v1.7.0
[INFO] [stderr]    Compiling proc-macro-error v1.0.4
[INFO] [stderr]    Compiling rslint_syntax v0.1.4 (/opt/rustwide/workdir/crates/rslint_syntax)
[INFO] [stderr]    Compiling scopeguard v1.1.0
[INFO] [stderr]    Compiling same-file v1.0.6
[INFO] [stderr]    Compiling log v0.4.14
[INFO] [stderr]    Compiling lock_api v0.4.5
[INFO] [stderr]    Compiling crossbeam-utils v0.8.5
[INFO] [stderr]    Compiling walkdir v2.3.2
[INFO] [stderr]    Compiling aho-corasick v0.7.18
[INFO] [stderr]    Compiling rome_rowan v0.0.0 (/opt/rustwide/workdir/crates/rome_rowan)
[INFO] [stderr]    Compiling quote v1.0.10
[INFO] [stderr]    Compiling atty v0.2.14
[INFO] [stderr]    Compiling serde_json v1.0.68
[INFO] [stderr]    Compiling colored v2.0.0
[INFO] [stderr]    Compiling spin v0.9.2
[INFO] [stderr]    Compiling terminal_size v0.1.17
[INFO] [stderr]    Compiling bstr v0.2.17
[INFO] [stderr]    Compiling heck v0.3.3
[INFO] [stderr]    Compiling itoa v0.4.8
[INFO] [stderr]    Compiling linked-hash-map v0.5.4
[INFO] [stderr]    Compiling fnv v1.0.7
[INFO] [stderr]    Compiling anyhow v1.0.44
[INFO] [stderr]    Compiling rslint_text_edit v0.1.0 (/opt/rustwide/workdir/crates/rslint_text_edit)
[INFO] [stderr]    Compiling schemars v0.8.6
[INFO] [stderr]    Compiling rome_core v0.0.0 (/opt/rustwide/workdir/crates/rome_core)
[INFO] [stderr]    Compiling yaml-rust v0.4.5
[INFO] [stderr]    Compiling rslint_errors v0.2.0 (/opt/rustwide/workdir/crates/rslint_errors)
[INFO] [stderr]    Compiling rome_path v0.0.0 (/opt/rustwide/workdir/crates/rome_path)
[INFO] [stderr]    Compiling flume v0.10.9
[INFO] [stderr]    Compiling thread_local v1.1.3
[INFO] [stderr]    Compiling textwrap v0.14.2
[INFO] [stderr]    Compiling number_prefix v0.3.0
[INFO] [stderr]    Compiling dyn-clone v1.0.4
[INFO] [stderr]    Compiling regex v1.5.4
[INFO] [stderr]    Compiling dtoa v0.4.8
[INFO] [stderr]    Compiling strsim v0.10.0
[INFO] [stderr]    Compiling os_str_bytes v3.1.0
[INFO] [stderr]    Compiling vec_map v0.8.2
[INFO] [stderr]    Compiling rslint_lexer v0.2.0 (/opt/rustwide/workdir/crates/rslint_lexer)
[INFO] [stderr]    Compiling yastl v0.1.2
[INFO] [stderr]    Compiling num_cpus v1.13.0
[INFO] [stderr]    Compiling ascii_table v3.0.2
[INFO] [stderr]    Compiling convert_case v0.4.0
[INFO] [stderr]    Compiling ungrammar v1.14.9
[INFO] [stderr]    Compiling lexical v5.2.2
[INFO] [stderr]    Compiling unindent v0.1.7
[INFO] [stderr]    Compiling pico-args v0.3.4
[INFO] [stderr]    Compiling case v1.0.0
[INFO] [stderr]    Compiling rslint_regex v0.3.0 (/opt/rustwide/workdir/crates/rslint_regex)
[INFO] [stderr]    Compiling console v0.14.1
[INFO] [stderr]    Compiling globset v0.4.8
[INFO] [stderr]    Compiling rslint_parser v0.3.0 (/opt/rustwide/workdir/crates/rslint_parser)
[INFO] [stderr]    Compiling ignore v0.4.18
[INFO] [stderr]    Compiling indicatif v0.15.0
[INFO] [stdout] warning: ambiguous glob re-exports
[INFO] [stdout]   --> crates/rslint_parser/src/ast.rs:16:9
[INFO] [stdout]    |
[INFO] [stdout] 16 |   pub use self::{
[INFO] [stdout]    |  _________^
[INFO] [stdout] 17 | |     expr_ext::*,
[INFO] [stdout] 18 | |     generated::{nodes::*, tokens::*},
[INFO] [stdout]    | |                 -------- but the name `PatternOrExpr` in the type namespace is also re-exported here
[INFO] [stdout] 19 | |     stmt_ext::*,
[INFO] [stdout] 20 | |     ts_ext::*,
[INFO] [stdout] 21 | | };
[INFO] [stdout]    | |_^ the name `PatternOrExpr` in the type namespace is first re-exported here
[INFO] [stdout]    |
[INFO] [stdout]    = note: `#[warn(ambiguous_glob_reexports)]` on by default
[INFO] [stdout] 
[INFO] [stdout] 
[INFO] [stdout] warning: ambiguous glob re-exports
[INFO] [stdout]   --> crates/rslint_parser/src/ast.rs:16:9
[INFO] [stdout]    |
[INFO] [stdout] 16 |   pub use self::{
[INFO] [stdout]    |  _________^
[INFO] [stdout] 17 | |     expr_ext::*,
[INFO] [stdout] 18 | |     generated::{nodes::*, tokens::*},
[INFO] [stdout]    | |                 -------- but the name `TsModuleRef` in the type namespace is also re-exported here
[INFO] [stdout] 19 | |     stmt_ext::*,
[INFO] [stdout] 20 | |     ts_ext::*,
[INFO] [stdout] 21 | | };
[INFO] [stdout]    | |_^ the name `TsModuleRef` in the type namespace is first re-exported here
[INFO] [stdout] 
[INFO] [stdout] 
[INFO] [stderr]    Compiling globwalk v0.8.1
[INFO] [stderr]    Compiling serde_derive_internals v0.25.0
[INFO] [stderr]    Compiling schemars_derive v0.8.6
[INFO] [stderr]    Compiling clap_derive v3.0.0-beta.4
[INFO] [stderr]    Compiling tests_macros v0.0.0 (/opt/rustwide/workdir/crates/tests_macros)
[INFO] [stderr]    Compiling rome_formatter v0.0.0 (/opt/rustwide/workdir/crates/rome_formatter)
[INFO] [stdout] warning: 2 warnings emitted
[INFO] [stdout] 
[INFO] [stdout] 
[INFO] [stderr]    Compiling clap v3.0.0-beta.4
[INFO] [stderr]    Compiling rome_cli v0.0.0 (/opt/rustwide/workdir/crates/rome_cli)
[INFO] [stderr]    Compiling serde_yaml v0.8.21
[INFO] [stderr]    Compiling xtask v0.0.0 (/opt/rustwide/workdir/xtask)
[INFO] [stderr]     Finished dev [unoptimized + debuginfo] target(s) in 16.58s
[INFO] running `Command { std: "docker" "inspect" "34fe4ee8704828522f9cfe56c0adff7e11acc29b70d685b604fa0bd3dd63d185", kill_on_drop: false }`
[INFO] running `Command { std: "docker" "rm" "-f" "34fe4ee8704828522f9cfe56c0adff7e11acc29b70d685b604fa0bd3dd63d185", kill_on_drop: false }`
[INFO] [stdout] 34fe4ee8704828522f9cfe56c0adff7e11acc29b70d685b604fa0bd3dd63d185
[INFO] running `Command { std: "docker" "create" "-v" "/var/lib/crater-agent-workspace/builds/worker-2-tc2/target:/opt/rustwide/target:rw,Z" "-v" "/var/lib/crater-agent-workspace/builds/worker-2-tc2/source:/opt/rustwide/workdir:ro,Z" "-v" "/var/lib/crater-agent-workspace/cargo-home:/opt/rustwide/cargo-home:ro,Z" "-v" "/var/lib/crater-agent-workspace/rustup-home:/opt/rustwide/rustup-home:ro,Z" "-e" "SOURCE_DIR=/opt/rustwide/workdir" "-e" "CARGO_TARGET_DIR=/opt/rustwide/target" "-e" "CARGO_INCREMENTAL=0" "-e" "RUST_BACKTRACE=full" "-e" "RUSTFLAGS=--cap-lints=warn" "-e" "RUSTDOCFLAGS=--cap-lints=warn" "-e" "CARGO_HOME=/opt/rustwide/cargo-home" "-e" "RUSTUP_HOME=/opt/rustwide/rustup-home" "-w" "/opt/rustwide/workdir" "-m" "1610612736" "--user" "0:0" "--network" "none" "ghcr.io/rust-lang/crates-build-env/linux@sha256:5ff2268d62e97bff2cde7d5815dd6ed5b47097566f13b8d0ca110b04b60e07ed" "/opt/rustwide/cargo-home/bin/cargo" "+beta-2023-04-20" "test" "--frozen" "--no-run" "--message-format=json", kill_on_drop: false }`
[INFO] [stdout] 8fa73e70a39b50f5b0d0f87db8eeb4c9e5c1dffd304cbd7bc58608a76a1ac9a4
[INFO] running `Command { std: "docker" "start" "-a" "8fa73e70a39b50f5b0d0f87db8eeb4c9e5c1dffd304cbd7bc58608a76a1ac9a4", kill_on_drop: false }`
[INFO] [stderr]    Compiling num-traits v0.2.14
[INFO] [stderr]    Compiling crossbeam-utils v0.8.5
[INFO] [stderr]    Compiling itoa v0.4.8
[INFO] [stderr]    Compiling semver v1.0.4
[INFO] [stderr]    Compiling getrandom v0.1.16
[INFO] [stderr]    Compiling crossbeam-epoch v0.9.5
[INFO] [stderr]    Compiling rayon-core v1.9.1
[INFO] [stderr]    Compiling log v0.4.14
[INFO] [stderr]    Compiling either v1.6.1
[INFO] [stderr]    Compiling rayon v1.5.1
[INFO] [stderr]    Compiling regex-automata v0.1.10
[INFO] [stderr]    Compiling ppv-lite86 v0.2.10
[INFO] [stderr]    Compiling plotters-backend v0.3.2
[INFO] [stderr]    Compiling csv-core v0.1.10
[INFO] [stderr]    Compiling textwrap v0.11.0
[INFO] [stderr]    Compiling half v1.7.1
[INFO] [stderr]    Compiling serde_json v1.0.68
[INFO] [stderr]    Compiling itertools v0.10.1
[INFO] [stderr]    Compiling bstr v0.2.17
[INFO] [stderr]    Compiling ignore v0.4.18
[INFO] [stderr]    Compiling crossbeam-channel v0.5.1
[INFO] [stderr]    Compiling plotters-svg v0.3.1
[INFO] [stderr]    Compiling serde_cbor v0.11.2
[INFO] [stderr]    Compiling clap v2.33.3
[INFO] [stderr]    Compiling dissimilar v1.0.3
[INFO] [stderr]    Compiling crossbeam-deque v0.8.1
[INFO] [stderr]    Compiling rustc_version v0.4.0
[INFO] [stderr]    Compiling rand_core v0.5.1
[INFO] [stderr]    Compiling csv v1.1.6
[INFO] [stderr]    Compiling env_logger v0.7.1
[INFO] [stderr]    Compiling globwalk v0.8.1
[INFO] [stderr]    Compiling oorandom v11.1.3
[INFO] [stderr]    Compiling rand_chacha v0.2.2
[INFO] [stderr]    Compiling expect-test v1.1.0
[INFO] [stderr]    Compiling schemars v0.8.6
[INFO] [stderr]    Compiling tinytemplate v1.2.1
[INFO] [stderr]    Compiling num-integer v0.1.44
[INFO] [stderr]    Compiling cast v0.2.7
[INFO] [stderr]    Compiling plotters v0.3.1
[INFO] [stderr]    Compiling rand v0.7.3
[INFO] [stderr]    Compiling num-bigint v0.3.3
[INFO] [stderr]    Compiling quickcheck_macros v0.9.1
[INFO] [stderr]    Compiling m_lexer v0.0.4
[INFO] [stderr]    Compiling rslint_errors v0.2.0 (/opt/rustwide/workdir/crates/rslint_errors)
[INFO] [stderr]    Compiling rslint_text_edit v0.1.0 (/opt/rustwide/workdir/crates/rslint_text_edit)
[INFO] [stderr]    Compiling tests_macros v0.0.0 (/opt/rustwide/workdir/crates/tests_macros)
[INFO] [stderr]    Compiling criterion-plot v0.4.4
[INFO] [stderr]    Compiling rome_path v0.0.0 (/opt/rustwide/workdir/crates/rome_path)
[INFO] [stderr]    Compiling rslint_syntax v0.1.4 (/opt/rustwide/workdir/crates/rslint_syntax)
[INFO] [stderr]    Compiling rome_rowan v0.0.0 (/opt/rustwide/workdir/crates/rome_rowan)
[INFO] [stderr]    Compiling quickcheck v0.9.2
[INFO] [stderr]    Compiling rome_core v0.0.0 (/opt/rustwide/workdir/crates/rome_core)
[INFO] [stderr]    Compiling rslint_parser v0.3.0 (/opt/rustwide/workdir/crates/rslint_parser)
[INFO] [stdout] warning: ambiguous glob re-exports
[INFO] [stdout]   --> crates/rslint_parser/src/ast.rs:16:9
[INFO] [stdout]    |
[INFO] [stdout] 16 |   pub use self::{
[INFO] [stdout]    |  _________^
[INFO] [stdout] 17 | |     expr_ext::*,
[INFO] [stdout] 18 | |     generated::{nodes::*, tokens::*},
[INFO] [stdout]    | |                 -------- but the name `PatternOrExpr` in the type namespace is also re-exported here
[INFO] [stdout] 19 | |     stmt_ext::*,
[INFO] [stdout] 20 | |     ts_ext::*,
[INFO] [stdout] 21 | | };
[INFO] [stdout]    | |_^ the name `PatternOrExpr` in the type namespace is first re-exported here
[INFO] [stdout]    |
[INFO] [stdout]    = note: `#[warn(ambiguous_glob_reexports)]` on by default
[INFO] [stdout] 
[INFO] [stdout] 
[INFO] [stdout] warning: ambiguous glob re-exports
[INFO] [stdout]   --> crates/rslint_parser/src/ast.rs:16:9
[INFO] [stdout]    |
[INFO] [stdout] 16 |   pub use self::{
[INFO] [stdout]    |  _________^
[INFO] [stdout] 17 | |     expr_ext::*,
[INFO] [stdout] 18 | |     generated::{nodes::*, tokens::*},
[INFO] [stdout]    | |                 -------- but the name `TsModuleRef` in the type namespace is also re-exported here
[INFO] [stdout] 19 | |     stmt_ext::*,
[INFO] [stdout] 20 | |     ts_ext::*,
[INFO] [stdout] 21 | | };
[INFO] [stdout]    | |_^ the name `TsModuleRef` in the type namespace is first re-exported here
[INFO] [stdout] 
[INFO] [stdout] 
[INFO] [stderr]    Compiling rslint_lexer v0.2.0 (/opt/rustwide/workdir/crates/rslint_lexer)
[INFO] [stdout] warning: ambiguous glob re-exports
[INFO] [stdout]   --> crates/rslint_parser/src/ast.rs:16:9
[INFO] [stdout]    |
[INFO] [stdout] 16 |   pub use self::{
[INFO] [stdout]    |  _________^
[INFO] [stdout] 17 | |     expr_ext::*,
[INFO] [stdout] 18 | |     generated::{nodes::*, tokens::*},
[INFO] [stdout]    | |                 -------- but the name `PatternOrExpr` in the type namespace is also re-exported here
[INFO] [stdout] 19 | |     stmt_ext::*,
[INFO] [stdout] 20 | |     ts_ext::*,
[INFO] [stdout] 21 | | };
[INFO] [stdout]    | |_^ the name `PatternOrExpr` in the type namespace is first re-exported here
[INFO] [stdout]    |
[INFO] [stdout]    = note: `#[warn(ambiguous_glob_reexports)]` on by default
[INFO] [stdout] 
[INFO] [stdout] 
[INFO] [stdout] warning: ambiguous glob re-exports
[INFO] [stdout]   --> crates/rslint_parser/src/ast.rs:16:9
[INFO] [stdout]    |
[INFO] [stdout] 16 |   pub use self::{
[INFO] [stdout]    |  _________^
[INFO] [stdout] 17 | |     expr_ext::*,
[INFO] [stdout] 18 | |     generated::{nodes::*, tokens::*},
[INFO] [stdout]    | |                 -------- but the name `TsModuleRef` in the type namespace is also re-exported here
[INFO] [stdout] 19 | |     stmt_ext::*,
[INFO] [stdout] 20 | |     ts_ext::*,
[INFO] [stdout] 21 | | };
[INFO] [stdout]    | |_^ the name `TsModuleRef` in the type namespace is first re-exported here
[INFO] [stdout] 
[INFO] [stdout] 
[INFO] [stderr]    Compiling criterion v0.3.5
[INFO] [stderr]    Compiling rome_formatter v0.0.0 (/opt/rustwide/workdir/crates/rome_formatter)
[INFO] [stderr]    Compiling xtask v0.0.0 (/opt/rustwide/workdir/xtask)
[INFO] [stderr]    Compiling rome_cli v0.0.0 (/opt/rustwide/workdir/crates/rome_cli)
[INFO] [stdout] warning: 2 warnings emitted
[INFO] [stdout] 
[INFO] [stdout] 
[INFO] [stdout] warning: 2 warnings emitted
[INFO] [stdout] 
[INFO] [stdout] 
[INFO] [stderr]    Compiling rslint_regex v0.3.0 (/opt/rustwide/workdir/crates/rslint_regex)
[INFO] [stderr]     Finished test [unoptimized + debuginfo] target(s) in 10.99s
[INFO] [stderr] warning: the following packages contain code that will be rejected by a future version of Rust: criterion v0.3.5
[INFO] [stderr] note: to see what the problems were, use the option `--future-incompat-report`, or run `cargo report future-incompatibilities --id 1`
[INFO] running `Command { std: "docker" "inspect" "8fa73e70a39b50f5b0d0f87db8eeb4c9e5c1dffd304cbd7bc58608a76a1ac9a4", kill_on_drop: false }`
[INFO] running `Command { std: "docker" "rm" "-f" "8fa73e70a39b50f5b0d0f87db8eeb4c9e5c1dffd304cbd7bc58608a76a1ac9a4", kill_on_drop: false }`
[INFO] [stdout] 8fa73e70a39b50f5b0d0f87db8eeb4c9e5c1dffd304cbd7bc58608a76a1ac9a4
[INFO] running `Command { std: "docker" "create" "-v" "/var/lib/crater-agent-workspace/builds/worker-2-tc2/target:/opt/rustwide/target:rw,Z" "-v" "/var/lib/crater-agent-workspace/builds/worker-2-tc2/source:/opt/rustwide/workdir:ro,Z" "-v" "/var/lib/crater-agent-workspace/cargo-home:/opt/rustwide/cargo-home:ro,Z" "-v" "/var/lib/crater-agent-workspace/rustup-home:/opt/rustwide/rustup-home:ro,Z" "-e" "SOURCE_DIR=/opt/rustwide/workdir" "-e" "CARGO_TARGET_DIR=/opt/rustwide/target" "-e" "CARGO_INCREMENTAL=0" "-e" "RUST_BACKTRACE=full" "-e" "RUSTFLAGS=--cap-lints=warn" "-e" "RUSTDOCFLAGS=--cap-lints=warn" "-e" "CARGO_HOME=/opt/rustwide/cargo-home" "-e" "RUSTUP_HOME=/opt/rustwide/rustup-home" "-w" "/opt/rustwide/workdir" "-m" "1610612736" "--user" "0:0" "--network" "none" "ghcr.io/rust-lang/crates-build-env/linux@sha256:5ff2268d62e97bff2cde7d5815dd6ed5b47097566f13b8d0ca110b04b60e07ed" "/opt/rustwide/cargo-home/bin/cargo" "+beta-2023-04-20" "test" "--frozen", kill_on_drop: false }`
[INFO] [stdout] c122985741f19184cf654a46c636cdf56762f59e2a67c2c479d07903498d24f7
[INFO] running `Command { std: "docker" "start" "-a" "c122985741f19184cf654a46c636cdf56762f59e2a67c2c479d07903498d24f7", kill_on_drop: false }`
[INFO] [stderr] warning: ambiguous glob re-exports
[INFO] [stderr]   --> crates/rslint_parser/src/ast.rs:16:9
[INFO] [stderr]    |
[INFO] [stderr] 16 |   pub use self::{
[INFO] [stderr]    |  _________^
[INFO] [stderr] 17 | |     expr_ext::*,
[INFO] [stderr] 18 | |     generated::{nodes::*, tokens::*},
[INFO] [stderr]    | |                 -------- but the name `PatternOrExpr` in the type namespace is also re-exported here
[INFO] [stderr] 19 | |     stmt_ext::*,
[INFO] [stderr] 20 | |     ts_ext::*,
[INFO] [stderr] 21 | | };
[INFO] [stderr]    | |_^ the name `PatternOrExpr` in the type namespace is first re-exported here
[INFO] [stderr]    |
[INFO] [stderr]    = note: `#[warn(ambiguous_glob_reexports)]` on by default
[INFO] [stderr] 
[INFO] [stderr] warning: ambiguous glob re-exports
[INFO] [stderr]   --> crates/rslint_parser/src/ast.rs:16:9
[INFO] [stderr]    |
[INFO] [stderr] 16 |   pub use self::{
[INFO] [stderr]    |  _________^
[INFO] [stderr] 17 | |     expr_ext::*,
[INFO] [stderr] 18 | |     generated::{nodes::*, tokens::*},
[INFO] [stderr]    | |                 -------- but the name `TsModuleRef` in the type namespace is also re-exported here
[INFO] [stderr] 19 | |     stmt_ext::*,
[INFO] [stderr] 20 | |     ts_ext::*,
[INFO] [stderr] 21 | | };
[INFO] [stderr]    | |_^ the name `TsModuleRef` in the type namespace is first re-exported here
[INFO] [stderr] 
[INFO] [stderr] warning: `rslint_parser` (lib) generated 2 warnings
[INFO] [stderr] warning: `rslint_parser` (lib test) generated 2 warnings (2 duplicates)
[INFO] [stderr]     Finished test [unoptimized + debuginfo] target(s) in 0.13s
[INFO] [stderr] warning: the following packages contain code that will be rejected by a future version of Rust: criterion v0.3.5
[INFO] [stderr] note: to see what the problems were, use the option `--future-incompat-report`, or run `cargo report future-incompatibilities --id 1`
[INFO] [stderr]      Running unittests src/lib.rs (/opt/rustwide/target/debug/deps/rome_cli-5af16de890acef3b)
[INFO] [stdout] 
[INFO] [stdout] running 0 tests
[INFO] [stdout] 
[INFO] [stdout] test result: ok. 0 passed; 0 failed; 0 ignored; 0 measured; 0 filtered out; finished in 0.00s
[INFO] [stdout] 
[INFO] [stderr]      Running unittests src/bin/cli.rs (/opt/rustwide/target/debug/deps/cli-4b6959cdf572ffe8)
[INFO] [stdout] 
[INFO] [stdout] running 0 tests
[INFO] [stdout] 
[INFO] [stdout] test result: ok. 0 passed; 0 failed; 0 ignored; 0 measured; 0 filtered out; finished in 0.00s
[INFO] [stdout] 
[INFO] [stderr]      Running tests/main.rs (/opt/rustwide/target/debug/deps/main-231c6d72920762f0)
[INFO] [stdout] 
[INFO] [stdout] running 1 test
[INFO] [stdout] test test_format_cli ... ignored, The CLI for now, doesn't print anything
[INFO] [stdout] 
[INFO] [stdout] test result: ok. 0 passed; 0 failed; 1 ignored; 0 measured; 0 filtered out; finished in 0.00s
[INFO] [stdout] 
[INFO] [stderr]      Running unittests src/lib.rs (/opt/rustwide/target/debug/deps/rome_core-03e085f7ca6df0d9)
[INFO] [stdout] 
[INFO] [stdout] running 0 tests
[INFO] [stdout] 
[INFO] [stdout] test result: ok. 0 passed; 0 failed; 0 ignored; 0 measured; 0 filtered out; finished in 0.00s
[INFO] [stdout] 
[INFO] [stderr]      Running unittests src/lib.rs (/opt/rustwide/target/debug/deps/rome_formatter-b0d3cee8a1920225)
[INFO] [stdout] 
[INFO] [stdout] running 25 tests
[INFO] [stdout] test format_element::tests::concat_elements_returns_a_list_token_containing_the_passed_in_elements ... ok
[INFO] [stdout] test format_element::tests::concat_elements_flattens_sub_lists_and_skips_empty_elements ... ok
[INFO] [stdout] test format_element::tests::concat_elements_returns_the_passed_in_element_if_the_content_is_a_list_with_a_single_element ... ok
[INFO] [stdout] test format_element::tests::concat_elements_the_empty_element_if_the_passed_vector_is_empty ... ok
[INFO] [stdout] test format_element::tests::join_elements_inserts_the_separator_between_elements ... ok
[INFO] [stdout] test format_element::tests::join_flattens_sub_lists_and_skips_empty_elements_without_inserting_separators ... ok
[INFO] [stdout] test format_element::tests::join_returns_the_empty_element_if_the_passed_vec_is_empty ... ok
[INFO] [stdout] test format_element::tests::join_returns_the_content_element_if_the_content_contains_a_single_element ... ok
[INFO] [stdout] test format_json::test::tokenize_boolean_null ... ok
[INFO] [stdout] test format_json::test::tokenize_boolean_false ... ok
[INFO] [stdout] test format_json::test::tokenize_number ... ok
[INFO] [stdout] test format_json::test::tokenize_array ... ok
[INFO] [stdout] test format_json::test::tokenize_boolean_true ... ok
[INFO] [stdout] test printer::tests::it_breaks_a_group_if_a_string_contains_a_newline ... ok
[INFO] [stdout] test printer::tests::it_breaks_parent_groups_if_they_dont_fit_on_a_single_line ... ok
[INFO] [stdout] test printer::tests::it_tracks_the_indent_for_each_token ... ok
[INFO] [stdout] test printer::tests::it_use_the_indent_character_specified_in_the_options ... ok
[INFO] [stdout] test printer::tests::it_prints_a_group_on_a_single_line_if_it_fits ... ok
[INFO] [stdout] test printer::tests::it_converts_line_endings_in_strings ... ok
[INFO] [stdout] test format_json::test::tokenize_string ... ok
[INFO] [stdout] test ts::test::poc ... ok
[INFO] [stdout] test format_json::test::tokenize_object ... ok
[INFO] [stdout] test ts::test::function_block ... ok
[INFO] [stdout] test ts::test::array ... ok
[INFO] [stdout] test ts::test::arrow_function ... ok
[INFO] [stdout] 
[INFO] [stdout] test result: ok. 25 passed; 0 failed; 0 ignored; 0 measured; 0 filtered out; finished in 0.00s
[INFO] [stdout] 
[INFO] [stderr]      Running tests/spec_test.rs (/opt/rustwide/target/debug/deps/spec_test-58fc652df73fb278)
[INFO] [stdout] 
[INFO] [stdout] running 0 tests
[INFO] [stdout] 
[INFO] [stdout] test result: ok. 0 passed; 0 failed; 0 ignored; 0 measured; 0 filtered out; finished in 0.00s
[INFO] [stdout] 
[INFO] [stderr]      Running tests/spec_tests.rs (/opt/rustwide/target/debug/deps/spec_tests-842a6a350b96d9c3)
[INFO] [stdout] 
[INFO] [stdout] running 29 tests
[INFO] [stdout] test formatter::js::do_while_statement ... ok
[INFO] [stdout] test formatter::js::arg_list ... ok
[INFO] [stdout] test formatter::js::block_stmt_err ... ok
[INFO] [stdout] test formatter::js::class ... ok
[INFO] [stdout] test formatter::js::continue_stmt ... ok
[INFO] [stdout] test formatter::js::empty_lines ... ok
[INFO] [stdout] test formatter::js::for_in_stmt ... ok
[INFO] [stdout] test formatter::js::spread ... ok
[INFO] [stdout] test formatter::js::throw_stmt ... ok
[INFO] [stdout] test formatter::js::object ... ok
[INFO] [stdout] test formatter::js::if_stmt_err ... ok
[INFO] [stdout] test formatter::js::spaces ... ok
[INFO] [stdout] test formatter::js::for_stmt ... ok
[INFO] [stdout] test formatter::js::switch_statement ... ok
[INFO] [stdout] test formatter::js::if_stmt ... ok
[INFO] [stdout] test formatter::json::null ... ok
[INFO] [stdout] test formatter::json::boolean ... ok
[INFO] [stdout] test formatter::js::while_stmt ... ok
[INFO] [stdout] test formatter::json::key_value ... ok
[INFO] [stdout] test formatter::js::simple ... ok
[INFO] [stdout] test formatter::json::array ... ok
[INFO] [stdout] test formatter::js::try_stmt ... ok
[INFO] [stdout] test formatter::json::string ... ok
[INFO] [stdout] test formatter::js::with_statement ... ok
[INFO] [stdout] test formatter::json::number ... ok
[INFO] [stdout] test formatter::json::multi_line ... ok
[INFO] [stdout] test formatter::json::single_line ... ok
[INFO] [stdout] test formatter::json::int1 ... ok
[INFO] [stdout] test formatter::js::nested ... ok
[INFO] [stdout] 
[INFO] [stdout] test result: ok. 29 passed; 0 failed; 0 ignored; 0 measured; 0 filtered out; finished in 0.01s
[INFO] [stdout] 
[INFO] [stderr]      Running unittests src/lib.rs (/opt/rustwide/target/debug/deps/rome_path-c416e781f0869e78)
[INFO] [stdout] 
[INFO] [stdout] running 1 test
[INFO] [stdout] test test::deduce_handler ... ok
[INFO] [stdout] 
[INFO] [stdout] test result: ok. 1 passed; 0 failed; 0 ignored; 0 measured; 0 filtered out; finished in 0.00s
[INFO] [stdout] 
[INFO] [stderr]      Running unittests src/lib.rs (/opt/rustwide/target/debug/deps/rome_rowan-75130c8987721c47)
[INFO] [stdout] 
[INFO] [stdout] running 3 tests
[INFO] [stdout] test green::tests::test_size_of ... ok
[INFO] [stdout] test green::tests::assert_send_sync ... ok
[INFO] [stdout] test syntax_text::tests::test_text_equality ... ok
[INFO] [stdout] 
[INFO] [stdout] test result: ok. 3 passed; 0 failed; 0 ignored; 0 measured; 0 filtered out; finished in 0.00s
[INFO] [stdout] 
[INFO] [stderr]      Running unittests src/lib.rs (/opt/rustwide/target/debug/deps/rslint_errors-bc5a235579ca0224)
[INFO] [stdout] 
[INFO] [stdout] running 2 tests
[INFO] [stdout] test codespan::files::test::line_span_sources ... ok
[INFO] [stdout] test codespan::files::test::line_starts ... ok
[INFO] [stdout] 
[INFO] [stdout] test result: ok. 2 passed; 0 failed; 0 ignored; 0 measured; 0 filtered out; finished in 0.00s
[INFO] [stdout] 
[INFO] [stderr]      Running unittests src/lib.rs (/opt/rustwide/target/debug/deps/rslint_lexer-d719fc76826ae7db)
[INFO] [stdout] 
[INFO] [stdout] running 62 tests
[INFO] [stdout] test tests::all_whitespace ... ok
[INFO] [stdout] test tests::block_comment ... ok
[INFO] [stdout] test tests::binary_literals ... ok
[INFO] [stdout] test tests::bigint_literals ... ok
[INFO] [stdout] test tests::at_token ... ok
[INFO] [stdout] test tests::complex_string_1 ... ok
[INFO] [stdout] test tests::consecutive_punctuators ... ok
[INFO] [stdout] test tests::dollarsign_underscore_idents ... ok
[INFO] [stdout] test tests::division ... ok
[INFO] [stdout] test tests::dot_number_disambiguation ... ok
[INFO] [stdout] test tests::empty_string ... ok
[INFO] [stdout] test tests::empty ... ok
[INFO] [stdout] test tests::fuzz_fail_1 ... ok
[INFO] [stdout] test tests::fuzz_fail_2 ... ok
[INFO] [stdout] test tests::fuzz_fail_3 ... ok
[INFO] [stdout] test tests::fuzz_fail_4 ... ok
[INFO] [stdout] test tests::fuzz_fail_5 ... ok
[INFO] [stdout] test tests::fuzz_fail_6 ... ok
[INFO] [stdout] test tests::identifier ... ok
[INFO] [stdout] test tests::labels_b ... ok
[INFO] [stdout] test tests::labels_f ... ok
[INFO] [stdout] test tests::issue_30 ... ok
[INFO] [stdout] test tests::labels_a ... ok
[INFO] [stdout] test tests::labels_e ... ok
[INFO] [stdout] test tests::labels_c ... ok
[INFO] [stdout] test tests::labels_s ... ok
[INFO] [stdout] test tests::labels_i ... ok
[INFO] [stdout] test tests::labels_n ... ok
[INFO] [stdout] test tests::labels_r ... ok
[INFO] [stdout] test tests::labels_d ... ok
[INFO] [stdout] test tests::labels_y ... ok
[INFO] [stdout] test tests::simple_string ... ok
[INFO] [stdout] test tests::labels_v ... ok
[INFO] [stdout] test tests::single_line_comments ... ok
[INFO] [stdout] test tests::labels_t ... ok
[INFO] [stdout] test tests::object_expr_getter ... ok
[INFO] [stdout] test tests::newline_space_must_be_two_tokens ... ok
[INFO] [stdout] test tests::labels_w ... ok
[INFO] [stdout] test tests::octal_literals ... ok
[INFO] [stdout] test tests::number_basic ... ok
[INFO] [stdout] test tests::punctuators ... ok
[INFO] [stdout] test tests::number_basic_err ... ok
[INFO] [stdout] test tests::string_all_escapes ... ok
[INFO] [stdout] test tests::number_complex ... ok
[INFO] [stdout] test tests::fuzz_fail_7 ... ok
[INFO] [stdout] test tests::template_escape ... ok
[INFO] [stdout] test tests::string_hex_escape_invalid ... ok
[INFO] [stdout] test tests::unicode_ident_start_handling ... ok
[INFO] [stdout] test tests::unicode_ident_separated_by_unicode_whitespace ... ok
[INFO] [stdout] test tests::template_literals ... ok
[INFO] [stdout] test tests::string_unicode_escape_valid_resolving_to_endquote ... ok
[INFO] [stdout] test tests::string_unicode_escape_valid ... ok
[INFO] [stdout] test tests::string_unicode_escape_invalid ... ok
[INFO] [stdout] test tests::unterminated_string_length ... ok
[INFO] [stdout] test tests::unicode_whitespace_ident_part ... ok
[INFO] [stdout] test tests::unicode_whitespace ... ok
[INFO] [stdout] test tests::unterminated_string_with_escape_len ... ok
[INFO] [stdout] test tests::unterminated_string ... ok
[INFO] [stdout] test tests::string_hex_escape_valid ... ok
[INFO] [stdout] test tests::regex ... ok
[INFO] [stdout] test tests::shebang ... ok
[INFO] [stdout] test tests::losslessness ... ok
[INFO] [stdout] 
[INFO] [stdout] test result: ok. 62 passed; 0 failed; 0 ignored; 0 measured; 0 filtered out; finished in 0.02s
[INFO] [stdout] 
[INFO] [stderr]      Running unittests src/lib.rs (/opt/rustwide/target/debug/deps/rslint_parser-9c9945924009506b)
[INFO] [stdout] 
[INFO] [stdout] running 11 tests
[INFO] [stdout] test numbers::tests::base_10_bigint ... ok
[INFO] [stdout] test numbers::tests::base_16_bigint ... ok
[INFO] [stdout] test numbers::tests::base_16_float ... ok
[INFO] [stdout] test numbers::tests::base_10_float ... ok
[INFO] [stdout] test ast::stmt_ext::tests::var_decl_let_token ... ok
[INFO] [stdout] test numbers::tests::base_8_legacy_float ... ok
[INFO] [stdout] test numbers::tests::base_2_float ... ok
[INFO] [stdout] test numbers::tests::base_2_bigint ... ok
[INFO] [stdout] test numbers::tests::base_8_float ... ok
[INFO] [stdout] test tests::parser_smoke_test ... ok
[INFO] [stdout] test tests::parser_tests ... ok
[INFO] [stdout] 
[INFO] [stdout] test result: ok. 11 passed; 0 failed; 0 ignored; 0 measured; 0 filtered out; finished in 0.03s
[INFO] [stdout] 
[INFO] [stderr]      Running unittests src/lib.rs (/opt/rustwide/target/debug/deps/rslint_regex-94489fe4a49b78c7)
[INFO] [stdout] 
[INFO] [stdout] running 15 tests
[INFO] [stdout] test tests::basic_invalid_2015 ... ok
[INFO] [stdout] test tests::basic_invalid ... ok
[INFO] [stdout] test tests::character_range_order ... ok
[INFO] [stdout] test tests::lookbehind_assertion_invalid_2017 ... ok
[INFO] [stdout] test tests::basic_invalid_2015_unicode ... ok
[INFO] [stdout] test tests::lookbehind_assertion_invalid_2018 ... ok
[INFO] [stdout] test tests::unicode_incomplete_quantifier ... ok
[INFO] [stdout] test tests::unicode_escapes ... ok
[INFO] [stdout] test tests::unicode_group_names_invalid_2020 ... ok
[INFO] [stdout] test tests::named_capturing_group_invalid_2018 ... ok
[INFO] [stdout] test tests::unicode_quantifier_without_atom ... ok
[INFO] [stdout] test tests::unicode_single_bracket ... ok
[INFO] [stdout] test tests::unicode_property_escape_invalid_2018 ... ok
[INFO] [stdout] test tests::validate_pattern_test ... ok
[INFO] [stdout] test tests::basic_valid ... ok
[INFO] [stdout] 
[INFO] [stdout] test result: ok. 15 passed; 0 failed; 0 ignored; 0 measured; 0 filtered out; finished in 0.00s
[INFO] [stdout] 
[INFO] [stderr]      Running unittests src/lib.rs (/opt/rustwide/target/debug/deps/rslint_syntax-1519e24ea7dadbe2)
[INFO] [stdout] 
[INFO] [stdout] running 0 tests
[INFO] [stdout] 
[INFO] [stdout] test result: ok. 0 passed; 0 failed; 0 ignored; 0 measured; 0 filtered out; finished in 0.00s
[INFO] [stdout] 
[INFO] [stderr]      Running unittests src/lib.rs (/opt/rustwide/target/debug/deps/rslint_text_edit-274f4e05e37dda39)
[INFO] [stdout] 
[INFO] [stdout] running 0 tests
[INFO] [stdout] 
[INFO] [stdout] test result: ok. 0 passed; 0 failed; 0 ignored; 0 measured; 0 filtered out; finished in 0.00s
[INFO] [stdout] 
[INFO] [stderr]      Running unittests src/lib.rs (/opt/rustwide/target/debug/deps/tests_macros-83bd2a5042557b58)
[INFO] [stdout] 
[INFO] [stdout] running 0 tests
[INFO] [stdout] 
[INFO] [stdout] test result: ok. 0 passed; 0 failed; 0 ignored; 0 measured; 0 filtered out; finished in 0.00s
[INFO] [stdout] 
[INFO] [stderr]      Running unittests src/lib.rs (/opt/rustwide/target/debug/deps/xtask-eb296cdd5ea2b0fd)
[INFO] [stdout] 
[INFO] [stdout] running 0 tests
[INFO] [stdout] 
[INFO] [stdout] test result: ok. 0 passed; 0 failed; 0 ignored; 0 measured; 0 filtered out; finished in 0.00s
[INFO] [stdout] 
[INFO] [stderr]      Running unittests src/main.rs (/opt/rustwide/target/debug/deps/xtask-318c21bb605332f5)
[INFO] [stdout] 
[INFO] [stdout] running 0 tests
[INFO] [stdout] 
[INFO] [stdout] test result: ok. 0 passed; 0 failed; 0 ignored; 0 measured; 0 filtered out; finished in 0.00s
[INFO] [stdout] 
[INFO] [stderr]    Doc-tests rome_cli
[INFO] [stdout] 
[INFO] [stdout] running 0 tests
[INFO] [stdout] 
[INFO] [stdout] test result: ok. 0 passed; 0 failed; 0 ignored; 0 measured; 0 filtered out; finished in 0.00s
[INFO] [stdout] 
[INFO] [stderr]    Doc-tests rome_core
[INFO] [stdout] 
[INFO] [stdout] running 0 tests
[INFO] [stdout] 
[INFO] [stdout] test result: ok. 0 passed; 0 failed; 0 ignored; 0 measured; 0 filtered out; finished in 0.00s
[INFO] [stdout] 
[INFO] [stderr]    Doc-tests rome_formatter
[INFO] [stdout] 
[INFO] [stdout] running 26 tests
[INFO] [stdout] test src/format_element.rs - format_element::soft_line_break_or_space (line 100) ... FAILED
[INFO] [stdout] test src/format_element.rs - format_element::hard_line_break (line 65) ... FAILED
[INFO] [stdout] test src/format_element.rs - format_element::soft_line_break_or_space (line 87) ... FAILED
[INFO] [stdout] test src/format_element.rs - format_element::if_group_fits_on_single_line (line 520) ... FAILED
[INFO] [stdout] test src/format_element.rs - format_element::indent (line 250) ... FAILED
[INFO] [stdout] test src/format_element.rs - format_element::join_elements (line 220) ... FAILED
[INFO] [stdout] test src/format_elements.rs - format_elements::format_elements (line 23) ... FAILED
[INFO] [stdout] test src/format_element.rs - format_element::if_group_breaks (line 457) ... FAILED
[INFO] [stdout] test src/format_element.rs - format_element::group_elements (line 394) ... FAILED
[INFO] [stdout] test src/format_element.rs - format_element::group_elements (line 413) ... FAILED
[INFO] [stdout] test src/lib.rs - (line 20) ... FAILED
[INFO] [stdout] test src/lib.rs - (line 12) ... ok
[INFO] [stdout] test src/format_element.rs - format_element::if_group_breaks (line 476) ... FAILED
[INFO] [stdout] test src/format_elements.rs - format_elements::format_elements (line 10) ... ok
[INFO] [stdout] test src/format_element.rs - format_element::token (line 130) ... ok
[INFO] [stdout] test src/format_element.rs - format_element::token (line 140) ... ok
[INFO] [stdout] test src/formatter.rs - formatter::Formatter::format_token (line 80) ... ok
[INFO] [stdout] test src/format_elements.rs - format_elements::format_elements (line 39) ... ok
[INFO] [stdout] test src/format_element.rs - format_element::space_token (line 161) ... ok
[INFO] [stdout] test src/format_element.rs - format_element::soft_indent (line 326) ... ok
[INFO] [stdout] test src/format_element.rs - format_element::concat_elements (line 178) ... ok
[INFO] [stdout] test src/format_element.rs - format_element::soft_indent (line 348) ... ok
[INFO] [stdout] test src/format_element.rs - format_element::block_indent (line 286) ... ok
[INFO] [stdout] test src/format_element.rs - format_element::soft_line_break (line 23) ... ok
[INFO] [stdout] test src/format_element.rs - format_element::soft_line_break (line 38) ... ok
[INFO] [stdout] test src/format_element.rs - format_element::if_group_fits_on_single_line (line 539) ... ok
[INFO] [stdout] 
[INFO] [stdout] failures:
[INFO] [stdout] 
[INFO] [stdout] ---- src/format_element.rs - format_element::soft_line_break_or_space (line 100) stdout ----
[INFO] [stdout] error: linking with `cc` failed: exit status: 1
[INFO] [stdout]   |
[INFO] [stdout]   = note: LC_ALL="C" PATH="/opt/rustwide/rustup-home/toolchains/beta-2023-04-20-x86_64-unknown-linux-gnu/lib/rustlib/x86_64-unknown-linux-gnu/bin:/opt/rustwide/cargo-home/bin:/usr/local/sbin:/usr/local/bin:/usr/sbin:/usr/bin:/sbin:/bin" VSLANG="1033" "cc" "-m64" "/tmp/rustcbLLi1k/symbols.o" "/tmp/rustdoctestk6Kxuw/rust_out.rust_out.c38b68ff-cgu.0.rcgu.o" "/tmp/rustdoctestk6Kxuw/rust_out.38a7fyhsvjn6z0qy.rcgu.o" "-Wl,--as-needed" "-L" "/opt/rustwide/target/debug/deps" "-L" "/opt/rustwide/target/debug/deps" "-L" "/opt/rustwide/rustup-home/toolchains/beta-2023-04-20-x86_64-unknown-linux-gnu/lib/rustlib/x86_64-unknown-linux-gnu/lib" "-Wl,-Bstatic" "/opt/rustwide/target/debug/deps/librome_formatter-ed064570d0155be3.rlib" "/opt/rustwide/target/debug/deps/librome_path-316b7af9ebbf6de4.rlib" "/opt/rustwide/target/debug/deps/librome_core-828ccd4694a3fa50.rlib" "/opt/rustwide/target/debug/deps/librslint_parser-abfd42e337c5a22a.rlib" "/opt/rustwide/target/debug/deps/libnum_bigint-fa42890272377f02.rlib" "/opt/rustwide/target/debug/deps/libnum_integer-a294e2cb4d978ddc.rlib" "/opt/rustwide/target/debug/deps/libnum_traits-af8ea78804204b7e.rlib" "/opt/rustwide/target/debug/deps/liblexical-22f483112c232491.rlib" "/opt/rustwide/target/debug/deps/liblexical_core-8e884d5cc531c85e.rlib" "/opt/rustwide/target/debug/deps/libbitflags-610a73087f46ba3b.rlib" "/opt/rustwide/target/debug/deps/libryu-15f00219fd9c669a.rlib" "/opt/rustwide/target/debug/deps/libstatic_assertions-62b1a5cbf56a9f5f.rlib" "/opt/rustwide/target/debug/deps/libarrayvec-60f29610b80e56b0.rlib" "/opt/rustwide/target/debug/deps/libcfg_if-97437e183f3ae6e4.rlib" "/opt/rustwide/target/debug/deps/librslint_lexer-e0213f1e404f0c2e.rlib" "/opt/rustwide/target/debug/deps/librslint_syntax-f70fd6740c4ca996.rlib" "/opt/rustwide/target/debug/deps/libansi_term-cf230369650aa732.rlib" "/opt/rustwide/target/debug/deps/librslint_errors-0fb0653f3a74e22b.rlib" "/opt/rustwide/target/debug/deps/libcolored-80679e9571928cda.rlib" "/opt/rustwide/target/debug/deps/liblazy_static-86422d76b8bd90ed.rlib" "/opt/rustwide/target/debug/deps/libatty-b0220b83c6587be7.rlib" "/opt/rustwide/target/debug/deps/liblibc-ae6af18307e60669.rlib" "/opt/rustwide/target/debug/deps/librslint_text_edit-25dd85e5acdd4653.rlib" "/opt/rustwide/target/debug/deps/libunicode_width-6ef757d3f1052dbb.rlib" "/opt/rustwide/target/debug/deps/libtermcolor-b126e2ab944ff130.rlib" "/opt/rustwide/target/debug/deps/librome_rowan-f22045e08d0789a0.rlib" "/opt/rustwide/target/debug/deps/libmemoffset-4b1a5aaa4ec15207.rlib" "/opt/rustwide/target/debug/deps/libtext_size-83b9052ea3c00648.rlib" "/opt/rustwide/target/debug/deps/librustc_hash-90b377b8548f0070.rlib" "/opt/rustwide/target/debug/deps/libhashbrown-51f2c389766657de.rlib" "/opt/rustwide/target/debug/deps/libcountme-d99261dd44a9d9ec.rlib" "/opt/rustwide/rustup-home/toolchains/beta-2023-04-20-x86_64-unknown-linux-gnu/lib/rustlib/x86_64-unknown-linux-gnu/lib/libstd-0e29cc23c5e02021.rlib" "/opt/rustwide/rustup-home/toolchains/beta-2023-04-20-x86_64-unknown-linux-gnu/lib/rustlib/x86_64-unknown-linux-gnu/lib/libpanic_unwind-d903621768a861d9.rlib" "/opt/rustwide/rustup-home/toolchains/beta-2023-04-20-x86_64-unknown-linux-gnu/lib/rustlib/x86_64-unknown-linux-gnu/lib/libobject-6d0225e655f31c13.rlib" "/opt/rustwide/rustup-home/toolchains/beta-2023-04-20-x86_64-unknown-linux-gnu/lib/rustlib/x86_64-unknown-linux-gnu/lib/libmemchr-9dbaf4eac7eaa079.rlib" "/opt/rustwide/rustup-home/toolchains/beta-2023-04-20-x86_64-unknown-linux-gnu/lib/rustlib/x86_64-unknown-linux-gnu/lib/libaddr2line-27f05b3d42a66dd0.rlib" "/opt/rustwide/rustup-home/toolchains/beta-2023-04-20-x86_64-unknown-linux-gnu/lib/rustlib/x86_64-unknown-linux-gnu/lib/libgimli-4d73f1030321c9a2.rlib" "/opt/rustwide/rustup-home/toolchains/beta-2023-04-20-x86_64-unknown-linux-gnu/lib/rustlib/x86_64-unknown-linux-gnu/lib/librustc_demangle-2846c9e58abd0acb.rlib" "/opt/rustwide/rustup-home/toolchains/beta-2023-04-20-x86_64-unknown-linux-gnu/lib/rustlib/x86_64-unknown-linux-gnu/lib/libstd_detect-a53d0f50415947be.rlib" "/opt/rustwide/rustup-home/toolchains/beta-2023-04-20-x86_64-unknown-linux-gnu/lib/rustlib/x86_64-unknown-linux-gnu/lib/libhashbrown-d48e4b6abc25b9dc.rlib" "/opt/rustwide/rustup-home/toolchains/beta-2023-04-20-x86_64-unknown-linux-gnu/lib/rustlib/x86_64-unknown-linux-gnu/lib/libminiz_oxide-2991859439ef1207.rlib" "/opt/rustwide/rustup-home/toolchains/beta-2023-04-20-x86_64-unknown-linux-gnu/lib/rustlib/x86_64-unknown-linux-gnu/lib/libadler-8a687517e4221bae.rlib" "/opt/rustwide/rustup-home/toolchains/beta-2023-04-20-x86_64-unknown-linux-gnu/lib/rustlib/x86_64-unknown-linux-gnu/lib/librustc_std_workspace_alloc-e07b554f6a67f5b3.rlib" "/opt/rustwide/rustup-home/toolchains/beta-2023-04-20-x86_64-unknown-linux-gnu/lib/rustlib/x86_64-unknown-linux-gnu/lib/libunwind-b68238b7c3c619dd.rlib" "/opt/rustwide/rustup-home/toolchains/beta-2023-04-20-x86_64-unknown-linux-gnu/lib/rustlib/x86_64-unknown-linux-gnu/lib/libcfg_if-d5e213e896c017e4.rlib" "/opt/rustwide/rustup-home/toolchains/beta-2023-04-20-x86_64-unknown-linux-gnu/lib/rustlib/x86_64-unknown-linux-gnu/lib/liblibc-0211a3b2e61d8689.rlib" "/opt/rustwide/rustup-home/toolchains/beta-2023-04-20-x86_64-unknown-linux-gnu/lib/rustlib/x86_64-unknown-linux-gnu/lib/liballoc-b371f055239ba51f.rlib" "/opt/rustwide/rustup-home/toolchains/beta-2023-04-20-x86_64-unknown-linux-gnu/lib/rustlib/x86_64-unknown-linux-gnu/lib/librustc_std_workspace_core-e60518d2760eb01e.rlib" "/opt/rustwide/rustup-home/toolchains/beta-2023-04-20-x86_64-unknown-linux-gnu/lib/rustlib/x86_64-unknown-linux-gnu/lib/libcore-1ad943f92a4b1081.rlib" "/opt/rustwide/rustup-home/toolchains/beta-2023-04-20-x86_64-unknown-linux-gnu/lib/rustlib/x86_64-unknown-linux-gnu/lib/libcompiler_builtins-f0d6e4d0fc1e80b4.rlib" "-Wl,-Bdynamic" "-lgcc_s" "-lutil" "-lrt" "-lpthread" "-lm" "-ldl" "-lc" "-Wl,--eh-frame-hdr" "-Wl,-z,noexecstack" "-L" "/opt/rustwide/rustup-home/toolchains/beta-2023-04-20-x86_64-unknown-linux-gnu/lib/rustlib/x86_64-unknown-linux-gnu/lib" "-o" "/tmp/rustdoctestk6Kxuw/rust_out" "-Wl,--gc-sections" "-pie" "-Wl,-z,relro,-z,now" "-nodefaultlibs"
[INFO] [stdout]   = note: collect2: fatal error: ld terminated with signal 9 [Killed]
[INFO] [stdout]           compilation terminated.
[INFO] [stdout]           
[INFO] [stdout] 
[INFO] [stdout] error: aborting due to previous error
[INFO] [stdout] 
[INFO] [stdout] Couldn't compile the test.
[INFO] [stdout] ---- src/format_element.rs - format_element::hard_line_break (line 65) stdout ----
[INFO] [stdout] error: linking with `cc` failed: exit status: 1
[INFO] [stdout]   |
[INFO] [stdout]   = note: LC_ALL="C" PATH="/opt/rustwide/rustup-home/toolchains/beta-2023-04-20-x86_64-unknown-linux-gnu/lib/rustlib/x86_64-unknown-linux-gnu/bin:/opt/rustwide/cargo-home/bin:/usr/local/sbin:/usr/local/bin:/usr/sbin:/usr/bin:/sbin:/bin" VSLANG="1033" "cc" "-m64" "/tmp/rustcabh3e2/symbols.o" "/tmp/rustdoctestFPpAHu/rust_out.rust_out.c38b68ff-cgu.0.rcgu.o" "/tmp/rustdoctestFPpAHu/rust_out.38a7fyhsvjn6z0qy.rcgu.o" "-Wl,--as-needed" "-L" "/opt/rustwide/target/debug/deps" "-L" "/opt/rustwide/target/debug/deps" "-L" "/opt/rustwide/rustup-home/toolchains/beta-2023-04-20-x86_64-unknown-linux-gnu/lib/rustlib/x86_64-unknown-linux-gnu/lib" "-Wl,-Bstatic" "/opt/rustwide/target/debug/deps/librome_formatter-ed064570d0155be3.rlib" "/opt/rustwide/target/debug/deps/librome_path-316b7af9ebbf6de4.rlib" "/opt/rustwide/target/debug/deps/librome_core-828ccd4694a3fa50.rlib" "/opt/rustwide/target/debug/deps/librslint_parser-abfd42e337c5a22a.rlib" "/opt/rustwide/target/debug/deps/libnum_bigint-fa42890272377f02.rlib" "/opt/rustwide/target/debug/deps/libnum_integer-a294e2cb4d978ddc.rlib" "/opt/rustwide/target/debug/deps/libnum_traits-af8ea78804204b7e.rlib" "/opt/rustwide/target/debug/deps/liblexical-22f483112c232491.rlib" "/opt/rustwide/target/debug/deps/liblexical_core-8e884d5cc531c85e.rlib" "/opt/rustwide/target/debug/deps/libbitflags-610a73087f46ba3b.rlib" "/opt/rustwide/target/debug/deps/libryu-15f00219fd9c669a.rlib" "/opt/rustwide/target/debug/deps/libstatic_assertions-62b1a5cbf56a9f5f.rlib" "/opt/rustwide/target/debug/deps/libarrayvec-60f29610b80e56b0.rlib" "/opt/rustwide/target/debug/deps/libcfg_if-97437e183f3ae6e4.rlib" "/opt/rustwide/target/debug/deps/librslint_lexer-e0213f1e404f0c2e.rlib" "/opt/rustwide/target/debug/deps/librslint_syntax-f70fd6740c4ca996.rlib" "/opt/rustwide/target/debug/deps/libansi_term-cf230369650aa732.rlib" "/opt/rustwide/target/debug/deps/librslint_errors-0fb0653f3a74e22b.rlib" "/opt/rustwide/target/debug/deps/libcolored-80679e9571928cda.rlib" "/opt/rustwide/target/debug/deps/liblazy_static-86422d76b8bd90ed.rlib" "/opt/rustwide/target/debug/deps/libatty-b0220b83c6587be7.rlib" "/opt/rustwide/target/debug/deps/liblibc-ae6af18307e60669.rlib" "/opt/rustwide/target/debug/deps/librslint_text_edit-25dd85e5acdd4653.rlib" "/opt/rustwide/target/debug/deps/libunicode_width-6ef757d3f1052dbb.rlib" "/opt/rustwide/target/debug/deps/libtermcolor-b126e2ab944ff130.rlib" "/opt/rustwide/target/debug/deps/librome_rowan-f22045e08d0789a0.rlib" "/opt/rustwide/target/debug/deps/libmemoffset-4b1a5aaa4ec15207.rlib" "/opt/rustwide/target/debug/deps/libtext_size-83b9052ea3c00648.rlib" "/opt/rustwide/target/debug/deps/librustc_hash-90b377b8548f0070.rlib" "/opt/rustwide/target/debug/deps/libhashbrown-51f2c389766657de.rlib" "/opt/rustwide/target/debug/deps/libcountme-d99261dd44a9d9ec.rlib" "/opt/rustwide/rustup-home/toolchains/beta-2023-04-20-x86_64-unknown-linux-gnu/lib/rustlib/x86_64-unknown-linux-gnu/lib/libstd-0e29cc23c5e02021.rlib" "/opt/rustwide/rustup-home/toolchains/beta-2023-04-20-x86_64-unknown-linux-gnu/lib/rustlib/x86_64-unknown-linux-gnu/lib/libpanic_unwind-d903621768a861d9.rlib" "/opt/rustwide/rustup-home/toolchains/beta-2023-04-20-x86_64-unknown-linux-gnu/lib/rustlib/x86_64-unknown-linux-gnu/lib/libobject-6d0225e655f31c13.rlib" "/opt/rustwide/rustup-home/toolchains/beta-2023-04-20-x86_64-unknown-linux-gnu/lib/rustlib/x86_64-unknown-linux-gnu/lib/libmemchr-9dbaf4eac7eaa079.rlib" "/opt/rustwide/rustup-home/toolchains/beta-2023-04-20-x86_64-unknown-linux-gnu/lib/rustlib/x86_64-unknown-linux-gnu/lib/libaddr2line-27f05b3d42a66dd0.rlib" "/opt/rustwide/rustup-home/toolchains/beta-2023-04-20-x86_64-unknown-linux-gnu/lib/rustlib/x86_64-unknown-linux-gnu/lib/libgimli-4d73f1030321c9a2.rlib" "/opt/rustwide/rustup-home/toolchains/beta-2023-04-20-x86_64-unknown-linux-gnu/lib/rustlib/x86_64-unknown-linux-gnu/lib/librustc_demangle-2846c9e58abd0acb.rlib" "/opt/rustwide/rustup-home/toolchains/beta-2023-04-20-x86_64-unknown-linux-gnu/lib/rustlib/x86_64-unknown-linux-gnu/lib/libstd_detect-a53d0f50415947be.rlib" "/opt/rustwide/rustup-home/toolchains/beta-2023-04-20-x86_64-unknown-linux-gnu/lib/rustlib/x86_64-unknown-linux-gnu/lib/libhashbrown-d48e4b6abc25b9dc.rlib" "/opt/rustwide/rustup-home/toolchains/beta-2023-04-20-x86_64-unknown-linux-gnu/lib/rustlib/x86_64-unknown-linux-gnu/lib/libminiz_oxide-2991859439ef1207.rlib" "/opt/rustwide/rustup-home/toolchains/beta-2023-04-20-x86_64-unknown-linux-gnu/lib/rustlib/x86_64-unknown-linux-gnu/lib/libadler-8a687517e4221bae.rlib" "/opt/rustwide/rustup-home/toolchains/beta-2023-04-20-x86_64-unknown-linux-gnu/lib/rustlib/x86_64-unknown-linux-gnu/lib/librustc_std_workspace_alloc-e07b554f6a67f5b3.rlib" "/opt/rustwide/rustup-home/toolchains/beta-2023-04-20-x86_64-unknown-linux-gnu/lib/rustlib/x86_64-unknown-linux-gnu/lib/libunwind-b68238b7c3c619dd.rlib" "/opt/rustwide/rustup-home/toolchains/beta-2023-04-20-x86_64-unknown-linux-gnu/lib/rustlib/x86_64-unknown-linux-gnu/lib/libcfg_if-d5e213e896c017e4.rlib" "/opt/rustwide/rustup-home/toolchains/beta-2023-04-20-x86_64-unknown-linux-gnu/lib/rustlib/x86_64-unknown-linux-gnu/lib/liblibc-0211a3b2e61d8689.rlib" "/opt/rustwide/rustup-home/toolchains/beta-2023-04-20-x86_64-unknown-linux-gnu/lib/rustlib/x86_64-unknown-linux-gnu/lib/liballoc-b371f055239ba51f.rlib" "/opt/rustwide/rustup-home/toolchains/beta-2023-04-20-x86_64-unknown-linux-gnu/lib/rustlib/x86_64-unknown-linux-gnu/lib/librustc_std_workspace_core-e60518d2760eb01e.rlib" "/opt/rustwide/rustup-home/toolchains/beta-2023-04-20-x86_64-unknown-linux-gnu/lib/rustlib/x86_64-unknown-linux-gnu/lib/libcore-1ad943f92a4b1081.rlib" "/opt/rustwide/rustup-home/toolchains/beta-2023-04-20-x86_64-unknown-linux-gnu/lib/rustlib/x86_64-unknown-linux-gnu/lib/libcompiler_builtins-f0d6e4d0fc1e80b4.rlib" "-Wl,-Bdynamic" "-lgcc_s" "-lutil" "-lrt" "-lpthread" "-lm" "-ldl" "-lc" "-Wl,--eh-frame-hdr" "-Wl,-z,noexecstack" "-L" "/opt/rustwide/rustup-home/toolchains/beta-2023-04-20-x86_64-unknown-linux-gnu/lib/rustlib/x86_64-unknown-linux-gnu/lib" "-o" "/tmp/rustdoctestFPpAHu/rust_out" "-Wl,--gc-sections" "-pie" "-Wl,-z,relro,-z,now" "-nodefaultlibs"
[INFO] [stdout]   = note: collect2: fatal error: ld terminated with signal 9 [Killed]
[INFO] [stdout]           compilation terminated.
[INFO] [stdout]           
[INFO] [stdout] 
[INFO] [stdout] error: aborting due to previous error
[INFO] [stdout] 
[INFO] [stdout] Couldn't compile the test.
[INFO] [stdout] ---- src/format_element.rs - format_element::soft_line_break_or_space (line 87) stdout ----
[INFO] [stdout] Couldn't compile the test.
[INFO] [stdout] ---- src/format_element.rs - format_element::if_group_fits_on_single_line (line 520) stdout ----
[INFO] [stdout] error: linking with `cc` failed: exit status: 1
[INFO] [stdout]   |
[INFO] [stdout]   = note: LC_ALL="C" PATH="/opt/rustwide/rustup-home/toolchains/beta-2023-04-20-x86_64-unknown-linux-gnu/lib/rustlib/x86_64-unknown-linux-gnu/bin:/opt/rustwide/cargo-home/bin:/usr/local/sbin:/usr/local/bin:/usr/sbin:/usr/bin:/sbin:/bin" VSLANG="1033" "cc" "-m64" "/tmp/rustcKruDrZ/symbols.o" "/tmp/rustdoctestBUmV2V/rust_out.rust_out.c38b68ff-cgu.0.rcgu.o" "/tmp/rustdoctestBUmV2V/rust_out.38a7fyhsvjn6z0qy.rcgu.o" "-Wl,--as-needed" "-L" "/opt/rustwide/target/debug/deps" "-L" "/opt/rustwide/target/debug/deps" "-L" "/opt/rustwide/rustup-home/toolchains/beta-2023-04-20-x86_64-unknown-linux-gnu/lib/rustlib/x86_64-unknown-linux-gnu/lib" "-Wl,-Bstatic" "/opt/rustwide/target/debug/deps/librome_formatter-ed064570d0155be3.rlib" "/opt/rustwide/target/debug/deps/librome_path-316b7af9ebbf6de4.rlib" "/opt/rustwide/target/debug/deps/librome_core-828ccd4694a3fa50.rlib" "/opt/rustwide/target/debug/deps/librslint_parser-abfd42e337c5a22a.rlib" "/opt/rustwide/target/debug/deps/libnum_bigint-fa42890272377f02.rlib" "/opt/rustwide/target/debug/deps/libnum_integer-a294e2cb4d978ddc.rlib" "/opt/rustwide/target/debug/deps/libnum_traits-af8ea78804204b7e.rlib" "/opt/rustwide/target/debug/deps/liblexical-22f483112c232491.rlib" "/opt/rustwide/target/debug/deps/liblexical_core-8e884d5cc531c85e.rlib" "/opt/rustwide/target/debug/deps/libbitflags-610a73087f46ba3b.rlib" "/opt/rustwide/target/debug/deps/libryu-15f00219fd9c669a.rlib" "/opt/rustwide/target/debug/deps/libstatic_assertions-62b1a5cbf56a9f5f.rlib" "/opt/rustwide/target/debug/deps/libarrayvec-60f29610b80e56b0.rlib" "/opt/rustwide/target/debug/deps/libcfg_if-97437e183f3ae6e4.rlib" "/opt/rustwide/target/debug/deps/librslint_lexer-e0213f1e404f0c2e.rlib" "/opt/rustwide/target/debug/deps/librslint_syntax-f70fd6740c4ca996.rlib" "/opt/rustwide/target/debug/deps/libansi_term-cf230369650aa732.rlib" "/opt/rustwide/target/debug/deps/librslint_errors-0fb0653f3a74e22b.rlib" "/opt/rustwide/target/debug/deps/libcolored-80679e9571928cda.rlib" "/opt/rustwide/target/debug/deps/liblazy_static-86422d76b8bd90ed.rlib" "/opt/rustwide/target/debug/deps/libatty-b0220b83c6587be7.rlib" "/opt/rustwide/target/debug/deps/liblibc-ae6af18307e60669.rlib" "/opt/rustwide/target/debug/deps/librslint_text_edit-25dd85e5acdd4653.rlib" "/opt/rustwide/target/debug/deps/libunicode_width-6ef757d3f1052dbb.rlib" "/opt/rustwide/target/debug/deps/libtermcolor-b126e2ab944ff130.rlib" "/opt/rustwide/target/debug/deps/librome_rowan-f22045e08d0789a0.rlib" "/opt/rustwide/target/debug/deps/libmemoffset-4b1a5aaa4ec15207.rlib" "/opt/rustwide/target/debug/deps/libtext_size-83b9052ea3c00648.rlib" "/opt/rustwide/target/debug/deps/librustc_hash-90b377b8548f0070.rlib" "/opt/rustwide/target/debug/deps/libhashbrown-51f2c389766657de.rlib" "/opt/rustwide/target/debug/deps/libcountme-d99261dd44a9d9ec.rlib" "/opt/rustwide/rustup-home/toolchains/beta-2023-04-20-x86_64-unknown-linux-gnu/lib/rustlib/x86_64-unknown-linux-gnu/lib/libstd-0e29cc23c5e02021.rlib" "/opt/rustwide/rustup-home/toolchains/beta-2023-04-20-x86_64-unknown-linux-gnu/lib/rustlib/x86_64-unknown-linux-gnu/lib/libpanic_unwind-d903621768a861d9.rlib" "/opt/rustwide/rustup-home/toolchains/beta-2023-04-20-x86_64-unknown-linux-gnu/lib/rustlib/x86_64-unknown-linux-gnu/lib/libobject-6d0225e655f31c13.rlib" "/opt/rustwide/rustup-home/toolchains/beta-2023-04-20-x86_64-unknown-linux-gnu/lib/rustlib/x86_64-unknown-linux-gnu/lib/libmemchr-9dbaf4eac7eaa079.rlib" "/opt/rustwide/rustup-home/toolchains/beta-2023-04-20-x86_64-unknown-linux-gnu/lib/rustlib/x86_64-unknown-linux-gnu/lib/libaddr2line-27f05b3d42a66dd0.rlib" "/opt/rustwide/rustup-home/toolchains/beta-2023-04-20-x86_64-unknown-linux-gnu/lib/rustlib/x86_64-unknown-linux-gnu/lib/libgimli-4d73f1030321c9a2.rlib" "/opt/rustwide/rustup-home/toolchains/beta-2023-04-20-x86_64-unknown-linux-gnu/lib/rustlib/x86_64-unknown-linux-gnu/lib/librustc_demangle-2846c9e58abd0acb.rlib" "/opt/rustwide/rustup-home/toolchains/beta-2023-04-20-x86_64-unknown-linux-gnu/lib/rustlib/x86_64-unknown-linux-gnu/lib/libstd_detect-a53d0f50415947be.rlib" "/opt/rustwide/rustup-home/toolchains/beta-2023-04-20-x86_64-unknown-linux-gnu/lib/rustlib/x86_64-unknown-linux-gnu/lib/libhashbrown-d48e4b6abc25b9dc.rlib" "/opt/rustwide/rustup-home/toolchains/beta-2023-04-20-x86_64-unknown-linux-gnu/lib/rustlib/x86_64-unknown-linux-gnu/lib/libminiz_oxide-2991859439ef1207.rlib" "/opt/rustwide/rustup-home/toolchains/beta-2023-04-20-x86_64-unknown-linux-gnu/lib/rustlib/x86_64-unknown-linux-gnu/lib/libadler-8a687517e4221bae.rlib" "/opt/rustwide/rustup-home/toolchains/beta-2023-04-20-x86_64-unknown-linux-gnu/lib/rustlib/x86_64-unknown-linux-gnu/lib/librustc_std_workspace_alloc-e07b554f6a67f5b3.rlib" "/opt/rustwide/rustup-home/toolchains/beta-2023-04-20-x86_64-unknown-linux-gnu/lib/rustlib/x86_64-unknown-linux-gnu/lib/libunwind-b68238b7c3c619dd.rlib" "/opt/rustwide/rustup-home/toolchains/beta-2023-04-20-x86_64-unknown-linux-gnu/lib/rustlib/x86_64-unknown-linux-gnu/lib/libcfg_if-d5e213e896c017e4.rlib" "/opt/rustwide/rustup-home/toolchains/beta-2023-04-20-x86_64-unknown-linux-gnu/lib/rustlib/x86_64-unknown-linux-gnu/lib/liblibc-0211a3b2e61d8689.rlib" "/opt/rustwide/rustup-home/toolchains/beta-2023-04-20-x86_64-unknown-linux-gnu/lib/rustlib/x86_64-unknown-linux-gnu/lib/liballoc-b371f055239ba51f.rlib" "/opt/rustwide/rustup-home/toolchains/beta-2023-04-20-x86_64-unknown-linux-gnu/lib/rustlib/x86_64-unknown-linux-gnu/lib/librustc_std_workspace_core-e60518d2760eb01e.rlib" "/opt/rustwide/rustup-home/toolchains/beta-2023-04-20-x86_64-unknown-linux-gnu/lib/rustlib/x86_64-unknown-linux-gnu/lib/libcore-1ad943f92a4b1081.rlib" "/opt/rustwide/rustup-home/toolchains/beta-2023-04-20-x86_64-unknown-linux-gnu/lib/rustlib/x86_64-unknown-linux-gnu/lib/libcompiler_builtins-f0d6e4d0fc1e80b4.rlib" "-Wl,-Bdynamic" "-lgcc_s" "-lutil" "-lrt" "-lpthread" "-lm" "-ldl" "-lc" "-Wl,--eh-frame-hdr" "-Wl,-z,noexecstack" "-L" "/opt/rustwide/rustup-home/toolchains/beta-2023-04-20-x86_64-unknown-linux-gnu/lib/rustlib/x86_64-unknown-linux-gnu/lib" "-o" "/tmp/rustdoctestBUmV2V/rust_out" "-Wl,--gc-sections" "-pie" "-Wl,-z,relro,-z,now" "-nodefaultlibs"
[INFO] [stdout]   = note: collect2: fatal error: ld terminated with signal 9 [Killed]
[INFO] [stdout]           compilation terminated.
[INFO] [stdout]           
[INFO] [stdout] 
[INFO] [stdout] error: aborting due to previous error
[INFO] [stdout] 
[INFO] [stdout] Couldn't compile the test.
[INFO] [stdout] ---- src/format_element.rs - format_element::indent (line 250) stdout ----
[INFO] [stdout] error: linking with `cc` failed: exit status: 1
[INFO] [stdout]   |
[INFO] [stdout]   = note: LC_ALL="C" PATH="/opt/rustwide/rustup-home/toolchains/beta-2023-04-20-x86_64-unknown-linux-gnu/lib/rustlib/x86_64-unknown-linux-gnu/bin:/opt/rustwide/cargo-home/bin:/usr/local/sbin:/usr/local/bin:/usr/sbin:/usr/bin:/sbin:/bin" VSLANG="1033" "cc" "-m64" "/tmp/rustcTlPaTi/symbols.o" "/tmp/rustdoctestpVy7Ac/rust_out.rust_out.c38b68ff-cgu.0.rcgu.o" "/tmp/rustdoctestpVy7Ac/rust_out.38a7fyhsvjn6z0qy.rcgu.o" "-Wl,--as-needed" "-L" "/opt/rustwide/target/debug/deps" "-L" "/opt/rustwide/target/debug/deps" "-L" "/opt/rustwide/rustup-home/toolchains/beta-2023-04-20-x86_64-unknown-linux-gnu/lib/rustlib/x86_64-unknown-linux-gnu/lib" "-Wl,-Bstatic" "/opt/rustwide/target/debug/deps/librome_formatter-ed064570d0155be3.rlib" "/opt/rustwide/target/debug/deps/librome_path-316b7af9ebbf6de4.rlib" "/opt/rustwide/target/debug/deps/librome_core-828ccd4694a3fa50.rlib" "/opt/rustwide/target/debug/deps/librslint_parser-abfd42e337c5a22a.rlib" "/opt/rustwide/target/debug/deps/libnum_bigint-fa42890272377f02.rlib" "/opt/rustwide/target/debug/deps/libnum_integer-a294e2cb4d978ddc.rlib" "/opt/rustwide/target/debug/deps/libnum_traits-af8ea78804204b7e.rlib" "/opt/rustwide/target/debug/deps/liblexical-22f483112c232491.rlib" "/opt/rustwide/target/debug/deps/liblexical_core-8e884d5cc531c85e.rlib" "/opt/rustwide/target/debug/deps/libbitflags-610a73087f46ba3b.rlib" "/opt/rustwide/target/debug/deps/libryu-15f00219fd9c669a.rlib" "/opt/rustwide/target/debug/deps/libstatic_assertions-62b1a5cbf56a9f5f.rlib" "/opt/rustwide/target/debug/deps/libarrayvec-60f29610b80e56b0.rlib" "/opt/rustwide/target/debug/deps/libcfg_if-97437e183f3ae6e4.rlib" "/opt/rustwide/target/debug/deps/librslint_lexer-e0213f1e404f0c2e.rlib" "/opt/rustwide/target/debug/deps/librslint_syntax-f70fd6740c4ca996.rlib" "/opt/rustwide/target/debug/deps/libansi_term-cf230369650aa732.rlib" "/opt/rustwide/target/debug/deps/librslint_errors-0fb0653f3a74e22b.rlib" "/opt/rustwide/target/debug/deps/libcolored-80679e9571928cda.rlib" "/opt/rustwide/target/debug/deps/liblazy_static-86422d76b8bd90ed.rlib" "/opt/rustwide/target/debug/deps/libatty-b0220b83c6587be7.rlib" "/opt/rustwide/target/debug/deps/liblibc-ae6af18307e60669.rlib" "/opt/rustwide/target/debug/deps/librslint_text_edit-25dd85e5acdd4653.rlib" "/opt/rustwide/target/debug/deps/libunicode_width-6ef757d3f1052dbb.rlib" "/opt/rustwide/target/debug/deps/libtermcolor-b126e2ab944ff130.rlib" "/opt/rustwide/target/debug/deps/librome_rowan-f22045e08d0789a0.rlib" "/opt/rustwide/target/debug/deps/libmemoffset-4b1a5aaa4ec15207.rlib" "/opt/rustwide/target/debug/deps/libtext_size-83b9052ea3c00648.rlib" "/opt/rustwide/target/debug/deps/librustc_hash-90b377b8548f0070.rlib" "/opt/rustwide/target/debug/deps/libhashbrown-51f2c389766657de.rlib" "/opt/rustwide/target/debug/deps/libcountme-d99261dd44a9d9ec.rlib" "/opt/rustwide/rustup-home/toolchains/beta-2023-04-20-x86_64-unknown-linux-gnu/lib/rustlib/x86_64-unknown-linux-gnu/lib/libstd-0e29cc23c5e02021.rlib" "/opt/rustwide/rustup-home/toolchains/beta-2023-04-20-x86_64-unknown-linux-gnu/lib/rustlib/x86_64-unknown-linux-gnu/lib/libpanic_unwind-d903621768a861d9.rlib" "/opt/rustwide/rustup-home/toolchains/beta-2023-04-20-x86_64-unknown-linux-gnu/lib/rustlib/x86_64-unknown-linux-gnu/lib/libobject-6d0225e655f31c13.rlib" "/opt/rustwide/rustup-home/toolchains/beta-2023-04-20-x86_64-unknown-linux-gnu/lib/rustlib/x86_64-unknown-linux-gnu/lib/libmemchr-9dbaf4eac7eaa079.rlib" "/opt/rustwide/rustup-home/toolchains/beta-2023-04-20-x86_64-unknown-linux-gnu/lib/rustlib/x86_64-unknown-linux-gnu/lib/libaddr2line-27f05b3d42a66dd0.rlib" "/opt/rustwide/rustup-home/toolchains/beta-2023-04-20-x86_64-unknown-linux-gnu/lib/rustlib/x86_64-unknown-linux-gnu/lib/libgimli-4d73f1030321c9a2.rlib" "/opt/rustwide/rustup-home/toolchains/beta-2023-04-20-x86_64-unknown-linux-gnu/lib/rustlib/x86_64-unknown-linux-gnu/lib/librustc_demangle-2846c9e58abd0acb.rlib" "/opt/rustwide/rustup-home/toolchains/beta-2023-04-20-x86_64-unknown-linux-gnu/lib/rustlib/x86_64-unknown-linux-gnu/lib/libstd_detect-a53d0f50415947be.rlib" "/opt/rustwide/rustup-home/toolchains/beta-2023-04-20-x86_64-unknown-linux-gnu/lib/rustlib/x86_64-unknown-linux-gnu/lib/libhashbrown-d48e4b6abc25b9dc.rlib" "/opt/rustwide/rustup-home/toolchains/beta-2023-04-20-x86_64-unknown-linux-gnu/lib/rustlib/x86_64-unknown-linux-gnu/lib/libminiz_oxide-2991859439ef1207.rlib" "/opt/rustwide/rustup-home/toolchains/beta-2023-04-20-x86_64-unknown-linux-gnu/lib/rustlib/x86_64-unknown-linux-gnu/lib/libadler-8a687517e4221bae.rlib" "/opt/rustwide/rustup-home/toolchains/beta-2023-04-20-x86_64-unknown-linux-gnu/lib/rustlib/x86_64-unknown-linux-gnu/lib/librustc_std_workspace_alloc-e07b554f6a67f5b3.rlib" "/opt/rustwide/rustup-home/toolchains/beta-2023-04-20-x86_64-unknown-linux-gnu/lib/rustlib/x86_64-unknown-linux-gnu/lib/libunwind-b68238b7c3c619dd.rlib" "/opt/rustwide/rustup-home/toolchains/beta-2023-04-20-x86_64-unknown-linux-gnu/lib/rustlib/x86_64-unknown-linux-gnu/lib/libcfg_if-d5e213e896c017e4.rlib" "/opt/rustwide/rustup-home/toolchains/beta-2023-04-20-x86_64-unknown-linux-gnu/lib/rustlib/x86_64-unknown-linux-gnu/lib/liblibc-0211a3b2e61d8689.rlib" "/opt/rustwide/rustup-home/toolchains/beta-2023-04-20-x86_64-unknown-linux-gnu/lib/rustlib/x86_64-unknown-linux-gnu/lib/liballoc-b371f055239ba51f.rlib" "/opt/rustwide/rustup-home/toolchains/beta-2023-04-20-x86_64-unknown-linux-gnu/lib/rustlib/x86_64-unknown-linux-gnu/lib/librustc_std_workspace_core-e60518d2760eb01e.rlib" "/opt/rustwide/rustup-home/toolchains/beta-2023-04-20-x86_64-unknown-linux-gnu/lib/rustlib/x86_64-unknown-linux-gnu/lib/libcore-1ad943f92a4b1081.rlib" "/opt/rustwide/rustup-home/toolchains/beta-2023-04-20-x86_64-unknown-linux-gnu/lib/rustlib/x86_64-unknown-linux-gnu/lib/libcompiler_builtins-f0d6e4d0fc1e80b4.rlib" "-Wl,-Bdynamic" "-lgcc_s" "-lutil" "-lrt" "-lpthread" "-lm" "-ldl" "-lc" "-Wl,--eh-frame-hdr" "-Wl,-z,noexecstack" "-L" "/opt/rustwide/rustup-home/toolchains/beta-2023-04-20-x86_64-unknown-linux-gnu/lib/rustlib/x86_64-unknown-linux-gnu/lib" "-o" "/tmp/rustdoctestpVy7Ac/rust_out" "-Wl,--gc-sections" "-pie" "-Wl,-z,relro,-z,now" "-nodefaultlibs"
[INFO] [stdout]   = note: collect2: fatal error: ld terminated with signal 9 [Killed]
[INFO] [stdout]           compilation terminated.
[INFO] [stdout]           
[INFO] [stdout] 
[INFO] [stdout] error: aborting due to previous error
[INFO] [stdout] 
[INFO] [stdout] Couldn't compile the test.
[INFO] [stdout] ---- src/format_element.rs - format_element::join_elements (line 220) stdout ----
[INFO] [stdout] error: linking with `cc` failed: exit status: 1
[INFO] [stdout]   |
[INFO] [stdout]   = note: LC_ALL="C" PATH="/opt/rustwide/rustup-home/toolchains/beta-2023-04-20-x86_64-unknown-linux-gnu/lib/rustlib/x86_64-unknown-linux-gnu/bin:/opt/rustwide/cargo-home/bin:/usr/local/sbin:/usr/local/bin:/usr/sbin:/usr/bin:/sbin:/bin" VSLANG="1033" "cc" "-m64" "/tmp/rustcsw2J0n/symbols.o" "/tmp/rustdoctestMJJA0a/rust_out.rust_out.c38b68ff-cgu.0.rcgu.o" "/tmp/rustdoctestMJJA0a/rust_out.38a7fyhsvjn6z0qy.rcgu.o" "-Wl,--as-needed" "-L" "/opt/rustwide/target/debug/deps" "-L" "/opt/rustwide/target/debug/deps" "-L" "/opt/rustwide/rustup-home/toolchains/beta-2023-04-20-x86_64-unknown-linux-gnu/lib/rustlib/x86_64-unknown-linux-gnu/lib" "-Wl,-Bstatic" "/opt/rustwide/target/debug/deps/librome_formatter-ed064570d0155be3.rlib" "/opt/rustwide/target/debug/deps/librome_path-316b7af9ebbf6de4.rlib" "/opt/rustwide/target/debug/deps/librome_core-828ccd4694a3fa50.rlib" "/opt/rustwide/target/debug/deps/librslint_parser-abfd42e337c5a22a.rlib" "/opt/rustwide/target/debug/deps/libnum_bigint-fa42890272377f02.rlib" "/opt/rustwide/target/debug/deps/libnum_integer-a294e2cb4d978ddc.rlib" "/opt/rustwide/target/debug/deps/libnum_traits-af8ea78804204b7e.rlib" "/opt/rustwide/target/debug/deps/liblexical-22f483112c232491.rlib" "/opt/rustwide/target/debug/deps/liblexical_core-8e884d5cc531c85e.rlib" "/opt/rustwide/target/debug/deps/libbitflags-610a73087f46ba3b.rlib" "/opt/rustwide/target/debug/deps/libryu-15f00219fd9c669a.rlib" "/opt/rustwide/target/debug/deps/libstatic_assertions-62b1a5cbf56a9f5f.rlib" "/opt/rustwide/target/debug/deps/libarrayvec-60f29610b80e56b0.rlib" "/opt/rustwide/target/debug/deps/libcfg_if-97437e183f3ae6e4.rlib" "/opt/rustwide/target/debug/deps/librslint_lexer-e0213f1e404f0c2e.rlib" "/opt/rustwide/target/debug/deps/librslint_syntax-f70fd6740c4ca996.rlib" "/opt/rustwide/target/debug/deps/libansi_term-cf230369650aa732.rlib" "/opt/rustwide/target/debug/deps/librslint_errors-0fb0653f3a74e22b.rlib" "/opt/rustwide/target/debug/deps/libcolored-80679e9571928cda.rlib" "/opt/rustwide/target/debug/deps/liblazy_static-86422d76b8bd90ed.rlib" "/opt/rustwide/target/debug/deps/libatty-b0220b83c6587be7.rlib" "/opt/rustwide/target/debug/deps/liblibc-ae6af18307e60669.rlib" "/opt/rustwide/target/debug/deps/librslint_text_edit-25dd85e5acdd4653.rlib" "/opt/rustwide/target/debug/deps/libunicode_width-6ef757d3f1052dbb.rlib" "/opt/rustwide/target/debug/deps/libtermcolor-b126e2ab944ff130.rlib" "/opt/rustwide/target/debug/deps/librome_rowan-f22045e08d0789a0.rlib" "/opt/rustwide/target/debug/deps/libmemoffset-4b1a5aaa4ec15207.rlib" "/opt/rustwide/target/debug/deps/libtext_size-83b9052ea3c00648.rlib" "/opt/rustwide/target/debug/deps/librustc_hash-90b377b8548f0070.rlib" "/opt/rustwide/target/debug/deps/libhashbrown-51f2c389766657de.rlib" "/opt/rustwide/target/debug/deps/libcountme-d99261dd44a9d9ec.rlib" "/opt/rustwide/rustup-home/toolchains/beta-2023-04-20-x86_64-unknown-linux-gnu/lib/rustlib/x86_64-unknown-linux-gnu/lib/libstd-0e29cc23c5e02021.rlib" "/opt/rustwide/rustup-home/toolchains/beta-2023-04-20-x86_64-unknown-linux-gnu/lib/rustlib/x86_64-unknown-linux-gnu/lib/libpanic_unwind-d903621768a861d9.rlib" "/opt/rustwide/rustup-home/toolchains/beta-2023-04-20-x86_64-unknown-linux-gnu/lib/rustlib/x86_64-unknown-linux-gnu/lib/libobject-6d0225e655f31c13.rlib" "/opt/rustwide/rustup-home/toolchains/beta-2023-04-20-x86_64-unknown-linux-gnu/lib/rustlib/x86_64-unknown-linux-gnu/lib/libmemchr-9dbaf4eac7eaa079.rlib" "/opt/rustwide/rustup-home/toolchains/beta-2023-04-20-x86_64-unknown-linux-gnu/lib/rustlib/x86_64-unknown-linux-gnu/lib/libaddr2line-27f05b3d42a66dd0.rlib" "/opt/rustwide/rustup-home/toolchains/beta-2023-04-20-x86_64-unknown-linux-gnu/lib/rustlib/x86_64-unknown-linux-gnu/lib/libgimli-4d73f1030321c9a2.rlib" "/opt/rustwide/rustup-home/toolchains/beta-2023-04-20-x86_64-unknown-linux-gnu/lib/rustlib/x86_64-unknown-linux-gnu/lib/librustc_demangle-2846c9e58abd0acb.rlib" "/opt/rustwide/rustup-home/toolchains/beta-2023-04-20-x86_64-unknown-linux-gnu/lib/rustlib/x86_64-unknown-linux-gnu/lib/libstd_detect-a53d0f50415947be.rlib" "/opt/rustwide/rustup-home/toolchains/beta-2023-04-20-x86_64-unknown-linux-gnu/lib/rustlib/x86_64-unknown-linux-gnu/lib/libhashbrown-d48e4b6abc25b9dc.rlib" "/opt/rustwide/rustup-home/toolchains/beta-2023-04-20-x86_64-unknown-linux-gnu/lib/rustlib/x86_64-unknown-linux-gnu/lib/libminiz_oxide-2991859439ef1207.rlib" "/opt/rustwide/rustup-home/toolchains/beta-2023-04-20-x86_64-unknown-linux-gnu/lib/rustlib/x86_64-unknown-linux-gnu/lib/libadler-8a687517e4221bae.rlib" "/opt/rustwide/rustup-home/toolchains/beta-2023-04-20-x86_64-unknown-linux-gnu/lib/rustlib/x86_64-unknown-linux-gnu/lib/librustc_std_workspace_alloc-e07b554f6a67f5b3.rlib" "/opt/rustwide/rustup-home/toolchains/beta-2023-04-20-x86_64-unknown-linux-gnu/lib/rustlib/x86_64-unknown-linux-gnu/lib/libunwind-b68238b7c3c619dd.rlib" "/opt/rustwide/rustup-home/toolchains/beta-2023-04-20-x86_64-unknown-linux-gnu/lib/rustlib/x86_64-unknown-linux-gnu/lib/libcfg_if-d5e213e896c017e4.rlib" "/opt/rustwide/rustup-home/toolchains/beta-2023-04-20-x86_64-unknown-linux-gnu/lib/rustlib/x86_64-unknown-linux-gnu/lib/liblibc-0211a3b2e61d8689.rlib" "/opt/rustwide/rustup-home/toolchains/beta-2023-04-20-x86_64-unknown-linux-gnu/lib/rustlib/x86_64-unknown-linux-gnu/lib/liballoc-b371f055239ba51f.rlib" "/opt/rustwide/rustup-home/toolchains/beta-2023-04-20-x86_64-unknown-linux-gnu/lib/rustlib/x86_64-unknown-linux-gnu/lib/librustc_std_workspace_core-e60518d2760eb01e.rlib" "/opt/rustwide/rustup-home/toolchains/beta-2023-04-20-x86_64-unknown-linux-gnu/lib/rustlib/x86_64-unknown-linux-gnu/lib/libcore-1ad943f92a4b1081.rlib" "/opt/rustwide/rustup-home/toolchains/beta-2023-04-20-x86_64-unknown-linux-gnu/lib/rustlib/x86_64-unknown-linux-gnu/lib/libcompiler_builtins-f0d6e4d0fc1e80b4.rlib" "-Wl,-Bdynamic" "-lgcc_s" "-lutil" "-lrt" "-lpthread" "-lm" "-ldl" "-lc" "-Wl,--eh-frame-hdr" "-Wl,-z,noexecstack" "-L" "/opt/rustwide/rustup-home/toolchains/beta-2023-04-20-x86_64-unknown-linux-gnu/lib/rustlib/x86_64-unknown-linux-gnu/lib" "-o" "/tmp/rustdoctestMJJA0a/rust_out" "-Wl,--gc-sections" "-pie" "-Wl,-z,relro,-z,now" "-nodefaultlibs"
[INFO] [stdout]   = note: collect2: fatal error: ld terminated with signal 9 [Killed]
[INFO] [stdout]           compilation terminated.
[INFO] [stdout]           
[INFO] [stdout] 
[INFO] [stdout] error: aborting due to previous error
[INFO] [stdout] 
[INFO] [stdout] Couldn't compile the test.
[INFO] [stdout] ---- src/format_elements.rs - format_elements::format_elements (line 23) stdout ----
[INFO] [stdout] Couldn't compile the test.
[INFO] [stdout] ---- src/format_element.rs - format_element::if_group_breaks (line 457) stdout ----
[INFO] [stdout] error: linking with `cc` failed: exit status: 1
[INFO] [stdout]   |
[INFO] [stdout]   = note: LC_ALL="C" PATH="/opt/rustwide/rustup-home/toolchains/beta-2023-04-20-x86_64-unknown-linux-gnu/lib/rustlib/x86_64-unknown-linux-gnu/bin:/opt/rustwide/cargo-home/bin:/usr/local/sbin:/usr/local/bin:/usr/sbin:/usr/bin:/sbin:/bin" VSLANG="1033" "cc" "-m64" "/tmp/rustcNqikR6/symbols.o" "/tmp/rustdoctest26b9pM/rust_out.rust_out.c38b68ff-cgu.0.rcgu.o" "/tmp/rustdoctest26b9pM/rust_out.38a7fyhsvjn6z0qy.rcgu.o" "-Wl,--as-needed" "-L" "/opt/rustwide/target/debug/deps" "-L" "/opt/rustwide/target/debug/deps" "-L" "/opt/rustwide/rustup-home/toolchains/beta-2023-04-20-x86_64-unknown-linux-gnu/lib/rustlib/x86_64-unknown-linux-gnu/lib" "-Wl,-Bstatic" "/opt/rustwide/target/debug/deps/librome_formatter-ed064570d0155be3.rlib" "/opt/rustwide/target/debug/deps/librome_path-316b7af9ebbf6de4.rlib" "/opt/rustwide/target/debug/deps/librome_core-828ccd4694a3fa50.rlib" "/opt/rustwide/target/debug/deps/librslint_parser-abfd42e337c5a22a.rlib" "/opt/rustwide/target/debug/deps/libnum_bigint-fa42890272377f02.rlib" "/opt/rustwide/target/debug/deps/libnum_integer-a294e2cb4d978ddc.rlib" "/opt/rustwide/target/debug/deps/libnum_traits-af8ea78804204b7e.rlib" "/opt/rustwide/target/debug/deps/liblexical-22f483112c232491.rlib" "/opt/rustwide/target/debug/deps/liblexical_core-8e884d5cc531c85e.rlib" "/opt/rustwide/target/debug/deps/libbitflags-610a73087f46ba3b.rlib" "/opt/rustwide/target/debug/deps/libryu-15f00219fd9c669a.rlib" "/opt/rustwide/target/debug/deps/libstatic_assertions-62b1a5cbf56a9f5f.rlib" "/opt/rustwide/target/debug/deps/libarrayvec-60f29610b80e56b0.rlib" "/opt/rustwide/target/debug/deps/libcfg_if-97437e183f3ae6e4.rlib" "/opt/rustwide/target/debug/deps/librslint_lexer-e0213f1e404f0c2e.rlib" "/opt/rustwide/target/debug/deps/librslint_syntax-f70fd6740c4ca996.rlib" "/opt/rustwide/target/debug/deps/libansi_term-cf230369650aa732.rlib" "/opt/rustwide/target/debug/deps/librslint_errors-0fb0653f3a74e22b.rlib" "/opt/rustwide/target/debug/deps/libcolored-80679e9571928cda.rlib" "/opt/rustwide/target/debug/deps/liblazy_static-86422d76b8bd90ed.rlib" "/opt/rustwide/target/debug/deps/libatty-b0220b83c6587be7.rlib" "/opt/rustwide/target/debug/deps/liblibc-ae6af18307e60669.rlib" "/opt/rustwide/target/debug/deps/librslint_text_edit-25dd85e5acdd4653.rlib" "/opt/rustwide/target/debug/deps/libunicode_width-6ef757d3f1052dbb.rlib" "/opt/rustwide/target/debug/deps/libtermcolor-b126e2ab944ff130.rlib" "/opt/rustwide/target/debug/deps/librome_rowan-f22045e08d0789a0.rlib" "/opt/rustwide/target/debug/deps/libmemoffset-4b1a5aaa4ec15207.rlib" "/opt/rustwide/target/debug/deps/libtext_size-83b9052ea3c00648.rlib" "/opt/rustwide/target/debug/deps/librustc_hash-90b377b8548f0070.rlib" "/opt/rustwide/target/debug/deps/libhashbrown-51f2c389766657de.rlib" "/opt/rustwide/target/debug/deps/libcountme-d99261dd44a9d9ec.rlib" "/opt/rustwide/rustup-home/toolchains/beta-2023-04-20-x86_64-unknown-linux-gnu/lib/rustlib/x86_64-unknown-linux-gnu/lib/libstd-0e29cc23c5e02021.rlib" "/opt/rustwide/rustup-home/toolchains/beta-2023-04-20-x86_64-unknown-linux-gnu/lib/rustlib/x86_64-unknown-linux-gnu/lib/libpanic_unwind-d903621768a861d9.rlib" "/opt/rustwide/rustup-home/toolchains/beta-2023-04-20-x86_64-unknown-linux-gnu/lib/rustlib/x86_64-unknown-linux-gnu/lib/libobject-6d0225e655f31c13.rlib" "/opt/rustwide/rustup-home/toolchains/beta-2023-04-20-x86_64-unknown-linux-gnu/lib/rustlib/x86_64-unknown-linux-gnu/lib/libmemchr-9dbaf4eac7eaa079.rlib" "/opt/rustwide/rustup-home/toolchains/beta-2023-04-20-x86_64-unknown-linux-gnu/lib/rustlib/x86_64-unknown-linux-gnu/lib/libaddr2line-27f05b3d42a66dd0.rlib" "/opt/rustwide/rustup-home/toolchains/beta-2023-04-20-x86_64-unknown-linux-gnu/lib/rustlib/x86_64-unknown-linux-gnu/lib/libgimli-4d73f1030321c9a2.rlib" "/opt/rustwide/rustup-home/toolchains/beta-2023-04-20-x86_64-unknown-linux-gnu/lib/rustlib/x86_64-unknown-linux-gnu/lib/librustc_demangle-2846c9e58abd0acb.rlib" "/opt/rustwide/rustup-home/toolchains/beta-2023-04-20-x86_64-unknown-linux-gnu/lib/rustlib/x86_64-unknown-linux-gnu/lib/libstd_detect-a53d0f50415947be.rlib" "/opt/rustwide/rustup-home/toolchains/beta-2023-04-20-x86_64-unknown-linux-gnu/lib/rustlib/x86_64-unknown-linux-gnu/lib/libhashbrown-d48e4b6abc25b9dc.rlib" "/opt/rustwide/rustup-home/toolchains/beta-2023-04-20-x86_64-unknown-linux-gnu/lib/rustlib/x86_64-unknown-linux-gnu/lib/libminiz_oxide-2991859439ef1207.rlib" "/opt/rustwide/rustup-home/toolchains/beta-2023-04-20-x86_64-unknown-linux-gnu/lib/rustlib/x86_64-unknown-linux-gnu/lib/libadler-8a687517e4221bae.rlib" "/opt/rustwide/rustup-home/toolchains/beta-2023-04-20-x86_64-unknown-linux-gnu/lib/rustlib/x86_64-unknown-linux-gnu/lib/librustc_std_workspace_alloc-e07b554f6a67f5b3.rlib" "/opt/rustwide/rustup-home/toolchains/beta-2023-04-20-x86_64-unknown-linux-gnu/lib/rustlib/x86_64-unknown-linux-gnu/lib/libunwind-b68238b7c3c619dd.rlib" "/opt/rustwide/rustup-home/toolchains/beta-2023-04-20-x86_64-unknown-linux-gnu/lib/rustlib/x86_64-unknown-linux-gnu/lib/libcfg_if-d5e213e896c017e4.rlib" "/opt/rustwide/rustup-home/toolchains/beta-2023-04-20-x86_64-unknown-linux-gnu/lib/rustlib/x86_64-unknown-linux-gnu/lib/liblibc-0211a3b2e61d8689.rlib" "/opt/rustwide/rustup-home/toolchains/beta-2023-04-20-x86_64-unknown-linux-gnu/lib/rustlib/x86_64-unknown-linux-gnu/lib/liballoc-b371f055239ba51f.rlib" "/opt/rustwide/rustup-home/toolchains/beta-2023-04-20-x86_64-unknown-linux-gnu/lib/rustlib/x86_64-unknown-linux-gnu/lib/librustc_std_workspace_core-e60518d2760eb01e.rlib" "/opt/rustwide/rustup-home/toolchains/beta-2023-04-20-x86_64-unknown-linux-gnu/lib/rustlib/x86_64-unknown-linux-gnu/lib/libcore-1ad943f92a4b1081.rlib" "/opt/rustwide/rustup-home/toolchains/beta-2023-04-20-x86_64-unknown-linux-gnu/lib/rustlib/x86_64-unknown-linux-gnu/lib/libcompiler_builtins-f0d6e4d0fc1e80b4.rlib" "-Wl,-Bdynamic" "-lgcc_s" "-lutil" "-lrt" "-lpthread" "-lm" "-ldl" "-lc" "-Wl,--eh-frame-hdr" "-Wl,-z,noexecstack" "-L" "/opt/rustwide/rustup-home/toolchains/beta-2023-04-20-x86_64-unknown-linux-gnu/lib/rustlib/x86_64-unknown-linux-gnu/lib" "-o" "/tmp/rustdoctest26b9pM/rust_out" "-Wl,--gc-sections" "-pie" "-Wl,-z,relro,-z,now" "-nodefaultlibs"
[INFO] [stdout]   = note: collect2: fatal error: ld terminated with signal 9 [Killed]
[INFO] [stdout]           compilation terminated.
[INFO] [stdout]           
[INFO] [stdout] 
[INFO] [stdout] error: aborting due to previous error
[INFO] [stdout] 
[INFO] [stdout] Couldn't compile the test.
[INFO] [stdout] ---- src/format_element.rs - format_element::group_elements (line 394) stdout ----
[INFO] [stdout] error: linking with `cc` failed: exit status: 1
[INFO] [stdout]   |
[INFO] [stdout]   = note: LC_ALL="C" PATH="/opt/rustwide/rustup-home/toolchains/beta-2023-04-20-x86_64-unknown-linux-gnu/lib/rustlib/x86_64-unknown-linux-gnu/bin:/opt/rustwide/cargo-home/bin:/usr/local/sbin:/usr/local/bin:/usr/sbin:/usr/bin:/sbin:/bin" VSLANG="1033" "cc" "-m64" "/tmp/rustcNergsE/symbols.o" "/tmp/rustdoctestkUKgkc/rust_out.rust_out.c38b68ff-cgu.0.rcgu.o" "/tmp/rustdoctestkUKgkc/rust_out.38a7fyhsvjn6z0qy.rcgu.o" "-Wl,--as-needed" "-L" "/opt/rustwide/target/debug/deps" "-L" "/opt/rustwide/target/debug/deps" "-L" "/opt/rustwide/rustup-home/toolchains/beta-2023-04-20-x86_64-unknown-linux-gnu/lib/rustlib/x86_64-unknown-linux-gnu/lib" "-Wl,-Bstatic" "/opt/rustwide/target/debug/deps/librome_formatter-ed064570d0155be3.rlib" "/opt/rustwide/target/debug/deps/librome_path-316b7af9ebbf6de4.rlib" "/opt/rustwide/target/debug/deps/librome_core-828ccd4694a3fa50.rlib" "/opt/rustwide/target/debug/deps/librslint_parser-abfd42e337c5a22a.rlib" "/opt/rustwide/target/debug/deps/libnum_bigint-fa42890272377f02.rlib" "/opt/rustwide/target/debug/deps/libnum_integer-a294e2cb4d978ddc.rlib" "/opt/rustwide/target/debug/deps/libnum_traits-af8ea78804204b7e.rlib" "/opt/rustwide/target/debug/deps/liblexical-22f483112c232491.rlib" "/opt/rustwide/target/debug/deps/liblexical_core-8e884d5cc531c85e.rlib" "/opt/rustwide/target/debug/deps/libbitflags-610a73087f46ba3b.rlib" "/opt/rustwide/target/debug/deps/libryu-15f00219fd9c669a.rlib" "/opt/rustwide/target/debug/deps/libstatic_assertions-62b1a5cbf56a9f5f.rlib" "/opt/rustwide/target/debug/deps/libarrayvec-60f29610b80e56b0.rlib" "/opt/rustwide/target/debug/deps/libcfg_if-97437e183f3ae6e4.rlib" "/opt/rustwide/target/debug/deps/librslint_lexer-e0213f1e404f0c2e.rlib" "/opt/rustwide/target/debug/deps/librslint_syntax-f70fd6740c4ca996.rlib" "/opt/rustwide/target/debug/deps/libansi_term-cf230369650aa732.rlib" "/opt/rustwide/target/debug/deps/librslint_errors-0fb0653f3a74e22b.rlib" "/opt/rustwide/target/debug/deps/libcolored-80679e9571928cda.rlib" "/opt/rustwide/target/debug/deps/liblazy_static-86422d76b8bd90ed.rlib" "/opt/rustwide/target/debug/deps/libatty-b0220b83c6587be7.rlib" "/opt/rustwide/target/debug/deps/liblibc-ae6af18307e60669.rlib" "/opt/rustwide/target/debug/deps/librslint_text_edit-25dd85e5acdd4653.rlib" "/opt/rustwide/target/debug/deps/libunicode_width-6ef757d3f1052dbb.rlib" "/opt/rustwide/target/debug/deps/libtermcolor-b126e2ab944ff130.rlib" "/opt/rustwide/target/debug/deps/librome_rowan-f22045e08d0789a0.rlib" "/opt/rustwide/target/debug/deps/libmemoffset-4b1a5aaa4ec15207.rlib" "/opt/rustwide/target/debug/deps/libtext_size-83b9052ea3c00648.rlib" "/opt/rustwide/target/debug/deps/librustc_hash-90b377b8548f0070.rlib" "/opt/rustwide/target/debug/deps/libhashbrown-51f2c389766657de.rlib" "/opt/rustwide/target/debug/deps/libcountme-d99261dd44a9d9ec.rlib" "/opt/rustwide/rustup-home/toolchains/beta-2023-04-20-x86_64-unknown-linux-gnu/lib/rustlib/x86_64-unknown-linux-gnu/lib/libstd-0e29cc23c5e02021.rlib" "/opt/rustwide/rustup-home/toolchains/beta-2023-04-20-x86_64-unknown-linux-gnu/lib/rustlib/x86_64-unknown-linux-gnu/lib/libpanic_unwind-d903621768a861d9.rlib" "/opt/rustwide/rustup-home/toolchains/beta-2023-04-20-x86_64-unknown-linux-gnu/lib/rustlib/x86_64-unknown-linux-gnu/lib/libobject-6d0225e655f31c13.rlib" "/opt/rustwide/rustup-home/toolchains/beta-2023-04-20-x86_64-unknown-linux-gnu/lib/rustlib/x86_64-unknown-linux-gnu/lib/libmemchr-9dbaf4eac7eaa079.rlib" "/opt/rustwide/rustup-home/toolchains/beta-2023-04-20-x86_64-unknown-linux-gnu/lib/rustlib/x86_64-unknown-linux-gnu/lib/libaddr2line-27f05b3d42a66dd0.rlib" "/opt/rustwide/rustup-home/toolchains/beta-2023-04-20-x86_64-unknown-linux-gnu/lib/rustlib/x86_64-unknown-linux-gnu/lib/libgimli-4d73f1030321c9a2.rlib" "/opt/rustwide/rustup-home/toolchains/beta-2023-04-20-x86_64-unknown-linux-gnu/lib/rustlib/x86_64-unknown-linux-gnu/lib/librustc_demangle-2846c9e58abd0acb.rlib" "/opt/rustwide/rustup-home/toolchains/beta-2023-04-20-x86_64-unknown-linux-gnu/lib/rustlib/x86_64-unknown-linux-gnu/lib/libstd_detect-a53d0f50415947be.rlib" "/opt/rustwide/rustup-home/toolchains/beta-2023-04-20-x86_64-unknown-linux-gnu/lib/rustlib/x86_64-unknown-linux-gnu/lib/libhashbrown-d48e4b6abc25b9dc.rlib" "/opt/rustwide/rustup-home/toolchains/beta-2023-04-20-x86_64-unknown-linux-gnu/lib/rustlib/x86_64-unknown-linux-gnu/lib/libminiz_oxide-2991859439ef1207.rlib" "/opt/rustwide/rustup-home/toolchains/beta-2023-04-20-x86_64-unknown-linux-gnu/lib/rustlib/x86_64-unknown-linux-gnu/lib/libadler-8a687517e4221bae.rlib" "/opt/rustwide/rustup-home/toolchains/beta-2023-04-20-x86_64-unknown-linux-gnu/lib/rustlib/x86_64-unknown-linux-gnu/lib/librustc_std_workspace_alloc-e07b554f6a67f5b3.rlib" "/opt/rustwide/rustup-home/toolchains/beta-2023-04-20-x86_64-unknown-linux-gnu/lib/rustlib/x86_64-unknown-linux-gnu/lib/libunwind-b68238b7c3c619dd.rlib" "/opt/rustwide/rustup-home/toolchains/beta-2023-04-20-x86_64-unknown-linux-gnu/lib/rustlib/x86_64-unknown-linux-gnu/lib/libcfg_if-d5e213e896c017e4.rlib" "/opt/rustwide/rustup-home/toolchains/beta-2023-04-20-x86_64-unknown-linux-gnu/lib/rustlib/x86_64-unknown-linux-gnu/lib/liblibc-0211a3b2e61d8689.rlib" "/opt/rustwide/rustup-home/toolchains/beta-2023-04-20-x86_64-unknown-linux-gnu/lib/rustlib/x86_64-unknown-linux-gnu/lib/liballoc-b371f055239ba51f.rlib" "/opt/rustwide/rustup-home/toolchains/beta-2023-04-20-x86_64-unknown-linux-gnu/lib/rustlib/x86_64-unknown-linux-gnu/lib/librustc_std_workspace_core-e60518d2760eb01e.rlib" "/opt/rustwide/rustup-home/toolchains/beta-2023-04-20-x86_64-unknown-linux-gnu/lib/rustlib/x86_64-unknown-linux-gnu/lib/libcore-1ad943f92a4b1081.rlib" "/opt/rustwide/rustup-home/toolchains/beta-2023-04-20-x86_64-unknown-linux-gnu/lib/rustlib/x86_64-unknown-linux-gnu/lib/libcompiler_builtins-f0d6e4d0fc1e80b4.rlib" "-Wl,-Bdynamic" "-lgcc_s" "-lutil" "-lrt" "-lpthread" "-lm" "-ldl" "-lc" "-Wl,--eh-frame-hdr" "-Wl,-z,noexecstack" "-L" "/opt/rustwide/rustup-home/toolchains/beta-2023-04-20-x86_64-unknown-linux-gnu/lib/rustlib/x86_64-unknown-linux-gnu/lib" "-o" "/tmp/rustdoctestkUKgkc/rust_out" "-Wl,--gc-sections" "-pie" "-Wl,-z,relro,-z,now" "-nodefaultlibs"
[INFO] [stdout]   = note: collect2: fatal error: ld terminated with signal 9 [Killed]
[INFO] [stdout]           compilation terminated.
[INFO] [stdout]           
[INFO] [stdout] 
[INFO] [stdout] error: aborting due to previous error
[INFO] [stdout] 
[INFO] [stdout] Couldn't compile the test.
[INFO] [stdout] ---- src/format_element.rs - format_element::group_elements (line 413) stdout ----
[INFO] [stdout] error: linking with `cc` failed: exit status: 1
[INFO] [stdout]   |
[INFO] [stdout]   = note: LC_ALL="C" PATH="/opt/rustwide/rustup-home/toolchains/beta-2023-04-20-x86_64-unknown-linux-gnu/lib/rustlib/x86_64-unknown-linux-gnu/bin:/opt/rustwide/cargo-home/bin:/usr/local/sbin:/usr/local/bin:/usr/sbin:/usr/bin:/sbin:/bin" VSLANG="1033" "cc" "-m64" "/tmp/rustcYCa9Cj/symbols.o" "/tmp/rustdoctestgrzans/rust_out.rust_out.c38b68ff-cgu.0.rcgu.o" "/tmp/rustdoctestgrzans/rust_out.38a7fyhsvjn6z0qy.rcgu.o" "-Wl,--as-needed" "-L" "/opt/rustwide/target/debug/deps" "-L" "/opt/rustwide/target/debug/deps" "-L" "/opt/rustwide/rustup-home/toolchains/beta-2023-04-20-x86_64-unknown-linux-gnu/lib/rustlib/x86_64-unknown-linux-gnu/lib" "-Wl,-Bstatic" "/opt/rustwide/target/debug/deps/librome_formatter-ed064570d0155be3.rlib" "/opt/rustwide/target/debug/deps/librome_path-316b7af9ebbf6de4.rlib" "/opt/rustwide/target/debug/deps/librome_core-828ccd4694a3fa50.rlib" "/opt/rustwide/target/debug/deps/librslint_parser-abfd42e337c5a22a.rlib" "/opt/rustwide/target/debug/deps/libnum_bigint-fa42890272377f02.rlib" "/opt/rustwide/target/debug/deps/libnum_integer-a294e2cb4d978ddc.rlib" "/opt/rustwide/target/debug/deps/libnum_traits-af8ea78804204b7e.rlib" "/opt/rustwide/target/debug/deps/liblexical-22f483112c232491.rlib" "/opt/rustwide/target/debug/deps/liblexical_core-8e884d5cc531c85e.rlib" "/opt/rustwide/target/debug/deps/libbitflags-610a73087f46ba3b.rlib" "/opt/rustwide/target/debug/deps/libryu-15f00219fd9c669a.rlib" "/opt/rustwide/target/debug/deps/libstatic_assertions-62b1a5cbf56a9f5f.rlib" "/opt/rustwide/target/debug/deps/libarrayvec-60f29610b80e56b0.rlib" "/opt/rustwide/target/debug/deps/libcfg_if-97437e183f3ae6e4.rlib" "/opt/rustwide/target/debug/deps/librslint_lexer-e0213f1e404f0c2e.rlib" "/opt/rustwide/target/debug/deps/librslint_syntax-f70fd6740c4ca996.rlib" "/opt/rustwide/target/debug/deps/libansi_term-cf230369650aa732.rlib" "/opt/rustwide/target/debug/deps/librslint_errors-0fb0653f3a74e22b.rlib" "/opt/rustwide/target/debug/deps/libcolored-80679e9571928cda.rlib" "/opt/rustwide/target/debug/deps/liblazy_static-86422d76b8bd90ed.rlib" "/opt/rustwide/target/debug/deps/libatty-b0220b83c6587be7.rlib" "/opt/rustwide/target/debug/deps/liblibc-ae6af18307e60669.rlib" "/opt/rustwide/target/debug/deps/librslint_text_edit-25dd85e5acdd4653.rlib" "/opt/rustwide/target/debug/deps/libunicode_width-6ef757d3f1052dbb.rlib" "/opt/rustwide/target/debug/deps/libtermcolor-b126e2ab944ff130.rlib" "/opt/rustwide/target/debug/deps/librome_rowan-f22045e08d0789a0.rlib" "/opt/rustwide/target/debug/deps/libmemoffset-4b1a5aaa4ec15207.rlib" "/opt/rustwide/target/debug/deps/libtext_size-83b9052ea3c00648.rlib" "/opt/rustwide/target/debug/deps/librustc_hash-90b377b8548f0070.rlib" "/opt/rustwide/target/debug/deps/libhashbrown-51f2c389766657de.rlib" "/opt/rustwide/target/debug/deps/libcountme-d99261dd44a9d9ec.rlib" "/opt/rustwide/rustup-home/toolchains/beta-2023-04-20-x86_64-unknown-linux-gnu/lib/rustlib/x86_64-unknown-linux-gnu/lib/libstd-0e29cc23c5e02021.rlib" "/opt/rustwide/rustup-home/toolchains/beta-2023-04-20-x86_64-unknown-linux-gnu/lib/rustlib/x86_64-unknown-linux-gnu/lib/libpanic_unwind-d903621768a861d9.rlib" "/opt/rustwide/rustup-home/toolchains/beta-2023-04-20-x86_64-unknown-linux-gnu/lib/rustlib/x86_64-unknown-linux-gnu/lib/libobject-6d0225e655f31c13.rlib" "/opt/rustwide/rustup-home/toolchains/beta-2023-04-20-x86_64-unknown-linux-gnu/lib/rustlib/x86_64-unknown-linux-gnu/lib/libmemchr-9dbaf4eac7eaa079.rlib" "/opt/rustwide/rustup-home/toolchains/beta-2023-04-20-x86_64-unknown-linux-gnu/lib/rustlib/x86_64-unknown-linux-gnu/lib/libaddr2line-27f05b3d42a66dd0.rlib" "/opt/rustwide/rustup-home/toolchains/beta-2023-04-20-x86_64-unknown-linux-gnu/lib/rustlib/x86_64-unknown-linux-gnu/lib/libgimli-4d73f1030321c9a2.rlib" "/opt/rustwide/rustup-home/toolchains/beta-2023-04-20-x86_64-unknown-linux-gnu/lib/rustlib/x86_64-unknown-linux-gnu/lib/librustc_demangle-2846c9e58abd0acb.rlib" "/opt/rustwide/rustup-home/toolchains/beta-2023-04-20-x86_64-unknown-linux-gnu/lib/rustlib/x86_64-unknown-linux-gnu/lib/libstd_detect-a53d0f50415947be.rlib" "/opt/rustwide/rustup-home/toolchains/beta-2023-04-20-x86_64-unknown-linux-gnu/lib/rustlib/x86_64-unknown-linux-gnu/lib/libhashbrown-d48e4b6abc25b9dc.rlib" "/opt/rustwide/rustup-home/toolchains/beta-2023-04-20-x86_64-unknown-linux-gnu/lib/rustlib/x86_64-unknown-linux-gnu/lib/libminiz_oxide-2991859439ef1207.rlib" "/opt/rustwide/rustup-home/toolchains/beta-2023-04-20-x86_64-unknown-linux-gnu/lib/rustlib/x86_64-unknown-linux-gnu/lib/libadler-8a687517e4221bae.rlib" "/opt/rustwide/rustup-home/toolchains/beta-2023-04-20-x86_64-unknown-linux-gnu/lib/rustlib/x86_64-unknown-linux-gnu/lib/librustc_std_workspace_alloc-e07b554f6a67f5b3.rlib" "/opt/rustwide/rustup-home/toolchains/beta-2023-04-20-x86_64-unknown-linux-gnu/lib/rustlib/x86_64-unknown-linux-gnu/lib/libunwind-b68238b7c3c619dd.rlib" "/opt/rustwide/rustup-home/toolchains/beta-2023-04-20-x86_64-unknown-linux-gnu/lib/rustlib/x86_64-unknown-linux-gnu/lib/libcfg_if-d5e213e896c017e4.rlib" "/opt/rustwide/rustup-home/toolchains/beta-2023-04-20-x86_64-unknown-linux-gnu/lib/rustlib/x86_64-unknown-linux-gnu/lib/liblibc-0211a3b2e61d8689.rlib" "/opt/rustwide/rustup-home/toolchains/beta-2023-04-20-x86_64-unknown-linux-gnu/lib/rustlib/x86_64-unknown-linux-gnu/lib/liballoc-b371f055239ba51f.rlib" "/opt/rustwide/rustup-home/toolchains/beta-2023-04-20-x86_64-unknown-linux-gnu/lib/rustlib/x86_64-unknown-linux-gnu/lib/librustc_std_workspace_core-e60518d2760eb01e.rlib" "/opt/rustwide/rustup-home/toolchains/beta-2023-04-20-x86_64-unknown-linux-gnu/lib/rustlib/x86_64-unknown-linux-gnu/lib/libcore-1ad943f92a4b1081.rlib" "/opt/rustwide/rustup-home/toolchains/beta-2023-04-20-x86_64-unknown-linux-gnu/lib/rustlib/x86_64-unknown-linux-gnu/lib/libcompiler_builtins-f0d6e4d0fc1e80b4.rlib" "-Wl,-Bdynamic" "-lgcc_s" "-lutil" "-lrt" "-lpthread" "-lm" "-ldl" "-lc" "-Wl,--eh-frame-hdr" "-Wl,-z,noexecstack" "-L" "/opt/rustwide/rustup-home/toolchains/beta-2023-04-20-x86_64-unknown-linux-gnu/lib/rustlib/x86_64-unknown-linux-gnu/lib" "-o" "/tmp/rustdoctestgrzans/rust_out" "-Wl,--gc-sections" "-pie" "-Wl,-z,relro,-z,now" "-nodefaultlibs"
[INFO] [stdout]   = note: collect2: fatal error: ld terminated with signal 9 [Killed]
[INFO] [stdout]           compilation terminated.
[INFO] [stdout]           
[INFO] [stdout] 
[INFO] [stdout] error: aborting due to previous error
[INFO] [stdout] 
[INFO] [stdout] Couldn't compile the test.
[INFO] [stdout] ---- src/lib.rs - (line 20) stdout ----
[INFO] [stdout] Couldn't compile the test.
[INFO] [stdout] ---- src/format_element.rs - format_element::if_group_breaks (line 476) stdout ----
[INFO] [stdout] error: linking with `cc` failed: exit status: 1
[INFO] [stdout]   |
[INFO] [stdout]   = note: LC_ALL="C" PATH="/opt/rustwide/rustup-home/toolchains/beta-2023-04-20-x86_64-unknown-linux-gnu/lib/rustlib/x86_64-unknown-linux-gnu/bin:/opt/rustwide/cargo-home/bin:/usr/local/sbin:/usr/local/bin:/usr/sbin:/usr/bin:/sbin:/bin" VSLANG="1033" "cc" "-m64" "/tmp/rustc8B4VKc/symbols.o" "/tmp/rustdoctest6vjT5d/rust_out.rust_out.c38b68ff-cgu.0.rcgu.o" "/tmp/rustdoctest6vjT5d/rust_out.38a7fyhsvjn6z0qy.rcgu.o" "-Wl,--as-needed" "-L" "/opt/rustwide/target/debug/deps" "-L" "/opt/rustwide/target/debug/deps" "-L" "/opt/rustwide/rustup-home/toolchains/beta-2023-04-20-x86_64-unknown-linux-gnu/lib/rustlib/x86_64-unknown-linux-gnu/lib" "-Wl,-Bstatic" "/opt/rustwide/target/debug/deps/librome_formatter-ed064570d0155be3.rlib" "/opt/rustwide/target/debug/deps/librome_path-316b7af9ebbf6de4.rlib" "/opt/rustwide/target/debug/deps/librome_core-828ccd4694a3fa50.rlib" "/opt/rustwide/target/debug/deps/librslint_parser-abfd42e337c5a22a.rlib" "/opt/rustwide/target/debug/deps/libnum_bigint-fa42890272377f02.rlib" "/opt/rustwide/target/debug/deps/libnum_integer-a294e2cb4d978ddc.rlib" "/opt/rustwide/target/debug/deps/libnum_traits-af8ea78804204b7e.rlib" "/opt/rustwide/target/debug/deps/liblexical-22f483112c232491.rlib" "/opt/rustwide/target/debug/deps/liblexical_core-8e884d5cc531c85e.rlib" "/opt/rustwide/target/debug/deps/libbitflags-610a73087f46ba3b.rlib" "/opt/rustwide/target/debug/deps/libryu-15f00219fd9c669a.rlib" "/opt/rustwide/target/debug/deps/libstatic_assertions-62b1a5cbf56a9f5f.rlib" "/opt/rustwide/target/debug/deps/libarrayvec-60f29610b80e56b0.rlib" "/opt/rustwide/target/debug/deps/libcfg_if-97437e183f3ae6e4.rlib" "/opt/rustwide/target/debug/deps/librslint_lexer-e0213f1e404f0c2e.rlib" "/opt/rustwide/target/debug/deps/librslint_syntax-f70fd6740c4ca996.rlib" "/opt/rustwide/target/debug/deps/libansi_term-cf230369650aa732.rlib" "/opt/rustwide/target/debug/deps/librslint_errors-0fb0653f3a74e22b.rlib" "/opt/rustwide/target/debug/deps/libcolored-80679e9571928cda.rlib" "/opt/rustwide/target/debug/deps/liblazy_static-86422d76b8bd90ed.rlib" "/opt/rustwide/target/debug/deps/libatty-b0220b83c6587be7.rlib" "/opt/rustwide/target/debug/deps/liblibc-ae6af18307e60669.rlib" "/opt/rustwide/target/debug/deps/librslint_text_edit-25dd85e5acdd4653.rlib" "/opt/rustwide/target/debug/deps/libunicode_width-6ef757d3f1052dbb.rlib" "/opt/rustwide/target/debug/deps/libtermcolor-b126e2ab944ff130.rlib" "/opt/rustwide/target/debug/deps/librome_rowan-f22045e08d0789a0.rlib" "/opt/rustwide/target/debug/deps/libmemoffset-4b1a5aaa4ec15207.rlib" "/opt/rustwide/target/debug/deps/libtext_size-83b9052ea3c00648.rlib" "/opt/rustwide/target/debug/deps/librustc_hash-90b377b8548f0070.rlib" "/opt/rustwide/target/debug/deps/libhashbrown-51f2c389766657de.rlib" "/opt/rustwide/target/debug/deps/libcountme-d99261dd44a9d9ec.rlib" "/opt/rustwide/rustup-home/toolchains/beta-2023-04-20-x86_64-unknown-linux-gnu/lib/rustlib/x86_64-unknown-linux-gnu/lib/libstd-0e29cc23c5e02021.rlib" "/opt/rustwide/rustup-home/toolchains/beta-2023-04-20-x86_64-unknown-linux-gnu/lib/rustlib/x86_64-unknown-linux-gnu/lib/libpanic_unwind-d903621768a861d9.rlib" "/opt/rustwide/rustup-home/toolchains/beta-2023-04-20-x86_64-unknown-linux-gnu/lib/rustlib/x86_64-unknown-linux-gnu/lib/libobject-6d0225e655f31c13.rlib" "/opt/rustwide/rustup-home/toolchains/beta-2023-04-20-x86_64-unknown-linux-gnu/lib/rustlib/x86_64-unknown-linux-gnu/lib/libmemchr-9dbaf4eac7eaa079.rlib" "/opt/rustwide/rustup-home/toolchains/beta-2023-04-20-x86_64-unknown-linux-gnu/lib/rustlib/x86_64-unknown-linux-gnu/lib/libaddr2line-27f05b3d42a66dd0.rlib" "/opt/rustwide/rustup-home/toolchains/beta-2023-04-20-x86_64-unknown-linux-gnu/lib/rustlib/x86_64-unknown-linux-gnu/lib/libgimli-4d73f1030321c9a2.rlib" "/opt/rustwide/rustup-home/toolchains/beta-2023-04-20-x86_64-unknown-linux-gnu/lib/rustlib/x86_64-unknown-linux-gnu/lib/librustc_demangle-2846c9e58abd0acb.rlib" "/opt/rustwide/rustup-home/toolchains/beta-2023-04-20-x86_64-unknown-linux-gnu/lib/rustlib/x86_64-unknown-linux-gnu/lib/libstd_detect-a53d0f50415947be.rlib" "/opt/rustwide/rustup-home/toolchains/beta-2023-04-20-x86_64-unknown-linux-gnu/lib/rustlib/x86_64-unknown-linux-gnu/lib/libhashbrown-d48e4b6abc25b9dc.rlib" "/opt/rustwide/rustup-home/toolchains/beta-2023-04-20-x86_64-unknown-linux-gnu/lib/rustlib/x86_64-unknown-linux-gnu/lib/libminiz_oxide-2991859439ef1207.rlib" "/opt/rustwide/rustup-home/toolchains/beta-2023-04-20-x86_64-unknown-linux-gnu/lib/rustlib/x86_64-unknown-linux-gnu/lib/libadler-8a687517e4221bae.rlib" "/opt/rustwide/rustup-home/toolchains/beta-2023-04-20-x86_64-unknown-linux-gnu/lib/rustlib/x86_64-unknown-linux-gnu/lib/librustc_std_workspace_alloc-e07b554f6a67f5b3.rlib" "/opt/rustwide/rustup-home/toolchains/beta-2023-04-20-x86_64-unknown-linux-gnu/lib/rustlib/x86_64-unknown-linux-gnu/lib/libunwind-b68238b7c3c619dd.rlib" "/opt/rustwide/rustup-home/toolchains/beta-2023-04-20-x86_64-unknown-linux-gnu/lib/rustlib/x86_64-unknown-linux-gnu/lib/libcfg_if-d5e213e896c017e4.rlib" "/opt/rustwide/rustup-home/toolchains/beta-2023-04-20-x86_64-unknown-linux-gnu/lib/rustlib/x86_64-unknown-linux-gnu/lib/liblibc-0211a3b2e61d8689.rlib" "/opt/rustwide/rustup-home/toolchains/beta-2023-04-20-x86_64-unknown-linux-gnu/lib/rustlib/x86_64-unknown-linux-gnu/lib/liballoc-b371f055239ba51f.rlib" "/opt/rustwide/rustup-home/toolchains/beta-2023-04-20-x86_64-unknown-linux-gnu/lib/rustlib/x86_64-unknown-linux-gnu/lib/librustc_std_workspace_core-e60518d2760eb01e.rlib" "/opt/rustwide/rustup-home/toolchains/beta-2023-04-20-x86_64-unknown-linux-gnu/lib/rustlib/x86_64-unknown-linux-gnu/lib/libcore-1ad943f92a4b1081.rlib" "/opt/rustwide/rustup-home/toolchains/beta-2023-04-20-x86_64-unknown-linux-gnu/lib/rustlib/x86_64-unknown-linux-gnu/lib/libcompiler_builtins-f0d6e4d0fc1e80b4.rlib" "-Wl,-Bdynamic" "-lgcc_s" "-lutil" "-lrt" "-lpthread" "-lm" "-ldl" "-lc" "-Wl,--eh-frame-hdr" "-Wl,-z,noexecstack" "-L" "/opt/rustwide/rustup-home/toolchains/beta-2023-04-20-x86_64-unknown-linux-gnu/lib/rustlib/x86_64-unknown-linux-gnu/lib" "-o" "/tmp/rustdoctest6vjT5d/rust_out" "-Wl,--gc-sections" "-pie" "-Wl,-z,relro,-z,now" "-nodefaultlibs"
[INFO] [stdout]   = note: collect2: fatal error: ld terminated with signal 9 [Killed]
[INFO] [stdout]           compilation terminated.
[INFO] [stdout]           
[INFO] [stdout] 
[INFO] [stdout] error: aborting due to previous error
[INFO] [stdout] 
[INFO] [stdout] Couldn't compile the test.
[INFO] [stdout] 
[INFO] [stdout] failures:
[INFO] [stdout]     src/format_element.rs - format_element::group_elements (line 394)
[INFO] [stdout]     src/format_element.rs - format_element::group_elements (line 413)
[INFO] [stdout]     src/format_element.rs - format_element::hard_line_break (line 65)
[INFO] [stdout]     src/format_element.rs - format_element::if_group_breaks (line 457)
[INFO] [stdout]     src/format_element.rs - format_element::if_group_breaks (line 476)
[INFO] [stdout]     src/format_element.rs - format_element::if_group_fits_on_single_line (line 520)
[INFO] [stdout]     src/format_element.rs - format_element::indent (line 250)
[INFO] [stdout]     src/format_element.rs - format_element::join_elements (line 220)
[INFO] [stdout]     src/format_element.rs - format_element::soft_line_break_or_space (line 100)
[INFO] [stdout]     src/format_element.rs - format_element::soft_line_break_or_space (line 87)
[INFO] [stdout]     src/format_elements.rs - format_elements::format_elements (line 23)
[INFO] [stdout]     src/lib.rs - (line 20)
[INFO] [stdout] 
[INFO] [stdout] test result: FAILED. 14 passed; 12 failed; 0 ignored; 0 measured; 0 filtered out; finished in 2.70s
[INFO] [stdout] 
[INFO] [stderr] error: doctest failed, to rerun pass `-p rome_formatter --doc`
[INFO] running `Command { std: "docker" "inspect" "c122985741f19184cf654a46c636cdf56762f59e2a67c2c479d07903498d24f7", kill_on_drop: false }`
[INFO] running `Command { std: "docker" "rm" "-f" "c122985741f19184cf654a46c636cdf56762f59e2a67c2c479d07903498d24f7", kill_on_drop: false }`
[INFO] [stdout] c122985741f19184cf654a46c636cdf56762f59e2a67c2c479d07903498d24f7
