[INFO] cloning repository https://github.com/vpontis/nftoken
[INFO] running `Command { std: "git" "-c" "credential.helper=" "-c" "credential.helper=/workspace/cargo-home/bin/git-credential-null" "clone" "--bare" "https://github.com/vpontis/nftoken" "/workspace/cache/git-repos/https%3A%2F%2Fgithub.com%2Fvpontis%2Fnftoken", kill_on_drop: false }`
[INFO] [stderr] Cloning into bare repository '/workspace/cache/git-repos/https%3A%2F%2Fgithub.com%2Fvpontis%2Fnftoken'...
[INFO] running `Command { std: "git" "rev-parse" "HEAD", kill_on_drop: false }`
[INFO] [stdout] fb7b8338fbb4c4d78687f2b82985f4313b79e81b
[INFO] testing vpontis/nftoken against beta-2023-04-20 for beta-1.70-1
[INFO] running `Command { std: "git" "clone" "/workspace/cache/git-repos/https%3A%2F%2Fgithub.com%2Fvpontis%2Fnftoken" "/workspace/builds/worker-0-tc2/source", kill_on_drop: false }`
[INFO] [stderr] Cloning into '/workspace/builds/worker-0-tc2/source'...
[INFO] [stderr] done.
[INFO] validating manifest of git repo https://github.com/vpontis/nftoken on toolchain beta-2023-04-20
[INFO] running `Command { std: CARGO_HOME="/workspace/cargo-home" RUSTUP_HOME="/workspace/rustup-home" "/workspace/cargo-home/bin/cargo" "+beta-2023-04-20" "metadata" "--manifest-path" "Cargo.toml" "--no-deps", kill_on_drop: false }`
[INFO] started tweaking git repo https://github.com/vpontis/nftoken
[INFO] finished tweaking git repo https://github.com/vpontis/nftoken
[INFO] tweaked toml for git repo https://github.com/vpontis/nftoken written to /workspace/builds/worker-0-tc2/source/Cargo.toml
[INFO] crate git repo https://github.com/vpontis/nftoken already has a lockfile, it will not be regenerated
[INFO] running `Command { std: CARGO_HOME="/workspace/cargo-home" RUSTUP_HOME="/workspace/rustup-home" "/workspace/cargo-home/bin/cargo" "+beta-2023-04-20" "fetch" "--manifest-path" "Cargo.toml", kill_on_drop: false }`
[INFO] [stderr] warning: profiles for the non root package will be ignored, specify profiles at the workspace root:
[INFO] [stderr] package:   /workspace/builds/worker-0-tc2/source/programs/nftoken/Cargo.toml
[INFO] [stderr] workspace: /workspace/builds/worker-0-tc2/source/Cargo.toml
[INFO] [stderr]  Downloading crates ...
[INFO] [stderr]   Downloaded anchor-spl v0.24.2
[INFO] running `Command { std: "docker" "create" "-v" "/var/lib/crater-agent-workspace/builds/worker-0-tc2/target:/opt/rustwide/target:rw,Z" "-v" "/var/lib/crater-agent-workspace/builds/worker-0-tc2/source:/opt/rustwide/workdir:ro,Z" "-v" "/var/lib/crater-agent-workspace/cargo-home:/opt/rustwide/cargo-home:ro,Z" "-v" "/var/lib/crater-agent-workspace/rustup-home:/opt/rustwide/rustup-home:ro,Z" "-e" "SOURCE_DIR=/opt/rustwide/workdir" "-e" "CARGO_TARGET_DIR=/opt/rustwide/target" "-e" "CARGO_HOME=/opt/rustwide/cargo-home" "-e" "RUSTUP_HOME=/opt/rustwide/rustup-home" "-w" "/opt/rustwide/workdir" "-m" "1610612736" "--user" "0:0" "--network" "none" "ghcr.io/rust-lang/crates-build-env/linux@sha256:5ff2268d62e97bff2cde7d5815dd6ed5b47097566f13b8d0ca110b04b60e07ed" "/opt/rustwide/cargo-home/bin/cargo" "+beta-2023-04-20" "metadata" "--no-deps" "--format-version=1", kill_on_drop: false }`
[INFO] [stdout] d82da28f5ff01ea89048bec7d93da4c2acaec44eb7396e6ab9b4ddb425f25aef
[INFO] running `Command { std: "docker" "start" "-a" "d82da28f5ff01ea89048bec7d93da4c2acaec44eb7396e6ab9b4ddb425f25aef", kill_on_drop: false }`
[INFO] running `Command { std: "docker" "inspect" "d82da28f5ff01ea89048bec7d93da4c2acaec44eb7396e6ab9b4ddb425f25aef", kill_on_drop: false }`
[INFO] running `Command { std: "docker" "rm" "-f" "d82da28f5ff01ea89048bec7d93da4c2acaec44eb7396e6ab9b4ddb425f25aef", kill_on_drop: false }`
[INFO] [stdout] d82da28f5ff01ea89048bec7d93da4c2acaec44eb7396e6ab9b4ddb425f25aef
[INFO] running `Command { std: "docker" "create" "-v" "/var/lib/crater-agent-workspace/builds/worker-0-tc2/target:/opt/rustwide/target:rw,Z" "-v" "/var/lib/crater-agent-workspace/builds/worker-0-tc2/source:/opt/rustwide/workdir:ro,Z" "-v" "/var/lib/crater-agent-workspace/cargo-home:/opt/rustwide/cargo-home:ro,Z" "-v" "/var/lib/crater-agent-workspace/rustup-home:/opt/rustwide/rustup-home:ro,Z" "-e" "SOURCE_DIR=/opt/rustwide/workdir" "-e" "CARGO_TARGET_DIR=/opt/rustwide/target" "-e" "CARGO_INCREMENTAL=0" "-e" "RUST_BACKTRACE=full" "-e" "RUSTFLAGS=--cap-lints=warn" "-e" "RUSTDOCFLAGS=--cap-lints=warn" "-e" "CARGO_HOME=/opt/rustwide/cargo-home" "-e" "RUSTUP_HOME=/opt/rustwide/rustup-home" "-w" "/opt/rustwide/workdir" "-m" "1610612736" "--user" "0:0" "--network" "none" "ghcr.io/rust-lang/crates-build-env/linux@sha256:5ff2268d62e97bff2cde7d5815dd6ed5b47097566f13b8d0ca110b04b60e07ed" "/opt/rustwide/cargo-home/bin/cargo" "+beta-2023-04-20" "build" "--frozen" "--message-format=json", kill_on_drop: false }`
[INFO] [stdout] ae0e60840df5e0c8ca1e99de2c8f80ad3ce44971e00cacb6fdfe8df560d97b0c
[INFO] running `Command { std: "docker" "start" "-a" "ae0e60840df5e0c8ca1e99de2c8f80ad3ce44971e00cacb6fdfe8df560d97b0c", kill_on_drop: false }`
[INFO] [stderr] warning: profiles for the non root package will be ignored, specify profiles at the workspace root:
[INFO] [stderr] package:   /opt/rustwide/workdir/programs/nftoken/Cargo.toml
[INFO] [stderr] workspace: /opt/rustwide/workdir/Cargo.toml
[INFO] [stderr]     Blocking waiting for file lock on package cache
[INFO] [stderr]    Compiling proc-macro2 v1.0.37
[INFO] [stderr]    Compiling unicode-xid v0.2.2
[INFO] [stderr]    Compiling syn v1.0.91
[INFO] [stderr]    Compiling serde_derive v1.0.136
[INFO] [stderr]    Compiling serde v1.0.136
[INFO] [stderr]    Compiling version_check v0.9.4
[INFO] [stderr]    Compiling typenum v1.15.0
[INFO] [stderr]    Compiling cfg-if v1.0.0
[INFO] [stderr]    Compiling libc v0.2.124
[INFO] [stderr]    Compiling block-padding v0.2.1
[INFO] [stderr]    Compiling opaque-debug v0.3.0
[INFO] [stderr]    Compiling cpufeatures v0.2.2
[INFO] [stderr]    Compiling subtle v2.4.1
[INFO] [stderr]    Compiling semver v1.0.7
[INFO] [stderr]    Compiling serde_json v1.0.79
[INFO] [stderr]    Compiling anyhow v1.0.57
[INFO] [stderr]    Compiling log v0.4.16
[INFO] [stderr]    Compiling crunchy v0.2.2
[INFO] [stderr]    Compiling itoa v1.0.1
[INFO] [stderr]    Compiling yansi v0.5.1
[INFO] [stderr]    Compiling memchr v2.4.1
[INFO] [stderr]    Compiling ryu v1.0.9
[INFO] [stderr]    Compiling unicode-segmentation v1.9.0
[INFO] [stderr]    Compiling generic-array v0.14.5
[INFO] [stderr]    Compiling proc-macro2-diagnostics v0.9.1
[INFO] [stderr]    Compiling bs58 v0.3.1
[INFO] [stderr]    Compiling getrandom v0.1.16
[INFO] [stderr]    Compiling wasm-bindgen-shared v0.2.80
[INFO] [stderr]    Compiling lazy_static v1.4.0
[INFO] [stderr]    Compiling regex-syntax v0.6.25
[INFO] [stderr]    Compiling ahash v0.7.6
[INFO] [stderr]    Compiling heck v0.3.3
[INFO] [stderr]    Compiling bumpalo v3.9.1
[INFO] [stderr]    Compiling rustversion v1.0.6
[INFO] [stderr]    Compiling feature-probe v0.1.1
[INFO] [stderr]    Compiling humantime v2.1.0
[INFO] [stderr]    Compiling aho-corasick v0.7.18
[INFO] [stderr]    Compiling ppv-lite86 v0.2.16
[INFO] [stderr]    Compiling quote v1.0.18
[INFO] [stderr]    Compiling rustc_version v0.4.0
[INFO] [stderr]    Compiling bv v0.11.1
[INFO] [stderr]    Compiling autocfg v1.1.0
[INFO] [stderr]    Compiling bs58 v0.4.0
[INFO] [stderr]    Compiling cc v1.0.73
[INFO] [stderr]    Compiling termcolor v1.1.3
[INFO] [stderr]    Compiling once_cell v1.10.0
[INFO] [stderr]    Compiling atty v0.2.14
[INFO] [stderr]    Compiling getrandom v0.2.6
[INFO] [stderr]    Compiling arrayref v0.3.6
[INFO] [stderr]    Compiling solana-frozen-abi-macro v1.9.18
[INFO] [stderr]    Compiling solana-frozen-abi v1.9.18
[INFO] [stderr]    Compiling wasm-bindgen v0.2.80
[INFO] [stderr]    Compiling solana-program v1.9.18
[INFO] [stderr]    Compiling memmap2 v0.5.3
[INFO] [stderr]    Compiling rand_core v0.5.1
[INFO] [stderr]    Compiling num-traits v0.2.14
[INFO] [stderr]    Compiling either v1.6.1
[INFO] [stderr]    Compiling keccak v0.1.0
[INFO] [stderr]    Compiling byteorder v1.4.3
[INFO] [stderr]    Compiling constant_time_eq v0.1.5
[INFO] [stderr]    Compiling base64 v0.12.3
[INFO] [stderr]    Compiling arrayvec v0.7.2
[INFO] [stderr]    Compiling zeroize v1.3.0
[INFO] [stderr]    Compiling rand_chacha v0.2.2
[INFO] [stderr]    Compiling itertools v0.10.3
[INFO] [stderr]    Compiling hashbrown v0.11.2
[INFO] [stderr]    Compiling base64 v0.13.0
[INFO] [stderr]    Compiling bitflags v1.3.2
[INFO] [stderr]    Compiling rand v0.7.3
[INFO] [stderr]    Compiling blake3 v1.3.1
[INFO] [stderr]    Compiling regex v1.5.5
[INFO] [stderr]    Compiling env_logger v0.9.0
[INFO] [stderr]    Compiling solana-logger v1.9.18
[INFO] [stderr]    Compiling wasm-bindgen-backend v0.2.80
[INFO] [stderr]    Compiling borsh-derive-internal v0.9.3
[INFO] [stderr]    Compiling borsh-schema-derive-internal v0.9.3
[INFO] [stderr]    Compiling wasm-bindgen-macro-support v0.2.80
[INFO] [stderr]    Compiling thiserror-impl v1.0.30
[INFO] [stderr]    Compiling bytemuck_derive v1.1.0
[INFO] [stderr]    Compiling num-derive v0.3.3
[INFO] [stderr]    Compiling solana-sdk-macro v1.9.18
[INFO] [stderr]    Compiling wasm-bindgen-macro v0.2.80
[INFO] [stderr]    Compiling bytemuck v1.9.1
[INFO] [stderr]    Compiling thiserror v1.0.30
[INFO] [stderr]    Compiling toml v0.5.9
[INFO] [stderr]    Compiling bincode v1.3.3
[INFO] [stderr]    Compiling serde_bytes v0.11.5
[INFO] [stderr]    Compiling digest v0.9.0
[INFO] [stderr]    Compiling block-buffer v0.9.0
[INFO] [stderr]    Compiling crypto-mac v0.8.0
[INFO] [stderr]    Compiling crypto-common v0.1.3
[INFO] [stderr]    Compiling block-buffer v0.10.2
[INFO] [stderr]    Compiling sha2 v0.9.9
[INFO] [stderr]    Compiling libsecp256k1-core v0.2.2
[INFO] [stderr]    Compiling hmac v0.8.1
[INFO] [stderr]    Compiling sha3 v0.9.1
[INFO] [stderr]    Compiling curve25519-dalek v3.2.1
[INFO] [stderr]    Compiling digest v0.10.3
[INFO] [stderr]    Compiling hmac-drbg v0.3.0
[INFO] [stderr]    Compiling proc-macro-crate v0.1.5
[INFO] [stderr]    Compiling proc-macro-crate v1.1.3
[INFO] [stderr]    Compiling anchor-syn v0.24.2
[INFO] [stderr]    Compiling borsh-derive v0.9.3
[INFO] [stderr]    Compiling num_enum_derive v0.5.7
[INFO] [stderr]    Compiling libsecp256k1-gen-genmult v0.2.1
[INFO] [stderr]    Compiling libsecp256k1-gen-ecmult v0.2.1
[INFO] [stderr]    Compiling libsecp256k1 v0.6.0
[INFO] [stderr]    Compiling borsh v0.9.3
[INFO] [stderr]    Compiling num_enum v0.5.7
[INFO] [stderr]    Compiling anchor-attribute-program v0.24.2
[INFO] [stderr]    Compiling anchor-attribute-access-control v0.24.2
[INFO] [stderr]    Compiling anchor-attribute-error v0.24.2
[INFO] [stderr]    Compiling anchor-attribute-state v0.24.2
[INFO] [stderr]    Compiling anchor-derive-accounts v0.24.2
[INFO] [stderr]    Compiling anchor-attribute-account v0.24.2
[INFO] [stderr]    Compiling anchor-attribute-interface v0.24.2
[INFO] [stderr]    Compiling anchor-attribute-event v0.24.2
[INFO] [stderr]    Compiling anchor-attribute-constant v0.24.2
[INFO] [stderr]    Compiling spl-token v3.3.0
[INFO] [stderr]    Compiling anchor-lang v0.24.2
[INFO] [stderr]    Compiling spl-associated-token-account v1.0.5
[INFO] [stderr]    Compiling anchor-spl v0.24.2
[INFO] [stderr]    Compiling nftoken v1.0.1 (/opt/rustwide/workdir/programs/nftoken)
[INFO] [stderr]     Finished dev [unoptimized + debuginfo] target(s) in 45.60s
[INFO] running `Command { std: "docker" "inspect" "ae0e60840df5e0c8ca1e99de2c8f80ad3ce44971e00cacb6fdfe8df560d97b0c", kill_on_drop: false }`
[INFO] running `Command { std: "docker" "rm" "-f" "ae0e60840df5e0c8ca1e99de2c8f80ad3ce44971e00cacb6fdfe8df560d97b0c", kill_on_drop: false }`
[INFO] [stdout] ae0e60840df5e0c8ca1e99de2c8f80ad3ce44971e00cacb6fdfe8df560d97b0c
[INFO] running `Command { std: "docker" "create" "-v" "/var/lib/crater-agent-workspace/builds/worker-0-tc2/target:/opt/rustwide/target:rw,Z" "-v" "/var/lib/crater-agent-workspace/builds/worker-0-tc2/source:/opt/rustwide/workdir:ro,Z" "-v" "/var/lib/crater-agent-workspace/cargo-home:/opt/rustwide/cargo-home:ro,Z" "-v" "/var/lib/crater-agent-workspace/rustup-home:/opt/rustwide/rustup-home:ro,Z" "-e" "SOURCE_DIR=/opt/rustwide/workdir" "-e" "CARGO_TARGET_DIR=/opt/rustwide/target" "-e" "CARGO_INCREMENTAL=0" "-e" "RUST_BACKTRACE=full" "-e" "RUSTFLAGS=--cap-lints=warn" "-e" "RUSTDOCFLAGS=--cap-lints=warn" "-e" "CARGO_HOME=/opt/rustwide/cargo-home" "-e" "RUSTUP_HOME=/opt/rustwide/rustup-home" "-w" "/opt/rustwide/workdir" "-m" "1610612736" "--user" "0:0" "--network" "none" "ghcr.io/rust-lang/crates-build-env/linux@sha256:5ff2268d62e97bff2cde7d5815dd6ed5b47097566f13b8d0ca110b04b60e07ed" "/opt/rustwide/cargo-home/bin/cargo" "+beta-2023-04-20" "test" "--frozen" "--no-run" "--message-format=json", kill_on_drop: false }`
[INFO] [stdout] 72c936de0e06cd616dd816be83a69b88df481bf1af54f0ae04691536bed38d3c
[INFO] running `Command { std: "docker" "start" "-a" "72c936de0e06cd616dd816be83a69b88df481bf1af54f0ae04691536bed38d3c", kill_on_drop: false }`
[INFO] [stderr] warning: profiles for the non root package will be ignored, specify profiles at the workspace root:
[INFO] [stderr] package:   /opt/rustwide/workdir/programs/nftoken/Cargo.toml
[INFO] [stderr] workspace: /opt/rustwide/workdir/Cargo.toml
[INFO] [stderr]    Compiling nftoken v1.0.1 (/opt/rustwide/workdir/programs/nftoken)
[INFO] [stderr]     Finished test [unoptimized + debuginfo] target(s) in 2.40s
[INFO] running `Command { std: "docker" "inspect" "72c936de0e06cd616dd816be83a69b88df481bf1af54f0ae04691536bed38d3c", kill_on_drop: false }`
[INFO] running `Command { std: "docker" "rm" "-f" "72c936de0e06cd616dd816be83a69b88df481bf1af54f0ae04691536bed38d3c", kill_on_drop: false }`
[INFO] [stdout] 72c936de0e06cd616dd816be83a69b88df481bf1af54f0ae04691536bed38d3c
[INFO] running `Command { std: "docker" "create" "-v" "/var/lib/crater-agent-workspace/builds/worker-0-tc2/target:/opt/rustwide/target:rw,Z" "-v" "/var/lib/crater-agent-workspace/builds/worker-0-tc2/source:/opt/rustwide/workdir:ro,Z" "-v" "/var/lib/crater-agent-workspace/cargo-home:/opt/rustwide/cargo-home:ro,Z" "-v" "/var/lib/crater-agent-workspace/rustup-home:/opt/rustwide/rustup-home:ro,Z" "-e" "SOURCE_DIR=/opt/rustwide/workdir" "-e" "CARGO_TARGET_DIR=/opt/rustwide/target" "-e" "CARGO_INCREMENTAL=0" "-e" "RUST_BACKTRACE=full" "-e" "RUSTFLAGS=--cap-lints=warn" "-e" "RUSTDOCFLAGS=--cap-lints=warn" "-e" "CARGO_HOME=/opt/rustwide/cargo-home" "-e" "RUSTUP_HOME=/opt/rustwide/rustup-home" "-w" "/opt/rustwide/workdir" "-m" "1610612736" "--user" "0:0" "--network" "none" "ghcr.io/rust-lang/crates-build-env/linux@sha256:5ff2268d62e97bff2cde7d5815dd6ed5b47097566f13b8d0ca110b04b60e07ed" "/opt/rustwide/cargo-home/bin/cargo" "+beta-2023-04-20" "test" "--frozen", kill_on_drop: false }`
[INFO] [stdout] eb7bf4c81a59f283fa1b3cabf35f249a3d34de41aa40c8e18ae2b8bf0611577e
[INFO] running `Command { std: "docker" "start" "-a" "eb7bf4c81a59f283fa1b3cabf35f249a3d34de41aa40c8e18ae2b8bf0611577e", kill_on_drop: false }`
[INFO] [stderr] warning: profiles for the non root package will be ignored, specify profiles at the workspace root:
[INFO] [stderr] package:   /opt/rustwide/workdir/programs/nftoken/Cargo.toml
[INFO] [stderr] workspace: /opt/rustwide/workdir/Cargo.toml
[INFO] [stderr]     Finished test [unoptimized + debuginfo] target(s) in 0.07s
[INFO] [stderr]      Running unittests src/lib.rs (/opt/rustwide/target/debug/deps/nftoken-df65d0e7647eb77e)
[INFO] [stdout] 
[INFO] [stdout] running 1 test
[INFO] [stdout] test test_id ... ok
[INFO] [stderr]    Doc-tests nftoken
[INFO] [stdout] 
[INFO] [stdout] test result: ok. 1 passed; 0 failed; 0 ignored; 0 measured; 0 filtered out; finished in 0.00s
[INFO] [stdout] 
[INFO] [stdout] 
[INFO] [stdout] running 1 test
[INFO] [stdout] test src/account_types.rs - account_types::MintlistAccount::num_nfts_configured (line 114) ... FAILED
[INFO] [stdout] 
[INFO] [stdout] failures:
[INFO] [stdout] 
[INFO] [stdout] ---- src/account_types.rs - account_types::MintlistAccount::num_nfts_configured (line 114) stdout ----
[INFO] [stdout] error[E0425]: cannot find value `x` in this scope
[INFO] [stdout]  --> src/account_types.rs:116:11
[INFO] [stdout]   |
[INFO] [stdout] 4 | for el in x {
[INFO] [stdout]   |           ^ not found in this scope
[INFO] [stdout] 
[INFO] [stdout] error[E0412]: cannot find type `ident` in this scope
[INFO] [stdout]  --> src/account_types.rs:117:14
[INFO] [stdout]   |
[INFO] [stdout] 5 |   repr(el as ident);
[INFO] [stdout]   |              ^^^^^ not found in this scope
[INFO] [stdout] 
[INFO] [stdout] error[E0425]: cannot find function `len` in this scope
[INFO] [stdout]  --> src/account_types.rs:115:6
[INFO] [stdout]   |
[INFO] [stdout] 3 | repr(len() as u32);
[INFO] [stdout]   |      ^^^ not found in this scope
[INFO] [stdout] 
[INFO] [stdout] error[E0423]: expected function, found built-in attribute `repr`
[INFO] [stdout]  --> src/account_types.rs:115:1
[INFO] [stdout]   |
[INFO] [stdout] 3 | repr(len() as u32);
[INFO] [stdout]   | ^^^^ not a function
[INFO] [stdout] 
[INFO] [stdout] error[E0423]: expected function, found built-in attribute `repr`
[INFO] [stdout]  --> src/account_types.rs:117:3
[INFO] [stdout]   |
[INFO] [stdout] 5 |   repr(el as ident);
[INFO] [stdout]   |   ^^^^ not a function
[INFO] [stdout] 
[INFO] [stdout] error: aborting due to 5 previous errors
[INFO] [stdout] 
[INFO] [stdout] Some errors have detailed explanations: E0412, E0423, E0425.
[INFO] [stdout] For more information about an error, try `rustc --explain E0412`.
[INFO] [stdout] Couldn't compile the test.
[INFO] [stdout] 
[INFO] [stdout] failures:
[INFO] [stdout]     src/account_types.rs - account_types::MintlistAccount::num_nfts_configured (line 114)
[INFO] [stdout] 
[INFO] [stdout] test result: FAILED. 0 passed; 1 failed; 0 ignored; 0 measured; 0 filtered out; finished in 0.08s
[INFO] [stdout] 
[INFO] [stderr] error: doctest failed, to rerun pass `--doc`
[INFO] running `Command { std: "docker" "inspect" "eb7bf4c81a59f283fa1b3cabf35f249a3d34de41aa40c8e18ae2b8bf0611577e", kill_on_drop: false }`
[INFO] running `Command { std: "docker" "rm" "-f" "eb7bf4c81a59f283fa1b3cabf35f249a3d34de41aa40c8e18ae2b8bf0611577e", kill_on_drop: false }`
[INFO] [stdout] eb7bf4c81a59f283fa1b3cabf35f249a3d34de41aa40c8e18ae2b8bf0611577e
