[INFO] cloning repository https://github.com/vipentti/advent-of-code-2018
[INFO] running `Command { std: "git" "-c" "credential.helper=" "-c" "credential.helper=/workspace/cargo-home/bin/git-credential-null" "clone" "--bare" "https://github.com/vipentti/advent-of-code-2018" "/workspace/cache/git-repos/https%3A%2F%2Fgithub.com%2Fvipentti%2Fadvent-of-code-2018", kill_on_drop: false }`
[INFO] [stderr] Cloning into bare repository '/workspace/cache/git-repos/https%3A%2F%2Fgithub.com%2Fvipentti%2Fadvent-of-code-2018'...
[INFO] running `Command { std: "git" "rev-parse" "HEAD", kill_on_drop: false }`
[INFO] [stdout] 66c92c020b05aae9d368ef9854de7f4ac9d127df
[INFO] testing vipentti/advent-of-code-2018 against 1.69.0 for beta-1.70-1
[INFO] running `Command { std: "git" "clone" "/workspace/cache/git-repos/https%3A%2F%2Fgithub.com%2Fvipentti%2Fadvent-of-code-2018" "/workspace/builds/worker-6-tc1/source", kill_on_drop: false }`
[INFO] [stderr] Cloning into '/workspace/builds/worker-6-tc1/source'...
[INFO] [stderr] done.
[INFO] validating manifest of git repo https://github.com/vipentti/advent-of-code-2018 on toolchain 1.69.0
[INFO] running `Command { std: CARGO_HOME="/workspace/cargo-home" RUSTUP_HOME="/workspace/rustup-home" "/workspace/cargo-home/bin/cargo" "+1.69.0" "metadata" "--manifest-path" "Cargo.toml" "--no-deps", kill_on_drop: false }`
[INFO] started tweaking git repo https://github.com/vipentti/advent-of-code-2018
[INFO] finished tweaking git repo https://github.com/vipentti/advent-of-code-2018
[INFO] tweaked toml for git repo https://github.com/vipentti/advent-of-code-2018 written to /workspace/builds/worker-6-tc1/source/Cargo.toml
[INFO] crate git repo https://github.com/vipentti/advent-of-code-2018 already has a lockfile, it will not be regenerated
[INFO] running `Command { std: CARGO_HOME="/workspace/cargo-home" RUSTUP_HOME="/workspace/rustup-home" "/workspace/cargo-home/bin/cargo" "+1.69.0" "fetch" "--manifest-path" "Cargo.toml", kill_on_drop: false }`
[INFO] running `Command { std: "docker" "create" "-v" "/var/lib/crater-agent-workspace/builds/worker-6-tc1/target:/opt/rustwide/target:rw,Z" "-v" "/var/lib/crater-agent-workspace/builds/worker-6-tc1/source:/opt/rustwide/workdir:ro,Z" "-v" "/var/lib/crater-agent-workspace/cargo-home:/opt/rustwide/cargo-home:ro,Z" "-v" "/var/lib/crater-agent-workspace/rustup-home:/opt/rustwide/rustup-home:ro,Z" "-e" "SOURCE_DIR=/opt/rustwide/workdir" "-e" "CARGO_TARGET_DIR=/opt/rustwide/target" "-e" "CARGO_HOME=/opt/rustwide/cargo-home" "-e" "RUSTUP_HOME=/opt/rustwide/rustup-home" "-w" "/opt/rustwide/workdir" "-m" "1610612736" "--user" "0:0" "--network" "none" "ghcr.io/rust-lang/crates-build-env/linux@sha256:97d61d7686bf65f8ecb15491ab51835e82dc9176a96a831f143a431b191fc501" "/opt/rustwide/cargo-home/bin/cargo" "+1.69.0" "metadata" "--no-deps" "--format-version=1", kill_on_drop: false }`
[INFO] [stdout] 887dd220cd3c9e8549f7c330284384d334148b214da0b7f5a428468a455d95c4
[INFO] running `Command { std: "docker" "start" "-a" "887dd220cd3c9e8549f7c330284384d334148b214da0b7f5a428468a455d95c4", kill_on_drop: false }`
[INFO] running `Command { std: "docker" "inspect" "887dd220cd3c9e8549f7c330284384d334148b214da0b7f5a428468a455d95c4", kill_on_drop: false }`
[INFO] running `Command { std: "docker" "rm" "-f" "887dd220cd3c9e8549f7c330284384d334148b214da0b7f5a428468a455d95c4", kill_on_drop: false }`
[INFO] [stdout] 887dd220cd3c9e8549f7c330284384d334148b214da0b7f5a428468a455d95c4
[INFO] running `Command { std: "docker" "create" "-v" "/var/lib/crater-agent-workspace/builds/worker-6-tc1/target:/opt/rustwide/target:rw,Z" "-v" "/var/lib/crater-agent-workspace/builds/worker-6-tc1/source:/opt/rustwide/workdir:ro,Z" "-v" "/var/lib/crater-agent-workspace/cargo-home:/opt/rustwide/cargo-home:ro,Z" "-v" "/var/lib/crater-agent-workspace/rustup-home:/opt/rustwide/rustup-home:ro,Z" "-e" "SOURCE_DIR=/opt/rustwide/workdir" "-e" "CARGO_TARGET_DIR=/opt/rustwide/target" "-e" "CARGO_INCREMENTAL=0" "-e" "RUST_BACKTRACE=full" "-e" "RUSTFLAGS=--cap-lints=warn" "-e" "RUSTDOCFLAGS=--cap-lints=warn" "-e" "CARGO_HOME=/opt/rustwide/cargo-home" "-e" "RUSTUP_HOME=/opt/rustwide/rustup-home" "-w" "/opt/rustwide/workdir" "-m" "1610612736" "--user" "0:0" "--network" "none" "ghcr.io/rust-lang/crates-build-env/linux@sha256:97d61d7686bf65f8ecb15491ab51835e82dc9176a96a831f143a431b191fc501" "/opt/rustwide/cargo-home/bin/cargo" "+1.69.0" "build" "--frozen" "--message-format=json", kill_on_drop: false }`
[INFO] [stdout] f664c8db096edd2192fb296e75ed4b590b6e70e243f23578025f455ff17cfc2d
[INFO] running `Command { std: "docker" "start" "-a" "f664c8db096edd2192fb296e75ed4b590b6e70e243f23578025f455ff17cfc2d", kill_on_drop: false }`
[INFO] [stderr]    Compiling libc v0.2.44
[INFO] [stderr]    Compiling version_check v0.1.5
[INFO] [stderr]    Compiling cfg-if v0.1.6
[INFO] [stderr]    Compiling regex v1.1.0
[INFO] [stderr]    Compiling ucd-util v0.1.3
[INFO] [stderr]    Compiling lazy_static v1.2.0
[INFO] [stderr]    Compiling either v1.5.0
[INFO] [stderr]    Compiling utf8-ranges v1.0.2
[INFO] [stderr]    Compiling thread_local v0.3.6
[INFO] [stderr]    Compiling itertools v0.7.11
[INFO] [stderr]    Compiling regex-syntax v0.6.4
[INFO] [stderr]    Compiling memchr v2.1.1
[INFO] [stderr]    Compiling aho-corasick v0.6.9
[INFO] [stderr]    Compiling advent-of-code-2018 v0.1.0 (/opt/rustwide/workdir)
[INFO] [stdout] warning: trait objects without an explicit `dyn` are deprecated
[INFO] [stdout]   --> src/lib.rs:42:51
[INFO] [stdout]    |
[INFO] [stdout] 42 | pub type Result<T> = ::std::result::Result<T, Box<::std::error::Error>>;
[INFO] [stdout]    |                                                   ^^^^^^^^^^^^^^^^^^^
[INFO] [stdout]    |
[INFO] [stdout]    = warning: this is accepted in the current edition (Rust 2018) but is a hard error in Rust 2021!
[INFO] [stdout]    = note: for more information, see <https://doc.rust-lang.org/nightly/edition-guide/rust-2021/warnings-promoted-to-error.html>
[INFO] [stdout]    = note: `#[warn(bare_trait_objects)]` on by default
[INFO] [stdout] help: use `dyn`
[INFO] [stdout]    |
[INFO] [stdout] 42 | pub type Result<T> = ::std::result::Result<T, Box<dyn (::std::error::Error)>>;
[INFO] [stdout]    |                                                   +++++                   +
[INFO] [stdout] 
[INFO] [stdout] 
[INFO] [stdout] warning: trait objects without an explicit `dyn` are deprecated
[INFO] [stdout]   --> src/lib.rs:36:32
[INFO] [stdout]    |
[INFO] [stdout] 36 |     fn cause(&self) -> Option<&error::Error> {
[INFO] [stdout]    |                                ^^^^^^^^^^^^
[INFO] [stdout]    |
[INFO] [stdout]    = warning: this is accepted in the current edition (Rust 2018) but is a hard error in Rust 2021!
[INFO] [stdout]    = note: for more information, see <https://doc.rust-lang.org/nightly/edition-guide/rust-2021/warnings-promoted-to-error.html>
[INFO] [stdout] help: use `dyn`
[INFO] [stdout]    |
[INFO] [stdout] 36 |     fn cause(&self) -> Option<&dyn error::Error> {
[INFO] [stdout]    |                                +++
[INFO] [stdout] 
[INFO] [stdout] 
[INFO] [stdout] warning: 2 warnings emitted
[INFO] [stdout] 
[INFO] [stdout] 
[INFO] [stdout] warning: unnecessary trailing semicolon
[INFO] [stdout]    --> src/day03.rs:213:9
[INFO] [stdout]     |
[INFO] [stdout] 213 |         ;
[INFO] [stdout]     |         ^ help: remove this semicolon
[INFO] [stdout]     |
[INFO] [stdout]     = note: `#[warn(redundant_semicolons)]` on by default
[INFO] [stdout] 
[INFO] [stdout] 
[INFO] [stdout] warning: unnecessary trailing semicolon
[INFO] [stdout]    --> src/day03.rs:221:9
[INFO] [stdout]     |
[INFO] [stdout] 221 |         ;
[INFO] [stdout]     |         ^ help: remove this semicolon
[INFO] [stdout] 
[INFO] [stdout] 
[INFO] [stdout] warning: unnecessary trailing semicolon
[INFO] [stdout]    --> src/day03.rs:229:9
[INFO] [stdout]     |
[INFO] [stdout] 229 |         ;
[INFO] [stdout]     |         ^ help: remove this semicolon
[INFO] [stdout] 
[INFO] [stdout] 
[INFO] [stdout] warning: unnecessary trailing semicolon
[INFO] [stdout]    --> src/day03.rs:237:9
[INFO] [stdout]     |
[INFO] [stdout] 237 |         ;
[INFO] [stdout]     |         ^ help: remove this semicolon
[INFO] [stdout] 
[INFO] [stdout] 
[INFO] [stdout] warning: unnecessary trailing semicolon
[INFO] [stdout]    --> src/day03.rs:245:9
[INFO] [stdout]     |
[INFO] [stdout] 245 |         ;
[INFO] [stdout]     |         ^ help: remove this semicolon
[INFO] [stdout] 
[INFO] [stdout] 
[INFO] [stdout] warning: trait objects without an explicit `dyn` are deprecated
[INFO] [stdout]    --> src/day03.rs:202:27
[INFO] [stdout]     |
[INFO] [stdout] 202 | ) -> StdResult<Claim, Box<std::error::Error>> {
[INFO] [stdout]     |                           ^^^^^^^^^^^^^^^^^
[INFO] [stdout]     |
[INFO] [stdout]     = warning: this is accepted in the current edition (Rust 2018) but is a hard error in Rust 2021!
[INFO] [stdout]     = note: for more information, see <https://doc.rust-lang.org/nightly/edition-guide/rust-2021/warnings-promoted-to-error.html>
[INFO] [stdout]     = note: `#[warn(bare_trait_objects)]` on by default
[INFO] [stdout] help: use `dyn`
[INFO] [stdout]     |
[INFO] [stdout] 202 | ) -> StdResult<Claim, Box<dyn std::error::Error>> {
[INFO] [stdout]     |                           +++
[INFO] [stdout] 
[INFO] [stdout] 
[INFO] [stdout] warning: trait objects without an explicit `dyn` are deprecated
[INFO] [stdout]   --> src/day03.rs:23:32
[INFO] [stdout]    |
[INFO] [stdout] 23 |     fn cause(&self) -> Option<&error::Error> {
[INFO] [stdout]    |                                ^^^^^^^^^^^^
[INFO] [stdout]    |
[INFO] [stdout]    = warning: this is accepted in the current edition (Rust 2018) but is a hard error in Rust 2021!
[INFO] [stdout]    = note: for more information, see <https://doc.rust-lang.org/nightly/edition-guide/rust-2021/warnings-promoted-to-error.html>
[INFO] [stdout] help: use `dyn`
[INFO] [stdout]    |
[INFO] [stdout] 23 |     fn cause(&self) -> Option<&dyn error::Error> {
[INFO] [stdout]    |                                +++
[INFO] [stdout] 
[INFO] [stdout] 
[INFO] [stdout] warning: field `id` is never read
[INFO] [stdout]    --> src/day07.rs:150:9
[INFO] [stdout]     |
[INFO] [stdout] 149 |     struct Work {
[INFO] [stdout]     |            ---- field in this struct
[INFO] [stdout] 150 |         id: usize,
[INFO] [stdout]     |         ^^
[INFO] [stdout]     |
[INFO] [stdout]     = note: `Work` has derived impls for the traits `Clone` and `Debug`, but these are intentionally ignored during dead code analysis
[INFO] [stdout]     = note: `#[warn(dead_code)]` on by default
[INFO] [stdout] 
[INFO] [stdout] 
[INFO] [stdout] warning: trait objects without an explicit `dyn` are deprecated
[INFO] [stdout]   --> src/day04.rs:33:32
[INFO] [stdout]    |
[INFO] [stdout] 33 |     fn cause(&self) -> Option<&error::Error> {
[INFO] [stdout]    |                                ^^^^^^^^^^^^
[INFO] [stdout]    |
[INFO] [stdout]    = warning: this is accepted in the current edition (Rust 2018) but is a hard error in Rust 2021!
[INFO] [stdout]    = note: for more information, see <https://doc.rust-lang.org/nightly/edition-guide/rust-2021/warnings-promoted-to-error.html>
[INFO] [stdout]    = note: `#[warn(bare_trait_objects)]` on by default
[INFO] [stdout] help: use `dyn`
[INFO] [stdout]    |
[INFO] [stdout] 33 |     fn cause(&self) -> Option<&dyn error::Error> {
[INFO] [stdout]    |                                +++
[INFO] [stdout] 
[INFO] [stdout] 
[INFO] [stdout] warning: unnecessary trailing semicolon
[INFO] [stdout]    --> src/day20.rs:318:13
[INFO] [stdout]     |
[INFO] [stdout] 318 |             ;
[INFO] [stdout]     |             ^ help: remove this semicolon
[INFO] [stdout]     |
[INFO] [stdout]     = note: `#[warn(redundant_semicolons)]` on by default
[INFO] [stdout] 
[INFO] [stdout] 
[INFO] [stdout] warning: this method call resolves to `<&[T; N] as IntoIterator>::into_iter` (due to backwards compatibility), but will resolve to <[T; N] as IntoIterator>::into_iter in Rust 2021
[INFO] [stdout]    --> src/day18.rs:187:30
[INFO] [stdout]     |
[INFO] [stdout] 187 | ...                   .into_iter()
[INFO] [stdout]     |                        ^^^^^^^^^
[INFO] [stdout]     |
[INFO] [stdout]     = warning: this changes meaning in Rust 2021
[INFO] [stdout]     = note: for more information, see <https://doc.rust-lang.org/nightly/edition-guide/rust-2021/IntoIterator-for-arrays.html>
[INFO] [stdout]     = note: `#[warn(array_into_iter)]` on by default
[INFO] [stdout] help: use `.iter()` instead of `.into_iter()` to avoid ambiguity
[INFO] [stdout]     |
[INFO] [stdout] 187 |                             .iter()
[INFO] [stdout]     |                              ~~~~
[INFO] [stdout] help: or use `IntoIterator::into_iter(..)` instead of `.into_iter()` to explicitly iterate by value
[INFO] [stdout]     |
[INFO] [stdout] 186 |                         let count_trees = IntoIterator::into_iter(adjacent)
[INFO] [stdout]     |                                           ++++++++++++++++++++++++        ~
[INFO] [stdout] 
[INFO] [stdout] 
[INFO] [stdout] warning: this method call resolves to `<&[T; N] as IntoIterator>::into_iter` (due to backwards compatibility), but will resolve to <[T; N] as IntoIterator>::into_iter in Rust 2021
[INFO] [stdout]    --> src/day18.rs:200:30
[INFO] [stdout]     |
[INFO] [stdout] 200 | ...                   .into_iter()
[INFO] [stdout]     |                        ^^^^^^^^^
[INFO] [stdout]     |
[INFO] [stdout]     = warning: this changes meaning in Rust 2021
[INFO] [stdout]     = note: for more information, see <https://doc.rust-lang.org/nightly/edition-guide/rust-2021/IntoIterator-for-arrays.html>
[INFO] [stdout] help: use `.iter()` instead of `.into_iter()` to avoid ambiguity
[INFO] [stdout]     |
[INFO] [stdout] 200 |                             .iter()
[INFO] [stdout]     |                              ~~~~
[INFO] [stdout] help: or use `IntoIterator::into_iter(..)` instead of `.into_iter()` to explicitly iterate by value
[INFO] [stdout]     |
[INFO] [stdout] 199 |                         let count = IntoIterator::into_iter(adjacent)
[INFO] [stdout]     |                                     ++++++++++++++++++++++++        ~
[INFO] [stdout] 
[INFO] [stdout] 
[INFO] [stdout] warning: this method call resolves to `<&[T; N] as IntoIterator>::into_iter` (due to backwards compatibility), but will resolve to <[T; N] as IntoIterator>::into_iter in Rust 2021
[INFO] [stdout]    --> src/day18.rs:212:30
[INFO] [stdout]     |
[INFO] [stdout] 212 | ...                   .into_iter()
[INFO] [stdout]     |                        ^^^^^^^^^
[INFO] [stdout]     |
[INFO] [stdout]     = warning: this changes meaning in Rust 2021
[INFO] [stdout]     = note: for more information, see <https://doc.rust-lang.org/nightly/edition-guide/rust-2021/IntoIterator-for-arrays.html>
[INFO] [stdout] help: use `.iter()` instead of `.into_iter()` to avoid ambiguity
[INFO] [stdout]     |
[INFO] [stdout] 212 |                             .iter()
[INFO] [stdout]     |                              ~~~~
[INFO] [stdout] help: or use `IntoIterator::into_iter(..)` instead of `.into_iter()` to explicitly iterate by value
[INFO] [stdout]     |
[INFO] [stdout] 211 |                         let count_trees = IntoIterator::into_iter(adjacent)
[INFO] [stdout]     |                                           ++++++++++++++++++++++++        ~
[INFO] [stdout] 
[INFO] [stdout] 
[INFO] [stdout] warning: this method call resolves to `<&[T; N] as IntoIterator>::into_iter` (due to backwards compatibility), but will resolve to <[T; N] as IntoIterator>::into_iter in Rust 2021
[INFO] [stdout]    --> src/day18.rs:217:30
[INFO] [stdout]     |
[INFO] [stdout] 217 | ...                   .into_iter()
[INFO] [stdout]     |                        ^^^^^^^^^
[INFO] [stdout]     |
[INFO] [stdout]     = warning: this changes meaning in Rust 2021
[INFO] [stdout]     = note: for more information, see <https://doc.rust-lang.org/nightly/edition-guide/rust-2021/IntoIterator-for-arrays.html>
[INFO] [stdout] help: use `.iter()` instead of `.into_iter()` to avoid ambiguity
[INFO] [stdout]     |
[INFO] [stdout] 217 |                             .iter()
[INFO] [stdout]     |                              ~~~~
[INFO] [stdout] help: or use `IntoIterator::into_iter(..)` instead of `.into_iter()` to explicitly iterate by value
[INFO] [stdout]     |
[INFO] [stdout] 216 |                         let count_lumber = IntoIterator::into_iter(adjacent)
[INFO] [stdout]     |                                            ++++++++++++++++++++++++        ~
[INFO] [stdout] 
[INFO] [stdout] 
[INFO] [stdout] warning: unused return value of `std::mem::replace` that must be used
[INFO] [stdout]    --> src/day18.rs:237:13
[INFO] [stdout]     |
[INFO] [stdout] 237 |             std::mem::replace(&mut self.data, next_data);
[INFO] [stdout]     |             ^^^^^^^^^^^^^^^^^^^^^^^^^^^^^^^^^^^^^^^^^^^^
[INFO] [stdout]     |
[INFO] [stdout]     = note: if you don't need the old value, you can just assign the new value directly
[INFO] [stdout]     = note: `#[warn(unused_must_use)]` on by default
[INFO] [stdout] 
[INFO] [stdout] 
[INFO] [stdout] warning: unused return value of `std::mem::replace` that must be used
[INFO] [stdout]    --> src/day18.rs:244:9
[INFO] [stdout]     |
[INFO] [stdout] 244 |         std::mem::replace(&mut self.data, next_data);
[INFO] [stdout]     |         ^^^^^^^^^^^^^^^^^^^^^^^^^^^^^^^^^^^^^^^^^^^^
[INFO] [stdout]     |
[INFO] [stdout]     = note: if you don't need the old value, you can just assign the new value directly
[INFO] [stdout] 
[INFO] [stdout] 
[INFO] [stdout] warning: this method call resolves to `<&[T; N] as IntoIterator>::into_iter` (due to backwards compatibility), but will resolve to <[T; N] as IntoIterator>::into_iter in Rust 2021
[INFO] [stdout]    --> src/day20.rs:280:41
[INFO] [stdout]     |
[INFO] [stdout] 280 |             for nbr in current.around().into_iter() {
[INFO] [stdout]     |                                         ^^^^^^^^^
[INFO] [stdout]     |
[INFO] [stdout]     = warning: this changes meaning in Rust 2021
[INFO] [stdout]     = note: for more information, see <https://doc.rust-lang.org/nightly/edition-guide/rust-2021/IntoIterator-for-arrays.html>
[INFO] [stdout]     = note: `#[warn(array_into_iter)]` on by default
[INFO] [stdout] help: use `.iter()` instead of `.into_iter()` to avoid ambiguity
[INFO] [stdout]     |
[INFO] [stdout] 280 |             for nbr in current.around().iter() {
[INFO] [stdout]     |                                         ~~~~
[INFO] [stdout] help: or remove `.into_iter()` to iterate by value
[INFO] [stdout]     |
[INFO] [stdout] 280 -             for nbr in current.around().into_iter() {
[INFO] [stdout] 280 +             for nbr in current.around() {
[INFO] [stdout]     |
[INFO] [stdout] 
[INFO] [stdout] 
[INFO] [stdout] warning: 7 warnings emitted
[INFO] [stdout] 
[INFO] [stdout] 
[INFO] [stdout] warning: 1 warning emitted
[INFO] [stdout] 
[INFO] [stdout] 
[INFO] [stdout] warning: 6 warnings emitted
[INFO] [stdout] 
[INFO] [stdout] 
[INFO] [stdout] warning: 1 warning emitted
[INFO] [stdout] 
[INFO] [stdout] 
[INFO] [stdout] warning: this method call resolves to `<&[T; N] as IntoIterator>::into_iter` (due to backwards compatibility), but will resolve to <[T; N] as IntoIterator>::into_iter in Rust 2021
[INFO] [stdout]    --> src/day22.rs:328:41
[INFO] [stdout]     |
[INFO] [stdout] 328 |             for nbr in current.around().into_iter() {
[INFO] [stdout]     |                                         ^^^^^^^^^
[INFO] [stdout]     |
[INFO] [stdout]     = warning: this changes meaning in Rust 2021
[INFO] [stdout]     = note: for more information, see <https://doc.rust-lang.org/nightly/edition-guide/rust-2021/IntoIterator-for-arrays.html>
[INFO] [stdout]     = note: `#[warn(array_into_iter)]` on by default
[INFO] [stdout] help: use `.iter()` instead of `.into_iter()` to avoid ambiguity
[INFO] [stdout]     |
[INFO] [stdout] 328 |             for nbr in current.around().iter() {
[INFO] [stdout]     |                                         ~~~~
[INFO] [stdout] help: or remove `.into_iter()` to iterate by value
[INFO] [stdout]     |
[INFO] [stdout] 328 -             for nbr in current.around().into_iter() {
[INFO] [stdout] 328 +             for nbr in current.around() {
[INFO] [stdout]     |
[INFO] [stdout] 
[INFO] [stdout] 
[INFO] [stdout] warning: 2 warnings emitted
[INFO] [stdout] 
[INFO] [stdout] 
[INFO] [stdout] warning: this method call resolves to `<&[T; N] as IntoIterator>::into_iter` (due to backwards compatibility), but will resolve to <[T; N] as IntoIterator>::into_iter in Rust 2021
[INFO] [stdout]    --> src/day15.rs:696:47
[INFO] [stdout]     |
[INFO] [stdout] 696 |             for neighbour in current.around().into_iter() {
[INFO] [stdout]     |                                               ^^^^^^^^^
[INFO] [stdout]     |
[INFO] [stdout]     = warning: this changes meaning in Rust 2021
[INFO] [stdout]     = note: for more information, see <https://doc.rust-lang.org/nightly/edition-guide/rust-2021/IntoIterator-for-arrays.html>
[INFO] [stdout]     = note: `#[warn(array_into_iter)]` on by default
[INFO] [stdout] help: use `.iter()` instead of `.into_iter()` to avoid ambiguity
[INFO] [stdout]     |
[INFO] [stdout] 696 |             for neighbour in current.around().iter() {
[INFO] [stdout]     |                                               ~~~~
[INFO] [stdout] help: or remove `.into_iter()` to iterate by value
[INFO] [stdout]     |
[INFO] [stdout] 696 -             for neighbour in current.around().into_iter() {
[INFO] [stdout] 696 +             for neighbour in current.around() {
[INFO] [stdout]     |
[INFO] [stdout] 
[INFO] [stdout] 
[INFO] [stdout] warning: this method call resolves to `<&[T; N] as IntoIterator>::into_iter` (due to backwards compatibility), but will resolve to <[T; N] as IntoIterator>::into_iter in Rust 2021
[INFO] [stdout]    --> src/day15.rs:912:18
[INFO] [stdout]     |
[INFO] [stdout] 912 |                 .into_iter()
[INFO] [stdout]     |                  ^^^^^^^^^
[INFO] [stdout]     |
[INFO] [stdout]     = warning: this changes meaning in Rust 2021
[INFO] [stdout]     = note: for more information, see <https://doc.rust-lang.org/nightly/edition-guide/rust-2021/IntoIterator-for-arrays.html>
[INFO] [stdout] help: use `.iter()` instead of `.into_iter()` to avoid ambiguity
[INFO] [stdout]     |
[INFO] [stdout] 912 |                 .iter()
[INFO] [stdout]     |                  ~~~~
[INFO] [stdout] help: or use `IntoIterator::into_iter(..)` instead of `.into_iter()` to explicitly iterate by value
[INFO] [stdout]     |
[INFO] [stdout] 911 |             IntoIterator::into_iter(pos.around())
[INFO] [stdout]     |             ++++++++++++++++++++++++            ~
[INFO] [stdout] 
[INFO] [stdout] 
[INFO] [stdout] warning: unused return value of `std::mem::replace` that must be used
[INFO] [stdout]     --> src/day15.rs:1026:9
[INFO] [stdout]      |
[INFO] [stdout] 1026 |         std::mem::replace(&mut self.entities, entities);
[INFO] [stdout]      |         ^^^^^^^^^^^^^^^^^^^^^^^^^^^^^^^^^^^^^^^^^^^^^^^
[INFO] [stdout]      |
[INFO] [stdout]      = note: if you don't need the old value, you can just assign the new value directly
[INFO] [stdout]      = note: `#[warn(unused_must_use)]` on by default
[INFO] [stdout] 
[INFO] [stdout] 
[INFO] [stdout] warning: this method call resolves to `<&[T; N] as IntoIterator>::into_iter` (due to backwards compatibility), but will resolve to <[T; N] as IntoIterator>::into_iter in Rust 2021
[INFO] [stdout]   --> src/day23.rs:66:25
[INFO] [stdout]    |
[INFO] [stdout] 66 |     let max_size = *tmp.into_iter().max().unwrap();
[INFO] [stdout]    |                         ^^^^^^^^^
[INFO] [stdout]    |
[INFO] [stdout]    = warning: this changes meaning in Rust 2021
[INFO] [stdout]    = note: for more information, see <https://doc.rust-lang.org/nightly/edition-guide/rust-2021/IntoIterator-for-arrays.html>
[INFO] [stdout]    = note: `#[warn(array_into_iter)]` on by default
[INFO] [stdout] help: use `.iter()` instead of `.into_iter()` to avoid ambiguity
[INFO] [stdout]    |
[INFO] [stdout] 66 |     let max_size = *tmp.iter().max().unwrap();
[INFO] [stdout]    |                         ~~~~
[INFO] [stdout] help: or use `IntoIterator::into_iter(..)` instead of `.into_iter()` to explicitly iterate by value
[INFO] [stdout]    |
[INFO] [stdout] 66 |     let max_size = *IntoIterator::into_iter(tmp).max().unwrap();
[INFO] [stdout]    |                     ++++++++++++++++++++++++   ~
[INFO] [stdout] 
[INFO] [stdout] 
[INFO] [stdout] warning: 1 warning emitted
[INFO] [stdout] 
[INFO] [stdout] 
[INFO] [stdout] warning: 1 warning emitted
[INFO] [stdout] 
[INFO] [stdout] 
[INFO] [stdout] warning: 3 warnings emitted
[INFO] [stdout] 
[INFO] [stdout] 
[INFO] [stderr]     Finished dev [unoptimized + debuginfo] target(s) in 6.40s
[INFO] running `Command { std: "docker" "inspect" "f664c8db096edd2192fb296e75ed4b590b6e70e243f23578025f455ff17cfc2d", kill_on_drop: false }`
[INFO] running `Command { std: "docker" "rm" "-f" "f664c8db096edd2192fb296e75ed4b590b6e70e243f23578025f455ff17cfc2d", kill_on_drop: false }`
[INFO] [stdout] f664c8db096edd2192fb296e75ed4b590b6e70e243f23578025f455ff17cfc2d
[INFO] running `Command { std: "docker" "create" "-v" "/var/lib/crater-agent-workspace/builds/worker-6-tc1/target:/opt/rustwide/target:rw,Z" "-v" "/var/lib/crater-agent-workspace/builds/worker-6-tc1/source:/opt/rustwide/workdir:ro,Z" "-v" "/var/lib/crater-agent-workspace/cargo-home:/opt/rustwide/cargo-home:ro,Z" "-v" "/var/lib/crater-agent-workspace/rustup-home:/opt/rustwide/rustup-home:ro,Z" "-e" "SOURCE_DIR=/opt/rustwide/workdir" "-e" "CARGO_TARGET_DIR=/opt/rustwide/target" "-e" "CARGO_INCREMENTAL=0" "-e" "RUST_BACKTRACE=full" "-e" "RUSTFLAGS=--cap-lints=warn" "-e" "RUSTDOCFLAGS=--cap-lints=warn" "-e" "CARGO_HOME=/opt/rustwide/cargo-home" "-e" "RUSTUP_HOME=/opt/rustwide/rustup-home" "-w" "/opt/rustwide/workdir" "-m" "1610612736" "--user" "0:0" "--network" "none" "ghcr.io/rust-lang/crates-build-env/linux@sha256:97d61d7686bf65f8ecb15491ab51835e82dc9176a96a831f143a431b191fc501" "/opt/rustwide/cargo-home/bin/cargo" "+1.69.0" "test" "--frozen" "--no-run" "--message-format=json", kill_on_drop: false }`
[INFO] [stdout] f5d2c17430fb19386d76c9aed2bfbcab2efaba766dd2b7115234a6c41e99b941
[INFO] running `Command { std: "docker" "start" "-a" "f5d2c17430fb19386d76c9aed2bfbcab2efaba766dd2b7115234a6c41e99b941", kill_on_drop: false }`
[INFO] [stdout] warning: trait objects without an explicit `dyn` are deprecated
[INFO] [stdout]   --> src/lib.rs:42:51
[INFO] [stdout]    |
[INFO] [stdout] 42 | pub type Result<T> = ::std::result::Result<T, Box<::std::error::Error>>;
[INFO] [stdout]    |                                                   ^^^^^^^^^^^^^^^^^^^
[INFO] [stdout]    |
[INFO] [stdout]    = warning: this is accepted in the current edition (Rust 2018) but is a hard error in Rust 2021!
[INFO] [stdout]    = note: for more information, see <https://doc.rust-lang.org/nightly/edition-guide/rust-2021/warnings-promoted-to-error.html>
[INFO] [stdout]    = note: `#[warn(bare_trait_objects)]` on by default
[INFO] [stdout] help: use `dyn`
[INFO] [stdout]    |
[INFO] [stdout] 42 | pub type Result<T> = ::std::result::Result<T, Box<dyn (::std::error::Error)>>;
[INFO] [stdout]    |                                                   +++++                   +
[INFO] [stdout] 
[INFO] [stdout] 
[INFO] [stdout] warning: trait objects without an explicit `dyn` are deprecated
[INFO] [stdout]   --> src/lib.rs:36:32
[INFO] [stdout]    |
[INFO] [stdout] 36 |     fn cause(&self) -> Option<&error::Error> {
[INFO] [stdout]    |                                ^^^^^^^^^^^^
[INFO] [stdout]    |
[INFO] [stdout]    = warning: this is accepted in the current edition (Rust 2018) but is a hard error in Rust 2021!
[INFO] [stdout]    = note: for more information, see <https://doc.rust-lang.org/nightly/edition-guide/rust-2021/warnings-promoted-to-error.html>
[INFO] [stdout] help: use `dyn`
[INFO] [stdout]    |
[INFO] [stdout] 36 |     fn cause(&self) -> Option<&dyn error::Error> {
[INFO] [stdout]    |                                +++
[INFO] [stdout] 
[INFO] [stdout] 
[INFO] [stderr]    Compiling advent-of-code-2018 v0.1.0 (/opt/rustwide/workdir)
[INFO] [stdout] warning: 2 warnings emitted
[INFO] [stdout] 
[INFO] [stdout] 
[INFO] [stdout] warning: trait objects without an explicit `dyn` are deprecated
[INFO] [stdout]   --> src/lib.rs:42:51
[INFO] [stdout]    |
[INFO] [stdout] 42 | pub type Result<T> = ::std::result::Result<T, Box<::std::error::Error>>;
[INFO] [stdout]    |                                                   ^^^^^^^^^^^^^^^^^^^
[INFO] [stdout]    |
[INFO] [stdout]    = warning: this is accepted in the current edition (Rust 2018) but is a hard error in Rust 2021!
[INFO] [stdout]    = note: for more information, see <https://doc.rust-lang.org/nightly/edition-guide/rust-2021/warnings-promoted-to-error.html>
[INFO] [stdout]    = note: `#[warn(bare_trait_objects)]` on by default
[INFO] [stdout] help: use `dyn`
[INFO] [stdout]    |
[INFO] [stdout] 42 | pub type Result<T> = ::std::result::Result<T, Box<dyn (::std::error::Error)>>;
[INFO] [stdout]    |                                                   +++++                   +
[INFO] [stdout] 
[INFO] [stdout] 
[INFO] [stdout] warning: trait objects without an explicit `dyn` are deprecated
[INFO] [stdout]   --> src/lib.rs:36:32
[INFO] [stdout]    |
[INFO] [stdout] 36 |     fn cause(&self) -> Option<&error::Error> {
[INFO] [stdout]    |                                ^^^^^^^^^^^^
[INFO] [stdout]    |
[INFO] [stdout]    = warning: this is accepted in the current edition (Rust 2018) but is a hard error in Rust 2021!
[INFO] [stdout]    = note: for more information, see <https://doc.rust-lang.org/nightly/edition-guide/rust-2021/warnings-promoted-to-error.html>
[INFO] [stdout] help: use `dyn`
[INFO] [stdout]    |
[INFO] [stdout] 36 |     fn cause(&self) -> Option<&dyn error::Error> {
[INFO] [stdout]    |                                +++
[INFO] [stdout] 
[INFO] [stdout] 
[INFO] [stdout] warning: this method call resolves to `<&[T; N] as IntoIterator>::into_iter` (due to backwards compatibility), but will resolve to <[T; N] as IntoIterator>::into_iter in Rust 2021
[INFO] [stdout]   --> src/day23.rs:66:25
[INFO] [stdout]    |
[INFO] [stdout] 66 |     let max_size = *tmp.into_iter().max().unwrap();
[INFO] [stdout]    |                         ^^^^^^^^^
[INFO] [stdout]    |
[INFO] [stdout]    = warning: this changes meaning in Rust 2021
[INFO] [stdout]    = note: for more information, see <https://doc.rust-lang.org/nightly/edition-guide/rust-2021/IntoIterator-for-arrays.html>
[INFO] [stdout]    = note: `#[warn(array_into_iter)]` on by default
[INFO] [stdout] help: use `.iter()` instead of `.into_iter()` to avoid ambiguity
[INFO] [stdout]    |
[INFO] [stdout] 66 |     let max_size = *tmp.iter().max().unwrap();
[INFO] [stdout]    |                         ~~~~
[INFO] [stdout] help: or use `IntoIterator::into_iter(..)` instead of `.into_iter()` to explicitly iterate by value
[INFO] [stdout]    |
[INFO] [stdout] 66 |     let max_size = *IntoIterator::into_iter(tmp).max().unwrap();
[INFO] [stdout]    |                     ++++++++++++++++++++++++   ~
[INFO] [stdout] 
[INFO] [stdout] 
[INFO] [stdout] warning: 2 warnings emitted
[INFO] [stdout] 
[INFO] [stdout] 
[INFO] [stdout] warning: this method call resolves to `<&[T; N] as IntoIterator>::into_iter` (due to backwards compatibility), but will resolve to <[T; N] as IntoIterator>::into_iter in Rust 2021
[INFO] [stdout]    --> src/day18.rs:187:30
[INFO] [stdout]     |
[INFO] [stdout] 187 | ...                   .into_iter()
[INFO] [stdout]     |                        ^^^^^^^^^
[INFO] [stdout]     |
[INFO] [stdout]     = warning: this changes meaning in Rust 2021
[INFO] [stdout]     = note: for more information, see <https://doc.rust-lang.org/nightly/edition-guide/rust-2021/IntoIterator-for-arrays.html>
[INFO] [stdout]     = note: `#[warn(array_into_iter)]` on by default
[INFO] [stdout] help: use `.iter()` instead of `.into_iter()` to avoid ambiguity
[INFO] [stdout]     |
[INFO] [stdout] 187 |                             .iter()
[INFO] [stdout]     |                              ~~~~
[INFO] [stdout] help: or use `IntoIterator::into_iter(..)` instead of `.into_iter()` to explicitly iterate by value
[INFO] [stdout]     |
[INFO] [stdout] 186 |                         let count_trees = IntoIterator::into_iter(adjacent)
[INFO] [stdout]     |                                           ++++++++++++++++++++++++        ~
[INFO] [stdout] 
[INFO] [stdout] 
[INFO] [stdout] warning: this method call resolves to `<&[T; N] as IntoIterator>::into_iter` (due to backwards compatibility), but will resolve to <[T; N] as IntoIterator>::into_iter in Rust 2021
[INFO] [stdout]    --> src/day18.rs:200:30
[INFO] [stdout]     |
[INFO] [stdout] 200 | ...                   .into_iter()
[INFO] [stdout]     |                        ^^^^^^^^^
[INFO] [stdout]     |
[INFO] [stdout]     = warning: this changes meaning in Rust 2021
[INFO] [stdout]     = note: for more information, see <https://doc.rust-lang.org/nightly/edition-guide/rust-2021/IntoIterator-for-arrays.html>
[INFO] [stdout] help: use `.iter()` instead of `.into_iter()` to avoid ambiguity
[INFO] [stdout]     |
[INFO] [stdout] 200 |                             .iter()
[INFO] [stdout]     |                              ~~~~
[INFO] [stdout] help: or use `IntoIterator::into_iter(..)` instead of `.into_iter()` to explicitly iterate by value
[INFO] [stdout]     |
[INFO] [stdout] 199 |                         let count = IntoIterator::into_iter(adjacent)
[INFO] [stdout]     |                                     ++++++++++++++++++++++++        ~
[INFO] [stdout] 
[INFO] [stdout] 
[INFO] [stdout] warning: this method call resolves to `<&[T; N] as IntoIterator>::into_iter` (due to backwards compatibility), but will resolve to <[T; N] as IntoIterator>::into_iter in Rust 2021
[INFO] [stdout]    --> src/day18.rs:212:30
[INFO] [stdout]     |
[INFO] [stdout] 212 | ...                   .into_iter()
[INFO] [stdout]     |                        ^^^^^^^^^
[INFO] [stdout]     |
[INFO] [stdout]     = warning: this changes meaning in Rust 2021
[INFO] [stdout]     = note: for more information, see <https://doc.rust-lang.org/nightly/edition-guide/rust-2021/IntoIterator-for-arrays.html>
[INFO] [stdout] help: use `.iter()` instead of `.into_iter()` to avoid ambiguity
[INFO] [stdout]     |
[INFO] [stdout] 212 |                             .iter()
[INFO] [stdout]     |                              ~~~~
[INFO] [stdout] help: or use `IntoIterator::into_iter(..)` instead of `.into_iter()` to explicitly iterate by value
[INFO] [stdout]     |
[INFO] [stdout] 211 |                         let count_trees = IntoIterator::into_iter(adjacent)
[INFO] [stdout]     |                                           ++++++++++++++++++++++++        ~
[INFO] [stdout] 
[INFO] [stdout] 
[INFO] [stdout] warning: this method call resolves to `<&[T; N] as IntoIterator>::into_iter` (due to backwards compatibility), but will resolve to <[T; N] as IntoIterator>::into_iter in Rust 2021
[INFO] [stdout]    --> src/day18.rs:217:30
[INFO] [stdout]     |
[INFO] [stdout] 217 | ...                   .into_iter()
[INFO] [stdout]     |                        ^^^^^^^^^
[INFO] [stdout]     |
[INFO] [stdout]     = warning: this changes meaning in Rust 2021
[INFO] [stdout]     = note: for more information, see <https://doc.rust-lang.org/nightly/edition-guide/rust-2021/IntoIterator-for-arrays.html>
[INFO] [stdout] help: use `.iter()` instead of `.into_iter()` to avoid ambiguity
[INFO] [stdout]     |
[INFO] [stdout] 217 |                             .iter()
[INFO] [stdout]     |                              ~~~~
[INFO] [stdout] help: or use `IntoIterator::into_iter(..)` instead of `.into_iter()` to explicitly iterate by value
[INFO] [stdout]     |
[INFO] [stdout] 216 |                         let count_lumber = IntoIterator::into_iter(adjacent)
[INFO] [stdout]     |                                            ++++++++++++++++++++++++        ~
[INFO] [stdout] 
[INFO] [stdout] 
[INFO] [stdout] warning: unused return value of `std::mem::replace` that must be used
[INFO] [stdout]    --> src/day18.rs:237:13
[INFO] [stdout]     |
[INFO] [stdout] 237 |             std::mem::replace(&mut self.data, next_data);
[INFO] [stdout]     |             ^^^^^^^^^^^^^^^^^^^^^^^^^^^^^^^^^^^^^^^^^^^^
[INFO] [stdout]     |
[INFO] [stdout]     = note: if you don't need the old value, you can just assign the new value directly
[INFO] [stdout]     = note: `#[warn(unused_must_use)]` on by default
[INFO] [stdout] 
[INFO] [stdout] 
[INFO] [stdout] warning: unused return value of `std::mem::replace` that must be used
[INFO] [stdout]    --> src/day18.rs:244:9
[INFO] [stdout]     |
[INFO] [stdout] 244 |         std::mem::replace(&mut self.data, next_data);
[INFO] [stdout]     |         ^^^^^^^^^^^^^^^^^^^^^^^^^^^^^^^^^^^^^^^^^^^^
[INFO] [stdout]     |
[INFO] [stdout]     = note: if you don't need the old value, you can just assign the new value directly
[INFO] [stdout] 
[INFO] [stdout] 
[INFO] [stdout] warning: unnecessary trailing semicolon
[INFO] [stdout]    --> src/day20.rs:318:13
[INFO] [stdout]     |
[INFO] [stdout] 318 |             ;
[INFO] [stdout]     |             ^ help: remove this semicolon
[INFO] [stdout]     |
[INFO] [stdout]     = note: `#[warn(redundant_semicolons)]` on by default
[INFO] [stdout] 
[INFO] [stdout] 
[INFO] [stdout] warning: this method call resolves to `<&[T; N] as IntoIterator>::into_iter` (due to backwards compatibility), but will resolve to <[T; N] as IntoIterator>::into_iter in Rust 2021
[INFO] [stdout]    --> src/day20.rs:280:41
[INFO] [stdout]     |
[INFO] [stdout] 280 |             for nbr in current.around().into_iter() {
[INFO] [stdout]     |                                         ^^^^^^^^^
[INFO] [stdout]     |
[INFO] [stdout]     = warning: this changes meaning in Rust 2021
[INFO] [stdout]     = note: for more information, see <https://doc.rust-lang.org/nightly/edition-guide/rust-2021/IntoIterator-for-arrays.html>
[INFO] [stdout]     = note: `#[warn(array_into_iter)]` on by default
[INFO] [stdout] help: use `.iter()` instead of `.into_iter()` to avoid ambiguity
[INFO] [stdout]     |
[INFO] [stdout] 280 |             for nbr in current.around().iter() {
[INFO] [stdout]     |                                         ~~~~
[INFO] [stdout] help: or remove `.into_iter()` to iterate by value
[INFO] [stdout]     |
[INFO] [stdout] 280 -             for nbr in current.around().into_iter() {
[INFO] [stdout] 280 +             for nbr in current.around() {
[INFO] [stdout]     |
[INFO] [stdout] 
[INFO] [stdout] 
[INFO] [stdout] warning: 1 warning emitted
[INFO] [stdout] 
[INFO] [stdout] 
[INFO] [stdout] warning: 6 warnings emitted
[INFO] [stdout] 
[INFO] [stdout] 
[INFO] [stdout] warning: unused variable: `example1`
[INFO] [stdout]     --> src/day15.rs:1099:13
[INFO] [stdout]      |
[INFO] [stdout] 1099 |         let example1 = r"
[INFO] [stdout]      |             ^^^^^^^^ help: if this is intentional, prefix it with an underscore: `_example1`
[INFO] [stdout]      |
[INFO] [stdout]      = note: `#[warn(unused_variables)]` on by default
[INFO] [stdout] 
[INFO] [stdout] 
[INFO] [stdout] warning: unused variable: `movement`
[INFO] [stdout]     --> src/day15.rs:1109:13
[INFO] [stdout]      |
[INFO] [stdout] 1109 |         let movement = r"
[INFO] [stdout]      |             ^^^^^^^^ help: if this is intentional, prefix it with an underscore: `_movement`
[INFO] [stdout] 
[INFO] [stdout] 
[INFO] [stdout] warning: unused variable: `example0`
[INFO] [stdout]     --> src/day15.rs:1121:13
[INFO] [stdout]      |
[INFO] [stdout] 1121 |         let example0 = r"
[INFO] [stdout]      |             ^^^^^^^^ help: if this is intentional, prefix it with an underscore: `_example0`
[INFO] [stdout] 
[INFO] [stdout] 
[INFO] [stdout] warning: unused variable: `example2`
[INFO] [stdout]     --> src/day15.rs:1131:13
[INFO] [stdout]      |
[INFO] [stdout] 1131 |         let example2 = r"
[INFO] [stdout]      |             ^^^^^^^^ help: if this is intentional, prefix it with an underscore: `_example2`
[INFO] [stdout] 
[INFO] [stdout] 
[INFO] [stdout] warning: unused variable: `example3`
[INFO] [stdout]     --> src/day15.rs:1141:13
[INFO] [stdout]      |
[INFO] [stdout] 1141 |         let example3 = r"
[INFO] [stdout]      |             ^^^^^^^^ help: if this is intentional, prefix it with an underscore: `_example3`
[INFO] [stdout] 
[INFO] [stdout] 
[INFO] [stdout] warning: this method call resolves to `<&[T; N] as IntoIterator>::into_iter` (due to backwards compatibility), but will resolve to <[T; N] as IntoIterator>::into_iter in Rust 2021
[INFO] [stdout]    --> src/day15.rs:696:47
[INFO] [stdout]     |
[INFO] [stdout] 696 |             for neighbour in current.around().into_iter() {
[INFO] [stdout]     |                                               ^^^^^^^^^
[INFO] [stdout]     |
[INFO] [stdout]     = warning: this changes meaning in Rust 2021
[INFO] [stdout]     = note: for more information, see <https://doc.rust-lang.org/nightly/edition-guide/rust-2021/IntoIterator-for-arrays.html>
[INFO] [stdout]     = note: `#[warn(array_into_iter)]` on by default
[INFO] [stdout] help: use `.iter()` instead of `.into_iter()` to avoid ambiguity
[INFO] [stdout]     |
[INFO] [stdout] 696 |             for neighbour in current.around().iter() {
[INFO] [stdout]     |                                               ~~~~
[INFO] [stdout] help: or remove `.into_iter()` to iterate by value
[INFO] [stdout]     |
[INFO] [stdout] 696 -             for neighbour in current.around().into_iter() {
[INFO] [stdout] 696 +             for neighbour in current.around() {
[INFO] [stdout]     |
[INFO] [stdout] 
[INFO] [stdout] 
[INFO] [stdout] warning: this method call resolves to `<&[T; N] as IntoIterator>::into_iter` (due to backwards compatibility), but will resolve to <[T; N] as IntoIterator>::into_iter in Rust 2021
[INFO] [stdout]    --> src/day15.rs:912:18
[INFO] [stdout]     |
[INFO] [stdout] 912 |                 .into_iter()
[INFO] [stdout]     |                  ^^^^^^^^^
[INFO] [stdout]     |
[INFO] [stdout]     = warning: this changes meaning in Rust 2021
[INFO] [stdout]     = note: for more information, see <https://doc.rust-lang.org/nightly/edition-guide/rust-2021/IntoIterator-for-arrays.html>
[INFO] [stdout] help: use `.iter()` instead of `.into_iter()` to avoid ambiguity
[INFO] [stdout]     |
[INFO] [stdout] 912 |                 .iter()
[INFO] [stdout]     |                  ~~~~
[INFO] [stdout] help: or use `IntoIterator::into_iter(..)` instead of `.into_iter()` to explicitly iterate by value
[INFO] [stdout]     |
[INFO] [stdout] 911 |             IntoIterator::into_iter(pos.around())
[INFO] [stdout]     |             ++++++++++++++++++++++++            ~
[INFO] [stdout] 
[INFO] [stdout] 
[INFO] [stdout] warning: unused return value of `std::mem::replace` that must be used
[INFO] [stdout]     --> src/day15.rs:1026:9
[INFO] [stdout]      |
[INFO] [stdout] 1026 |         std::mem::replace(&mut self.entities, entities);
[INFO] [stdout]      |         ^^^^^^^^^^^^^^^^^^^^^^^^^^^^^^^^^^^^^^^^^^^^^^^
[INFO] [stdout]      |
[INFO] [stdout]      = note: if you don't need the old value, you can just assign the new value directly
[INFO] [stdout]      = note: `#[warn(unused_must_use)]` on by default
[INFO] [stdout] 
[INFO] [stdout] 
[INFO] [stdout] warning: unnecessary trailing semicolon
[INFO] [stdout]    --> src/day03.rs:213:9
[INFO] [stdout]     |
[INFO] [stdout] 213 |         ;
[INFO] [stdout]     |         ^ help: remove this semicolon
[INFO] [stdout]     |
[INFO] [stdout]     = note: `#[warn(redundant_semicolons)]` on by default
[INFO] [stdout] 
[INFO] [stdout] 
[INFO] [stdout] warning: unnecessary trailing semicolon
[INFO] [stdout]    --> src/day03.rs:221:9
[INFO] [stdout]     |
[INFO] [stdout] 221 |         ;
[INFO] [stdout]     |         ^ help: remove this semicolon
[INFO] [stdout] 
[INFO] [stdout] 
[INFO] [stdout] warning: unnecessary trailing semicolon
[INFO] [stdout]    --> src/day03.rs:229:9
[INFO] [stdout]     |
[INFO] [stdout] 229 |         ;
[INFO] [stdout]     |         ^ help: remove this semicolon
[INFO] [stdout] 
[INFO] [stdout] 
[INFO] [stdout] warning: unnecessary trailing semicolon
[INFO] [stdout]    --> src/day03.rs:237:9
[INFO] [stdout]     |
[INFO] [stdout] 237 |         ;
[INFO] [stdout]     |         ^ help: remove this semicolon
[INFO] [stdout] 
[INFO] [stdout] 
[INFO] [stdout] warning: unnecessary trailing semicolon
[INFO] [stdout]    --> src/day03.rs:245:9
[INFO] [stdout]     |
[INFO] [stdout] 245 |         ;
[INFO] [stdout]     |         ^ help: remove this semicolon
[INFO] [stdout] 
[INFO] [stdout] 
[INFO] [stdout] warning: trait objects without an explicit `dyn` are deprecated
[INFO] [stdout]    --> src/day03.rs:202:27
[INFO] [stdout]     |
[INFO] [stdout] 202 | ) -> StdResult<Claim, Box<std::error::Error>> {
[INFO] [stdout]     |                           ^^^^^^^^^^^^^^^^^
[INFO] [stdout]     |
[INFO] [stdout]     = warning: this is accepted in the current edition (Rust 2018) but is a hard error in Rust 2021!
[INFO] [stdout]     = note: for more information, see <https://doc.rust-lang.org/nightly/edition-guide/rust-2021/warnings-promoted-to-error.html>
[INFO] [stdout]     = note: `#[warn(bare_trait_objects)]` on by default
[INFO] [stdout] help: use `dyn`
[INFO] [stdout]     |
[INFO] [stdout] 202 | ) -> StdResult<Claim, Box<dyn std::error::Error>> {
[INFO] [stdout]     |                           +++
[INFO] [stdout] 
[INFO] [stdout] 
[INFO] [stdout] warning: trait objects without an explicit `dyn` are deprecated
[INFO] [stdout]   --> src/day03.rs:23:32
[INFO] [stdout]    |
[INFO] [stdout] 23 |     fn cause(&self) -> Option<&error::Error> {
[INFO] [stdout]    |                                ^^^^^^^^^^^^
[INFO] [stdout]    |
[INFO] [stdout]    = warning: this is accepted in the current edition (Rust 2018) but is a hard error in Rust 2021!
[INFO] [stdout]    = note: for more information, see <https://doc.rust-lang.org/nightly/edition-guide/rust-2021/warnings-promoted-to-error.html>
[INFO] [stdout] help: use `dyn`
[INFO] [stdout]    |
[INFO] [stdout] 23 |     fn cause(&self) -> Option<&dyn error::Error> {
[INFO] [stdout]    |                                +++
[INFO] [stdout] 
[INFO] [stdout] 
[INFO] [stdout] warning: 2 warnings emitted
[INFO] [stdout] 
[INFO] [stdout] 
[INFO] [stdout] warning: field `id` is never read
[INFO] [stdout]    --> src/day07.rs:150:9
[INFO] [stdout]     |
[INFO] [stdout] 149 |     struct Work {
[INFO] [stdout]     |            ---- field in this struct
[INFO] [stdout] 150 |         id: usize,
[INFO] [stdout]     |         ^^
[INFO] [stdout]     |
[INFO] [stdout]     = note: `Work` has derived impls for the traits `Clone` and `Debug`, but these are intentionally ignored during dead code analysis
[INFO] [stdout]     = note: `#[warn(dead_code)]` on by default
[INFO] [stdout] 
[INFO] [stdout] 
[INFO] [stdout] warning: this method call resolves to `<&[T; N] as IntoIterator>::into_iter` (due to backwards compatibility), but will resolve to <[T; N] as IntoIterator>::into_iter in Rust 2021
[INFO] [stdout]    --> src/day22.rs:328:41
[INFO] [stdout]     |
[INFO] [stdout] 328 |             for nbr in current.around().into_iter() {
[INFO] [stdout]     |                                         ^^^^^^^^^
[INFO] [stdout]     |
[INFO] [stdout]     = warning: this changes meaning in Rust 2021
[INFO] [stdout]     = note: for more information, see <https://doc.rust-lang.org/nightly/edition-guide/rust-2021/IntoIterator-for-arrays.html>
[INFO] [stdout]     = note: `#[warn(array_into_iter)]` on by default
[INFO] [stdout] help: use `.iter()` instead of `.into_iter()` to avoid ambiguity
[INFO] [stdout]     |
[INFO] [stdout] 328 |             for nbr in current.around().iter() {
[INFO] [stdout]     |                                         ~~~~
[INFO] [stdout] help: or remove `.into_iter()` to iterate by value
[INFO] [stdout]     |
[INFO] [stdout] 328 -             for nbr in current.around().into_iter() {
[INFO] [stdout] 328 +             for nbr in current.around() {
[INFO] [stdout]     |
[INFO] [stdout] 
[INFO] [stdout] 
[INFO] [stdout] warning: 7 warnings emitted
[INFO] [stdout] 
[INFO] [stdout] 
[INFO] [stdout] warning: trait objects without an explicit `dyn` are deprecated
[INFO] [stdout]   --> src/day04.rs:33:32
[INFO] [stdout]    |
[INFO] [stdout] 33 |     fn cause(&self) -> Option<&error::Error> {
[INFO] [stdout]    |                                ^^^^^^^^^^^^
[INFO] [stdout]    |
[INFO] [stdout]    = warning: this is accepted in the current edition (Rust 2018) but is a hard error in Rust 2021!
[INFO] [stdout]    = note: for more information, see <https://doc.rust-lang.org/nightly/edition-guide/rust-2021/warnings-promoted-to-error.html>
[INFO] [stdout]    = note: `#[warn(bare_trait_objects)]` on by default
[INFO] [stdout] help: use `dyn`
[INFO] [stdout]    |
[INFO] [stdout] 33 |     fn cause(&self) -> Option<&dyn error::Error> {
[INFO] [stdout]    |                                +++
[INFO] [stdout] 
[INFO] [stdout] 
[INFO] [stdout] warning: 8 warnings emitted
[INFO] [stdout] 
[INFO] [stdout] 
[INFO] [stdout] warning: 1 warning emitted
[INFO] [stdout] 
[INFO] [stdout] 
[INFO] [stdout] warning: 1 warning emitted
[INFO] [stdout] 
[INFO] [stdout] 
[INFO] [stdout] warning: 1 warning emitted
[INFO] [stdout] 
[INFO] [stdout] 
[INFO] [stderr]     Finished test [unoptimized + debuginfo] target(s) in 3.33s
[INFO] running `Command { std: "docker" "inspect" "f5d2c17430fb19386d76c9aed2bfbcab2efaba766dd2b7115234a6c41e99b941", kill_on_drop: false }`
[INFO] running `Command { std: "docker" "rm" "-f" "f5d2c17430fb19386d76c9aed2bfbcab2efaba766dd2b7115234a6c41e99b941", kill_on_drop: false }`
[INFO] [stdout] f5d2c17430fb19386d76c9aed2bfbcab2efaba766dd2b7115234a6c41e99b941
[INFO] running `Command { std: "docker" "create" "-v" "/var/lib/crater-agent-workspace/builds/worker-6-tc1/target:/opt/rustwide/target:rw,Z" "-v" "/var/lib/crater-agent-workspace/builds/worker-6-tc1/source:/opt/rustwide/workdir:ro,Z" "-v" "/var/lib/crater-agent-workspace/cargo-home:/opt/rustwide/cargo-home:ro,Z" "-v" "/var/lib/crater-agent-workspace/rustup-home:/opt/rustwide/rustup-home:ro,Z" "-e" "SOURCE_DIR=/opt/rustwide/workdir" "-e" "CARGO_TARGET_DIR=/opt/rustwide/target" "-e" "CARGO_INCREMENTAL=0" "-e" "RUST_BACKTRACE=full" "-e" "RUSTFLAGS=--cap-lints=warn" "-e" "RUSTDOCFLAGS=--cap-lints=warn" "-e" "CARGO_HOME=/opt/rustwide/cargo-home" "-e" "RUSTUP_HOME=/opt/rustwide/rustup-home" "-w" "/opt/rustwide/workdir" "-m" "1610612736" "--user" "0:0" "--network" "none" "ghcr.io/rust-lang/crates-build-env/linux@sha256:97d61d7686bf65f8ecb15491ab51835e82dc9176a96a831f143a431b191fc501" "/opt/rustwide/cargo-home/bin/cargo" "+1.69.0" "test" "--frozen", kill_on_drop: false }`
[INFO] [stdout] 9a659d8f108003bf7c0aa6e9dea5b28d8f59c831d4781d064ec54cd1884cfdfa
[INFO] running `Command { std: "docker" "start" "-a" "9a659d8f108003bf7c0aa6e9dea5b28d8f59c831d4781d064ec54cd1884cfdfa", kill_on_drop: false }`
[INFO] [stderr] warning: trait objects without an explicit `dyn` are deprecated
[INFO] [stderr]   --> src/lib.rs:42:51
[INFO] [stderr]    |
[INFO] [stderr] 42 | pub type Result<T> = ::std::result::Result<T, Box<::std::error::Error>>;
[INFO] [stderr]    |                                                   ^^^^^^^^^^^^^^^^^^^
[INFO] [stderr]    |
[INFO] [stderr]    = warning: this is accepted in the current edition (Rust 2018) but is a hard error in Rust 2021!
[INFO] [stderr]    = note: for more information, see <https://doc.rust-lang.org/nightly/edition-guide/rust-2021/warnings-promoted-to-error.html>
[INFO] [stderr]    = note: `#[warn(bare_trait_objects)]` on by default
[INFO] [stderr] help: use `dyn`
[INFO] [stderr]    |
[INFO] [stderr] 42 | pub type Result<T> = ::std::result::Result<T, Box<dyn (::std::error::Error)>>;
[INFO] [stderr]    |                                                   +++++                   +
[INFO] [stderr] 
[INFO] [stderr] warning: trait objects without an explicit `dyn` are deprecated
[INFO] [stderr]   --> src/lib.rs:36:32
[INFO] [stderr]    |
[INFO] [stderr] 36 |     fn cause(&self) -> Option<&error::Error> {
[INFO] [stderr]    |                                ^^^^^^^^^^^^
[INFO] [stderr]    |
[INFO] [stderr]    = warning: this is accepted in the current edition (Rust 2018) but is a hard error in Rust 2021!
[INFO] [stderr]    = note: for more information, see <https://doc.rust-lang.org/nightly/edition-guide/rust-2021/warnings-promoted-to-error.html>
[INFO] [stderr] help: use `dyn`
[INFO] [stderr]    |
[INFO] [stderr] 36 |     fn cause(&self) -> Option<&dyn error::Error> {
[INFO] [stderr]    |                                +++
[INFO] [stderr] 
[INFO] [stderr] warning: `advent-of-code-2018` (lib) generated 2 warnings (run `cargo fix --lib -p advent-of-code-2018` to apply 2 suggestions)
[INFO] [stderr] warning: `advent-of-code-2018` (lib test) generated 2 warnings (2 duplicates)
[INFO] [stderr] warning: trait objects without an explicit `dyn` are deprecated
[INFO] [stderr]   --> src/day04.rs:33:32
[INFO] [stderr]    |
[INFO] [stderr] 33 |     fn cause(&self) -> Option<&error::Error> {
[INFO] [stderr]    |                                ^^^^^^^^^^^^
[INFO] [stderr]    |
[INFO] [stderr]    = warning: this is accepted in the current edition (Rust 2018) but is a hard error in Rust 2021!
[INFO] [stderr]    = note: for more information, see <https://doc.rust-lang.org/nightly/edition-guide/rust-2021/warnings-promoted-to-error.html>
[INFO] [stderr]    = note: `#[warn(bare_trait_objects)]` on by default
[INFO] [stderr] help: use `dyn`
[INFO] [stderr]    |
[INFO] [stderr] 33 |     fn cause(&self) -> Option<&dyn error::Error> {
[INFO] [stderr]    |                                +++
[INFO] [stderr] 
[INFO] [stderr] warning: this method call resolves to `<&[T; N] as IntoIterator>::into_iter` (due to backwards compatibility), but will resolve to <[T; N] as IntoIterator>::into_iter in Rust 2021
[INFO] [stderr]    --> src/day18.rs:187:30
[INFO] [stderr]     |
[INFO] [stderr] 187 | ...                   .into_iter()
[INFO] [stderr]     |                        ^^^^^^^^^
[INFO] [stderr]     |
[INFO] [stderr]     = warning: this changes meaning in Rust 2021
[INFO] [stderr]     = note: for more information, see <https://doc.rust-lang.org/nightly/edition-guide/rust-2021/IntoIterator-for-arrays.html>
[INFO] [stderr]     = note: `#[warn(array_into_iter)]` on by default
[INFO] [stderr] help: use `.iter()` instead of `.into_iter()` to avoid ambiguity
[INFO] [stderr]     |
[INFO] [stderr] 187 |                             .iter()
[INFO] [stderr]     |                              ~~~~
[INFO] [stderr] help: or use `IntoIterator::into_iter(..)` instead of `.into_iter()` to explicitly iterate by value
[INFO] [stderr]     |
[INFO] [stderr] 186 |                         let count_trees = IntoIterator::into_iter(adjacent)
[INFO] [stderr]     |                                           ++++++++++++++++++++++++        ~
[INFO] [stderr] 
[INFO] [stderr] warning: this method call resolves to `<&[T; N] as IntoIterator>::into_iter` (due to backwards compatibility), but will resolve to <[T; N] as IntoIterator>::into_iter in Rust 2021
[INFO] [stderr]    --> src/day18.rs:200:30
[INFO] [stderr]     |
[INFO] [stderr] 200 | ...                   .into_iter()
[INFO] [stderr]     |                        ^^^^^^^^^
[INFO] [stderr]     |
[INFO] [stderr]     = warning: this changes meaning in Rust 2021
[INFO] [stderr]     = note: for more information, see <https://doc.rust-lang.org/nightly/edition-guide/rust-2021/IntoIterator-for-arrays.html>
[INFO] [stderr] help: use `.iter()` instead of `.into_iter()` to avoid ambiguity
[INFO] [stderr]     |
[INFO] [stderr] 200 |                             .iter()
[INFO] [stderr]     |                              ~~~~
[INFO] [stderr] help: or use `IntoIterator::into_iter(..)` instead of `.into_iter()` to explicitly iterate by value
[INFO] [stderr]     |
[INFO] [stderr] 199 |                         let count = IntoIterator::into_iter(adjacent)
[INFO] [stderr]     |                                     ++++++++++++++++++++++++        ~
[INFO] [stderr] 
[INFO] [stderr] warning: this method call resolves to `<&[T; N] as IntoIterator>::into_iter` (due to backwards compatibility), but will resolve to <[T; N] as IntoIterator>::into_iter in Rust 2021
[INFO] [stderr]    --> src/day18.rs:212:30
[INFO] [stderr]     |
[INFO] [stderr] 212 | ...                   .into_iter()
[INFO] [stderr]     |                        ^^^^^^^^^
[INFO] [stderr]     |
[INFO] [stderr]     = warning: this changes meaning in Rust 2021
[INFO] [stderr]     = note: for more information, see <https://doc.rust-lang.org/nightly/edition-guide/rust-2021/IntoIterator-for-arrays.html>
[INFO] [stderr] help: use `.iter()` instead of `.into_iter()` to avoid ambiguity
[INFO] [stderr]     |
[INFO] [stderr] 212 |                             .iter()
[INFO] [stderr]     |                              ~~~~
[INFO] [stderr] help: or use `IntoIterator::into_iter(..)` instead of `.into_iter()` to explicitly iterate by value
[INFO] [stderr]     |
[INFO] [stderr] 211 |                         let count_trees = IntoIterator::into_iter(adjacent)
[INFO] [stderr]     |                                           ++++++++++++++++++++++++        ~
[INFO] [stderr] 
[INFO] [stderr] warning: this method call resolves to `<&[T; N] as IntoIterator>::into_iter` (due to backwards compatibility), but will resolve to <[T; N] as IntoIterator>::into_iter in Rust 2021
[INFO] [stderr]    --> src/day18.rs:217:30
[INFO] [stderr]     |
[INFO] [stderr] 217 | ...                   .into_iter()
[INFO] [stderr]     |                        ^^^^^^^^^
[INFO] [stderr]     |
[INFO] [stderr]     = warning: this changes meaning in Rust 2021
[INFO] [stderr]     = note: for more information, see <https://doc.rust-lang.org/nightly/edition-guide/rust-2021/IntoIterator-for-arrays.html>
[INFO] [stderr] help: use `.iter()` instead of `.into_iter()` to avoid ambiguity
[INFO] [stderr]     |
[INFO] [stderr] 217 |                             .iter()
[INFO] [stderr]     |                              ~~~~
[INFO] [stderr] help: or use `IntoIterator::into_iter(..)` instead of `.into_iter()` to explicitly iterate by value
[INFO] [stderr]     |
[INFO] [stderr] 216 |                         let count_lumber = IntoIterator::into_iter(adjacent)
[INFO] [stderr]     |                                            ++++++++++++++++++++++++        ~
[INFO] [stderr] 
[INFO] [stderr] warning: unused return value of `std::mem::replace` that must be used
[INFO] [stderr]    --> src/day18.rs:237:13
[INFO] [stderr]     |
[INFO] [stderr] 237 |             std::mem::replace(&mut self.data, next_data);
[INFO] [stderr]     |             ^^^^^^^^^^^^^^^^^^^^^^^^^^^^^^^^^^^^^^^^^^^^
[INFO] [stderr]     |
[INFO] [stderr]     = note: if you don't need the old value, you can just assign the new value directly
[INFO] [stderr]     = note: `#[warn(unused_must_use)]` on by default
[INFO] [stderr] 
[INFO] [stderr] warning: unused return value of `std::mem::replace` that must be used
[INFO] [stderr]    --> src/day18.rs:244:9
[INFO] [stderr]     |
[INFO] [stderr] 244 |         std::mem::replace(&mut self.data, next_data);
[INFO] [stderr]     |         ^^^^^^^^^^^^^^^^^^^^^^^^^^^^^^^^^^^^^^^^^^^^
[INFO] [stderr]     |
[INFO] [stderr]     = note: if you don't need the old value, you can just assign the new value directly
[INFO] [stderr] 
[INFO] [stderr] warning: field `id` is never read
[INFO] [stderr]    --> src/day07.rs:150:9
[INFO] [stderr]     |
[INFO] [stderr] 149 |     struct Work {
[INFO] [stderr]     |            ---- field in this struct
[INFO] [stderr] 150 |         id: usize,
[INFO] [stderr]     |         ^^
[INFO] [stderr]     |
[INFO] [stderr]     = note: `Work` has derived impls for the traits `Clone` and `Debug`, but these are intentionally ignored during dead code analysis
[INFO] [stderr]     = note: `#[warn(dead_code)]` on by default
[INFO] [stderr] 
[INFO] [stderr] warning: unnecessary trailing semicolon
[INFO] [stderr]    --> src/day03.rs:213:9
[INFO] [stderr]     |
[INFO] [stderr] 213 |         ;
[INFO] [stderr]     |         ^ help: remove this semicolon
[INFO] [stderr]     |
[INFO] [stderr]     = note: `#[warn(redundant_semicolons)]` on by default
[INFO] [stderr] 
[INFO] [stderr] warning: unnecessary trailing semicolon
[INFO] [stderr]    --> src/day03.rs:221:9
[INFO] [stderr]     |
[INFO] [stderr] 221 |         ;
[INFO] [stderr]     |         ^ help: remove this semicolon
[INFO] [stderr] 
[INFO] [stderr] warning: unnecessary trailing semicolon
[INFO] [stderr]    --> src/day03.rs:229:9
[INFO] [stderr]     |
[INFO] [stderr] 229 |         ;
[INFO] [stderr]     |         ^ help: remove this semicolon
[INFO] [stderr] 
[INFO] [stderr] warning: unnecessary trailing semicolon
[INFO] [stderr]    --> src/day03.rs:237:9
[INFO] [stderr]     |
[INFO] [stderr] 237 |         ;
[INFO] [stderr]     |         ^ help: remove this semicolon
[INFO] [stderr] 
[INFO] [stderr] warning: unnecessary trailing semicolon
[INFO] [stderr]    --> src/day03.rs:245:9
[INFO] [stderr]     |
[INFO] [stderr] 245 |         ;
[INFO] [stderr]     |         ^ help: remove this semicolon
[INFO] [stderr] 
[INFO] [stderr] warning: trait objects without an explicit `dyn` are deprecated
[INFO] [stderr]    --> src/day03.rs:202:27
[INFO] [stderr]     |
[INFO] [stderr] 202 | ) -> StdResult<Claim, Box<std::error::Error>> {
[INFO] [stderr]     |                           ^^^^^^^^^^^^^^^^^
[INFO] [stderr]     |
[INFO] [stderr]     = warning: this is accepted in the current edition (Rust 2018) but is a hard error in Rust 2021!
[INFO] [stderr]     = note: for more information, see <https://doc.rust-lang.org/nightly/edition-guide/rust-2021/warnings-promoted-to-error.html>
[INFO] [stderr]     = note: `#[warn(bare_trait_objects)]` on by default
[INFO] [stderr] help: use `dyn`
[INFO] [stderr]     |
[INFO] [stderr] 202 | ) -> StdResult<Claim, Box<dyn std::error::Error>> {
[INFO] [stderr]     |                           +++
[INFO] [stderr] 
[INFO] [stderr] warning: trait objects without an explicit `dyn` are deprecated
[INFO] [stderr]   --> src/day03.rs:23:32
[INFO] [stderr]    |
[INFO] [stderr] 23 |     fn cause(&self) -> Option<&error::Error> {
[INFO] [stderr]    |                                ^^^^^^^^^^^^
[INFO] [stderr]    |
[INFO] [stderr]    = warning: this is accepted in the current edition (Rust 2018) but is a hard error in Rust 2021!
[INFO] [stderr]    = note: for more information, see <https://doc.rust-lang.org/nightly/edition-guide/rust-2021/warnings-promoted-to-error.html>
[INFO] [stderr] help: use `dyn`
[INFO] [stderr]    |
[INFO] [stderr] 23 |     fn cause(&self) -> Option<&dyn error::Error> {
[INFO] [stderr]    |                                +++
[INFO] [stderr] 
[INFO] [stderr] warning: `advent-of-code-2018` (bin "day04" test) generated 1 warning (run `cargo fix --bin "day04" --tests` to apply 1 suggestion)
[INFO] [stderr] warning: `advent-of-code-2018` (bin "day18" test) generated 6 warnings (run `cargo fix --bin "day18" --tests` to apply 4 suggestions)
[INFO] [stderr] warning: `advent-of-code-2018` (bin "day07" test) generated 1 warning
[INFO] [stderr] warning: `advent-of-code-2018` (bin "day03" test) generated 7 warnings (run `cargo fix --bin "day03" --tests` to apply 2 suggestions)
[INFO] [stderr] warning: this method call resolves to `<&[T; N] as IntoIterator>::into_iter` (due to backwards compatibility), but will resolve to <[T; N] as IntoIterator>::into_iter in Rust 2021
[INFO] [stderr]   --> src/day23.rs:66:25
[INFO] [stderr]    |
[INFO] [stderr] 66 |     let max_size = *tmp.into_iter().max().unwrap();
[INFO] [stderr]    |                         ^^^^^^^^^
[INFO] [stderr]    |
[INFO] [stderr]    = warning: this changes meaning in Rust 2021
[INFO] [stderr]    = note: for more information, see <https://doc.rust-lang.org/nightly/edition-guide/rust-2021/IntoIterator-for-arrays.html>
[INFO] [stderr]    = note: `#[warn(array_into_iter)]` on by default
[INFO] [stderr] help: use `.iter()` instead of `.into_iter()` to avoid ambiguity
[INFO] [stderr]    |
[INFO] [stderr] 66 |     let max_size = *tmp.iter().max().unwrap();
[INFO] [stderr]    |                         ~~~~
[INFO] [stderr] help: or use `IntoIterator::into_iter(..)` instead of `.into_iter()` to explicitly iterate by value
[INFO] [stderr]    |
[INFO] [stderr] 66 |     let max_size = *IntoIterator::into_iter(tmp).max().unwrap();
[INFO] [stderr]    |                     ++++++++++++++++++++++++   ~
[INFO] [stderr] 
[INFO] [stderr] warning: this method call resolves to `<&[T; N] as IntoIterator>::into_iter` (due to backwards compatibility), but will resolve to <[T; N] as IntoIterator>::into_iter in Rust 2021
[INFO] [stderr]    --> src/day22.rs:328:41
[INFO] [stderr]     |
[INFO] [stderr] 328 |             for nbr in current.around().into_iter() {
[INFO] [stderr]     |                                         ^^^^^^^^^
[INFO] [stderr]     |
[INFO] [stderr]     = warning: this changes meaning in Rust 2021
[INFO] [stderr]     = note: for more information, see <https://doc.rust-lang.org/nightly/edition-guide/rust-2021/IntoIterator-for-arrays.html>
[INFO] [stderr]     = note: `#[warn(array_into_iter)]` on by default
[INFO] [stderr] help: use `.iter()` instead of `.into_iter()` to avoid ambiguity
[INFO] [stderr]     |
[INFO] [stderr] 328 |             for nbr in current.around().iter() {
[INFO] [stderr]     |                                         ~~~~
[INFO] [stderr] help: or remove `.into_iter()` to iterate by value
[INFO] [stderr]     |
[INFO] [stderr] 328 -             for nbr in current.around().into_iter() {
[INFO] [stderr] 328 +             for nbr in current.around() {
[INFO] [stderr]     |
[INFO] [stderr] 
[INFO] [stderr] warning: `advent-of-code-2018` (bin "day23" test) generated 1 warning (run `cargo fix --bin "day23" --tests` to apply 1 suggestion)
[INFO] [stderr] warning: `advent-of-code-2018` (bin "day22" test) generated 1 warning (run `cargo fix --bin "day22" --tests` to apply 1 suggestion)
[INFO] [stderr] warning: unused variable: `example1`
[INFO] [stderr]     --> src/day15.rs:1099:13
[INFO] [stderr]      |
[INFO] [stderr] 1099 |         let example1 = r"
[INFO] [stderr]      |             ^^^^^^^^ help: if this is intentional, prefix it with an underscore: `_example1`
[INFO] [stderr]      |
[INFO] [stderr]      = note: `#[warn(unused_variables)]` on by default
[INFO] [stderr] 
[INFO] [stderr] warning: unused variable: `movement`
[INFO] [stderr]     --> src/day15.rs:1109:13
[INFO] [stderr]      |
[INFO] [stderr] 1109 |         let movement = r"
[INFO] [stderr]      |             ^^^^^^^^ help: if this is intentional, prefix it with an underscore: `_movement`
[INFO] [stderr] 
[INFO] [stderr] warning: unused variable: `example0`
[INFO] [stderr]     --> src/day15.rs:1121:13
[INFO] [stderr]      |
[INFO] [stderr] 1121 |         let example0 = r"
[INFO] [stderr]      |             ^^^^^^^^ help: if this is intentional, prefix it with an underscore: `_example0`
[INFO] [stderr] 
[INFO] [stderr] warning: unused variable: `example2`
[INFO] [stderr]     --> src/day15.rs:1131:13
[INFO] [stderr]      |
[INFO] [stderr] 1131 |         let example2 = r"
[INFO] [stderr]      |             ^^^^^^^^ help: if this is intentional, prefix it with an underscore: `_example2`
[INFO] [stderr] 
[INFO] [stderr] warning: unused variable: `example3`
[INFO] [stderr]     --> src/day15.rs:1141:13
[INFO] [stderr]      |
[INFO] [stderr] 1141 |         let example3 = r"
[INFO] [stderr]      |             ^^^^^^^^ help: if this is intentional, prefix it with an underscore: `_example3`
[INFO] [stderr] 
[INFO] [stderr] warning: this method call resolves to `<&[T; N] as IntoIterator>::into_iter` (due to backwards compatibility), but will resolve to <[T; N] as IntoIterator>::into_iter in Rust 2021
[INFO] [stderr]    --> src/day15.rs:696:47
[INFO] [stderr]     |
[INFO] [stderr] 696 |             for neighbour in current.around().into_iter() {
[INFO] [stderr]     |                                               ^^^^^^^^^
[INFO] [stderr]     |
[INFO] [stderr]     = warning: this changes meaning in Rust 2021
[INFO] [stderr]     = note: for more information, see <https://doc.rust-lang.org/nightly/edition-guide/rust-2021/IntoIterator-for-arrays.html>
[INFO] [stderr]     = note: `#[warn(array_into_iter)]` on by default
[INFO] [stderr] help: use `.iter()` instead of `.into_iter()` to avoid ambiguity
[INFO] [stderr]     |
[INFO] [stderr] 696 |             for neighbour in current.around().iter() {
[INFO] [stderr]     |                                               ~~~~
[INFO] [stderr] help: or remove `.into_iter()` to iterate by value
[INFO] [stderr]     |
[INFO] [stderr] 696 -             for neighbour in current.around().into_iter() {
[INFO] [stderr] 696 +             for neighbour in current.around() {
[INFO] [stderr]     |
[INFO] [stderr] 
[INFO] [stderr] warning: this method call resolves to `<&[T; N] as IntoIterator>::into_iter` (due to backwards compatibility), but will resolve to <[T; N] as IntoIterator>::into_iter in Rust 2021
[INFO] [stderr]    --> src/day15.rs:912:18
[INFO] [stderr]     |
[INFO] [stderr] 912 |                 .into_iter()
[INFO] [stderr]     |                  ^^^^^^^^^
[INFO] [stderr]     |
[INFO] [stderr]     = warning: this changes meaning in Rust 2021
[INFO] [stderr]     = note: for more information, see <https://doc.rust-lang.org/nightly/edition-guide/rust-2021/IntoIterator-for-arrays.html>
[INFO] [stderr] help: use `.iter()` instead of `.into_iter()` to avoid ambiguity
[INFO] [stderr]     |
[INFO] [stderr] 912 |                 .iter()
[INFO] [stderr]     |                  ~~~~
[INFO] [stderr] help: or use `IntoIterator::into_iter(..)` instead of `.into_iter()` to explicitly iterate by value
[INFO] [stderr]     |
[INFO] [stderr] 911 |             IntoIterator::into_iter(pos.around())
[INFO] [stderr]     |             ++++++++++++++++++++++++            ~
[INFO] [stderr] 
[INFO] [stderr] warning: unused return value of `std::mem::replace` that must be used
[INFO] [stderr]     --> src/day15.rs:1026:9
[INFO] [stderr]      |
[INFO] [stderr] 1026 |         std::mem::replace(&mut self.entities, entities);
[INFO] [stderr]      |         ^^^^^^^^^^^^^^^^^^^^^^^^^^^^^^^^^^^^^^^^^^^^^^^
[INFO] [stderr]      |
[INFO] [stderr]      = note: if you don't need the old value, you can just assign the new value directly
[INFO] [stderr]      = note: `#[warn(unused_must_use)]` on by default
[INFO] [stderr] 
[INFO] [stderr] warning: unnecessary trailing semicolon
[INFO] [stderr]    --> src/day20.rs:318:13
[INFO] [stderr]     |
[INFO] [stderr] 318 |             ;
[INFO] [stderr]     |             ^ help: remove this semicolon
[INFO] [stderr]     |
[INFO] [stderr]     = note: `#[warn(redundant_semicolons)]` on by default
[INFO] [stderr] 
[INFO] [stderr] warning: this method call resolves to `<&[T; N] as IntoIterator>::into_iter` (due to backwards compatibility), but will resolve to <[T; N] as IntoIterator>::into_iter in Rust 2021
[INFO] [stderr]    --> src/day20.rs:280:41
[INFO] [stderr]     |
[INFO] [stderr] 280 |             for nbr in current.around().into_iter() {
[INFO] [stderr]     |                                         ^^^^^^^^^
[INFO] [stderr]     |
[INFO] [stderr]     = warning: this changes meaning in Rust 2021
[INFO] [stderr]     = note: for more information, see <https://doc.rust-lang.org/nightly/edition-guide/rust-2021/IntoIterator-for-arrays.html>
[INFO] [stderr]     = note: `#[warn(array_into_iter)]` on by default
[INFO] [stderr] help: use `.iter()` instead of `.into_iter()` to avoid ambiguity
[INFO] [stderr]     |
[INFO] [stderr] 280 |             for nbr in current.around().iter() {
[INFO] [stderr]     |                                         ~~~~
[INFO] [stderr] help: or remove `.into_iter()` to iterate by value
[INFO] [stderr]     |
[INFO] [stderr] 280 -             for nbr in current.around().into_iter() {
[INFO] [stderr] 280 +             for nbr in current.around() {
[INFO] [stderr]     |
[INFO] [stderr] 
[INFO] [stderr] warning: `advent-of-code-2018` (bin "day15" test) generated 8 warnings (run `cargo fix --bin "day15" --tests` to apply 7 suggestions)
[INFO] [stderr] warning: `advent-of-code-2018` (bin "day20" test) generated 2 warnings (run `cargo fix --bin "day20" --tests` to apply 1 suggestion)
[INFO] [stderr]     Finished test [unoptimized + debuginfo] target(s) in 0.01s
[INFO] [stderr]      Running unittests src/lib.rs (/opt/rustwide/target/debug/deps/aoc-f36c9df60fa5a333)
[INFO] [stdout] 
[INFO] [stdout] running 0 tests
[INFO] [stdout] 
[INFO] [stdout] test result: ok. 0 passed; 0 failed; 0 ignored; 0 measured; 0 filtered out; finished in 0.00s
[INFO] [stdout] 
[INFO] [stderr]      Running unittests src/day01.rs (/opt/rustwide/target/debug/deps/day01-00cc41e03b86f7a8)
[INFO] [stdout] 
[INFO] [stdout] running 0 tests
[INFO] [stdout] 
[INFO] [stdout] test result: ok. 0 passed; 0 failed; 0 ignored; 0 measured; 0 filtered out; finished in 0.00s
[INFO] [stdout] 
[INFO] [stderr]      Running unittests src/day02.rs (/opt/rustwide/target/debug/deps/day02-800b730561366e35)
[INFO] [stdout] 
[INFO] [stdout] running 4 tests
[INFO] [stdout] test part2_tests::test_input ... ok
[INFO] [stdout] test part1_tests::test_example ... ok
[INFO] [stdout] test part2_tests::test_example ... ok
[INFO] [stdout] test part1_tests::test_input ... ok
[INFO] [stdout] 
[INFO] [stdout] test result: ok. 4 passed; 0 failed; 0 ignored; 0 measured; 0 filtered out; finished in 0.00s
[INFO] [stdout] 
[INFO] [stderr]      Running unittests src/day03.rs (/opt/rustwide/target/debug/deps/day03-63237fcd9cfccdea)
[INFO] [stdout] 
[INFO] [stdout] running 2 tests
[INFO] [stdout] test part2_tests::test_example ... ok
[INFO] [stdout] test part1_tests::test_example ... ok
[INFO] [stdout] 
[INFO] [stdout] test result: ok. 2 passed; 0 failed; 0 ignored; 0 measured; 0 filtered out; finished in 0.00s
[INFO] [stdout] 
[INFO] [stderr]      Running unittests src/day04.rs (/opt/rustwide/target/debug/deps/day04-62b80aa871baa349)
[INFO] [stdout] 
[INFO] [stdout] running 2 tests
[INFO] [stdout] test part1_tests::example_input ... ok
[INFO] [stdout] test part2_tests::example_input ... ok
[INFO] [stdout] 
[INFO] [stdout] test result: ok. 2 passed; 0 failed; 0 ignored; 0 measured; 0 filtered out; finished in 0.00s
[INFO] [stdout] 
[INFO] [stderr]      Running unittests src/day05.rs (/opt/rustwide/target/debug/deps/day05-e625c73ebdb91b45)
[INFO] [stdout] 
[INFO] [stdout] running 2 tests
[INFO] [stdout] test part1_tests::example_input ... ok
[INFO] [stdout] test part2_tests::example_input ... ok
[INFO] [stdout] 
[INFO] [stdout] test result: ok. 2 passed; 0 failed; 0 ignored; 0 measured; 0 filtered out; finished in 0.00s
[INFO] [stdout] 
[INFO] [stderr]      Running unittests src/day06.rs (/opt/rustwide/target/debug/deps/day06-083222f3c66d9798)
[INFO] [stdout] 
[INFO] [stdout] running 2 tests
[INFO] [stdout] test tests::part2_example_input ... ok
[INFO] [stdout] test tests::part1_example_input ... ok
[INFO] [stdout] 
[INFO] [stdout] test result: ok. 2 passed; 0 failed; 0 ignored; 0 measured; 0 filtered out; finished in 0.00s
[INFO] [stdout] 
[INFO] [stderr]      Running unittests src/day07.rs (/opt/rustwide/target/debug/deps/day07-ac0b537d09630b8c)
[INFO] [stdout] 
[INFO] [stdout] running 3 tests
[INFO] [stdout] test tests::part1_example_input ... ok
[INFO] [stdout] test tests::part1_example_input_unsorted ... ok
[INFO] [stdout] test tests::part2_example_input ... FAILED
[INFO] [stdout] 
[INFO] [stdout] failures:
[INFO] [stdout] 
[INFO] [stdout] ---- tests::part2_example_input stdout ----
[INFO] [stdout] 0     C .    
[INFO] [stdout] 1     C .    
[INFO] [stdout] 2     C .    
[INFO] [stdout] 3     A F    C
[INFO] [stdout] 4     B F    CA
[INFO] [stdout] 5     B F    CA
[INFO] [stdout] 6     D F    CAB
[INFO] [stdout] 7     D F    CAB
[INFO] [stdout] 8     D F    CAB
[INFO] [stdout] 9     D .    CABF
[INFO] [stdout] 10    E .    CABFD
[INFO] [stdout] 11    E .    CABFD
[INFO] [stdout] 12    E .    CABFD
[INFO] [stdout] 13    E .    CABFD
[INFO] [stdout] 14    E .    CABFD
[INFO] [stdout] 15    . .    CABFDE
[INFO] [stdout] part1: CABFDE
[INFO] [stdout] part2: 15
[INFO] [stdout] thread 'tests::part2_example_input' panicked at 'assertion failed: `(left == right)`
[INFO] [stdout]   left: `15`,
[INFO] [stdout]  right: `0`', src/day07.rs:336:9
[INFO] [stdout] stack backtrace:
[INFO] [stdout]    0:     0x561fea93527a - std::backtrace_rs::backtrace::libunwind::trace::ha9053a9a07ca49cb
[INFO] [stdout]                                at /rustc/84c898d65adf2f39a5a98507f1fe0ce10a2b8dbc/library/std/src/../../backtrace/src/backtrace/libunwind.rs:93:5
[INFO] [stdout]    1:     0x561fea93527a - std::backtrace_rs::backtrace::trace_unsynchronized::h9c2852a457ad564e
[INFO] [stdout]                                at /rustc/84c898d65adf2f39a5a98507f1fe0ce10a2b8dbc/library/std/src/../../backtrace/src/backtrace/mod.rs:66:5
[INFO] [stdout]    2:     0x561fea93527a - std::sys_common::backtrace::_print_fmt::h457936fbfaa0070f
[INFO] [stdout]                                at /rustc/84c898d65adf2f39a5a98507f1fe0ce10a2b8dbc/library/std/src/sys_common/backtrace.rs:65:5
[INFO] [stdout]    3:     0x561fea93527a - <std::sys_common::backtrace::_print::DisplayBacktrace as core::fmt::Display>::fmt::h5779d7bf7f70cb0c
[INFO] [stdout]                                at /rustc/84c898d65adf2f39a5a98507f1fe0ce10a2b8dbc/library/std/src/sys_common/backtrace.rs:44:22
[INFO] [stdout]    4:     0x561fea95899e - core::fmt::write::h5a4baaff1bcd3eb5
[INFO] [stdout]                                at /rustc/84c898d65adf2f39a5a98507f1fe0ce10a2b8dbc/library/core/src/fmt/mod.rs:1232:17
[INFO] [stdout]    5:     0x561fea9326f5 - std::io::Write::write_fmt::h478f79c628ef31d1
[INFO] [stdout]                                at /rustc/84c898d65adf2f39a5a98507f1fe0ce10a2b8dbc/library/std/src/io/mod.rs:1684:15
[INFO] [stdout]    6:     0x561fea935045 - std::sys_common::backtrace::_print::h5fcdc36060f177e8
[INFO] [stdout]                                at /rustc/84c898d65adf2f39a5a98507f1fe0ce10a2b8dbc/library/std/src/sys_common/backtrace.rs:47:5
[INFO] [stdout]    7:     0x561fea935045 - std::sys_common::backtrace::print::h54ca9458b876c8bf
[INFO] [stdout]                                at /rustc/84c898d65adf2f39a5a98507f1fe0ce10a2b8dbc/library/std/src/sys_common/backtrace.rs:34:9
[INFO] [stdout]    8:     0x561fea936e0f - std::panicking::default_hook::{{closure}}::hbe471161c7664ed6
[INFO] [stdout]                                at /rustc/84c898d65adf2f39a5a98507f1fe0ce10a2b8dbc/library/std/src/panicking.rs:271:22
[INFO] [stdout]    9:     0x561fea936acf - std::panicking::default_hook::ha3500da57aa4ac4f
[INFO] [stdout]                                at /rustc/84c898d65adf2f39a5a98507f1fe0ce10a2b8dbc/library/std/src/panicking.rs:287:9
[INFO] [stdout]   10:     0x561fea7d2b07 - <alloc::boxed::Box<F,A> as core::ops::function::Fn<Args>>::call::hdf1b89dd137ece34
[INFO] [stdout]                                at /rustc/84c898d65adf2f39a5a98507f1fe0ce10a2b8dbc/library/alloc/src/boxed.rs:2001:9
[INFO] [stdout]   11:     0x561fea7d2b07 - test::test_main::{{closure}}::h9081a79f20e75698
[INFO] [stdout]                                at /rustc/84c898d65adf2f39a5a98507f1fe0ce10a2b8dbc/library/test/src/lib.rs:135:21
[INFO] [stdout]   12:     0x561fea93753d - <alloc::boxed::Box<F,A> as core::ops::function::Fn<Args>>::call::h6507bddc3eebb4a5
[INFO] [stdout]                                at /rustc/84c898d65adf2f39a5a98507f1fe0ce10a2b8dbc/library/alloc/src/boxed.rs:2001:9
[INFO] [stdout]   13:     0x561fea93753d - std::panicking::rust_panic_with_hook::h50c09d000dc561d2
[INFO] [stdout]                                at /rustc/84c898d65adf2f39a5a98507f1fe0ce10a2b8dbc/library/std/src/panicking.rs:696:13
[INFO] [stdout]   14:     0x561fea9372b9 - std::panicking::begin_panic_handler::{{closure}}::h9e2b2176e00e0d9c
[INFO] [stdout]                                at /rustc/84c898d65adf2f39a5a98507f1fe0ce10a2b8dbc/library/std/src/panicking.rs:583:13
[INFO] [stdout]   15:     0x561fea9356e6 - std::sys_common::backtrace::__rust_end_short_backtrace::h5739b8e512c09d02
[INFO] [stdout]                                at /rustc/84c898d65adf2f39a5a98507f1fe0ce10a2b8dbc/library/std/src/sys_common/backtrace.rs:150:18
[INFO] [stdout]   16:     0x561fea936fc2 - rust_begin_unwind
[INFO] [stdout]                                at /rustc/84c898d65adf2f39a5a98507f1fe0ce10a2b8dbc/library/std/src/panicking.rs:579:5
[INFO] [stdout]   17:     0x561fea770033 - core::panicking::panic_fmt::hf33a1475b4dc5c3e
[INFO] [stdout]                                at /rustc/84c898d65adf2f39a5a98507f1fe0ce10a2b8dbc/library/core/src/panicking.rs:64:14
[INFO] [stdout]   18:     0x561fea77030f - core::panicking::assert_failed_inner::haf9816227b20b6f2
[INFO] [stdout]   19:     0x561fea89e20a - core::panicking::assert_failed::he9cd37fe5703e701
[INFO] [stdout]                                at /rustc/84c898d65adf2f39a5a98507f1fe0ce10a2b8dbc/library/core/src/panicking.rs:211:5
[INFO] [stdout]   20:     0x561fea790344 - day07::tests::part2_example_input::h2878efde820efbf0
[INFO] [stdout]                                at /opt/rustwide/workdir/src/day07.rs:336:9
[INFO] [stdout]   21:     0x561fea790267 - day07::tests::part2_example_input::{{closure}}::h0f7b41027bb77760
[INFO] [stdout]                                at /opt/rustwide/workdir/src/day07.rs:335:30
[INFO] [stdout]   22:     0x561fea788a65 - core::ops::function::FnOnce::call_once::hb5c06caaf9c06e0d
[INFO] [stdout]                                at /rustc/84c898d65adf2f39a5a98507f1fe0ce10a2b8dbc/library/core/src/ops/function.rs:250:5
[INFO] [stdout]   23:     0x561fea7d7eef - core::ops::function::FnOnce::call_once::h7d969581be7d0075
[INFO] [stdout]                                at /rustc/84c898d65adf2f39a5a98507f1fe0ce10a2b8dbc/library/core/src/ops/function.rs:250:5
[INFO] [stdout]   24:     0x561fea7d7eef - test::__rust_begin_short_backtrace::hca25a52684e56655
[INFO] [stdout]                                at /rustc/84c898d65adf2f39a5a98507f1fe0ce10a2b8dbc/library/test/src/lib.rs:656:18
[INFO] [stdout]   25:     0x561fea7a950c - test::run_test::{{closure}}::ha8ac744c4af1a4bb
[INFO] [stdout]                                at /rustc/84c898d65adf2f39a5a98507f1fe0ce10a2b8dbc/library/test/src/lib.rs:647:30
[INFO] [stdout]   26:     0x561fea7a950c - core::ops::function::FnOnce::call_once{{vtable.shim}}::h7b411a9ed45bdecf
[INFO] [stdout]                                at /rustc/84c898d65adf2f39a5a98507f1fe0ce10a2b8dbc/library/core/src/ops/function.rs:250:5
[INFO] [stdout]   27:     0x561fea7d6eb6 - <alloc::boxed::Box<F,A> as core::ops::function::FnOnce<Args>>::call_once::hd05328869a8ed200
[INFO] [stdout]                                at /rustc/84c898d65adf2f39a5a98507f1fe0ce10a2b8dbc/library/alloc/src/boxed.rs:1987:9
[INFO] [stdout]   28:     0x561fea7d6eb6 - <core::panic::unwind_safe::AssertUnwindSafe<F> as core::ops::function::FnOnce<()>>::call_once::h0c601ce20bd5b2be
[INFO] [stdout]                                at /rustc/84c898d65adf2f39a5a98507f1fe0ce10a2b8dbc/library/core/src/panic/unwind_safe.rs:271:9
[INFO] [stdout]   29:     0x561fea7d6eb6 - std::panicking::try::do_call::ha4be5c164fe30854
[INFO] [stdout]                                at /rustc/84c898d65adf2f39a5a98507f1fe0ce10a2b8dbc/library/std/src/panicking.rs:487:40
[INFO] [stdout]   30:     0x561fea7d6eb6 - std::panicking::try::h604546f3609af05f
[INFO] [stdout]                                at /rustc/84c898d65adf2f39a5a98507f1fe0ce10a2b8dbc/library/std/src/panicking.rs:451:19
[INFO] [stdout]   31:     0x561fea7d6eb6 - std::panic::catch_unwind::h5bfa8afe44c9c2f9
[INFO] [stdout]                                at /rustc/84c898d65adf2f39a5a98507f1fe0ce10a2b8dbc/library/std/src/panic.rs:140:14
[INFO] [stdout]   32:     0x561fea7d6eb6 - test::run_test_in_process::hd50dee55dd63e6aa
[INFO] [stdout]                                at /rustc/84c898d65adf2f39a5a98507f1fe0ce10a2b8dbc/library/test/src/lib.rs:679:27
[INFO] [stdout]   33:     0x561fea7d6eb6 - test::run_test::run_test_inner::{{closure}}::h4aa0f433aa85cea8
[INFO] [stdout]                                at /rustc/84c898d65adf2f39a5a98507f1fe0ce10a2b8dbc/library/test/src/lib.rs:573:39
[INFO] [stdout]   34:     0x561fea7a3b81 - test::run_test::run_test_inner::{{closure}}::had56431adf24b4d6
[INFO] [stdout]                                at /rustc/84c898d65adf2f39a5a98507f1fe0ce10a2b8dbc/library/test/src/lib.rs:600:37
[INFO] [stdout]   35:     0x561fea7a3b81 - std::sys_common::backtrace::__rust_begin_short_backtrace::ha8d9890e0c73bf13
[INFO] [stdout]                                at /rustc/84c898d65adf2f39a5a98507f1fe0ce10a2b8dbc/library/std/src/sys_common/backtrace.rs:134:18
[INFO] [stdout]   36:     0x561fea7a959b - std::thread::Builder::spawn_unchecked_::{{closure}}::{{closure}}::h251832bcb4a95327
[INFO] [stdout]                                at /rustc/84c898d65adf2f39a5a98507f1fe0ce10a2b8dbc/library/std/src/thread/mod.rs:560:17
[INFO] [stdout]   37:     0x561fea7a959b - <core::panic::unwind_safe::AssertUnwindSafe<F> as core::ops::function::FnOnce<()>>::call_once::h8fdff598fa414831
[INFO] [stdout]                                at /rustc/84c898d65adf2f39a5a98507f1fe0ce10a2b8dbc/library/core/src/panic/unwind_safe.rs:271:9
[INFO] [stdout]   38:     0x561fea7a959b - std::panicking::try::do_call::h455dd2f7764a950f
[INFO] [stdout]                                at /rustc/84c898d65adf2f39a5a98507f1fe0ce10a2b8dbc/library/std/src/panicking.rs:487:40
[INFO] [stdout]   39:     0x561fea7a959b - std::panicking::try::had6f23b7b73ae72a
[INFO] [stdout]                                at /rustc/84c898d65adf2f39a5a98507f1fe0ce10a2b8dbc/library/std/src/panicking.rs:451:19
[INFO] [stdout]   40:     0x561fea7a959b - std::panic::catch_unwind::ha6a5ca3915b4dad0
[INFO] [stdout]                                at /rustc/84c898d65adf2f39a5a98507f1fe0ce10a2b8dbc/library/std/src/panic.rs:140:14
[INFO] [stdout]   41:     0x561fea7a959b - std::thread::Builder::spawn_unchecked_::{{closure}}::h883b72ef75da6231
[INFO] [stdout]                                at /rustc/84c898d65adf2f39a5a98507f1fe0ce10a2b8dbc/library/std/src/thread/mod.rs:559:30
[INFO] [stdout]   42:     0x561fea7a959b - core::ops::function::FnOnce::call_once{{vtable.shim}}::hb7dff73dc8bd2ccb
[INFO] [stdout]                                at /rustc/84c898d65adf2f39a5a98507f1fe0ce10a2b8dbc/library/core/src/ops/function.rs:250:5
[INFO] [stdout]   43:     0x561fea93b8a3 - <alloc::boxed::Box<F,A> as core::ops::function::FnOnce<Args>>::call_once::h39990b24eedef2ab
[INFO] [stdout]                                at /rustc/84c898d65adf2f39a5a98507f1fe0ce10a2b8dbc/library/alloc/src/boxed.rs:1987:9
[INFO] [stdout]   44:     0x561fea93b8a3 - <alloc::boxed::Box<F,A> as core::ops::function::FnOnce<Args>>::call_once::h01a027258444143b
[INFO] [stdout]                                at /rustc/84c898d65adf2f39a5a98507f1fe0ce10a2b8dbc/library/alloc/src/boxed.rs:1987:9
[INFO] [stdout]   45:     0x561fea93b8a3 - std::sys::unix::thread::Thread::new::thread_start::ha4f1cdd9c25884ba
[INFO] [stdout]                                at /rustc/84c898d65adf2f39a5a98507f1fe0ce10a2b8dbc/library/std/src/sys/unix/thread.rs:108:17
[INFO] [stdout]   46:     0x7fc362bfcb43 - <unknown>
[INFO] [stdout]   47:     0x7fc362c8dbb4 - __clone
[INFO] [stdout]   48:                0x0 - <unknown>
[INFO] [stdout] 
[INFO] [stdout] 
[INFO] [stdout] failures:
[INFO] [stdout]     tests::part2_example_input
[INFO] [stdout] 
[INFO] [stdout] test result: FAILED. 2 passed; 1 failed; 0 ignored; 0 measured; 0 filtered out; finished in 0.02s
[INFO] [stdout] 
[INFO] [stderr] error: test failed, to rerun pass `--bin day07`
[INFO] running `Command { std: "docker" "inspect" "9a659d8f108003bf7c0aa6e9dea5b28d8f59c831d4781d064ec54cd1884cfdfa", kill_on_drop: false }`
[INFO] running `Command { std: "docker" "rm" "-f" "9a659d8f108003bf7c0aa6e9dea5b28d8f59c831d4781d064ec54cd1884cfdfa", kill_on_drop: false }`
[INFO] [stdout] 9a659d8f108003bf7c0aa6e9dea5b28d8f59c831d4781d064ec54cd1884cfdfa
