[INFO] cloning repository https://github.com/uzushino/man-with
[INFO] running `Command { std: "git" "-c" "credential.helper=" "-c" "credential.helper=/workspace/cargo-home/bin/git-credential-null" "clone" "--bare" "https://github.com/uzushino/man-with" "/workspace/cache/git-repos/https%3A%2F%2Fgithub.com%2Fuzushino%2Fman-with", kill_on_drop: false }`
[INFO] [stderr] Cloning into bare repository '/workspace/cache/git-repos/https%3A%2F%2Fgithub.com%2Fuzushino%2Fman-with'...
[INFO] running `Command { std: "git" "rev-parse" "HEAD", kill_on_drop: false }`
[INFO] [stdout] 43eba969dc180409f35e6189cf956ae9df1dfd82
[INFO] testing uzushino/man-with against beta-2023-04-20 for beta-1.70-1
[INFO] running `Command { std: "git" "clone" "/workspace/cache/git-repos/https%3A%2F%2Fgithub.com%2Fuzushino%2Fman-with" "/workspace/builds/worker-3-tc2/source", kill_on_drop: false }`
[INFO] [stderr] Cloning into '/workspace/builds/worker-3-tc2/source'...
[INFO] [stderr] done.
[INFO] validating manifest of git repo https://github.com/uzushino/man-with on toolchain beta-2023-04-20
[INFO] running `Command { std: CARGO_HOME="/workspace/cargo-home" RUSTUP_HOME="/workspace/rustup-home" "/workspace/cargo-home/bin/cargo" "+beta-2023-04-20" "metadata" "--manifest-path" "Cargo.toml" "--no-deps", kill_on_drop: false }`
[INFO] started tweaking git repo https://github.com/uzushino/man-with
[INFO] finished tweaking git repo https://github.com/uzushino/man-with
[INFO] tweaked toml for git repo https://github.com/uzushino/man-with written to /workspace/builds/worker-3-tc2/source/Cargo.toml
[INFO] crate git repo https://github.com/uzushino/man-with already has a lockfile, it will not be regenerated
[INFO] running `Command { std: CARGO_HOME="/workspace/cargo-home" RUSTUP_HOME="/workspace/rustup-home" "/workspace/cargo-home/bin/cargo" "+beta-2023-04-20" "fetch" "--manifest-path" "Cargo.toml", kill_on_drop: false }`
[INFO] [stderr]     Updating crates.io index
[INFO] [stderr]  Downloading crates ...
[INFO] [stderr]   Downloaded tuikit v0.5.0
[INFO] [stderr]   Downloaded shellexpand v1.1.1
[INFO] running `Command { std: "docker" "create" "-v" "/var/lib/crater-agent-workspace/builds/worker-3-tc2/target:/opt/rustwide/target:rw,Z" "-v" "/var/lib/crater-agent-workspace/builds/worker-3-tc2/source:/opt/rustwide/workdir:ro,Z" "-v" "/var/lib/crater-agent-workspace/cargo-home:/opt/rustwide/cargo-home:ro,Z" "-v" "/var/lib/crater-agent-workspace/rustup-home:/opt/rustwide/rustup-home:ro,Z" "-e" "SOURCE_DIR=/opt/rustwide/workdir" "-e" "CARGO_TARGET_DIR=/opt/rustwide/target" "-e" "CARGO_HOME=/opt/rustwide/cargo-home" "-e" "RUSTUP_HOME=/opt/rustwide/rustup-home" "-w" "/opt/rustwide/workdir" "-m" "1610612736" "--user" "0:0" "--network" "none" "ghcr.io/rust-lang/crates-build-env/linux@sha256:5ff2268d62e97bff2cde7d5815dd6ed5b47097566f13b8d0ca110b04b60e07ed" "/opt/rustwide/cargo-home/bin/cargo" "+beta-2023-04-20" "metadata" "--no-deps" "--format-version=1", kill_on_drop: false }`
[INFO] [stdout] 6409873a4d9865055798d8063a7f3f98960cbed43b4db607776e88123bb756e2
[INFO] running `Command { std: "docker" "start" "-a" "6409873a4d9865055798d8063a7f3f98960cbed43b4db607776e88123bb756e2", kill_on_drop: false }`
[INFO] running `Command { std: "docker" "inspect" "6409873a4d9865055798d8063a7f3f98960cbed43b4db607776e88123bb756e2", kill_on_drop: false }`
[INFO] running `Command { std: "docker" "rm" "-f" "6409873a4d9865055798d8063a7f3f98960cbed43b4db607776e88123bb756e2", kill_on_drop: false }`
[INFO] [stdout] 6409873a4d9865055798d8063a7f3f98960cbed43b4db607776e88123bb756e2
[INFO] running `Command { std: "docker" "create" "-v" "/var/lib/crater-agent-workspace/builds/worker-3-tc2/target:/opt/rustwide/target:rw,Z" "-v" "/var/lib/crater-agent-workspace/builds/worker-3-tc2/source:/opt/rustwide/workdir:ro,Z" "-v" "/var/lib/crater-agent-workspace/cargo-home:/opt/rustwide/cargo-home:ro,Z" "-v" "/var/lib/crater-agent-workspace/rustup-home:/opt/rustwide/rustup-home:ro,Z" "-e" "SOURCE_DIR=/opt/rustwide/workdir" "-e" "CARGO_TARGET_DIR=/opt/rustwide/target" "-e" "CARGO_INCREMENTAL=0" "-e" "RUST_BACKTRACE=full" "-e" "RUSTFLAGS=--cap-lints=warn" "-e" "RUSTDOCFLAGS=--cap-lints=warn" "-e" "CARGO_HOME=/opt/rustwide/cargo-home" "-e" "RUSTUP_HOME=/opt/rustwide/rustup-home" "-w" "/opt/rustwide/workdir" "-m" "1610612736" "--user" "0:0" "--network" "none" "ghcr.io/rust-lang/crates-build-env/linux@sha256:5ff2268d62e97bff2cde7d5815dd6ed5b47097566f13b8d0ca110b04b60e07ed" "/opt/rustwide/cargo-home/bin/cargo" "+beta-2023-04-20" "build" "--frozen" "--message-format=json", kill_on_drop: false }`
[INFO] [stdout] 96bd3f27bf518828e5be3aac6c4a0da623c74d4ca19947d78c43aacea4830783
[INFO] running `Command { std: "docker" "start" "-a" "96bd3f27bf518828e5be3aac6c4a0da623c74d4ca19947d78c43aacea4830783", kill_on_drop: false }`
[INFO] [stderr]    Compiling libc v0.2.142
[INFO] [stderr]    Compiling proc-macro2 v1.0.24
[INFO] [stderr]    Compiling unicode-xid v0.2.1
[INFO] [stderr]    Compiling cfg-if v1.0.0
[INFO] [stderr]    Compiling syn v1.0.60
[INFO] [stderr]    Compiling memchr v2.3.4
[INFO] [stderr]    Compiling autocfg v1.0.1
[INFO] [stderr]    Compiling cfg-if v0.1.10
[INFO] [stderr]    Compiling log v0.4.13
[INFO] [stderr]    Compiling serde v1.0.123
[INFO] [stderr]    Compiling gimli v0.23.0
[INFO] [stderr]    Compiling once_cell v1.5.2
[INFO] [stderr]    Compiling failure_derive v0.1.8
[INFO] [stderr]    Compiling miniz_oxide v0.4.3
[INFO] [stderr]    Compiling adler v0.2.3
[INFO] [stderr]    Compiling ryu v1.0.5
[INFO] [stderr]    Compiling thread_local v1.1.2
[INFO] [stderr]    Compiling aho-corasick v0.7.15
[INFO] [stderr]    Compiling quote v1.0.8
[INFO] [stderr]    Compiling regex-syntax v0.6.22
[INFO] [stderr]    Compiling object v0.23.0
[INFO] [stderr]    Compiling serde_json v1.0.61
[INFO] [stderr]    Compiling rustc-demangle v0.1.18
[INFO] [stderr]    Compiling dirs-sys v0.3.5
[INFO] [stderr]    Compiling dirs-sys-next v0.1.2
[INFO] [stderr]    Compiling addr2line v0.14.1
[INFO] [stderr]    Compiling atty v0.2.14
[INFO] [stderr]    Compiling dirs-next v2.0.0
[INFO] [stderr]    Compiling quick-error v1.2.3
[INFO] [stderr]    Compiling serde_derive v1.0.123
[INFO] [stderr]    Compiling term v0.7.0
[INFO] [stderr]    Compiling humantime v1.3.0
[INFO] [stderr]    Compiling dirs v2.0.2
[INFO] [stderr]    Compiling nix v0.24.3
[INFO] [stderr]    Compiling itoa v0.4.7
[INFO] [stderr]    Compiling synstructure v0.12.4
[INFO] [stderr]    Compiling numtoa v0.1.0
[INFO] [stderr]    Compiling regex v1.4.3
[INFO] [stderr]    Compiling backtrace v0.3.56
[INFO] [stderr]    Compiling lazy_static v1.4.0
[INFO] [stderr]    Compiling same-file v1.0.6
[INFO] [stderr]    Compiling termcolor v1.1.2
[INFO] [stderr]    Compiling env_logger v0.5.13
[INFO] [stderr]    Compiling walkdir v2.3.1
[INFO] [stderr]    Compiling tuikit v0.5.0
[INFO] [stderr]    Compiling termion v1.5.5
[INFO] [stderr]    Compiling clap v2.33.3
[INFO] [stderr]    Compiling failure v0.1.8
[INFO] [stderr]    Compiling shellexpand v1.1.1
[INFO] [stderr]    Compiling dirs v3.0.1
[INFO] [stderr]    Compiling terminal_size v0.1.16
[INFO] [stderr]    Compiling man-with v0.1.0 (/opt/rustwide/workdir)
[INFO] [stdout] warning: unused imports: `IntoRawMode`, `RawTerminal`
[INFO] [stdout]    --> src/ui/prompt.rs:710:24
[INFO] [stdout]     |
[INFO] [stdout] 710 |     use termion::raw::{IntoRawMode, RawTerminal};
[INFO] [stdout]     |                        ^^^^^^^^^^^  ^^^^^^^^^^^
[INFO] [stdout]     |
[INFO] [stdout]     = note: `#[warn(unused_imports)]` on by default
[INFO] [stdout] 
[INFO] [stdout] 
[INFO] [stdout] warning: field `panel` is never read
[INFO] [stdout]   --> src/ui/prompt.rs:73:5
[INFO] [stdout]    |
[INFO] [stdout] 72 | pub struct Prompt<T: Write + Send + Drop> {
[INFO] [stdout]    |            ------ field in this struct
[INFO] [stdout] 73 |     panel: Vec<String>,
[INFO] [stdout]    |     ^^^^^
[INFO] [stdout]    |
[INFO] [stdout]    = note: `Prompt` has a derived impl for the trait `Clone`, but this is intentionally ignored during dead code analysis
[INFO] [stdout]    = note: `#[warn(dead_code)]` on by default
[INFO] [stdout] 
[INFO] [stdout] 
[INFO] [stdout] warning: variant `File` is never constructed
[INFO] [stdout]  --> src/ui/viewer.rs:8:5
[INFO] [stdout]   |
[INFO] [stdout] 4 | pub enum SourceType {
[INFO] [stdout]   |          ---------- variant in this enum
[INFO] [stdout] ...
[INFO] [stdout] 8 |     File,
[INFO] [stdout]   |     ^^^^
[INFO] [stdout]   |
[INFO] [stdout]   = note: `SourceType` has a derived impl for the trait `Clone`, but this is intentionally ignored during dead code analysis
[INFO] [stdout] 
[INFO] [stdout] 
[INFO] [stdout] warning: bounds on `T: Drop` are most likely incorrect, consider instead using `std::mem::needs_drop` to detect whether a type can be trivially dropped
[INFO] [stdout]   --> src/ui/prompt.rs:72:37
[INFO] [stdout]    |
[INFO] [stdout] 72 | pub struct Prompt<T: Write + Send + Drop> {
[INFO] [stdout]    |                                     ^^^^
[INFO] [stdout]    |
[INFO] [stdout]    = note: `#[warn(drop_bounds)]` on by default
[INFO] [stdout] 
[INFO] [stdout] 
[INFO] [stdout] warning: bounds on `T: Drop` are most likely incorrect, consider instead using `std::mem::needs_drop` to detect whether a type can be trivially dropped
[INFO] [stdout]    --> src/ui/prompt.rs:101:24
[INFO] [stdout]     |
[INFO] [stdout] 101 | impl<T: Write + Send + Drop> Prompt<T> {
[INFO] [stdout]     |                        ^^^^
[INFO] [stdout] 
[INFO] [stdout] 
[INFO] [stdout] warning: 5 warnings emitted
[INFO] [stdout] 
[INFO] [stdout] 
[INFO] [stderr]     Finished dev [unoptimized + debuginfo] target(s) in 13.80s
[INFO] running `Command { std: "docker" "inspect" "96bd3f27bf518828e5be3aac6c4a0da623c74d4ca19947d78c43aacea4830783", kill_on_drop: false }`
[INFO] running `Command { std: "docker" "rm" "-f" "96bd3f27bf518828e5be3aac6c4a0da623c74d4ca19947d78c43aacea4830783", kill_on_drop: false }`
[INFO] [stdout] 96bd3f27bf518828e5be3aac6c4a0da623c74d4ca19947d78c43aacea4830783
[INFO] running `Command { std: "docker" "create" "-v" "/var/lib/crater-agent-workspace/builds/worker-3-tc2/target:/opt/rustwide/target:rw,Z" "-v" "/var/lib/crater-agent-workspace/builds/worker-3-tc2/source:/opt/rustwide/workdir:ro,Z" "-v" "/var/lib/crater-agent-workspace/cargo-home:/opt/rustwide/cargo-home:ro,Z" "-v" "/var/lib/crater-agent-workspace/rustup-home:/opt/rustwide/rustup-home:ro,Z" "-e" "SOURCE_DIR=/opt/rustwide/workdir" "-e" "CARGO_TARGET_DIR=/opt/rustwide/target" "-e" "CARGO_INCREMENTAL=0" "-e" "RUST_BACKTRACE=full" "-e" "RUSTFLAGS=--cap-lints=warn" "-e" "RUSTDOCFLAGS=--cap-lints=warn" "-e" "CARGO_HOME=/opt/rustwide/cargo-home" "-e" "RUSTUP_HOME=/opt/rustwide/rustup-home" "-w" "/opt/rustwide/workdir" "-m" "1610612736" "--user" "0:0" "--network" "none" "ghcr.io/rust-lang/crates-build-env/linux@sha256:5ff2268d62e97bff2cde7d5815dd6ed5b47097566f13b8d0ca110b04b60e07ed" "/opt/rustwide/cargo-home/bin/cargo" "+beta-2023-04-20" "test" "--frozen" "--no-run" "--message-format=json", kill_on_drop: false }`
[INFO] [stdout] e6c45a12c5b325ab3f23c2efe1eb7ba4cbe83b0c8277eeb9507fa167cf8ad5fe
[INFO] running `Command { std: "docker" "start" "-a" "e6c45a12c5b325ab3f23c2efe1eb7ba4cbe83b0c8277eeb9507fa167cf8ad5fe", kill_on_drop: false }`
[INFO] [stdout] warning: unused imports: `IntoRawMode`, `RawTerminal`
[INFO] [stdout]    --> src/ui/prompt.rs:710:24
[INFO] [stdout]     |
[INFO] [stdout] 710 |     use termion::raw::{IntoRawMode, RawTerminal};
[INFO] [stdout]     |                        ^^^^^^^^^^^  ^^^^^^^^^^^
[INFO] [stdout]     |
[INFO] [stdout]     = note: `#[warn(unused_imports)]` on by default
[INFO] [stdout] 
[INFO] [stdout] 
[INFO] [stdout] warning: field `panel` is never read
[INFO] [stdout]   --> src/ui/prompt.rs:73:5
[INFO] [stdout]    |
[INFO] [stdout] 72 | pub struct Prompt<T: Write + Send + Drop> {
[INFO] [stdout]    |            ------ field in this struct
[INFO] [stdout] 73 |     panel: Vec<String>,
[INFO] [stdout]    |     ^^^^^
[INFO] [stdout]    |
[INFO] [stdout]    = note: `Prompt` has a derived impl for the trait `Clone`, but this is intentionally ignored during dead code analysis
[INFO] [stdout]    = note: `#[warn(dead_code)]` on by default
[INFO] [stdout] 
[INFO] [stdout] 
[INFO] [stdout] warning: variant `File` is never constructed
[INFO] [stdout]  --> src/ui/viewer.rs:8:5
[INFO] [stdout]   |
[INFO] [stdout] 4 | pub enum SourceType {
[INFO] [stdout]   |          ---------- variant in this enum
[INFO] [stdout] ...
[INFO] [stdout] 8 |     File,
[INFO] [stdout]   |     ^^^^
[INFO] [stdout]   |
[INFO] [stdout]   = note: `SourceType` has a derived impl for the trait `Clone`, but this is intentionally ignored during dead code analysis
[INFO] [stdout] 
[INFO] [stdout] 
[INFO] [stdout] warning: bounds on `T: Drop` are most likely incorrect, consider instead using `std::mem::needs_drop` to detect whether a type can be trivially dropped
[INFO] [stdout]   --> src/ui/prompt.rs:72:37
[INFO] [stdout]    |
[INFO] [stdout] 72 | pub struct Prompt<T: Write + Send + Drop> {
[INFO] [stdout]    |                                     ^^^^
[INFO] [stdout]    |
[INFO] [stdout]    = note: `#[warn(drop_bounds)]` on by default
[INFO] [stdout] 
[INFO] [stdout] 
[INFO] [stdout] warning: bounds on `T: Drop` are most likely incorrect, consider instead using `std::mem::needs_drop` to detect whether a type can be trivially dropped
[INFO] [stdout]    --> src/ui/prompt.rs:101:24
[INFO] [stdout]     |
[INFO] [stdout] 101 | impl<T: Write + Send + Drop> Prompt<T> {
[INFO] [stdout]     |                        ^^^^
[INFO] [stdout] 
[INFO] [stdout] 
[INFO] [stdout] warning: 5 warnings emitted
[INFO] [stdout] 
[INFO] [stdout] 
[INFO] [stderr]    Compiling man-with v0.1.0 (/opt/rustwide/workdir)
[INFO] [stdout] warning: unused import: `RawTerminal`
[INFO] [stdout]    --> src/ui/prompt.rs:710:37
[INFO] [stdout]     |
[INFO] [stdout] 710 |     use termion::raw::{IntoRawMode, RawTerminal};
[INFO] [stdout]     |                                     ^^^^^^^^^^^
[INFO] [stdout]     |
[INFO] [stdout]     = note: `#[warn(unused_imports)]` on by default
[INFO] [stdout] 
[INFO] [stdout] 
[INFO] [stdout] warning: field `panel` is never read
[INFO] [stdout]   --> src/ui/prompt.rs:73:5
[INFO] [stdout]    |
[INFO] [stdout] 72 | pub struct Prompt<T: Write + Send + Drop> {
[INFO] [stdout]    |            ------ field in this struct
[INFO] [stdout] 73 |     panel: Vec<String>,
[INFO] [stdout]    |     ^^^^^
[INFO] [stdout]    |
[INFO] [stdout]    = note: `Prompt` has a derived impl for the trait `Clone`, but this is intentionally ignored during dead code analysis
[INFO] [stdout]    = note: `#[warn(dead_code)]` on by default
[INFO] [stdout] 
[INFO] [stdout] 
[INFO] [stdout] warning: variant `File` is never constructed
[INFO] [stdout]  --> src/ui/viewer.rs:8:5
[INFO] [stdout]   |
[INFO] [stdout] 4 | pub enum SourceType {
[INFO] [stdout]   |          ---------- variant in this enum
[INFO] [stdout] ...
[INFO] [stdout] 8 |     File,
[INFO] [stdout]   |     ^^^^
[INFO] [stdout]   |
[INFO] [stdout]   = note: `SourceType` has a derived impl for the trait `Clone`, but this is intentionally ignored during dead code analysis
[INFO] [stdout] 
[INFO] [stdout] 
[INFO] [stdout] warning: bounds on `T: Drop` are most likely incorrect, consider instead using `std::mem::needs_drop` to detect whether a type can be trivially dropped
[INFO] [stdout]   --> src/ui/prompt.rs:72:37
[INFO] [stdout]    |
[INFO] [stdout] 72 | pub struct Prompt<T: Write + Send + Drop> {
[INFO] [stdout]    |                                     ^^^^
[INFO] [stdout]    |
[INFO] [stdout]    = note: `#[warn(drop_bounds)]` on by default
[INFO] [stdout] 
[INFO] [stdout] 
[INFO] [stdout] warning: bounds on `T: Drop` are most likely incorrect, consider instead using `std::mem::needs_drop` to detect whether a type can be trivially dropped
[INFO] [stdout]    --> src/ui/prompt.rs:101:24
[INFO] [stdout]     |
[INFO] [stdout] 101 | impl<T: Write + Send + Drop> Prompt<T> {
[INFO] [stdout]     |                        ^^^^
[INFO] [stdout] 
[INFO] [stdout] 
[INFO] [stdout] warning: 5 warnings emitted
[INFO] [stdout] 
[INFO] [stdout] 
[INFO] [stderr]     Finished test [unoptimized + debuginfo] target(s) in 1.25s
[INFO] running `Command { std: "docker" "inspect" "e6c45a12c5b325ab3f23c2efe1eb7ba4cbe83b0c8277eeb9507fa167cf8ad5fe", kill_on_drop: false }`
[INFO] running `Command { std: "docker" "rm" "-f" "e6c45a12c5b325ab3f23c2efe1eb7ba4cbe83b0c8277eeb9507fa167cf8ad5fe", kill_on_drop: false }`
[INFO] [stdout] e6c45a12c5b325ab3f23c2efe1eb7ba4cbe83b0c8277eeb9507fa167cf8ad5fe
[INFO] running `Command { std: "docker" "create" "-v" "/var/lib/crater-agent-workspace/builds/worker-3-tc2/target:/opt/rustwide/target:rw,Z" "-v" "/var/lib/crater-agent-workspace/builds/worker-3-tc2/source:/opt/rustwide/workdir:ro,Z" "-v" "/var/lib/crater-agent-workspace/cargo-home:/opt/rustwide/cargo-home:ro,Z" "-v" "/var/lib/crater-agent-workspace/rustup-home:/opt/rustwide/rustup-home:ro,Z" "-e" "SOURCE_DIR=/opt/rustwide/workdir" "-e" "CARGO_TARGET_DIR=/opt/rustwide/target" "-e" "CARGO_INCREMENTAL=0" "-e" "RUST_BACKTRACE=full" "-e" "RUSTFLAGS=--cap-lints=warn" "-e" "RUSTDOCFLAGS=--cap-lints=warn" "-e" "CARGO_HOME=/opt/rustwide/cargo-home" "-e" "RUSTUP_HOME=/opt/rustwide/rustup-home" "-w" "/opt/rustwide/workdir" "-m" "1610612736" "--user" "0:0" "--network" "none" "ghcr.io/rust-lang/crates-build-env/linux@sha256:5ff2268d62e97bff2cde7d5815dd6ed5b47097566f13b8d0ca110b04b60e07ed" "/opt/rustwide/cargo-home/bin/cargo" "+beta-2023-04-20" "test" "--frozen", kill_on_drop: false }`
[INFO] [stdout] 5d479b9318847521cf19008a80a3c782f30675fbe9a3bb3829e0d90d7a0a9374
[INFO] running `Command { std: "docker" "start" "-a" "5d479b9318847521cf19008a80a3c782f30675fbe9a3bb3829e0d90d7a0a9374", kill_on_drop: false }`
[INFO] [stderr] warning: unused imports: `IntoRawMode`, `RawTerminal`
[INFO] [stderr]    --> src/ui/prompt.rs:710:24
[INFO] [stderr]     |
[INFO] [stderr] 710 |     use termion::raw::{IntoRawMode, RawTerminal};
[INFO] [stderr]     |                        ^^^^^^^^^^^  ^^^^^^^^^^^
[INFO] [stderr]     |
[INFO] [stderr]     = note: `#[warn(unused_imports)]` on by default
[INFO] [stderr] 
[INFO] [stderr] warning: field `panel` is never read
[INFO] [stderr]   --> src/ui/prompt.rs:73:5
[INFO] [stderr]    |
[INFO] [stderr] 72 | pub struct Prompt<T: Write + Send + Drop> {
[INFO] [stderr]    |            ------ field in this struct
[INFO] [stderr] 73 |     panel: Vec<String>,
[INFO] [stderr]    |     ^^^^^
[INFO] [stderr]    |
[INFO] [stderr]    = note: `Prompt` has a derived impl for the trait `Clone`, but this is intentionally ignored during dead code analysis
[INFO] [stderr]    = note: `#[warn(dead_code)]` on by default
[INFO] [stderr] 
[INFO] [stderr] warning: variant `File` is never constructed
[INFO] [stderr]  --> src/ui/viewer.rs:8:5
[INFO] [stderr]   |
[INFO] [stderr] 4 | pub enum SourceType {
[INFO] [stderr]   |          ---------- variant in this enum
[INFO] [stderr] ...
[INFO] [stderr] 8 |     File,
[INFO] [stderr]   |     ^^^^
[INFO] [stderr]   |
[INFO] [stderr]   = note: `SourceType` has a derived impl for the trait `Clone`, but this is intentionally ignored during dead code analysis
[INFO] [stderr] 
[INFO] [stderr] warning: bounds on `T: Drop` are most likely incorrect, consider instead using `std::mem::needs_drop` to detect whether a type can be trivially dropped
[INFO] [stderr]   --> src/ui/prompt.rs:72:37
[INFO] [stderr]    |
[INFO] [stderr] 72 | pub struct Prompt<T: Write + Send + Drop> {
[INFO] [stderr]    |                                     ^^^^
[INFO] [stderr]    |
[INFO] [stderr]    = note: `#[warn(drop_bounds)]` on by default
[INFO] [stderr] 
[INFO] [stderr] warning: bounds on `T: Drop` are most likely incorrect, consider instead using `std::mem::needs_drop` to detect whether a type can be trivially dropped
[INFO] [stderr]    --> src/ui/prompt.rs:101:24
[INFO] [stderr]     |
[INFO] [stderr] 101 | impl<T: Write + Send + Drop> Prompt<T> {
[INFO] [stderr]     |                        ^^^^
[INFO] [stderr] 
[INFO] [stderr] warning: unused import: `RawTerminal`
[INFO] [stderr]    --> src/ui/prompt.rs:710:37
[INFO] [stderr]     |
[INFO] [stderr] 710 |     use termion::raw::{IntoRawMode, RawTerminal};
[INFO] [stderr]     |                                     ^^^^^^^^^^^
[INFO] [stderr]     |
[INFO] [stderr]     = note: `#[warn(unused_imports)]` on by default
[INFO] [stderr] 
[INFO] [stderr] warning: `man-with` (lib) generated 5 warnings (run `cargo fix --lib -p man-with` to apply 1 suggestion)
[INFO] [stderr] warning: `man-with` (lib test) generated 5 warnings (4 duplicates) (run `cargo fix --lib -p man-with --tests` to apply 1 suggestion)
[INFO] [stderr]     Finished test [unoptimized + debuginfo] target(s) in 0.03s
[INFO] [stderr]      Running unittests src/lib.rs (/opt/rustwide/target/debug/deps/man_with-e756132f808b2cf2)
[INFO] [stdout] 
[INFO] [stdout] running 1 test
[INFO] [stdout] test ui::prompt::test::end_of_line ... FAILED
[INFO] [stdout] 
[INFO] [stdout] failures:
[INFO] [stdout] 
[INFO] [stdout] ---- ui::prompt::test::end_of_line stdout ----
[INFO] [stdout] thread 'ui::prompt::test::end_of_line' panicked at 'called `Result::unwrap()` on an `Err` value: Os { code: 25, kind: Uncategorized, message: "Inappropriate ioctl for device" }', src/ui/prompt.rs:717:45
[INFO] [stdout] stack backtrace:
[INFO] [stdout]    0:     0x562e64d13d2a - std::backtrace_rs::backtrace::libunwind::trace::h2f05d0192276a8f6
[INFO] [stdout]                                at /rustc/1b7dd2252b99671ce5d1cb9664c5f8636329436d/library/std/src/../../backtrace/src/backtrace/libunwind.rs:93:5
[INFO] [stdout]    1:     0x562e64d13d2a - std::backtrace_rs::backtrace::trace_unsynchronized::hedc23dff7a1af150
[INFO] [stdout]                                at /rustc/1b7dd2252b99671ce5d1cb9664c5f8636329436d/library/std/src/../../backtrace/src/backtrace/mod.rs:66:5
[INFO] [stdout]    2:     0x562e64d13d2a - std::sys_common::backtrace::_print_fmt::h17541ef7592f3ce2
[INFO] [stdout]                                at /rustc/1b7dd2252b99671ce5d1cb9664c5f8636329436d/library/std/src/sys_common/backtrace.rs:65:5
[INFO] [stdout]    3:     0x562e64d13d2a - <std::sys_common::backtrace::_print::DisplayBacktrace as core::fmt::Display>::fmt::h20f75df5ab0c0792
[INFO] [stdout]                                at /rustc/1b7dd2252b99671ce5d1cb9664c5f8636329436d/library/std/src/sys_common/backtrace.rs:44:22
[INFO] [stdout]    4:     0x562e64d3818f - core::fmt::write::h78109e6f466b3af6
[INFO] [stdout]                                at /rustc/1b7dd2252b99671ce5d1cb9664c5f8636329436d/library/core/src/fmt/mod.rs:1254:17
[INFO] [stdout]    5:     0x562e64d10e55 - std::io::Write::write_fmt::hd24bfb68a1b35a25
[INFO] [stdout]                                at /rustc/1b7dd2252b99671ce5d1cb9664c5f8636329436d/library/std/src/io/mod.rs:1698:15
[INFO] [stdout]    6:     0x562e64d13af5 - std::sys_common::backtrace::_print::h8dac57a9f8fbf9a5
[INFO] [stdout]                                at /rustc/1b7dd2252b99671ce5d1cb9664c5f8636329436d/library/std/src/sys_common/backtrace.rs:47:5
[INFO] [stdout]    7:     0x562e64d13af5 - std::sys_common::backtrace::print::hf9ecbf41d1aa712f
[INFO] [stdout]                                at /rustc/1b7dd2252b99671ce5d1cb9664c5f8636329436d/library/std/src/sys_common/backtrace.rs:34:9
[INFO] [stdout]    8:     0x562e64d157ae - std::panicking::default_hook::{{closure}}::h04c07acfc84ca028
[INFO] [stdout]                                at /rustc/1b7dd2252b99671ce5d1cb9664c5f8636329436d/library/std/src/panicking.rs:269:22
[INFO] [stdout]    9:     0x562e64d154e1 - std::panicking::default_hook::h01f6bb23e1eceb2c
[INFO] [stdout]                                at /rustc/1b7dd2252b99671ce5d1cb9664c5f8636329436d/library/std/src/panicking.rs:285:9
[INFO] [stdout]   10:     0x562e64cdd98b - <alloc::boxed::Box<F,A> as core::ops::function::Fn<Args>>::call::h87fe9f7b2fd49e4c
[INFO] [stdout]                                at /rustc/1b7dd2252b99671ce5d1cb9664c5f8636329436d/library/alloc/src/boxed.rs:1987:9
[INFO] [stdout]   11:     0x562e64cdd98b - test::test_main::{{closure}}::he94d679243a7531b
[INFO] [stdout]                                at /rustc/1b7dd2252b99671ce5d1cb9664c5f8636329436d/library/test/src/lib.rs:134:21
[INFO] [stdout]   12:     0x562e64d15e94 - <alloc::boxed::Box<F,A> as core::ops::function::Fn<Args>>::call::h3f2d6d8b14c4769f
[INFO] [stdout]                                at /rustc/1b7dd2252b99671ce5d1cb9664c5f8636329436d/library/alloc/src/boxed.rs:1987:9
[INFO] [stdout]   13:     0x562e64d15e94 - std::panicking::rust_panic_with_hook::h2bb3722bbaf2f6df
[INFO] [stdout]                                at /rustc/1b7dd2252b99671ce5d1cb9664c5f8636329436d/library/std/src/panicking.rs:695:13
[INFO] [stdout]   14:     0x562e64d15c09 - std::panicking::begin_panic_handler::{{closure}}::h91bc7f36a4be011b
[INFO] [stdout]                                at /rustc/1b7dd2252b99671ce5d1cb9664c5f8636329436d/library/std/src/panicking.rs:582:13
[INFO] [stdout]   15:     0x562e64d14196 - std::sys_common::backtrace::__rust_end_short_backtrace::h8b3d3717114f9e59
[INFO] [stdout]                                at /rustc/1b7dd2252b99671ce5d1cb9664c5f8636329436d/library/std/src/sys_common/backtrace.rs:150:18
[INFO] [stdout]   16:     0x562e64d15962 - rust_begin_unwind
[INFO] [stdout]                                at /rustc/1b7dd2252b99671ce5d1cb9664c5f8636329436d/library/std/src/panicking.rs:578:5
[INFO] [stdout]   17:     0x562e64c8cdf3 - core::panicking::panic_fmt::hfd368e3fbdabea26
[INFO] [stdout]                                at /rustc/1b7dd2252b99671ce5d1cb9664c5f8636329436d/library/core/src/panicking.rs:67:14
[INFO] [stdout]   18:     0x562e64c8d333 - core::result::unwrap_failed::he54eb4b2f125b26f
[INFO] [stdout]                                at /rustc/1b7dd2252b99671ce5d1cb9664c5f8636329436d/library/core/src/result.rs:1687:5
[INFO] [stdout]   19:     0x562e64c93ea0 - core::result::Result<T,E>::unwrap::hafdc7b0c1d74d15e
[INFO] [stdout]                                at /rustc/1b7dd2252b99671ce5d1cb9664c5f8636329436d/library/core/src/result.rs:1089:23
[INFO] [stdout]   20:     0x562e64c940bb - man_with::ui::prompt::test::end_of_line::h50a036f33806924c
[INFO] [stdout]                                at /opt/rustwide/workdir/src/ui/prompt.rs:717:22
[INFO] [stdout]   21:     0x562e64c94057 - man_with::ui::prompt::test::end_of_line::{{closure}}::h5bb942049b1d473d
[INFO] [stdout]                                at /opt/rustwide/workdir/src/ui/prompt.rs:715:22
[INFO] [stdout]   22:     0x562e64c92e15 - core::ops::function::FnOnce::call_once::h08996c86efd41200
[INFO] [stdout]                                at /rustc/1b7dd2252b99671ce5d1cb9664c5f8636329436d/library/core/src/ops/function.rs:250:5
[INFO] [stdout]   23:     0x562e64ce285f - core::ops::function::FnOnce::call_once::ha6a70e79f7481a7e
[INFO] [stdout]                                at /rustc/1b7dd2252b99671ce5d1cb9664c5f8636329436d/library/core/src/ops/function.rs:250:5
[INFO] [stdout]   24:     0x562e64ce285f - test::__rust_begin_short_backtrace::hce33033019b61e69
[INFO] [stdout]                                at /rustc/1b7dd2252b99671ce5d1cb9664c5f8636329436d/library/test/src/lib.rs:655:18
[INFO] [stdout]   25:     0x562e64cb004c - test::run_test::{{closure}}::h858d3528838ae3e5
[INFO] [stdout]                                at /rustc/1b7dd2252b99671ce5d1cb9664c5f8636329436d/library/test/src/lib.rs:646:30
[INFO] [stdout]   26:     0x562e64cb004c - core::ops::function::FnOnce::call_once{{vtable.shim}}::he8ac2b00f01ae79e
[INFO] [stdout]                                at /rustc/1b7dd2252b99671ce5d1cb9664c5f8636329436d/library/core/src/ops/function.rs:250:5
[INFO] [stdout]   27:     0x562e64ce1936 - <alloc::boxed::Box<F,A> as core::ops::function::FnOnce<Args>>::call_once::h8093d25b522725ef
[INFO] [stdout]                                at /rustc/1b7dd2252b99671ce5d1cb9664c5f8636329436d/library/alloc/src/boxed.rs:1973:9
[INFO] [stdout]   28:     0x562e64ce1936 - <core::panic::unwind_safe::AssertUnwindSafe<F> as core::ops::function::FnOnce<()>>::call_once::h5c334c204e4a3913
[INFO] [stdout]                                at /rustc/1b7dd2252b99671ce5d1cb9664c5f8636329436d/library/core/src/panic/unwind_safe.rs:271:9
[INFO] [stdout]   29:     0x562e64ce1936 - std::panicking::try::do_call::ha8b740c7b9478074
[INFO] [stdout]                                at /rustc/1b7dd2252b99671ce5d1cb9664c5f8636329436d/library/std/src/panicking.rs:485:40
[INFO] [stdout]   30:     0x562e64ce1936 - std::panicking::try::h5d34f63d0e41b64e
[INFO] [stdout]                                at /rustc/1b7dd2252b99671ce5d1cb9664c5f8636329436d/library/std/src/panicking.rs:449:19
[INFO] [stdout]   31:     0x562e64ce1936 - std::panic::catch_unwind::hcfbb511e1aa7fc67
[INFO] [stdout]                                at /rustc/1b7dd2252b99671ce5d1cb9664c5f8636329436d/library/std/src/panic.rs:140:14
[INFO] [stdout]   32:     0x562e64ce1936 - test::run_test_in_process::h9abda90f802eaf21
[INFO] [stdout]                                at /rustc/1b7dd2252b99671ce5d1cb9664c5f8636329436d/library/test/src/lib.rs:678:27
[INFO] [stdout]   33:     0x562e64ce1936 - test::run_test::run_test_inner::{{closure}}::h0f058de91f6c6edf
[INFO] [stdout]                                at /rustc/1b7dd2252b99671ce5d1cb9664c5f8636329436d/library/test/src/lib.rs:572:39
[INFO] [stdout]   34:     0x562e64caa855 - test::run_test::run_test_inner::{{closure}}::h5ca48a4c59c6c1fb
[INFO] [stdout]                                at /rustc/1b7dd2252b99671ce5d1cb9664c5f8636329436d/library/test/src/lib.rs:599:37
[INFO] [stdout]   35:     0x562e64caa855 - std::sys_common::backtrace::__rust_begin_short_backtrace::h32bd51e1495d4a33
[INFO] [stdout]                                at /rustc/1b7dd2252b99671ce5d1cb9664c5f8636329436d/library/std/src/sys_common/backtrace.rs:134:18
[INFO] [stdout]   36:     0x562e64cafd91 - std::thread::Builder::spawn_unchecked_::{{closure}}::{{closure}}::hc086fae9b128b2db
[INFO] [stdout]                                at /rustc/1b7dd2252b99671ce5d1cb9664c5f8636329436d/library/std/src/thread/mod.rs:526:17
[INFO] [stdout]   37:     0x562e64cafd91 - <core::panic::unwind_safe::AssertUnwindSafe<F> as core::ops::function::FnOnce<()>>::call_once::hb66571888d270d43
[INFO] [stdout]                                at /rustc/1b7dd2252b99671ce5d1cb9664c5f8636329436d/library/core/src/panic/unwind_safe.rs:271:9
[INFO] [stdout]   38:     0x562e64cafd91 - std::panicking::try::do_call::h4fa2ef4f6e51fecf
[INFO] [stdout]                                at /rustc/1b7dd2252b99671ce5d1cb9664c5f8636329436d/library/std/src/panicking.rs:485:40
[INFO] [stdout]   39:     0x562e64cafd91 - std::panicking::try::h1e9e22b8584489b5
[INFO] [stdout]                                at /rustc/1b7dd2252b99671ce5d1cb9664c5f8636329436d/library/std/src/panicking.rs:449:19
[INFO] [stdout]   40:     0x562e64cafd91 - std::panic::catch_unwind::h44698a3de0e0769e
[INFO] [stdout]                                at /rustc/1b7dd2252b99671ce5d1cb9664c5f8636329436d/library/std/src/panic.rs:140:14
[INFO] [stdout]   41:     0x562e64cafd91 - std::thread::Builder::spawn_unchecked_::{{closure}}::h50153abde3fe239e
[INFO] [stdout]                                at /rustc/1b7dd2252b99671ce5d1cb9664c5f8636329436d/library/std/src/thread/mod.rs:525:30
[INFO] [stdout]   42:     0x562e64cafd91 - core::ops::function::FnOnce::call_once{{vtable.shim}}::hbe5bbf6f38394364
[INFO] [stdout]                                at /rustc/1b7dd2252b99671ce5d1cb9664c5f8636329436d/library/core/src/ops/function.rs:250:5
[INFO] [stdout]   43:     0x562e64d1ab05 - <alloc::boxed::Box<F,A> as core::ops::function::FnOnce<Args>>::call_once::h0d83cb2920a49046
[INFO] [stdout]                                at /rustc/1b7dd2252b99671ce5d1cb9664c5f8636329436d/library/alloc/src/boxed.rs:1973:9
[INFO] [stdout]   44:     0x562e64d1ab05 - <alloc::boxed::Box<F,A> as core::ops::function::FnOnce<Args>>::call_once::hbe0a008aa7d9ef59
[INFO] [stdout]                                at /rustc/1b7dd2252b99671ce5d1cb9664c5f8636329436d/library/alloc/src/boxed.rs:1973:9
[INFO] [stdout]   45:     0x562e64d1ab05 - std::sys::unix::thread::Thread::new::thread_start::h3a466996bdf6b1f9
[INFO] [stdout]                                at /rustc/1b7dd2252b99671ce5d1cb9664c5f8636329436d/library/std/src/sys/unix/thread.rs:108:17
[INFO] [stdout]   46:     0x7f7b476dfb43 - <unknown>
[INFO] [stdout]   47:     0x7f7b47770bb4 - __clone
[INFO] [stdout]   48:                0x0 - <unknown>
[INFO] [stdout] 
[INFO] [stdout] 
[INFO] [stdout] failures:
[INFO] [stdout]     ui::prompt::test::end_of_line
[INFO] [stdout] 
[INFO] [stdout] test result: FAILED. 0 passed; 1 failed; 0 ignored; 0 measured; 0 filtered out; finished in 0.01s
[INFO] [stdout] 
[INFO] [stderr] error: test failed, to rerun pass `--lib`
[INFO] running `Command { std: "docker" "inspect" "5d479b9318847521cf19008a80a3c782f30675fbe9a3bb3829e0d90d7a0a9374", kill_on_drop: false }`
[INFO] running `Command { std: "docker" "rm" "-f" "5d479b9318847521cf19008a80a3c782f30675fbe9a3bb3829e0d90d7a0a9374", kill_on_drop: false }`
[INFO] [stdout] 5d479b9318847521cf19008a80a3c782f30675fbe9a3bb3829e0d90d7a0a9374
