[INFO] cloning repository https://github.com/uiur/thumbtaro
[INFO] running `Command { std: "git" "-c" "credential.helper=" "-c" "credential.helper=/workspace/cargo-home/bin/git-credential-null" "clone" "--bare" "https://github.com/uiur/thumbtaro" "/workspace/cache/git-repos/https%3A%2F%2Fgithub.com%2Fuiur%2Fthumbtaro", kill_on_drop: false }`
[INFO] [stderr] Cloning into bare repository '/workspace/cache/git-repos/https%3A%2F%2Fgithub.com%2Fuiur%2Fthumbtaro'...
[INFO] running `Command { std: "git" "rev-parse" "HEAD", kill_on_drop: false }`
[INFO] [stdout] 1e8a74820f2f866bb2dfc8e2d47a247ded357f72
[INFO] testing uiur/thumbtaro against beta-2023-04-20 for beta-1.70-1
[INFO] running `Command { std: "git" "clone" "/workspace/cache/git-repos/https%3A%2F%2Fgithub.com%2Fuiur%2Fthumbtaro" "/workspace/builds/worker-5-tc2/source", kill_on_drop: false }`
[INFO] [stderr] Cloning into '/workspace/builds/worker-5-tc2/source'...
[INFO] [stderr] done.
[INFO] validating manifest of git repo https://github.com/uiur/thumbtaro on toolchain beta-2023-04-20
[INFO] running `Command { std: CARGO_HOME="/workspace/cargo-home" RUSTUP_HOME="/workspace/rustup-home" "/workspace/cargo-home/bin/cargo" "+beta-2023-04-20" "metadata" "--manifest-path" "Cargo.toml" "--no-deps", kill_on_drop: false }`
[INFO] started tweaking git repo https://github.com/uiur/thumbtaro
[INFO] finished tweaking git repo https://github.com/uiur/thumbtaro
[INFO] tweaked toml for git repo https://github.com/uiur/thumbtaro written to /workspace/builds/worker-5-tc2/source/Cargo.toml
[INFO] crate git repo https://github.com/uiur/thumbtaro already has a lockfile, it will not be regenerated
[INFO] running `Command { std: CARGO_HOME="/workspace/cargo-home" RUSTUP_HOME="/workspace/rustup-home" "/workspace/cargo-home/bin/cargo" "+beta-2023-04-20" "fetch" "--manifest-path" "Cargo.toml", kill_on_drop: false }`
[INFO] [stderr]  Downloading crates ...
[INFO] [stderr]   Downloaded http-range v0.1.4
[INFO] [stderr]   Downloaded askama_escape v0.10.2
[INFO] [stderr]   Downloaded actix-router v0.5.0-rc.2
[INFO] [stderr]   Downloaded actix-web v4.0.0-beta.21
[INFO] [stderr]   Downloaded actix-http v3.0.0-beta.19
[INFO] [stderr]   Downloaded tracing-subscriber v0.3.6
[INFO] [stderr]   Downloaded actix-files v0.6.0-beta.15
[INFO] [stderr]   Downloaded cloud-storage v0.11.0
[INFO] running `Command { std: "docker" "create" "-v" "/var/lib/crater-agent-workspace/builds/worker-5-tc2/target:/opt/rustwide/target:rw,Z" "-v" "/var/lib/crater-agent-workspace/builds/worker-5-tc2/source:/opt/rustwide/workdir:ro,Z" "-v" "/var/lib/crater-agent-workspace/cargo-home:/opt/rustwide/cargo-home:ro,Z" "-v" "/var/lib/crater-agent-workspace/rustup-home:/opt/rustwide/rustup-home:ro,Z" "-e" "SOURCE_DIR=/opt/rustwide/workdir" "-e" "CARGO_TARGET_DIR=/opt/rustwide/target" "-e" "CARGO_HOME=/opt/rustwide/cargo-home" "-e" "RUSTUP_HOME=/opt/rustwide/rustup-home" "-w" "/opt/rustwide/workdir" "-m" "1610612736" "--user" "0:0" "--network" "none" "ghcr.io/rust-lang/crates-build-env/linux@sha256:97d61d7686bf65f8ecb15491ab51835e82dc9176a96a831f143a431b191fc501" "/opt/rustwide/cargo-home/bin/cargo" "+beta-2023-04-20" "metadata" "--no-deps" "--format-version=1", kill_on_drop: false }`
[INFO] [stdout] e1a0d0ba8aa0a5780c0c3c8d9038c4ec69940aa3ce3bbbfed7bf14a48772809a
[INFO] running `Command { std: "docker" "start" "-a" "e1a0d0ba8aa0a5780c0c3c8d9038c4ec69940aa3ce3bbbfed7bf14a48772809a", kill_on_drop: false }`
[INFO] running `Command { std: "docker" "inspect" "e1a0d0ba8aa0a5780c0c3c8d9038c4ec69940aa3ce3bbbfed7bf14a48772809a", kill_on_drop: false }`
[INFO] running `Command { std: "docker" "rm" "-f" "e1a0d0ba8aa0a5780c0c3c8d9038c4ec69940aa3ce3bbbfed7bf14a48772809a", kill_on_drop: false }`
[INFO] [stdout] e1a0d0ba8aa0a5780c0c3c8d9038c4ec69940aa3ce3bbbfed7bf14a48772809a
[INFO] running `Command { std: "docker" "create" "-v" "/var/lib/crater-agent-workspace/builds/worker-5-tc2/target:/opt/rustwide/target:rw,Z" "-v" "/var/lib/crater-agent-workspace/builds/worker-5-tc2/source:/opt/rustwide/workdir:ro,Z" "-v" "/var/lib/crater-agent-workspace/cargo-home:/opt/rustwide/cargo-home:ro,Z" "-v" "/var/lib/crater-agent-workspace/rustup-home:/opt/rustwide/rustup-home:ro,Z" "-e" "SOURCE_DIR=/opt/rustwide/workdir" "-e" "CARGO_TARGET_DIR=/opt/rustwide/target" "-e" "CARGO_INCREMENTAL=0" "-e" "RUST_BACKTRACE=full" "-e" "RUSTFLAGS=--cap-lints=warn" "-e" "RUSTDOCFLAGS=--cap-lints=warn" "-e" "CARGO_HOME=/opt/rustwide/cargo-home" "-e" "RUSTUP_HOME=/opt/rustwide/rustup-home" "-w" "/opt/rustwide/workdir" "-m" "1610612736" "--user" "0:0" "--network" "none" "ghcr.io/rust-lang/crates-build-env/linux@sha256:97d61d7686bf65f8ecb15491ab51835e82dc9176a96a831f143a431b191fc501" "/opt/rustwide/cargo-home/bin/cargo" "+beta-2023-04-20" "build" "--frozen" "--message-format=json", kill_on_drop: false }`
[INFO] [stdout] 6ecea4e305a1392d2074e0cd8ee950d43405385585756918ac8452f04b9be5ef
[INFO] running `Command { std: "docker" "start" "-a" "6ecea4e305a1392d2074e0cd8ee950d43405385585756918ac8452f04b9be5ef", kill_on_drop: false }`
[INFO] [stderr]    Compiling libc v0.2.113
[INFO] [stderr]    Compiling proc-macro2 v1.0.36
[INFO] [stderr]    Compiling syn v1.0.86
[INFO] [stderr]    Compiling log v0.4.14
[INFO] [stderr]    Compiling memchr v2.4.1
[INFO] [stderr]    Compiling version_check v0.9.4
[INFO] [stderr]    Compiling once_cell v1.9.0
[INFO] [stderr]    Compiling bytes v1.1.0
[INFO] [stderr]    Compiling pin-project-lite v0.2.8
[INFO] [stderr]    Compiling futures-core v0.3.19
[INFO] [stderr]    Compiling itoa v1.0.1
[INFO] [stderr]    Compiling smallvec v1.8.0
[INFO] [stderr]    Compiling parking_lot_core v0.8.5
[INFO] [stderr]    Compiling instant v0.1.12
[INFO] [stderr]    Compiling lock_api v0.4.5
[INFO] [stderr]    Compiling serde_derive v1.0.135
[INFO] [stderr]    Compiling fnv v1.0.7
[INFO] [stderr]    Compiling quote v1.0.15
[INFO] [stderr]    Compiling futures-task v0.3.19
[INFO] [stderr]    Compiling http v0.2.6
[INFO] [stderr]    Compiling futures-util v0.3.19
[INFO] [stderr]    Compiling jobserver v0.1.24
[INFO] [stderr]    Compiling cc v1.0.72
[INFO] [stderr]    Compiling mio v0.7.14
[INFO] [stderr]    Compiling signal-hook-registry v1.4.0
[INFO] [stderr]    Compiling bitflags v1.3.2
[INFO] [stderr]    Compiling parking_lot v0.11.2
[INFO] [stderr]    Compiling serde v1.0.135
[INFO] [stderr]    Compiling tracing-core v0.1.21
[INFO] [stderr]    Compiling pkg-config v0.3.24
[INFO] [stderr]    Compiling futures-sink v0.3.19
[INFO] [stderr]    Compiling aho-corasick v0.7.18
[INFO] [stderr]    Compiling indexmap v1.8.0
[INFO] [stderr]    Compiling typenum v1.15.0
[INFO] [stderr]    Compiling crossbeam-utils v0.8.6
[INFO] [stderr]    Compiling openssl-sys v0.9.72
[INFO] [stderr]    Compiling generic-array v0.14.5
[INFO] [stderr]    Compiling regex v1.5.4
[INFO] [stderr]    Compiling memoffset v0.6.5
[INFO] [stderr]    Compiling httparse v1.5.1
[INFO] [stderr]    Compiling zstd-sys v1.6.2+zstd.1.5.1
[INFO] [stderr]    Compiling num_cpus v1.13.1
[INFO] [stderr]    Compiling miniz_oxide v0.4.4
[INFO] [stderr]    Compiling crossbeam-epoch v0.9.6
[INFO] [stderr]    Compiling slab v0.4.5
[INFO] [stderr]    Compiling matches v0.1.9
[INFO] [stderr]    Compiling crc32fast v1.3.1
[INFO] [stderr]    Compiling tinyvec v1.5.1
[INFO] [stderr]    Compiling getrandom v0.2.4
[INFO] [stderr]    Compiling socket2 v0.4.3
[INFO] [stderr]    Compiling foreign-types-shared v0.1.1
[INFO] [stderr]    Compiling openssl v0.10.38
[INFO] [stderr]    Compiling encoding_rs v0.8.30
[INFO] [stderr]    Compiling ryu v1.0.9
[INFO] [stderr]    Compiling serde_json v1.0.78
[INFO] [stderr]    Compiling httpdate v1.0.2
[INFO] [stderr]    Compiling foreign-types v0.3.2
[INFO] [stderr]    Compiling unicode-normalization v0.1.19
[INFO] [stderr]    Compiling form_urlencoded v1.0.1
[INFO] [stderr]    Compiling unicase v2.6.0
[INFO] [stderr]    Compiling bytestring v1.0.0
[INFO] [stderr]    Compiling mime v0.3.16
[INFO] [stderr]    Compiling unicode-bidi v0.3.7
[INFO] [stderr]    Compiling alloc-no-stdlib v2.0.3
[INFO] [stderr]    Compiling native-tls v0.2.8
[INFO] [stderr]    Compiling zstd-safe v4.1.3+zstd.1.5.1
[INFO] [stderr]    Compiling local-waker v0.1.2
[INFO] [stderr]    Compiling futures-channel v0.3.19
[INFO] [stderr]    Compiling alloc-stdlib v0.2.1
[INFO] [stderr]    Compiling idna v0.2.3
[INFO] [stderr]    Compiling crossbeam-deque v0.8.1
[INFO] [stderr]    Compiling crypto-common v0.1.1
[INFO] [stderr]    Compiling block-buffer v0.10.0
[INFO] [stderr]    Compiling rand_core v0.6.3
[INFO] [stderr]    Compiling crossbeam-channel v0.5.2
[INFO] [stderr]    Compiling ahash v0.7.6
[INFO] [stderr]    Compiling num-bigint v0.2.6
[INFO] [stderr]    Compiling ppv-lite86 v0.2.16
[INFO] [stderr]    Compiling paste v1.0.6
[INFO] [stderr]    Compiling openssl-probe v0.1.5
[INFO] [stderr]    Compiling try-lock v0.2.3
[INFO] [stderr]    Compiling firestorm v0.5.0
[INFO] [stderr]    Compiling rand_chacha v0.3.1
[INFO] [stderr]    Compiling want v0.3.0
[INFO] [stderr]    Compiling rayon-core v1.9.1
[INFO] [stderr]    Compiling url v2.2.2
[INFO] [stderr]    Compiling digest v0.10.1
[INFO] [stderr]    Compiling actix-service v2.0.2
[INFO] [stderr]    Compiling tokio-macros v1.7.0
[INFO] [stderr]    Compiling tracing-attributes v0.1.18
[INFO] [stderr]    Compiling actix-macros v0.2.3
[INFO] [stderr]    Compiling tokio v1.15.0
[INFO] [stderr]    Compiling brotli-decompressor v2.3.2
[INFO] [stderr]    Compiling actix-utils v3.0.0
[INFO] [stderr]    Compiling ring v0.16.20
[INFO] [stderr]    Compiling http-body v0.4.4
[INFO] [stderr]    Compiling time v0.1.44
[INFO] [stderr]    Compiling cookie v0.16.0
[INFO] [stderr]    Compiling tracing v0.1.29
[INFO] [stderr]    Compiling cpufeatures v0.2.1
[INFO] [stderr]    Compiling time-macros v0.2.3
[INFO] [stderr]    Compiling itoa v0.4.8
[INFO] [stderr]    Compiling convert_case v0.4.0
[INFO] [stderr]    Compiling tower-service v0.3.1
[INFO] [stderr]    Compiling num_threads v0.1.2
[INFO] [stderr]    Compiling rayon v1.5.1
[INFO] [stderr]    Compiling brotli v3.3.3
[INFO] [stderr]    Compiling derive_more v0.99.17
[INFO] [stderr]    Compiling sha-1 v0.10.0
[INFO] [stderr]    Compiling time v0.3.6
[INFO] [stderr]    Compiling tokio-util v0.6.9
[INFO] [stderr]    Compiling actix-rt v2.6.0
[INFO] [stderr]    Compiling h2 v0.3.10
[INFO] [stderr]    Compiling actix-codec v0.4.2
[INFO] [stderr]    Compiling tokio-native-tls v0.3.0
[INFO] [stderr]    Compiling actix-router v0.5.0-rc.2
[INFO] [stderr]    Compiling mime_guess v2.0.3
[INFO] [stderr]    Compiling rand v0.8.4
[INFO] [stderr]    Compiling local-channel v0.1.2
[INFO] [stderr]    Compiling flate2 v1.0.22
[INFO] [stderr]    Compiling mio v0.8.0
[INFO] [stderr]    Compiling weezl v0.1.5
[INFO] [stderr]    Compiling serde_urlencoded v0.7.1
[INFO] [stderr]    Compiling chrono v0.4.19
[INFO] [stderr]    Compiling async-trait v0.1.52
[INFO] [stderr]    Compiling spin v0.5.2
[INFO] [stderr]    Compiling untrusted v0.7.1
[INFO] [stderr]    Compiling language-tags v0.3.2
[INFO] [stderr]    Compiling actix-server v2.0.0
[INFO] [stderr]    Compiling simple_asn1 v0.4.1
[INFO] [stderr]    Compiling actix-web-codegen v0.5.0-rc.1
[INFO] [stderr]    Compiling jpeg-decoder v0.1.22
[INFO] [stderr]    Compiling hyper v0.14.16
[INFO] [stderr]    Compiling pem v0.8.3
[INFO] [stderr]    Compiling ipnet v2.3.1
[INFO] [stderr]    Compiling base64 v0.12.3
[INFO] [stderr]    Compiling gif v0.11.3
[INFO] [stderr]    Compiling tiff v0.6.1
[INFO] [stderr]    Compiling jsonwebtoken v7.2.0
[INFO] [stderr]    Compiling png v0.16.8
[INFO] [stderr]    Compiling tracing-log v0.1.2
[INFO] [stderr]    Compiling atty v0.2.14
[INFO] [stderr]    Compiling thread_local v1.1.4
[INFO] [stderr]    Compiling sharded-slab v0.1.4
[INFO] [stderr]    Compiling hex v0.4.3
[INFO] [stderr]    Compiling http-range v0.1.4
[INFO] [stderr]    Compiling scoped_threadpool v0.1.9
[INFO] [stderr]    Compiling termcolor v1.1.2
[INFO] [stderr]    Compiling ansi_term v0.12.1
[INFO] [stderr]    Compiling dotenv v0.15.0
[INFO] [stderr]    Compiling askama_escape v0.10.2
[INFO] [stderr]    Compiling bytemuck v1.7.3
[INFO] [stderr]    Compiling humantime v2.1.0
[INFO] [stderr]    Compiling tracing-subscriber v0.3.6
[INFO] [stderr]    Compiling image v0.23.14
[INFO] [stderr]    Compiling env_logger v0.9.0
[INFO] [stderr]    Compiling hyper-tls v0.5.0
[INFO] [stderr]    Compiling reqwest v0.11.9
[INFO] [stderr]    Compiling cloud-storage v0.11.0
[INFO] [stderr]    Compiling zstd v0.9.2+zstd.1.5.1
[INFO] [stderr]    Compiling actix-http v3.0.0-beta.19
[INFO] [stderr]    Compiling actix-web v4.0.0-beta.21
[INFO] [stderr]    Compiling actix-files v0.6.0-beta.15
[INFO] [stderr]    Compiling thumbtaro v0.1.0 (/opt/rustwide/workdir)
[INFO] [stdout] warning: unused imports: `App`, `HttpResponse`
[INFO] [stdout]  --> src/lib.rs:1:34
[INFO] [stdout]   |
[INFO] [stdout] 1 | use actix_web::{error, get, web, App, HttpResponse, Responder, Result};
[INFO] [stdout]   |                                  ^^^  ^^^^^^^^^^^^
[INFO] [stdout]   |
[INFO] [stdout]   = note: `#[warn(unused_imports)]` on by default
[INFO] [stdout] 
[INFO] [stdout] 
[INFO] [stdout] warning: unused import: `dotenv::dotenv`
[INFO] [stdout]   --> src/lib.rs:11:5
[INFO] [stdout]    |
[INFO] [stdout] 11 | use dotenv::dotenv;
[INFO] [stdout]    |     ^^^^^^^^^^^^^^
[INFO] [stdout] 
[INFO] [stdout] 
[INFO] [stdout] warning: 2 warnings emitted
[INFO] [stdout] 
[INFO] [stdout] 
[INFO] [stderr]     Finished dev [unoptimized + debuginfo] target(s) in 57.10s
[INFO] running `Command { std: "docker" "inspect" "6ecea4e305a1392d2074e0cd8ee950d43405385585756918ac8452f04b9be5ef", kill_on_drop: false }`
[INFO] running `Command { std: "docker" "rm" "-f" "6ecea4e305a1392d2074e0cd8ee950d43405385585756918ac8452f04b9be5ef", kill_on_drop: false }`
[INFO] [stdout] 6ecea4e305a1392d2074e0cd8ee950d43405385585756918ac8452f04b9be5ef
[INFO] running `Command { std: "docker" "create" "-v" "/var/lib/crater-agent-workspace/builds/worker-5-tc2/target:/opt/rustwide/target:rw,Z" "-v" "/var/lib/crater-agent-workspace/builds/worker-5-tc2/source:/opt/rustwide/workdir:ro,Z" "-v" "/var/lib/crater-agent-workspace/cargo-home:/opt/rustwide/cargo-home:ro,Z" "-v" "/var/lib/crater-agent-workspace/rustup-home:/opt/rustwide/rustup-home:ro,Z" "-e" "SOURCE_DIR=/opt/rustwide/workdir" "-e" "CARGO_TARGET_DIR=/opt/rustwide/target" "-e" "CARGO_INCREMENTAL=0" "-e" "RUST_BACKTRACE=full" "-e" "RUSTFLAGS=--cap-lints=warn" "-e" "RUSTDOCFLAGS=--cap-lints=warn" "-e" "CARGO_HOME=/opt/rustwide/cargo-home" "-e" "RUSTUP_HOME=/opt/rustwide/rustup-home" "-w" "/opt/rustwide/workdir" "-m" "1610612736" "--user" "0:0" "--network" "none" "ghcr.io/rust-lang/crates-build-env/linux@sha256:97d61d7686bf65f8ecb15491ab51835e82dc9176a96a831f143a431b191fc501" "/opt/rustwide/cargo-home/bin/cargo" "+beta-2023-04-20" "test" "--frozen" "--no-run" "--message-format=json", kill_on_drop: false }`
[INFO] [stdout] 8f8a539af5077077adbc4e689b0fa54cebfe58c066712423552b309cd62ee74f
[INFO] running `Command { std: "docker" "start" "-a" "8f8a539af5077077adbc4e689b0fa54cebfe58c066712423552b309cd62ee74f", kill_on_drop: false }`
[INFO] [stdout] warning: unused imports: `App`, `HttpResponse`
[INFO] [stdout]  --> src/lib.rs:1:34
[INFO] [stdout]   |
[INFO] [stdout] 1 | use actix_web::{error, get, web, App, HttpResponse, Responder, Result};
[INFO] [stdout]   |                                  ^^^  ^^^^^^^^^^^^
[INFO] [stdout]   |
[INFO] [stdout]   = note: `#[warn(unused_imports)]` on by default
[INFO] [stdout] 
[INFO] [stdout] 
[INFO] [stderr]    Compiling thumbtaro v0.1.0 (/opt/rustwide/workdir)
[INFO] [stdout] warning: unused import: `dotenv::dotenv`
[INFO] [stdout]   --> src/lib.rs:11:5
[INFO] [stdout]    |
[INFO] [stdout] 11 | use dotenv::dotenv;
[INFO] [stdout]    |     ^^^^^^^^^^^^^^
[INFO] [stdout] 
[INFO] [stdout] 
[INFO] [stdout] warning: 2 warnings emitted
[INFO] [stdout] 
[INFO] [stdout] 
[INFO] [stdout] warning: unused import: `std::env`
[INFO] [stdout]  --> tests/test.rs:1:5
[INFO] [stdout]   |
[INFO] [stdout] 1 | use std::env;
[INFO] [stdout]   |     ^^^^^^^^
[INFO] [stdout]   |
[INFO] [stdout]   = note: `#[warn(unused_imports)]` on by default
[INFO] [stdout] 
[INFO] [stdout] 
[INFO] [stdout] warning: unused imports: `App`, `HttpResponse`
[INFO] [stdout]  --> src/lib.rs:1:34
[INFO] [stdout]   |
[INFO] [stdout] 1 | use actix_web::{error, get, web, App, HttpResponse, Responder, Result};
[INFO] [stdout]   |                                  ^^^  ^^^^^^^^^^^^
[INFO] [stdout]   |
[INFO] [stdout]   = note: `#[warn(unused_imports)]` on by default
[INFO] [stdout] 
[INFO] [stdout] 
[INFO] [stdout] warning: unused import: `dotenv::dotenv`
[INFO] [stdout]   --> src/lib.rs:11:5
[INFO] [stdout]    |
[INFO] [stdout] 11 | use dotenv::dotenv;
[INFO] [stdout]    |     ^^^^^^^^^^^^^^
[INFO] [stdout] 
[INFO] [stdout] 
[INFO] [stdout] warning: 2 warnings emitted
[INFO] [stdout] 
[INFO] [stdout] 
[INFO] [stdout] warning: 1 warning emitted
[INFO] [stdout] 
[INFO] [stdout] 
[INFO] [stderr]     Finished test [unoptimized + debuginfo] target(s) in 5.89s
[INFO] running `Command { std: "docker" "inspect" "8f8a539af5077077adbc4e689b0fa54cebfe58c066712423552b309cd62ee74f", kill_on_drop: false }`
[INFO] running `Command { std: "docker" "rm" "-f" "8f8a539af5077077adbc4e689b0fa54cebfe58c066712423552b309cd62ee74f", kill_on_drop: false }`
[INFO] [stdout] 8f8a539af5077077adbc4e689b0fa54cebfe58c066712423552b309cd62ee74f
[INFO] running `Command { std: "docker" "create" "-v" "/var/lib/crater-agent-workspace/builds/worker-5-tc2/target:/opt/rustwide/target:rw,Z" "-v" "/var/lib/crater-agent-workspace/builds/worker-5-tc2/source:/opt/rustwide/workdir:ro,Z" "-v" "/var/lib/crater-agent-workspace/cargo-home:/opt/rustwide/cargo-home:ro,Z" "-v" "/var/lib/crater-agent-workspace/rustup-home:/opt/rustwide/rustup-home:ro,Z" "-e" "SOURCE_DIR=/opt/rustwide/workdir" "-e" "CARGO_TARGET_DIR=/opt/rustwide/target" "-e" "CARGO_INCREMENTAL=0" "-e" "RUST_BACKTRACE=full" "-e" "RUSTFLAGS=--cap-lints=warn" "-e" "RUSTDOCFLAGS=--cap-lints=warn" "-e" "CARGO_HOME=/opt/rustwide/cargo-home" "-e" "RUSTUP_HOME=/opt/rustwide/rustup-home" "-w" "/opt/rustwide/workdir" "-m" "1610612736" "--user" "0:0" "--network" "none" "ghcr.io/rust-lang/crates-build-env/linux@sha256:97d61d7686bf65f8ecb15491ab51835e82dc9176a96a831f143a431b191fc501" "/opt/rustwide/cargo-home/bin/cargo" "+beta-2023-04-20" "test" "--frozen", kill_on_drop: false }`
[INFO] [stdout] 4330790049ddb43e6c19e510438ee8d28f37ef9252a9c4dc894caf6af6853094
[INFO] running `Command { std: "docker" "start" "-a" "4330790049ddb43e6c19e510438ee8d28f37ef9252a9c4dc894caf6af6853094", kill_on_drop: false }`
[INFO] [stderr]     Blocking waiting for file lock on package cache
[INFO] [stderr]     Blocking waiting for file lock on package cache
[INFO] [stderr] warning: unused imports: `App`, `HttpResponse`
[INFO] [stderr]  --> src/lib.rs:1:34
[INFO] [stderr]   |
[INFO] [stderr] 1 | use actix_web::{error, get, web, App, HttpResponse, Responder, Result};
[INFO] [stderr]   |                                  ^^^  ^^^^^^^^^^^^
[INFO] [stderr]   |
[INFO] [stderr]   = note: `#[warn(unused_imports)]` on by default
[INFO] [stderr] 
[INFO] [stderr] warning: unused import: `dotenv::dotenv`
[INFO] [stderr]   --> src/lib.rs:11:5
[INFO] [stderr]    |
[INFO] [stderr] 11 | use dotenv::dotenv;
[INFO] [stderr]    |     ^^^^^^^^^^^^^^
[INFO] [stderr] 
[INFO] [stderr] warning: `thumbtaro` (lib) generated 2 warnings (run `cargo fix --lib -p thumbtaro` to apply 2 suggestions)
[INFO] [stderr] warning: `thumbtaro` (lib test) generated 2 warnings (2 duplicates)
[INFO] [stderr] warning: unused import: `std::env`
[INFO] [stderr]  --> tests/test.rs:1:5
[INFO] [stderr]   |
[INFO] [stderr] 1 | use std::env;
[INFO] [stderr]   |     ^^^^^^^^
[INFO] [stderr]   |
[INFO] [stderr]   = note: `#[warn(unused_imports)]` on by default
[INFO] [stderr] 
[INFO] [stderr] warning: `thumbtaro` (test "test") generated 1 warning (run `cargo fix --test "test"` to apply 1 suggestion)
[INFO] [stderr]     Finished test [unoptimized + debuginfo] target(s) in 0.62s
[INFO] [stderr]      Running unittests src/lib.rs (/opt/rustwide/target/debug/deps/thumbtaro-39690161576c802d)
[INFO] [stdout] 
[INFO] [stdout] running 0 tests
[INFO] [stdout] 
[INFO] [stdout] test result: ok. 0 passed; 0 failed; 0 ignored; 0 measured; 0 filtered out; finished in 0.00s
[INFO] [stdout] 
[INFO] [stderr]      Running unittests src/main.rs (/opt/rustwide/target/debug/deps/thumbtaro-7dbf8151da68cbad)
[INFO] [stdout] 
[INFO] [stdout] running 0 tests
[INFO] [stdout] 
[INFO] [stdout] test result: ok. 0 passed; 0 failed; 0 ignored; 0 measured; 0 filtered out; finished in 0.00s
[INFO] [stdout] 
[INFO] [stderr]      Running tests/test.rs (/opt/rustwide/target/debug/deps/test-c4df116ea485a00f)
[INFO] [stdout] 
[INFO] [stdout] running 3 tests
[INFO] [stdout] test test_original_not_found ... FAILED
[INFO] [stdout] test test_original_found ... FAILED
[INFO] [stdout] test test_thumb_found ... FAILED
[INFO] [stdout] 
[INFO] [stdout] failures:
[INFO] [stdout] 
[INFO] [stdout] ---- test_original_not_found stdout ----
[INFO] [stdout] thread 'test_original_not_found' panicked at 'THUMBTARO_BUCKET must be specified: NotPresent', src/lib.rs:98:47
[INFO] [stdout] stack backtrace:
[INFO] [stdout]    0:     0x5610302dc2ca - std::backtrace_rs::backtrace::libunwind::trace::h2f05d0192276a8f6
[INFO] [stdout]                                at /rustc/1b7dd2252b99671ce5d1cb9664c5f8636329436d/library/std/src/../../backtrace/src/backtrace/libunwind.rs:93:5
[INFO] [stdout]    1:     0x5610302dc2ca - std::backtrace_rs::backtrace::trace_unsynchronized::hedc23dff7a1af150
[INFO] [stdout]                                at /rustc/1b7dd2252b99671ce5d1cb9664c5f8636329436d/library/std/src/../../backtrace/src/backtrace/mod.rs:66:5
[INFO] [stdout]    2:     0x5610302dc2ca - std::sys_common::backtrace::_print_fmt::h17541ef7592f3ce2
[INFO] [stdout]                                at /rustc/1b7dd2252b99671ce5d1cb9664c5f8636329436d/library/std/src/sys_common/backtrace.rs:65:5
[INFO] [stdout]    3:     0x5610302dc2ca - <std::sys_common::backtrace::_print::DisplayBacktrace as core::fmt::Display>::fmt::h20f75df5ab0c0792
[INFO] [stdout]                                at /rustc/1b7dd2252b99671ce5d1cb9664c5f8636329436d/library/std/src/sys_common/backtrace.rs:44:22
[INFO] [stdout]    4:     0x56103030520f - core::fmt::write::h78109e6f466b3af6
[INFO] [stdout]                                at /rustc/1b7dd2252b99671ce5d1cb9664c5f8636329436d/library/core/src/fmt/mod.rs:1254:17
[INFO] [stdout]    5:     0x5610302d8915 - std::io::Write::write_fmt::hd24bfb68a1b35a25
[INFO] [stdout]                                at /rustc/1b7dd2252b99671ce5d1cb9664c5f8636329436d/library/std/src/io/mod.rs:1698:15
[INFO] [stdout]    6:     0x5610302dc095 - std::sys_common::backtrace::_print::h8dac57a9f8fbf9a5
[INFO] [stdout]                                at /rustc/1b7dd2252b99671ce5d1cb9664c5f8636329436d/library/std/src/sys_common/backtrace.rs:47:5
[INFO] [stdout]    7:     0x5610302dc095 - std::sys_common::backtrace::print::hf9ecbf41d1aa712f
[INFO] [stdout]                                at /rustc/1b7dd2252b99671ce5d1cb9664c5f8636329436d/library/std/src/sys_common/backtrace.rs:34:9
[INFO] [stdout]    8:     0x5610302ddd4e - std::panicking::default_hook::{{closure}}::h04c07acfc84ca028
[INFO] [stdout]                                at /rustc/1b7dd2252b99671ce5d1cb9664c5f8636329436d/library/std/src/panicking.rs:269:22
[INFO] [stdout]    9:     0x5610302dda81 - std::panicking::default_hook::h01f6bb23e1eceb2c
[INFO] [stdout]                                at /rustc/1b7dd2252b99671ce5d1cb9664c5f8636329436d/library/std/src/panicking.rs:285:9
[INFO] [stdout]   10:     0x56102f79c80b - <alloc::boxed::Box<F,A> as core::ops::function::Fn<Args>>::call::h87fe9f7b2fd49e4c
[INFO] [stdout]                                at /rustc/1b7dd2252b99671ce5d1cb9664c5f8636329436d/library/alloc/src/boxed.rs:1987:9
[INFO] [stdout]   11:     0x56102f79c80b - test::test_main::{{closure}}::he94d679243a7531b
[INFO] [stdout]                                at /rustc/1b7dd2252b99671ce5d1cb9664c5f8636329436d/library/test/src/lib.rs:134:21
[INFO] [stdout]   12:     0x5610302de434 - <alloc::boxed::Box<F,A> as core::ops::function::Fn<Args>>::call::h3f2d6d8b14c4769f
[INFO] [stdout]                                at /rustc/1b7dd2252b99671ce5d1cb9664c5f8636329436d/library/alloc/src/boxed.rs:1987:9
[INFO] [stdout]   13:     0x5610302de434 - std::panicking::rust_panic_with_hook::h2bb3722bbaf2f6df
[INFO] [stdout]                                at /rustc/1b7dd2252b99671ce5d1cb9664c5f8636329436d/library/std/src/panicking.rs:695:13
[INFO] [stdout]   14:     0x5610302de1a9 - std::panicking::begin_panic_handler::{{closure}}::h91bc7f36a4be011b
[INFO] [stdout]                                at /rustc/1b7dd2252b99671ce5d1cb9664c5f8636329436d/library/std/src/panicking.rs:582:13
[INFO] [stdout]   15:     0x5610302dc736 - std::sys_common::backtrace::__rust_end_short_backtrace::h8b3d3717114f9e59
[INFO] [stdout]                                at /rustc/1b7dd2252b99671ce5d1cb9664c5f8636329436d/library/std/src/sys_common/backtrace.rs:150:18
[INFO] [stdout]   16:     0x5610302ddf02 - rust_begin_unwind
[INFO] [stdout]                                at /rustc/1b7dd2252b99671ce5d1cb9664c5f8636329436d/library/std/src/panicking.rs:578:5
[INFO] [stdout]   17:     0x56102f737573 - core::panicking::panic_fmt::hfd368e3fbdabea26
[INFO] [stdout]                                at /rustc/1b7dd2252b99671ce5d1cb9664c5f8636329436d/library/core/src/panicking.rs:67:14
[INFO] [stdout]   18:     0x56102f737b13 - core::result::unwrap_failed::he54eb4b2f125b26f
[INFO] [stdout]                                at /rustc/1b7dd2252b99671ce5d1cb9664c5f8636329436d/library/core/src/result.rs:1687:5
[INFO] [stdout]   19:     0x56102facf106 - core::result::Result<T,E>::expect::hbc1333b269dc33fd
[INFO] [stdout]                                at /rustc/1b7dd2252b99671ce5d1cb9664c5f8636329436d/library/core/src/result.rs:1046:23
[INFO] [stdout]   20:     0x56102f7a72df - thumbtaro::download_original::{{closure}}::h550c9be795cc8ee7
[INFO] [stdout]                                at /opt/rustwide/workdir/src/lib.rs:98:18
[INFO] [stdout]   21:     0x56102f7a7bb9 - <thumbtaro::original as actix_web::service::HttpServiceFactory>::register::original::{{closure}}::h15ce989aa518e5b6
[INFO] [stdout]                                at /opt/rustwide/workdir/src/lib.rs:42:9
[INFO] [stdout]   22:     0x56102f7be18f - actix_web::handler::handler_service::{{closure}}::{{closure}}::h798020c3c497098d
[INFO] [stdout]                                at /opt/rustwide/cargo-home/registry/src/index.crates.io-6f17d22bba15001f/actix-web-4.0.0-beta.21/src/handler.rs:102:21
[INFO] [stdout]   23:     0x56102fdb4c1e - <core::pin::Pin<P> as core::future::future::Future>::poll::h5bae518e9d4eff0b
[INFO] [stdout]                                at /rustc/1b7dd2252b99671ce5d1cb9664c5f8636329436d/library/core/src/future/future.rs:125:9
[INFO] [stdout]   24:     0x56102fdc4547 - <actix_web::resource::Resource<T> as actix_web::service::HttpServiceFactory>::register::{{closure}}::{{closure}}::h3d55d22328807d78
[INFO] [stdout]                                at /opt/rustwide/cargo-home/registry/src/index.crates.io-6f17d22bba15001f/actix-web-4.0.0-beta.21/src/resource.rs:382:27
[INFO] [stdout]   25:     0x56102fdb4c1e - <core::pin::Pin<P> as core::future::future::Future>::poll::h5bae518e9d4eff0b
[INFO] [stdout]                                at /rustc/1b7dd2252b99671ce5d1cb9664c5f8636329436d/library/core/src/future/future.rs:125:9
[INFO] [stdout]   26:     0x56102f743367 - <actix_web::scope::Scope<T> as actix_web::service::HttpServiceFactory>::register::{{closure}}::{{closure}}::he3a84827a4ed586e
[INFO] [stdout]                                at /opt/rustwide/cargo-home/registry/src/index.crates.io-6f17d22bba15001f/actix-web-4.0.0-beta.21/src/scope.rs:429:27
[INFO] [stdout]   27:     0x56102fdb4c1e - <core::pin::Pin<P> as core::future::future::Future>::poll::h5bae518e9d4eff0b
[INFO] [stdout]                                at /rustc/1b7dd2252b99671ce5d1cb9664c5f8636329436d/library/core/src/future/future.rs:125:9
[INFO] [stdout]   28:     0x56102f7467f2 - actix_web::test::test_utils::call_service::{{closure}}::h63610be3a9aacd14
[INFO] [stdout]                                at /opt/rustwide/cargo-home/registry/src/index.crates.io-6f17d22bba15001f/actix-web-4.0.0-beta.21/src/test/test_utils.rs:99:9
[INFO] [stdout]   29:     0x56102f7621f0 - test::test_original_not_found::{{closure}}::h165447c111f6d599
[INFO] [stdout]                                at /opt/rustwide/workdir/tests/test.rs:26:49
[INFO] [stdout]   30:     0x56102f741df0 - <tokio::task::local::RunUntil<T> as core::future::future::Future>::poll::{{closure}}::{{closure}}::hb7bf890a3a9ffc09
[INFO] [stdout]                                at /opt/rustwide/cargo-home/registry/src/index.crates.io-6f17d22bba15001f/tokio-1.15.0/src/task/local.rs:642:65
[INFO] [stdout]   31:     0x56102f75bf10 - tokio::coop::with_budget::{{closure}}::h284d1edc38eaccfa
[INFO] [stdout]                                at /opt/rustwide/cargo-home/registry/src/index.crates.io-6f17d22bba15001f/tokio-1.15.0/src/coop.rs:102:9
[INFO] [stdout]   32:     0x56102f74ec89 - std::thread::local::LocalKey<T>::try_with::hdb4c457152cc18dc
[INFO] [stdout]                                at /rustc/1b7dd2252b99671ce5d1cb9664c5f8636329436d/library/std/src/thread/local.rs:252:16
[INFO] [stdout]   33:     0x56102f74d11a - std::thread::local::LocalKey<T>::with::h24355a773f982fdd
[INFO] [stdout]                                at /rustc/1b7dd2252b99671ce5d1cb9664c5f8636329436d/library/std/src/thread/local.rs:228:9
[INFO] [stdout]   34:     0x56102f741c8f - tokio::coop::with_budget::hf88327885b505d3d
[INFO] [stdout]                                at /opt/rustwide/cargo-home/registry/src/index.crates.io-6f17d22bba15001f/tokio-1.15.0/src/coop.rs:95:5
[INFO] [stdout]   35:     0x56102f741c8f - tokio::coop::budget::hd1b55a19e2a8af78
[INFO] [stdout]                                at /opt/rustwide/cargo-home/registry/src/index.crates.io-6f17d22bba15001f/tokio-1.15.0/src/coop.rs:72:5
[INFO] [stdout]   36:     0x56102f741c8f - <tokio::task::local::RunUntil<T> as core::future::future::Future>::poll::{{closure}}::hb49a2155aaca22ec
[INFO] [stdout]                                at /opt/rustwide/cargo-home/registry/src/index.crates.io-6f17d22bba15001f/tokio-1.15.0/src/task/local.rs:642:42
[INFO] [stdout]   37:     0x56102f7457d7 - tokio::macros::scoped_tls::ScopedKey<T>::set::h3948350ac9735f2c
[INFO] [stdout]                                at /opt/rustwide/cargo-home/registry/src/index.crates.io-6f17d22bba15001f/tokio-1.15.0/src/macros/scoped_tls.rs:61:9
[INFO] [stdout]   38:     0x56102f740b57 - tokio::task::local::LocalSet::with::h20292c9009c89883
[INFO] [stdout]                                at /opt/rustwide/cargo-home/registry/src/index.crates.io-6f17d22bba15001f/tokio-1.15.0/src/task/local.rs:559:9
[INFO] [stdout]   39:     0x56102f74160a - <tokio::task::local::RunUntil<T> as core::future::future::Future>::poll::h594dd1ea7d6ac2ce
[INFO] [stdout]                                at /opt/rustwide/cargo-home/registry/src/index.crates.io-6f17d22bba15001f/tokio-1.15.0/src/task/local.rs:632:9
[INFO] [stdout]   40:     0x56102f7411e6 - tokio::task::local::LocalSet::run_until::{{closure}}::hcae87ccd4a62c75e
[INFO] [stdout]                                at /opt/rustwide/cargo-home/registry/src/index.crates.io-6f17d22bba15001f/tokio-1.15.0/src/task/local.rs:505:18
[INFO] [stdout]   41:     0x56102f74a34b - <core::pin::Pin<P> as core::future::future::Future>::poll::hd788fcd0a4e5e573
[INFO] [stdout]                                at /rustc/1b7dd2252b99671ce5d1cb9664c5f8636329436d/library/core/src/future/future.rs:125:9
[INFO] [stdout]   42:     0x56102f754a64 - tokio::runtime::basic_scheduler::Inner<P>::block_on::{{closure}}::{{closure}}::h169b10c9bdf51df4
[INFO] [stdout]                                at /opt/rustwide/cargo-home/registry/src/index.crates.io-6f17d22bba15001f/tokio-1.15.0/src/runtime/basic_scheduler.rs:240:62
[INFO] [stdout]   43:     0x56102f75c3d0 - tokio::coop::with_budget::{{closure}}::h9f4f9d5fefa6c8fa
[INFO] [stdout]                                at /opt/rustwide/cargo-home/registry/src/index.crates.io-6f17d22bba15001f/tokio-1.15.0/src/coop.rs:102:9
[INFO] [stdout]   44:     0x56102f74d559 - std::thread::local::LocalKey<T>::try_with::h010fca6562874c94
[INFO] [stdout]                                at /rustc/1b7dd2252b99671ce5d1cb9664c5f8636329436d/library/std/src/thread/local.rs:252:16
[INFO] [stdout]   45:     0x56102f74d17a - std::thread::local::LocalKey<T>::with::h3ba269a018609920
[INFO] [stdout]                                at /rustc/1b7dd2252b99671ce5d1cb9664c5f8636329436d/library/std/src/thread/local.rs:228:9
[INFO] [stdout]   46:     0x56102f75365b - tokio::coop::with_budget::h2cbae21b445dfa9e
[INFO] [stdout]                                at /opt/rustwide/cargo-home/registry/src/index.crates.io-6f17d22bba15001f/tokio-1.15.0/src/coop.rs:95:5
[INFO] [stdout]   47:     0x56102f75365b - tokio::coop::budget::h0915d93c5c950e2c
[INFO] [stdout]                                at /opt/rustwide/cargo-home/registry/src/index.crates.io-6f17d22bba15001f/tokio-1.15.0/src/coop.rs:72:5
[INFO] [stdout]   48:     0x56102f75365b - tokio::runtime::basic_scheduler::Inner<P>::block_on::{{closure}}::h962435dfb4f81381
[INFO] [stdout]                                at /opt/rustwide/cargo-home/registry/src/index.crates.io-6f17d22bba15001f/tokio-1.15.0/src/runtime/basic_scheduler.rs:240:39
[INFO] [stdout]   49:     0x56102f756751 - tokio::runtime::basic_scheduler::enter::{{closure}}::hacbda12b17ea5e83
[INFO] [stdout]                                at /opt/rustwide/cargo-home/registry/src/index.crates.io-6f17d22bba15001f/tokio-1.15.0/src/runtime/basic_scheduler.rs:349:29
[INFO] [stdout]   50:     0x56102f7455d7 - tokio::macros::scoped_tls::ScopedKey<T>::set::h1b0d289886cb9adf
[INFO] [stdout]                                at /opt/rustwide/cargo-home/registry/src/index.crates.io-6f17d22bba15001f/tokio-1.15.0/src/macros/scoped_tls.rs:61:9
[INFO] [stdout]   51:     0x56102f756320 - tokio::runtime::basic_scheduler::enter::hc58ad9b87fff20b5
[INFO] [stdout]                                at /opt/rustwide/cargo-home/registry/src/index.crates.io-6f17d22bba15001f/tokio-1.15.0/src/runtime/basic_scheduler.rs:349:5
[INFO] [stdout]   52:     0x56102f75272b - tokio::runtime::basic_scheduler::Inner<P>::block_on::h313c248a4c7f39fd
[INFO] [stdout]                                at /opt/rustwide/cargo-home/registry/src/index.crates.io-6f17d22bba15001f/tokio-1.15.0/src/runtime/basic_scheduler.rs:230:9
[INFO] [stdout]   53:     0x56102f754eb6 - tokio::runtime::basic_scheduler::InnerGuard<P>::block_on::h5d70a86a8078aaa0
[INFO] [stdout]                                at /opt/rustwide/cargo-home/registry/src/index.crates.io-6f17d22bba15001f/tokio-1.15.0/src/runtime/basic_scheduler.rs:501:9
[INFO] [stdout]   54:     0x56102f7557b7 - tokio::runtime::basic_scheduler::BasicScheduler<P>::block_on::he41447f29686356d
[INFO] [stdout]                                at /opt/rustwide/cargo-home/registry/src/index.crates.io-6f17d22bba15001f/tokio-1.15.0/src/runtime/basic_scheduler.rs:186:24
[INFO] [stdout]   55:     0x56102f767510 - tokio::runtime::Runtime::block_on::h0db6dd567411c462
[INFO] [stdout]                                at /opt/rustwide/cargo-home/registry/src/index.crates.io-6f17d22bba15001f/tokio-1.15.0/src/runtime/mod.rs:461:46
[INFO] [stdout]   56:     0x56102f740c32 - tokio::task::local::LocalSet::block_on::hd1d3f4dcc5d3c9b7
[INFO] [stdout]                                at /opt/rustwide/cargo-home/registry/src/index.crates.io-6f17d22bba15001f/tokio-1.15.0/src/task/local.rs:466:9
[INFO] [stdout]   57:     0x56102f75cd34 - actix_rt::runtime::Runtime::block_on::hb2708bf8299a59c6
[INFO] [stdout]                                at /opt/rustwide/cargo-home/registry/src/index.crates.io-6f17d22bba15001f/actix-rt-2.6.0/src/runtime.rs:80:9
[INFO] [stdout]   58:     0x56102f7464aa - actix_rt::system::SystemRunner::block_on::hdc3e32b339dbc304
[INFO] [stdout]                                at /opt/rustwide/cargo-home/registry/src/index.crates.io-6f17d22bba15001f/actix-rt-2.6.0/src/system.rs:209:9
[INFO] [stdout]   59:     0x56102f761d62 - test::test_original_not_found::ha20d87a62d76031b
[INFO] [stdout]                                at /opt/rustwide/workdir/tests/test.rs:20:1
[INFO] [stdout]   60:     0x56102f761d17 - test::test_original_not_found::{{closure}}::hbbae3cef1da827c9
[INFO] [stdout]                                at /opt/rustwide/workdir/tests/test.rs:20:1
[INFO] [stdout]   61:     0x56102f74a525 - core::ops::function::FnOnce::call_once::h2f8ad424e5eab7b0
[INFO] [stdout]                                at /rustc/1b7dd2252b99671ce5d1cb9664c5f8636329436d/library/core/src/ops/function.rs:250:5
[INFO] [stdout]   62:     0x56102f7a16df - core::ops::function::FnOnce::call_once::ha6a70e79f7481a7e
[INFO] [stdout]                                at /rustc/1b7dd2252b99671ce5d1cb9664c5f8636329436d/library/core/src/ops/function.rs:250:5
[INFO] [stdout]   63:     0x56102f7a16df - test::__rust_begin_short_backtrace::hce33033019b61e69
[INFO] [stdout]                                at /rustc/1b7dd2252b99671ce5d1cb9664c5f8636329436d/library/test/src/lib.rs:655:18
[INFO] [stdout]   64:     0x56102f76eecc - test::run_test::{{closure}}::h858d3528838ae3e5
[INFO] [stdout]                                at /rustc/1b7dd2252b99671ce5d1cb9664c5f8636329436d/library/test/src/lib.rs:646:30
[INFO] [stdout]   65:     0x56102f76eecc - core::ops::function::FnOnce::call_once{{vtable.shim}}::he8ac2b00f01ae79e
[INFO] [stdout]                                at /rustc/1b7dd2252b99671ce5d1cb9664c5f8636329436d/library/core/src/ops/function.rs:250:5
[INFO] [stdout]   66:     0x56102f7a07b6 - <alloc::boxed::Box<F,A> as core::ops::function::FnOnce<Args>>::call_once::h8093d25b522725ef
[INFO] [stdout]                                at /rustc/1b7dd2252b99671ce5d1cb9664c5f8636329436d/library/alloc/src/boxed.rs:1973:9
[INFO] [stdout]   67:     0x56102f7a07b6 - <core::panic::unwind_safe::AssertUnwindSafe<F> as core::ops::function::FnOnce<()>>::call_once::h5c334c204e4a3913
[INFO] [stdout]                                at /rustc/1b7dd2252b99671ce5d1cb9664c5f8636329436d/library/core/src/panic/unwind_safe.rs:271:9
[INFO] [stdout]   68:     0x56102f7a07b6 - std::panicking::try::do_call::ha8b740c7b9478074
[INFO] [stdout]                                at /rustc/1b7dd2252b99671ce5d1cb9664c5f8636329436d/library/std/src/panicking.rs:485:40
[INFO] [stdout]   69:     0x56102f7a07b6 - std::panicking::try::h5d34f63d0e41b64e
[INFO] [stdout]                                at /rustc/1b7dd2252b99671ce5d1cb9664c5f8636329436d/library/std/src/panicking.rs:449:19
[INFO] [stdout]   70:     0x56102f7a07b6 - std::panic::catch_unwind::hcfbb511e1aa7fc67
[INFO] [stdout]                                at /rustc/1b7dd2252b99671ce5d1cb9664c5f8636329436d/library/std/src/panic.rs:140:14
[INFO] [stdout]   71:     0x56102f7a07b6 - test::run_test_in_process::h9abda90f802eaf21
[INFO] [stdout]                                at /rustc/1b7dd2252b99671ce5d1cb9664c5f8636329436d/library/test/src/lib.rs:678:27
[INFO] [stdout]   72:     0x56102f7a07b6 - test::run_test::run_test_inner::{{closure}}::h0f058de91f6c6edf
[INFO] [stdout]                                at /rustc/1b7dd2252b99671ce5d1cb9664c5f8636329436d/library/test/src/lib.rs:572:39
[INFO] [stdout]   73:     0x56102f7696d5 - test::run_test::run_test_inner::{{closure}}::h5ca48a4c59c6c1fb
[INFO] [stdout]                                at /rustc/1b7dd2252b99671ce5d1cb9664c5f8636329436d/library/test/src/lib.rs:599:37
[INFO] [stdout]   74:     0x56102f7696d5 - std::sys_common::backtrace::__rust_begin_short_backtrace::h32bd51e1495d4a33
[INFO] [stdout]                                at /rustc/1b7dd2252b99671ce5d1cb9664c5f8636329436d/library/std/src/sys_common/backtrace.rs:134:18
[INFO] [stdout]   75:     0x56102f76ec11 - std::thread::Builder::spawn_unchecked_::{{closure}}::{{closure}}::hc086fae9b128b2db
[INFO] [stdout]                                at /rustc/1b7dd2252b99671ce5d1cb9664c5f8636329436d/library/std/src/thread/mod.rs:526:17
[INFO] [stdout]   76:     0x56102f76ec11 - <core::panic::unwind_safe::AssertUnwindSafe<F> as core::ops::function::FnOnce<()>>::call_once::hb66571888d270d43
[INFO] [stdout]                                at /rustc/1b7dd2252b99671ce5d1cb9664c5f8636329436d/library/core/src/panic/unwind_safe.rs:271:9
[INFO] [stdout]   77:     0x56102f76ec11 - std::panicking::try::do_call::h4fa2ef4f6e51fecf
[INFO] [stdout]                                at /rustc/1b7dd2252b99671ce5d1cb9664c5f8636329436d/library/std/src/panicking.rs:485:40
[INFO] [stdout]   78:     0x56102f76ec11 - std::panicking::try::h1e9e22b8584489b5
[INFO] [stdout]                                at /rustc/1b7dd2252b99671ce5d1cb9664c5f8636329436d/library/std/src/panicking.rs:449:19
[INFO] [stdout]   79:     0x56102f76ec11 - std::panic::catch_unwind::h44698a3de0e0769e
[INFO] [stdout]                                at /rustc/1b7dd2252b99671ce5d1cb9664c5f8636329436d/library/std/src/panic.rs:140:14
[INFO] [stdout]   80:     0x56102f76ec11 - std::thread::Builder::spawn_unchecked_::{{closure}}::h50153abde3fe239e
[INFO] [stdout]                                at /rustc/1b7dd2252b99671ce5d1cb9664c5f8636329436d/library/std/src/thread/mod.rs:525:30
[INFO] [stdout]   81:     0x56102f76ec11 - core::ops::function::FnOnce::call_once{{vtable.shim}}::hbe5bbf6f38394364
[INFO] [stdout]                                at /rustc/1b7dd2252b99671ce5d1cb9664c5f8636329436d/library/core/src/ops/function.rs:250:5
[INFO] [stdout]   82:     0x5610302e2b85 - <alloc::boxed::Box<F,A> as core::ops::function::FnOnce<Args>>::call_once::h0d83cb2920a49046
[INFO] [stdout]                                at /rustc/1b7dd2252b99671ce5d1cb9664c5f8636329436d/library/alloc/src/boxed.rs:1973:9
[INFO] [stdout]   83:     0x5610302e2b85 - <alloc::boxed::Box<F,A> as core::ops::function::FnOnce<Args>>::call_once::hbe0a008aa7d9ef59
[INFO] [stdout]                                at /rustc/1b7dd2252b99671ce5d1cb9664c5f8636329436d/library/alloc/src/boxed.rs:1973:9
[INFO] [stdout]   84:     0x5610302e2b85 - std::sys::unix::thread::Thread::new::thread_start::h3a466996bdf6b1f9
[INFO] [stdout]                                at /rustc/1b7dd2252b99671ce5d1cb9664c5f8636329436d/library/std/src/sys/unix/thread.rs:108:17
[INFO] [stdout]   85:     0x7f3574b35b43 - <unknown>
[INFO] [stdout]   86:     0x7f3574bc6bb4 - __clone
[INFO] [stdout]   87:                0x0 - <unknown>
[INFO] [stdout] 
[INFO] [stdout] ---- test_original_found stdout ----
[INFO] [stdout] thread 'test_original_found' panicked at 'THUMBTARO_BUCKET must be specified: NotPresent', src/lib.rs:98:47
[INFO] [stdout] stack backtrace:
[INFO] [stdout]    0:     0x5610302dc2ca - std::backtrace_rs::backtrace::libunwind::trace::h2f05d0192276a8f6
[INFO] [stdout]                                at /rustc/1b7dd2252b99671ce5d1cb9664c5f8636329436d/library/std/src/../../backtrace/src/backtrace/libunwind.rs:93:5
[INFO] [stdout]    1:     0x5610302dc2ca - std::backtrace_rs::backtrace::trace_unsynchronized::hedc23dff7a1af150
[INFO] [stdout]                                at /rustc/1b7dd2252b99671ce5d1cb9664c5f8636329436d/library/std/src/../../backtrace/src/backtrace/mod.rs:66:5
[INFO] [stdout]    2:     0x5610302dc2ca - std::sys_common::backtrace::_print_fmt::h17541ef7592f3ce2
[INFO] [stdout]                                at /rustc/1b7dd2252b99671ce5d1cb9664c5f8636329436d/library/std/src/sys_common/backtrace.rs:65:5
[INFO] [stdout]    3:     0x5610302dc2ca - <std::sys_common::backtrace::_print::DisplayBacktrace as core::fmt::Display>::fmt::h20f75df5ab0c0792
[INFO] [stdout]                                at /rustc/1b7dd2252b99671ce5d1cb9664c5f8636329436d/library/std/src/sys_common/backtrace.rs:44:22
[INFO] [stdout]    4:     0x56103030520f - core::fmt::write::h78109e6f466b3af6
[INFO] [stdout]                                at /rustc/1b7dd2252b99671ce5d1cb9664c5f8636329436d/library/core/src/fmt/mod.rs:1254:17
[INFO] [stdout]    5:     0x5610302d8915 - std::io::Write::write_fmt::hd24bfb68a1b35a25
[INFO] [stdout]                                at /rustc/1b7dd2252b99671ce5d1cb9664c5f8636329436d/library/std/src/io/mod.rs:1698:15
[INFO] [stdout]    6:     0x5610302dc095 - std::sys_common::backtrace::_print::h8dac57a9f8fbf9a5
[INFO] [stdout]                                at /rustc/1b7dd2252b99671ce5d1cb9664c5f8636329436d/library/std/src/sys_common/backtrace.rs:47:5
[INFO] [stdout]    7:     0x5610302dc095 - std::sys_common::backtrace::print::hf9ecbf41d1aa712f
[INFO] [stdout]                                at /rustc/1b7dd2252b99671ce5d1cb9664c5f8636329436d/library/std/src/sys_common/backtrace.rs:34:9
[INFO] [stdout]    8:     0x5610302ddd4e - std::panicking::default_hook::{{closure}}::h04c07acfc84ca028
[INFO] [stdout]                                at /rustc/1b7dd2252b99671ce5d1cb9664c5f8636329436d/library/std/src/panicking.rs:269:22
[INFO] [stdout]    9:     0x5610302dda81 - std::panicking::default_hook::h01f6bb23e1eceb2c
[INFO] [stdout]                                at /rustc/1b7dd2252b99671ce5d1cb9664c5f8636329436d/library/std/src/panicking.rs:285:9
[INFO] [stdout]   10:     0x56102f79c80b - <alloc::boxed::Box<F,A> as core::ops::function::Fn<Args>>::call::h87fe9f7b2fd49e4c
[INFO] [stdout]                                at /rustc/1b7dd2252b99671ce5d1cb9664c5f8636329436d/library/alloc/src/boxed.rs:1987:9
[INFO] [stdout]   11:     0x56102f79c80b - test::test_main::{{closure}}::he94d679243a7531b
[INFO] [stdout]                                at /rustc/1b7dd2252b99671ce5d1cb9664c5f8636329436d/library/test/src/lib.rs:134:21
[INFO] [stdout]   12:     0x5610302de434 - <alloc::boxed::Box<F,A> as core::ops::function::Fn<Args>>::call::h3f2d6d8b14c4769f
[INFO] [stdout]                                at /rustc/1b7dd2252b99671ce5d1cb9664c5f8636329436d/library/alloc/src/boxed.rs:1987:9
[INFO] [stdout]   13:     0x5610302de434 - std::panicking::rust_panic_with_hook::h2bb3722bbaf2f6df
[INFO] [stdout]                                at /rustc/1b7dd2252b99671ce5d1cb9664c5f8636329436d/library/std/src/panicking.rs:695:13
[INFO] [stdout]   14:     0x5610302de1a9 - std::panicking::begin_panic_handler::{{closure}}::h91bc7f36a4be011b
[INFO] [stdout]                                at /rustc/1b7dd2252b99671ce5d1cb9664c5f8636329436d/library/std/src/panicking.rs:582:13
[INFO] [stdout]   15:     0x5610302dc736 - std::sys_common::backtrace::__rust_end_short_backtrace::h8b3d3717114f9e59
[INFO] [stdout]                                at /rustc/1b7dd2252b99671ce5d1cb9664c5f8636329436d/library/std/src/sys_common/backtrace.rs:150:18
[INFO] [stdout]   16:     0x5610302ddf02 - rust_begin_unwind
[INFO] [stdout]                                at /rustc/1b7dd2252b99671ce5d1cb9664c5f8636329436d/library/std/src/panicking.rs:578:5
[INFO] [stdout]   17:     0x56102f737573 - core::panicking::panic_fmt::hfd368e3fbdabea26
[INFO] [stdout]                                at /rustc/1b7dd2252b99671ce5d1cb9664c5f8636329436d/library/core/src/panicking.rs:67:14
[INFO] [stdout]   18:     0x56102f737b13 - core::result::unwrap_failed::he54eb4b2f125b26f
[INFO] [stdout]                                at /rustc/1b7dd2252b99671ce5d1cb9664c5f8636329436d/library/core/src/result.rs:1687:5
[INFO] [stdout]   19:     0x56102facf106 - core::result::Result<T,E>::expect::hbc1333b269dc33fd
[INFO] [stdout]                                at /rustc/1b7dd2252b99671ce5d1cb9664c5f8636329436d/library/core/src/result.rs:1046:23
[INFO] [stdout]   20:     0x56102f7a72df - thumbtaro::download_original::{{closure}}::h550c9be795cc8ee7
[INFO] [stdout]                                at /opt/rustwide/workdir/src/lib.rs:98:18
[INFO] [stdout]   21:     0x56102f7a7bb9 - <thumbtaro::original as actix_web::service::HttpServiceFactory>::register::original::{{closure}}::h15ce989aa518e5b6
[INFO] [stdout]                                at /opt/rustwide/workdir/src/lib.rs:42:9
[INFO] [stdout]   22:     0x56102f7be18f - actix_web::handler::handler_service::{{closure}}::{{closure}}::h798020c3c497098d
[INFO] [stdout]                                at /opt/rustwide/cargo-home/registry/src/index.crates.io-6f17d22bba15001f/actix-web-4.0.0-beta.21/src/handler.rs:102:21
[INFO] [stdout]   23:     0x56102fdb4c1e - <core::pin::Pin<P> as core::future::future::Future>::poll::h5bae518e9d4eff0b
[INFO] [stdout]                                at /rustc/1b7dd2252b99671ce5d1cb9664c5f8636329436d/library/core/src/future/future.rs:125:9
[INFO] [stdout]   24:     0x56102fdc4547 - <actix_web::resource::Resource<T> as actix_web::service::HttpServiceFactory>::register::{{closure}}::{{closure}}::h3d55d22328807d78
[INFO] [stdout]                                at /opt/rustwide/cargo-home/registry/src/index.crates.io-6f17d22bba15001f/actix-web-4.0.0-beta.21/src/resource.rs:382:27
[INFO] [stdout]   25:     0x56102fdb4c1e - <core::pin::Pin<P> as core::future::future::Future>::poll::h5bae518e9d4eff0b
[INFO] [stdout]                                at /rustc/1b7dd2252b99671ce5d1cb9664c5f8636329436d/library/core/src/future/future.rs:125:9
[INFO] [stdout]   26:     0x56102f743367 - <actix_web::scope::Scope<T> as actix_web::service::HttpServiceFactory>::register::{{closure}}::{{closure}}::he3a84827a4ed586e
[INFO] [stdout]                                at /opt/rustwide/cargo-home/registry/src/index.crates.io-6f17d22bba15001f/actix-web-4.0.0-beta.21/src/scope.rs:429:27
[INFO] [stdout]   27:     0x56102fdb4c1e - <core::pin::Pin<P> as core::future::future::Future>::poll::h5bae518e9d4eff0b
[INFO] [stdout]                                at /rustc/1b7dd2252b99671ce5d1cb9664c5f8636329436d/library/core/src/future/future.rs:125:9
[INFO] [stdout]   28:     0x56102f7467f2 - actix_web::test::test_utils::call_service::{{closure}}::h63610be3a9aacd14
[INFO] [stdout]                                at /opt/rustwide/cargo-home/registry/src/index.crates.io-6f17d22bba15001f/actix-web-4.0.0-beta.21/src/test/test_utils.rs:99:9
[INFO] [stdout]   29:     0x56102f762a4b - test::test_original_found::{{closure}}::ha02c3f074e8f7454
[INFO] [stdout]                                at /opt/rustwide/workdir/tests/test.rs:40:49
[INFO] [stdout]   30:     0x56102f741dc0 - <tokio::task::local::RunUntil<T> as core::future::future::Future>::poll::{{closure}}::{{closure}}::h26bfe62578bf73e4
[INFO] [stdout]                                at /opt/rustwide/cargo-home/registry/src/index.crates.io-6f17d22bba15001f/tokio-1.15.0/src/task/local.rs:642:65
[INFO] [stdout]   31:     0x56102f75c040 - tokio::coop::with_budget::{{closure}}::h68444c1efa14d381
[INFO] [stdout]                                at /opt/rustwide/cargo-home/registry/src/index.crates.io-6f17d22bba15001f/tokio-1.15.0/src/coop.rs:102:9
[INFO] [stdout]   32:     0x56102f74eb19 - std::thread::local::LocalKey<T>::try_with::hcad2d1eb8ef65456
[INFO] [stdout]                                at /rustc/1b7dd2252b99671ce5d1cb9664c5f8636329436d/library/std/src/thread/local.rs:252:16
[INFO] [stdout]   33:     0x56102f74d39a - std::thread::local::LocalKey<T>::with::he09f2bd583012056
[INFO] [stdout]                                at /rustc/1b7dd2252b99671ce5d1cb9664c5f8636329436d/library/std/src/thread/local.rs:228:9
[INFO] [stdout]   34:     0x56102f7417cf - tokio::coop::with_budget::hb62cafb0e7beb0c9
[INFO] [stdout]                                at /opt/rustwide/cargo-home/registry/src/index.crates.io-6f17d22bba15001f/tokio-1.15.0/src/coop.rs:95:5
[INFO] [stdout]   35:     0x56102f7417cf - tokio::coop::budget::h13ce63342ad98e1b
[INFO] [stdout]                                at /opt/rustwide/cargo-home/registry/src/index.crates.io-6f17d22bba15001f/tokio-1.15.0/src/coop.rs:72:5
[INFO] [stdout]   36:     0x56102f7417cf - <tokio::task::local::RunUntil<T> as core::future::future::Future>::poll::{{closure}}::h7b63e0ad9abb0db9
[INFO] [stdout]                                at /opt/rustwide/cargo-home/registry/src/index.crates.io-6f17d22bba15001f/tokio-1.15.0/src/task/local.rs:642:42
[INFO] [stdout]   37:     0x56102f7459f7 - tokio::macros::scoped_tls::ScopedKey<T>::set::h926a85b8b4b20145
[INFO] [stdout]                                at /opt/rustwide/cargo-home/registry/src/index.crates.io-6f17d22bba15001f/tokio-1.15.0/src/macros/scoped_tls.rs:61:9
[INFO] [stdout]   38:     0x56102f740b97 - tokio::task::local::LocalSet::with::hbea71f61a4a7c077
[INFO] [stdout]                                at /opt/rustwide/cargo-home/registry/src/index.crates.io-6f17d22bba15001f/tokio-1.15.0/src/task/local.rs:559:9
[INFO] [stdout]   39:     0x56102f7415aa - <tokio::task::local::RunUntil<T> as core::future::future::Future>::poll::h0128610ec7ac50f2
[INFO] [stdout]                                at /opt/rustwide/cargo-home/registry/src/index.crates.io-6f17d22bba15001f/tokio-1.15.0/src/task/local.rs:632:9
[INFO] [stdout]   40:     0x56102f741446 - tokio::task::local::LocalSet::run_until::{{closure}}::hd196986ebe293324
[INFO] [stdout]                                at /opt/rustwide/cargo-home/registry/src/index.crates.io-6f17d22bba15001f/tokio-1.15.0/src/task/local.rs:505:18
[INFO] [stdout]   41:     0x56102f74a39b - <core::pin::Pin<P> as core::future::future::Future>::poll::he6304ec74013c592
[INFO] [stdout]                                at /rustc/1b7dd2252b99671ce5d1cb9664c5f8636329436d/library/core/src/future/future.rs:125:9
[INFO] [stdout]   42:     0x56102f754ba4 - tokio::runtime::basic_scheduler::Inner<P>::block_on::{{closure}}::{{closure}}::h4cf71eb5f19350c4
[INFO] [stdout]                                at /opt/rustwide/cargo-home/registry/src/index.crates.io-6f17d22bba15001f/tokio-1.15.0/src/runtime/basic_scheduler.rs:240:62
[INFO] [stdout]   43:     0x56102f75c890 - tokio::coop::with_budget::{{closure}}::hc92691049cebc147
[INFO] [stdout]                                at /opt/rustwide/cargo-home/registry/src/index.crates.io-6f17d22bba15001f/tokio-1.15.0/src/coop.rs:102:9
[INFO] [stdout]   44:     0x56102f74e6b9 - std::thread::local::LocalKey<T>::try_with::ha826535411c626b6
[INFO] [stdout]                                at /rustc/1b7dd2252b99671ce5d1cb9664c5f8636329436d/library/std/src/thread/local.rs:252:16
[INFO] [stdout]   45:     0x56102f74d28a - std::thread::local::LocalKey<T>::with::h9468c7259850c3af
[INFO] [stdout]                                at /rustc/1b7dd2252b99671ce5d1cb9664c5f8636329436d/library/std/src/thread/local.rs:228:9
[INFO] [stdout]   46:     0x56102f752acb - tokio::coop::with_budget::h3440b5db8a1bcb0b
[INFO] [stdout]                                at /opt/rustwide/cargo-home/registry/src/index.crates.io-6f17d22bba15001f/tokio-1.15.0/src/coop.rs:95:5
[INFO] [stdout]   47:     0x56102f752acb - tokio::coop::budget::haf895682e38fb187
[INFO] [stdout]                                at /opt/rustwide/cargo-home/registry/src/index.crates.io-6f17d22bba15001f/tokio-1.15.0/src/coop.rs:72:5
[INFO] [stdout]   48:     0x56102f752acb - tokio::runtime::basic_scheduler::Inner<P>::block_on::{{closure}}::h391203f916dc2f38
[INFO] [stdout]                                at /opt/rustwide/cargo-home/registry/src/index.crates.io-6f17d22bba15001f/tokio-1.15.0/src/runtime/basic_scheduler.rs:240:39
[INFO] [stdout]   49:     0x56102f7566d1 - tokio::runtime::basic_scheduler::enter::{{closure}}::h33fcc126f4d8aa24
[INFO] [stdout]                                at /opt/rustwide/cargo-home/registry/src/index.crates.io-6f17d22bba15001f/tokio-1.15.0/src/runtime/basic_scheduler.rs:349:29
[INFO] [stdout]   50:     0x56102f745b07 - tokio::macros::scoped_tls::ScopedKey<T>::set::hd9c75eee016c1e0f
[INFO] [stdout]                                at /opt/rustwide/cargo-home/registry/src/index.crates.io-6f17d22bba15001f/tokio-1.15.0/src/macros/scoped_tls.rs:61:9
[INFO] [stdout]   51:     0x56102f755ff0 - tokio::runtime::basic_scheduler::enter::h9416842e66ce3222
[INFO] [stdout]                                at /opt/rustwide/cargo-home/registry/src/index.crates.io-6f17d22bba15001f/tokio-1.15.0/src/runtime/basic_scheduler.rs:349:5
[INFO] [stdout]   52:     0x56102f75276b - tokio::runtime::basic_scheduler::Inner<P>::block_on::hfee7c9bc021ed522
[INFO] [stdout]                                at /opt/rustwide/cargo-home/registry/src/index.crates.io-6f17d22bba15001f/tokio-1.15.0/src/runtime/basic_scheduler.rs:230:9
[INFO] [stdout]   53:     0x56102f754f46 - tokio::runtime::basic_scheduler::InnerGuard<P>::block_on::he5b5c1cae1f96ae0
[INFO] [stdout]                                at /opt/rustwide/cargo-home/registry/src/index.crates.io-6f17d22bba15001f/tokio-1.15.0/src/runtime/basic_scheduler.rs:501:9
[INFO] [stdout]   54:     0x56102f755037 - tokio::runtime::basic_scheduler::BasicScheduler<P>::block_on::h1d71d73863456374
[INFO] [stdout]                                at /opt/rustwide/cargo-home/registry/src/index.crates.io-6f17d22bba15001f/tokio-1.15.0/src/runtime/basic_scheduler.rs:186:24
[INFO] [stdout]   55:     0x56102f767630 - tokio::runtime::Runtime::block_on::hae6aea23bae472dc
[INFO] [stdout]                                at /opt/rustwide/cargo-home/registry/src/index.crates.io-6f17d22bba15001f/tokio-1.15.0/src/runtime/mod.rs:461:46
[INFO] [stdout]   56:     0x56102f740be2 - tokio::task::local::LocalSet::block_on::ha56d44a3ebc2dd68
[INFO] [stdout]                                at /opt/rustwide/cargo-home/registry/src/index.crates.io-6f17d22bba15001f/tokio-1.15.0/src/task/local.rs:466:9
[INFO] [stdout]   57:     0x56102f75cd14 - actix_rt::runtime::Runtime::block_on::h98e9b5accdfbe16a
[INFO] [stdout]                                at /opt/rustwide/cargo-home/registry/src/index.crates.io-6f17d22bba15001f/actix-rt-2.6.0/src/runtime.rs:80:9
[INFO] [stdout]   58:     0x56102f7464ba - actix_rt::system::SystemRunner::block_on::hfd2b20cc7f811bce
[INFO] [stdout]                                at /opt/rustwide/cargo-home/registry/src/index.crates.io-6f17d22bba15001f/actix-rt-2.6.0/src/system.rs:209:9
[INFO] [stdout]   59:     0x56102f762442 - test::test_original_found::h0104366d8762367a
[INFO] [stdout]                                at /opt/rustwide/workdir/tests/test.rs:34:1
[INFO] [stdout]   60:     0x56102f7623f7 - test::test_original_found::{{closure}}::h1f76efa277b23687
[INFO] [stdout]                                at /opt/rustwide/workdir/tests/test.rs:34:1
[INFO] [stdout]   61:     0x56102f74a625 - core::ops::function::FnOnce::call_once::hf40bd9879cb5060f
[INFO] [stdout]                                at /rustc/1b7dd2252b99671ce5d1cb9664c5f8636329436d/library/core/src/ops/function.rs:250:5
[INFO] [stdout]   62:     0x56102f7a16df - core::ops::function::FnOnce::call_once::ha6a70e79f7481a7e
[INFO] [stdout]                                at /rustc/1b7dd2252b99671ce5d1cb9664c5f8636329436d/library/core/src/ops/function.rs:250:5
[INFO] [stdout]   63:     0x56102f7a16df - test::__rust_begin_short_backtrace::hce33033019b61e69
[INFO] [stdout]                                at /rustc/1b7dd2252b99671ce5d1cb9664c5f8636329436d/library/test/src/lib.rs:655:18
[INFO] [stdout]   64:     0x56102f76eecc - test::run_test::{{closure}}::h858d3528838ae3e5
[INFO] [stdout]                                at /rustc/1b7dd2252b99671ce5d1cb9664c5f8636329436d/library/test/src/lib.rs:646:30
[INFO] [stdout]   65:     0x56102f76eecc - core::ops::function::FnOnce::call_once{{vtable.shim}}::he8ac2b00f01ae79e
[INFO] [stdout]                                at /rustc/1b7dd2252b99671ce5d1cb9664c5f8636329436d/library/core/src/ops/function.rs:250:5
[INFO] [stdout]   66:     0x56102f7a07b6 - <alloc::boxed::Box<F,A> as core::ops::function::FnOnce<Args>>::call_once::h8093d25b522725ef
[INFO] [stdout]                                at /rustc/1b7dd2252b99671ce5d1cb9664c5f8636329436d/library/alloc/src/boxed.rs:1973:9
[INFO] [stdout]   67:     0x56102f7a07b6 - <core::panic::unwind_safe::AssertUnwindSafe<F> as core::ops::function::FnOnce<()>>::call_once::h5c334c204e4a3913
[INFO] [stdout]                                at /rustc/1b7dd2252b99671ce5d1cb9664c5f8636329436d/library/core/src/panic/unwind_safe.rs:271:9
[INFO] [stdout]   68:     0x56102f7a07b6 - std::panicking::try::do_call::ha8b740c7b9478074
[INFO] [stdout]                                at /rustc/1b7dd2252b99671ce5d1cb9664c5f8636329436d/library/std/src/panicking.rs:485:40
[INFO] [stdout]   69:     0x56102f7a07b6 - std::panicking::try::h5d34f63d0e41b64e
[INFO] [stdout]                                at /rustc/1b7dd2252b99671ce5d1cb9664c5f8636329436d/library/std/src/panicking.rs:449:19
[INFO] [stdout]   70:     0x56102f7a07b6 - std::panic::catch_unwind::hcfbb511e1aa7fc67
[INFO] [stdout]                                at /rustc/1b7dd2252b99671ce5d1cb9664c5f8636329436d/library/std/src/panic.rs:140:14
[INFO] [stdout]   71:     0x56102f7a07b6 - test::run_test_in_process::h9abda90f802eaf21
[INFO] [stdout]                                at /rustc/1b7dd2252b99671ce5d1cb9664c5f8636329436d/library/test/src/lib.rs:678:27
[INFO] [stdout]   72:     0x56102f7a07b6 - test::run_test::run_test_inner::{{closure}}::h0f058de91f6c6edf
[INFO] [stdout]                                at /rustc/1b7dd2252b99671ce5d1cb9664c5f8636329436d/library/test/src/lib.rs:572:39
[INFO] [stdout]   73:     0x56102f7696d5 - test::run_test::run_test_inner::{{closure}}::h5ca48a4c59c6c1fb
[INFO] [stdout]                                at /rustc/1b7dd2252b99671ce5d1cb9664c5f8636329436d/library/test/src/lib.rs:599:37
[INFO] [stdout]   74:     0x56102f7696d5 - std::sys_common::backtrace::__rust_begin_short_backtrace::h32bd51e1495d4a33
[INFO] [stdout]                                at /rustc/1b7dd2252b99671ce5d1cb9664c5f8636329436d/library/std/src/sys_common/backtrace.rs:134:18
[INFO] [stdout]   75:     0x56102f76ec11 - std::thread::Builder::spawn_unchecked_::{{closure}}::{{closure}}::hc086fae9b128b2db
[INFO] [stdout]                                at /rustc/1b7dd2252b99671ce5d1cb9664c5f8636329436d/library/std/src/thread/mod.rs:526:17
[INFO] [stdout]   76:     0x56102f76ec11 - <core::panic::unwind_safe::AssertUnwindSafe<F> as core::ops::function::FnOnce<()>>::call_once::hb66571888d270d43
[INFO] [stdout]                                at /rustc/1b7dd2252b99671ce5d1cb9664c5f8636329436d/library/core/src/panic/unwind_safe.rs:271:9
[INFO] [stdout]   77:     0x56102f76ec11 - std::panicking::try::do_call::h4fa2ef4f6e51fecf
[INFO] [stdout]                                at /rustc/1b7dd2252b99671ce5d1cb9664c5f8636329436d/library/std/src/panicking.rs:485:40
[INFO] [stdout]   78:     0x56102f76ec11 - std::panicking::try::h1e9e22b8584489b5
[INFO] [stdout]                                at /rustc/1b7dd2252b99671ce5d1cb9664c5f8636329436d/library/std/src/panicking.rs:449:19
[INFO] [stdout]   79:     0x56102f76ec11 - std::panic::catch_unwind::h44698a3de0e0769e
[INFO] [stdout]                                at /rustc/1b7dd2252b99671ce5d1cb9664c5f8636329436d/library/std/src/panic.rs:140:14
[INFO] [stdout]   80:     0x56102f76ec11 - std::thread::Builder::spawn_unchecked_::{{closure}}::h50153abde3fe239e
[INFO] [stdout]                                at /rustc/1b7dd2252b99671ce5d1cb9664c5f8636329436d/library/std/src/thread/mod.rs:525:30
[INFO] [stdout]   81:     0x56102f76ec11 - core::ops::function::FnOnce::call_once{{vtable.shim}}::hbe5bbf6f38394364
[INFO] [stdout]                                at /rustc/1b7dd2252b99671ce5d1cb9664c5f8636329436d/library/core/src/ops/function.rs:250:5
[INFO] [stdout]   82:     0x5610302e2b85 - <alloc::boxed::Box<F,A> as core::ops::function::FnOnce<Args>>::call_once::h0d83cb2920a49046
[INFO] [stdout]                                at /rustc/1b7dd2252b99671ce5d1cb9664c5f8636329436d/library/alloc/src/boxed.rs:1973:9
[INFO] [stdout]   83:     0x5610302e2b85 - <alloc::boxed::Box<F,A> as core::ops::function::FnOnce<Args>>::call_once::hbe0a008aa7d9ef59
[INFO] [stdout]                                at /rustc/1b7dd2252b99671ce5d1cb9664c5f8636329436d/library/alloc/src/boxed.rs:1973:9
[INFO] [stdout]   84:     0x5610302e2b85 - std::sys::unix::thread::Thread::new::thread_start::h3a466996bdf6b1f9
[INFO] [stdout]                                at /rustc/1b7dd2252b99671ce5d1cb9664c5f8636329436d/library/std/src/sys/unix/thread.rs:108:17
[INFO] [stdout]   85:     0x7f3574b35b43 - <unknown>
[INFO] [stdout]   86:     0x7f3574bc6bb4 - __clone
[INFO] [stdout]   87:                0x0 - <unknown>
[INFO] [stdout] 
[INFO] [stdout] ---- test_thumb_found stdout ----
[INFO] [stdout] thread 'test_thumb_found' panicked at 'THUMBTARO_BUCKET must be specified: NotPresent', src/lib.rs:54:47
[INFO] [stdout] stack backtrace:
[INFO] [stdout]    0:     0x5610302dc2ca - std::backtrace_rs::backtrace::libunwind::trace::h2f05d0192276a8f6
[INFO] [stdout]                                at /rustc/1b7dd2252b99671ce5d1cb9664c5f8636329436d/library/std/src/../../backtrace/src/backtrace/libunwind.rs:93:5
[INFO] [stdout]    1:     0x5610302dc2ca - std::backtrace_rs::backtrace::trace_unsynchronized::hedc23dff7a1af150
[INFO] [stdout]                                at /rustc/1b7dd2252b99671ce5d1cb9664c5f8636329436d/library/std/src/../../backtrace/src/backtrace/mod.rs:66:5
[INFO] [stdout]    2:     0x5610302dc2ca - std::sys_common::backtrace::_print_fmt::h17541ef7592f3ce2
[INFO] [stdout]                                at /rustc/1b7dd2252b99671ce5d1cb9664c5f8636329436d/library/std/src/sys_common/backtrace.rs:65:5
[INFO] [stdout]    3:     0x5610302dc2ca - <std::sys_common::backtrace::_print::DisplayBacktrace as core::fmt::Display>::fmt::h20f75df5ab0c0792
[INFO] [stdout]                                at /rustc/1b7dd2252b99671ce5d1cb9664c5f8636329436d/library/std/src/sys_common/backtrace.rs:44:22
[INFO] [stdout]    4:     0x56103030520f - core::fmt::write::h78109e6f466b3af6
[INFO] [stdout]                                at /rustc/1b7dd2252b99671ce5d1cb9664c5f8636329436d/library/core/src/fmt/mod.rs:1254:17
[INFO] [stdout]    5:     0x5610302d8915 - std::io::Write::write_fmt::hd24bfb68a1b35a25
[INFO] [stdout]                                at /rustc/1b7dd2252b99671ce5d1cb9664c5f8636329436d/library/std/src/io/mod.rs:1698:15
[INFO] [stdout]    6:     0x5610302dc095 - std::sys_common::backtrace::_print::h8dac57a9f8fbf9a5
[INFO] [stdout]                                at /rustc/1b7dd2252b99671ce5d1cb9664c5f8636329436d/library/std/src/sys_common/backtrace.rs:47:5
[INFO] [stdout]    7:     0x5610302dc095 - std::sys_common::backtrace::print::hf9ecbf41d1aa712f
[INFO] [stdout]                                at /rustc/1b7dd2252b99671ce5d1cb9664c5f8636329436d/library/std/src/sys_common/backtrace.rs:34:9
[INFO] [stdout]    8:     0x5610302ddd4e - std::panicking::default_hook::{{closure}}::h04c07acfc84ca028
[INFO] [stdout]                                at /rustc/1b7dd2252b99671ce5d1cb9664c5f8636329436d/library/std/src/panicking.rs:269:22
[INFO] [stdout]    9:     0x5610302dda81 - std::panicking::default_hook::h01f6bb23e1eceb2c
[INFO] [stdout]                                at /rustc/1b7dd2252b99671ce5d1cb9664c5f8636329436d/library/std/src/panicking.rs:285:9
[INFO] [stdout]   10:     0x56102f79c80b - <alloc::boxed::Box<F,A> as core::ops::function::Fn<Args>>::call::h87fe9f7b2fd49e4c
[INFO] [stdout]                                at /rustc/1b7dd2252b99671ce5d1cb9664c5f8636329436d/library/alloc/src/boxed.rs:1987:9
[INFO] [stdout]   11:     0x56102f79c80b - test::test_main::{{closure}}::he94d679243a7531b
[INFO] [stdout]                                at /rustc/1b7dd2252b99671ce5d1cb9664c5f8636329436d/library/test/src/lib.rs:134:21
[INFO] [stdout]   12:     0x5610302de434 - <alloc::boxed::Box<F,A> as core::ops::function::Fn<Args>>::call::h3f2d6d8b14c4769f
[INFO] [stdout]                                at /rustc/1b7dd2252b99671ce5d1cb9664c5f8636329436d/library/alloc/src/boxed.rs:1987:9
[INFO] [stdout]   13:     0x5610302de434 - std::panicking::rust_panic_with_hook::h2bb3722bbaf2f6df
[INFO] [stdout]                                at /rustc/1b7dd2252b99671ce5d1cb9664c5f8636329436d/library/std/src/panicking.rs:695:13
[INFO] [stdout]   14:     0x5610302de1a9 - std::panicking::begin_panic_handler::{{closure}}::h91bc7f36a4be011b
[INFO] [stdout]                                at /rustc/1b7dd2252b99671ce5d1cb9664c5f8636329436d/library/std/src/panicking.rs:582:13
[INFO] [stdout]   15:     0x5610302dc736 - std::sys_common::backtrace::__rust_end_short_backtrace::h8b3d3717114f9e59
[INFO] [stdout]                                at /rustc/1b7dd2252b99671ce5d1cb9664c5f8636329436d/library/std/src/sys_common/backtrace.rs:150:18
[INFO] [stdout]   16:     0x5610302ddf02 - rust_begin_unwind
[INFO] [stdout]                                at /rustc/1b7dd2252b99671ce5d1cb9664c5f8636329436d/library/std/src/panicking.rs:578:5
[INFO] [stdout]   17:     0x56102f737573 - core::panicking::panic_fmt::hfd368e3fbdabea26
[INFO] [stdout]                                at /rustc/1b7dd2252b99671ce5d1cb9664c5f8636329436d/library/core/src/panicking.rs:67:14
[INFO] [stdout]   18:     0x56102f737b13 - core::result::unwrap_failed::he54eb4b2f125b26f
[INFO] [stdout]                                at /rustc/1b7dd2252b99671ce5d1cb9664c5f8636329436d/library/core/src/result.rs:1687:5
[INFO] [stdout]   19:     0x56102facf106 - core::result::Result<T,E>::expect::hbc1333b269dc33fd
[INFO] [stdout]                                at /rustc/1b7dd2252b99671ce5d1cb9664c5f8636329436d/library/core/src/result.rs:1046:23
[INFO] [stdout]   20:     0x56102f7a65b6 - thumbtaro::try_download_thumbnail::{{closure}}::haa4215da1221dc8b
[INFO] [stdout]                                at /opt/rustwide/workdir/src/lib.rs:54:18
[INFO] [stdout]   21:     0x56102f7a843d - <thumbtaro::thumb as actix_web::service::HttpServiceFactory>::register::thumb::{{closure}}::h4d3054f6b34e6696
[INFO] [stdout]                                at /opt/rustwide/workdir/src/lib.rs:69:78
[INFO] [stdout]   22:     0x56102f7bdb14 - actix_web::handler::handler_service::{{closure}}::{{closure}}::h2fb3e616ad5bb5d3
[INFO] [stdout]                                at /opt/rustwide/cargo-home/registry/src/index.crates.io-6f17d22bba15001f/actix-web-4.0.0-beta.21/src/handler.rs:102:21
[INFO] [stdout]   23:     0x56102fdb4c1e - <core::pin::Pin<P> as core::future::future::Future>::poll::h5bae518e9d4eff0b
[INFO] [stdout]                                at /rustc/1b7dd2252b99671ce5d1cb9664c5f8636329436d/library/core/src/future/future.rs:125:9
[INFO] [stdout]   24:     0x56102fdc4547 - <actix_web::resource::Resource<T> as actix_web::service::HttpServiceFactory>::register::{{closure}}::{{closure}}::h3d55d22328807d78
[INFO] [stdout]                                at /opt/rustwide/cargo-home/registry/src/index.crates.io-6f17d22bba15001f/actix-web-4.0.0-beta.21/src/resource.rs:382:27
[INFO] [stdout]   25:     0x56102fdb4c1e - <core::pin::Pin<P> as core::future::future::Future>::poll::h5bae518e9d4eff0b
[INFO] [stdout]                                at /rustc/1b7dd2252b99671ce5d1cb9664c5f8636329436d/library/core/src/future/future.rs:125:9
[INFO] [stdout]   26:     0x56102f743367 - <actix_web::scope::Scope<T> as actix_web::service::HttpServiceFactory>::register::{{closure}}::{{closure}}::he3a84827a4ed586e
[INFO] [stdout]                                at /opt/rustwide/cargo-home/registry/src/index.crates.io-6f17d22bba15001f/actix-web-4.0.0-beta.21/src/scope.rs:429:27
[INFO] [stdout]   27:     0x56102fdb4c1e - <core::pin::Pin<P> as core::future::future::Future>::poll::h5bae518e9d4eff0b
[INFO] [stdout]                                at /rustc/1b7dd2252b99671ce5d1cb9664c5f8636329436d/library/core/src/future/future.rs:125:9
[INFO] [stdout]   28:     0x56102f7467f2 - actix_web::test::test_utils::call_service::{{closure}}::h63610be3a9aacd14
[INFO] [stdout]                                at /opt/rustwide/cargo-home/registry/src/index.crates.io-6f17d22bba15001f/actix-web-4.0.0-beta.21/src/test/test_utils.rs:99:9
[INFO] [stdout]   29:     0x56102f7632db - test::test_thumb_found::{{closure}}::h110349ed4a759a66
[INFO] [stdout]                                at /opt/rustwide/workdir/tests/test.rs:52:49
[INFO] [stdout]   30:     0x56102f741e20 - <tokio::task::local::RunUntil<T> as core::future::future::Future>::poll::{{closure}}::{{closure}}::hfe5efd0b75c75c3e
[INFO] [stdout]                                at /opt/rustwide/cargo-home/registry/src/index.crates.io-6f17d22bba15001f/tokio-1.15.0/src/task/local.rs:642:65
[INFO] [stdout]   31:     0x56102f75c630 - tokio::coop::with_budget::{{closure}}::hbfb91f1188967638
[INFO] [stdout]                                at /opt/rustwide/cargo-home/registry/src/index.crates.io-6f17d22bba15001f/tokio-1.15.0/src/coop.rs:102:9
[INFO] [stdout]   32:     0x56102f74de09 - std::thread::local::LocalKey<T>::try_with::h61cf804adfb2c67c
[INFO] [stdout]                                at /rustc/1b7dd2252b99671ce5d1cb9664c5f8636329436d/library/std/src/thread/local.rs:252:16
[INFO] [stdout]   33:     0x56102f74d06a - std::thread::local::LocalKey<T>::with::h00d4c8cd572809d2
[INFO] [stdout]                                at /rustc/1b7dd2252b99671ce5d1cb9664c5f8636329436d/library/std/src/thread/local.rs:228:9
[INFO] [stdout]   34:     0x56102f741a2f - tokio::coop::with_budget::h3531024c04d2e15f
[INFO] [stdout]                                at /opt/rustwide/cargo-home/registry/src/index.crates.io-6f17d22bba15001f/tokio-1.15.0/src/coop.rs:95:5
[INFO] [stdout]   35:     0x56102f741a2f - tokio::coop::budget::h01fc726325f20a40
[INFO] [stdout]                                at /opt/rustwide/cargo-home/registry/src/index.crates.io-6f17d22bba15001f/tokio-1.15.0/src/coop.rs:72:5
[INFO] [stdout]   36:     0x56102f741a2f - <tokio::task::local::RunUntil<T> as core::future::future::Future>::poll::{{closure}}::hab4de417053956c1
[INFO] [stdout]                                at /opt/rustwide/cargo-home/registry/src/index.crates.io-6f17d22bba15001f/tokio-1.15.0/src/task/local.rs:642:42
[INFO] [stdout]   37:     0x56102f7458e7 - tokio::macros::scoped_tls::ScopedKey<T>::set::h68118ab353a3e3ea
[INFO] [stdout]                                at /opt/rustwide/cargo-home/registry/src/index.crates.io-6f17d22bba15001f/tokio-1.15.0/src/macros/scoped_tls.rs:61:9
[INFO] [stdout]   38:     0x56102f740b77 - tokio::task::local::LocalSet::with::h29f724a1ff10969c
[INFO] [stdout]                                at /opt/rustwide/cargo-home/registry/src/index.crates.io-6f17d22bba15001f/tokio-1.15.0/src/task/local.rs:559:9
[INFO] [stdout]   39:     0x56102f74166a - <tokio::task::local::RunUntil<T> as core::future::future::Future>::poll::h8b994b28c96003ae
[INFO] [stdout]                                at /opt/rustwide/cargo-home/registry/src/index.crates.io-6f17d22bba15001f/tokio-1.15.0/src/task/local.rs:632:9
[INFO] [stdout]   40:     0x56102f740f86 - tokio::task::local::LocalSet::run_until::{{closure}}::hc145489067d4dbaf
[INFO] [stdout]                                at /opt/rustwide/cargo-home/registry/src/index.crates.io-6f17d22bba15001f/tokio-1.15.0/src/task/local.rs:505:18
[INFO] [stdout]   41:     0x56102f74a21b - <core::pin::Pin<P> as core::future::future::Future>::poll::h55f1c3299e4f3a6b
[INFO] [stdout]                                at /rustc/1b7dd2252b99671ce5d1cb9664c5f8636329436d/library/core/src/future/future.rs:125:9
[INFO] [stdout]   42:     0x56102f754da4 - tokio::runtime::basic_scheduler::Inner<P>::block_on::{{closure}}::{{closure}}::hffdc8e393705ea79
[INFO] [stdout]                                at /opt/rustwide/cargo-home/registry/src/index.crates.io-6f17d22bba15001f/tokio-1.15.0/src/runtime/basic_scheduler.rs:240:62
[INFO] [stdout]   43:     0x56102f75bde0 - tokio::coop::with_budget::{{closure}}::h219bd2753647c418
[INFO] [stdout]                                at /opt/rustwide/cargo-home/registry/src/index.crates.io-6f17d22bba15001f/tokio-1.15.0/src/coop.rs:102:9
[INFO] [stdout]   44:     0x56102f74e3d9 - std::thread::local::LocalKey<T>::try_with::h854ed1efcae412e1
[INFO] [stdout]                                at /rustc/1b7dd2252b99671ce5d1cb9664c5f8636329436d/library/std/src/thread/local.rs:252:16
[INFO] [stdout]   45:     0x56102f74d1aa - std::thread::local::LocalKey<T>::with::h3df001cfc9bfa3ed
[INFO] [stdout]                                at /rustc/1b7dd2252b99671ce5d1cb9664c5f8636329436d/library/std/src/thread/local.rs:228:9
[INFO] [stdout]   46:     0x56102f7541eb - tokio::coop::with_budget::h858a03920095b9bb
[INFO] [stdout]                                at /opt/rustwide/cargo-home/registry/src/index.crates.io-6f17d22bba15001f/tokio-1.15.0/src/coop.rs:95:5
[INFO] [stdout]   47:     0x56102f7541eb - tokio::coop::budget::h3740bf4e57d598ac
[INFO] [stdout]                                at /opt/rustwide/cargo-home/registry/src/index.crates.io-6f17d22bba15001f/tokio-1.15.0/src/coop.rs:72:5
[INFO] [stdout]   48:     0x56102f7541eb - tokio::runtime::basic_scheduler::Inner<P>::block_on::{{closure}}::h9a018e29f497ecd5
[INFO] [stdout]                                at /opt/rustwide/cargo-home/registry/src/index.crates.io-6f17d22bba15001f/tokio-1.15.0/src/runtime/basic_scheduler.rs:240:39
[INFO] [stdout]   49:     0x56102f756711 - tokio::runtime::basic_scheduler::enter::{{closure}}::h7afae5ec19cd0ac3
[INFO] [stdout]                                at /opt/rustwide/cargo-home/registry/src/index.crates.io-6f17d22bba15001f/tokio-1.15.0/src/runtime/basic_scheduler.rs:349:29
[INFO] [stdout]   50:     0x56102f7456d7 - tokio::macros::scoped_tls::ScopedKey<T>::set::h22fca7d6c116c6aa
[INFO] [stdout]                                at /opt/rustwide/cargo-home/registry/src/index.crates.io-6f17d22bba15001f/tokio-1.15.0/src/macros/scoped_tls.rs:61:9
[INFO] [stdout]   51:     0x56102f756650 - tokio::runtime::basic_scheduler::enter::hca1aa010fff8d7e5
[INFO] [stdout]                                at /opt/rustwide/cargo-home/registry/src/index.crates.io-6f17d22bba15001f/tokio-1.15.0/src/runtime/basic_scheduler.rs:349:5
[INFO] [stdout]   52:     0x56102f75274b - tokio::runtime::basic_scheduler::Inner<P>::block_on::h9f3d5c43ce310ea4
[INFO] [stdout]                                at /opt/rustwide/cargo-home/registry/src/index.crates.io-6f17d22bba15001f/tokio-1.15.0/src/runtime/basic_scheduler.rs:230:9
[INFO] [stdout]   53:     0x56102f754e26 - tokio::runtime::basic_scheduler::InnerGuard<P>::block_on::h585076e1742b9956
[INFO] [stdout]                                at /opt/rustwide/cargo-home/registry/src/index.crates.io-6f17d22bba15001f/tokio-1.15.0/src/runtime/basic_scheduler.rs:501:9
[INFO] [stdout]   54:     0x56102f7553f7 - tokio::runtime::basic_scheduler::BasicScheduler<P>::block_on::h3fe13b0042882b4c
[INFO] [stdout]                                at /opt/rustwide/cargo-home/registry/src/index.crates.io-6f17d22bba15001f/tokio-1.15.0/src/runtime/basic_scheduler.rs:186:24
[INFO] [stdout]   55:     0x56102f767750 - tokio::runtime::Runtime::block_on::hf7c13f5f4126d051
[INFO] [stdout]                                at /opt/rustwide/cargo-home/registry/src/index.crates.io-6f17d22bba15001f/tokio-1.15.0/src/runtime/mod.rs:461:46
[INFO] [stdout]   56:     0x56102f740c82 - tokio::task::local::LocalSet::block_on::he8fa99b71dd90eeb
[INFO] [stdout]                                at /opt/rustwide/cargo-home/registry/src/index.crates.io-6f17d22bba15001f/tokio-1.15.0/src/task/local.rs:466:9
[INFO] [stdout]   57:     0x56102f75cd54 - actix_rt::runtime::Runtime::block_on::hfed7cd6f4fa703d8
[INFO] [stdout]                                at /opt/rustwide/cargo-home/registry/src/index.crates.io-6f17d22bba15001f/actix-rt-2.6.0/src/runtime.rs:80:9
[INFO] [stdout]   58:     0x56102f74649a - actix_rt::system::SystemRunner::block_on::h1b09831e1a58c13d
[INFO] [stdout]                                at /opt/rustwide/cargo-home/registry/src/index.crates.io-6f17d22bba15001f/actix-rt-2.6.0/src/system.rs:209:9
[INFO] [stdout]   59:     0x56102f762cd2 - test::test_thumb_found::h6aeab07c8a398b73
[INFO] [stdout]                                at /opt/rustwide/workdir/tests/test.rs:46:1
[INFO] [stdout]   60:     0x56102f762c87 - test::test_thumb_found::{{closure}}::h5a55fa07912f9739
[INFO] [stdout]                                at /opt/rustwide/workdir/tests/test.rs:46:1
[INFO] [stdout]   61:     0x56102f74a585 - core::ops::function::FnOnce::call_once::h98540c05354082a4
[INFO] [stdout]                                at /rustc/1b7dd2252b99671ce5d1cb9664c5f8636329436d/library/core/src/ops/function.rs:250:5
[INFO] [stdout]   62:     0x56102f7a16df - core::ops::function::FnOnce::call_once::ha6a70e79f7481a7e
[INFO] [stdout]                                at /rustc/1b7dd2252b99671ce5d1cb9664c5f8636329436d/library/core/src/ops/function.rs:250:5
[INFO] [stdout]   63:     0x56102f7a16df - test::__rust_begin_short_backtrace::hce33033019b61e69
[INFO] [stdout]                                at /rustc/1b7dd2252b99671ce5d1cb9664c5f8636329436d/library/test/src/lib.rs:655:18
[INFO] [stdout]   64:     0x56102f76eecc - test::run_test::{{closure}}::h858d3528838ae3e5
[INFO] [stdout]                                at /rustc/1b7dd2252b99671ce5d1cb9664c5f8636329436d/library/test/src/lib.rs:646:30
[INFO] [stdout]   65:     0x56102f76eecc - core::ops::function::FnOnce::call_once{{vtable.shim}}::he8ac2b00f01ae79e
[INFO] [stdout]                                at /rustc/1b7dd2252b99671ce5d1cb9664c5f8636329436d/library/core/src/ops/function.rs:250:5
[INFO] [stdout]   66:     0x56102f7a07b6 - <alloc::boxed::Box<F,A> as core::ops::function::FnOnce<Args>>::call_once::h8093d25b522725ef
[INFO] [stdout]                                at /rustc/1b7dd2252b99671ce5d1cb9664c5f8636329436d/library/alloc/src/boxed.rs:1973:9
[INFO] [stdout]   67:     0x56102f7a07b6 - <core::panic::unwind_safe::AssertUnwindSafe<F> as core::ops::function::FnOnce<()>>::call_once::h5c334c204e4a3913
[INFO] [stdout]                                at /rustc/1b7dd2252b99671ce5d1cb9664c5f8636329436d/library/core/src/panic/unwind_safe.rs:271:9
[INFO] [stdout]   68:     0x56102f7a07b6 - std::panicking::try::do_call::ha8b740c7b9478074
[INFO] [stdout]                                at /rustc/1b7dd2252b99671ce5d1cb9664c5f8636329436d/library/std/src/panicking.rs:485:40
[INFO] [stdout]   69:     0x56102f7a07b6 - std::panicking::try::h5d34f63d0e41b64e
[INFO] [stdout]                                at /rustc/1b7dd2252b99671ce5d1cb9664c5f8636329436d/library/std/src/panicking.rs:449:19
[INFO] [stdout]   70:     0x56102f7a07b6 - std::panic::catch_unwind::hcfbb511e1aa7fc67
[INFO] [stdout]                                at /rustc/1b7dd2252b99671ce5d1cb9664c5f8636329436d/library/std/src/panic.rs:140:14
[INFO] [stdout]   71:     0x56102f7a07b6 - test::run_test_in_process::h9abda90f802eaf21
[INFO] [stdout]                                at /rustc/1b7dd2252b99671ce5d1cb9664c5f8636329436d/library/test/src/lib.rs:678:27
[INFO] [stdout]   72:     0x56102f7a07b6 - test::run_test::run_test_inner::{{closure}}::h0f058de91f6c6edf
[INFO] [stdout]                                at /rustc/1b7dd2252b99671ce5d1cb9664c5f8636329436d/library/test/src/lib.rs:572:39
[INFO] [stdout]   73:     0x56102f7696d5 - test::run_test::run_test_inner::{{closure}}::h5ca48a4c59c6c1fb
[INFO] [stdout]                                at /rustc/1b7dd2252b99671ce5d1cb9664c5f8636329436d/library/test/src/lib.rs:599:37
[INFO] [stdout]   74:     0x56102f7696d5 - std::sys_common::backtrace::__rust_begin_short_backtrace::h32bd51e1495d4a33
[INFO] [stdout]                                at /rustc/1b7dd2252b99671ce5d1cb9664c5f8636329436d/library/std/src/sys_common/backtrace.rs:134:18
[INFO] [stdout]   75:     0x56102f76ec11 - std::thread::Builder::spawn_unchecked_::{{closure}}::{{closure}}::hc086fae9b128b2db
[INFO] [stdout]                                at /rustc/1b7dd2252b99671ce5d1cb9664c5f8636329436d/library/std/src/thread/mod.rs:526:17
[INFO] [stdout]   76:     0x56102f76ec11 - <core::panic::unwind_safe::AssertUnwindSafe<F> as core::ops::function::FnOnce<()>>::call_once::hb66571888d270d43
[INFO] [stdout]                                at /rustc/1b7dd2252b99671ce5d1cb9664c5f8636329436d/library/core/src/panic/unwind_safe.rs:271:9
[INFO] [stdout]   77:     0x56102f76ec11 - std::panicking::try::do_call::h4fa2ef4f6e51fecf
[INFO] [stdout]                                at /rustc/1b7dd2252b99671ce5d1cb9664c5f8636329436d/library/std/src/panicking.rs:485:40
[INFO] [stdout]   78:     0x56102f76ec11 - std::panicking::try::h1e9e22b8584489b5
[INFO] [stdout]                                at /rustc/1b7dd2252b99671ce5d1cb9664c5f8636329436d/library/std/src/panicking.rs:449:19
[INFO] [stdout]   79:     0x56102f76ec11 - std::panic::catch_unwind::h44698a3de0e0769e
[INFO] [stdout]                                at /rustc/1b7dd2252b99671ce5d1cb9664c5f8636329436d/library/std/src/panic.rs:140:14
[INFO] [stdout]   80:     0x56102f76ec11 - std::thread::Builder::spawn_unchecked_::{{closure}}::h50153abde3fe239e
[INFO] [stdout]                                at /rustc/1b7dd2252b99671ce5d1cb9664c5f8636329436d/library/std/src/thread/mod.rs:525:30
[INFO] [stdout]   81:     0x56102f76ec11 - core::ops::function::FnOnce::call_once{{vtable.shim}}::hbe5bbf6f38394364
[INFO] [stdout]                                at /rustc/1b7dd2252b99671ce5d1cb9664c5f8636329436d/library/core/src/ops/function.rs:250:5
[INFO] [stdout]   82:     0x5610302e2b85 - <alloc::boxed::Box<F,A> as core::ops::function::FnOnce<Args>>::call_once::h0d83cb2920a49046
[INFO] [stdout]                                at /rustc/1b7dd2252b99671ce5d1cb9664c5f8636329436d/library/alloc/src/boxed.rs:1973:9
[INFO] [stdout]   83:     0x5610302e2b85 - <alloc::boxed::Box<F,A> as core::ops::function::FnOnce<Args>>::call_once::hbe0a008aa7d9ef59
[INFO] [stdout]                                at /rustc/1b7dd2252b99671ce5d1cb9664c5f8636329436d/library/alloc/src/boxed.rs:1973:9
[INFO] [stdout]   84:     0x5610302e2b85 - std::sys::unix::thread::Thread::new::thread_start::h3a466996bdf6b1f9
[INFO] [stdout]                                at /rustc/1b7dd2252b99671ce5d1cb9664c5f8636329436d/library/std/src/sys/unix/thread.rs:108:17
[INFO] [stdout]   85:     0x7f3574b35b43 - <unknown>
[INFO] [stdout]   86:     0x7f3574bc6bb4 - __clone
[INFO] [stdout]   87:                0x0 - <unknown>
[INFO] [stdout] 
[INFO] [stdout] 
[INFO] [stdout] failures:
[INFO] [stdout]     test_original_found
[INFO] [stdout]     test_original_not_found
[INFO] [stdout]     test_thumb_found
[INFO] [stdout] 
[INFO] [stdout] test result: FAILED. 0 passed; 3 failed; 0 ignored; 0 measured; 0 filtered out; finished in 0.06s
[INFO] [stdout] 
[INFO] [stderr] error: test failed, to rerun pass `--test test`
[INFO] running `Command { std: "docker" "inspect" "4330790049ddb43e6c19e510438ee8d28f37ef9252a9c4dc894caf6af6853094", kill_on_drop: false }`
[INFO] running `Command { std: "docker" "rm" "-f" "4330790049ddb43e6c19e510438ee8d28f37ef9252a9c4dc894caf6af6853094", kill_on_drop: false }`
[INFO] [stdout] 4330790049ddb43e6c19e510438ee8d28f37ef9252a9c4dc894caf6af6853094
