[INFO] cloning repository https://github.com/tuzz/starlight
[INFO] running `Command { std: "git" "-c" "credential.helper=" "-c" "credential.helper=/workspace/cargo-home/bin/git-credential-null" "clone" "--bare" "https://github.com/tuzz/starlight" "/workspace/cache/git-repos/https%3A%2F%2Fgithub.com%2Ftuzz%2Fstarlight", kill_on_drop: false }`
[INFO] [stderr] Cloning into bare repository '/workspace/cache/git-repos/https%3A%2F%2Fgithub.com%2Ftuzz%2Fstarlight'...
[INFO] running `Command { std: "git" "rev-parse" "HEAD", kill_on_drop: false }`
[INFO] [stdout] 40639c02fb48235a5100d96d87a5de3db511bf80
[INFO] testing tuzz/starlight against 1.69.0 for beta-1.70-1
[INFO] running `Command { std: "git" "clone" "/workspace/cache/git-repos/https%3A%2F%2Fgithub.com%2Ftuzz%2Fstarlight" "/workspace/builds/worker-6-tc1/source", kill_on_drop: false }`
[INFO] [stderr] Cloning into '/workspace/builds/worker-6-tc1/source'...
[INFO] [stderr] done.
[INFO] validating manifest of git repo https://github.com/tuzz/starlight on toolchain 1.69.0
[INFO] running `Command { std: CARGO_HOME="/workspace/cargo-home" RUSTUP_HOME="/workspace/rustup-home" "/workspace/cargo-home/bin/cargo" "+1.69.0" "metadata" "--manifest-path" "Cargo.toml" "--no-deps", kill_on_drop: false }`
[INFO] started tweaking git repo https://github.com/tuzz/starlight
[INFO] finished tweaking git repo https://github.com/tuzz/starlight
[INFO] tweaked toml for git repo https://github.com/tuzz/starlight written to /workspace/builds/worker-6-tc1/source/Cargo.toml
[INFO] crate git repo https://github.com/tuzz/starlight already has a lockfile, it will not be regenerated
[INFO] running `Command { std: CARGO_HOME="/workspace/cargo-home" RUSTUP_HOME="/workspace/rustup-home" "/workspace/cargo-home/bin/cargo" "+1.69.0" "fetch" "--manifest-path" "Cargo.toml", kill_on_drop: false }`
[INFO] running `Command { std: "docker" "create" "-v" "/var/lib/crater-agent-workspace/builds/worker-6-tc1/target:/opt/rustwide/target:rw,Z" "-v" "/var/lib/crater-agent-workspace/builds/worker-6-tc1/source:/opt/rustwide/workdir:ro,Z" "-v" "/var/lib/crater-agent-workspace/cargo-home:/opt/rustwide/cargo-home:ro,Z" "-v" "/var/lib/crater-agent-workspace/rustup-home:/opt/rustwide/rustup-home:ro,Z" "-e" "SOURCE_DIR=/opt/rustwide/workdir" "-e" "CARGO_TARGET_DIR=/opt/rustwide/target" "-e" "CARGO_HOME=/opt/rustwide/cargo-home" "-e" "RUSTUP_HOME=/opt/rustwide/rustup-home" "-w" "/opt/rustwide/workdir" "-m" "1610612736" "--user" "0:0" "--network" "none" "ghcr.io/rust-lang/crates-build-env/linux@sha256:5ff2268d62e97bff2cde7d5815dd6ed5b47097566f13b8d0ca110b04b60e07ed" "/opt/rustwide/cargo-home/bin/cargo" "+1.69.0" "metadata" "--no-deps" "--format-version=1", kill_on_drop: false }`
[INFO] [stdout] d886ade7929f1604436e9f125b907b7a981d9f890874822ede4afde2e92e70e2
[INFO] running `Command { std: "docker" "start" "-a" "d886ade7929f1604436e9f125b907b7a981d9f890874822ede4afde2e92e70e2", kill_on_drop: false }`
[INFO] running `Command { std: "docker" "inspect" "d886ade7929f1604436e9f125b907b7a981d9f890874822ede4afde2e92e70e2", kill_on_drop: false }`
[INFO] running `Command { std: "docker" "rm" "-f" "d886ade7929f1604436e9f125b907b7a981d9f890874822ede4afde2e92e70e2", kill_on_drop: false }`
[INFO] [stdout] d886ade7929f1604436e9f125b907b7a981d9f890874822ede4afde2e92e70e2
[INFO] running `Command { std: "docker" "create" "-v" "/var/lib/crater-agent-workspace/builds/worker-6-tc1/target:/opt/rustwide/target:rw,Z" "-v" "/var/lib/crater-agent-workspace/builds/worker-6-tc1/source:/opt/rustwide/workdir:ro,Z" "-v" "/var/lib/crater-agent-workspace/cargo-home:/opt/rustwide/cargo-home:ro,Z" "-v" "/var/lib/crater-agent-workspace/rustup-home:/opt/rustwide/rustup-home:ro,Z" "-e" "SOURCE_DIR=/opt/rustwide/workdir" "-e" "CARGO_TARGET_DIR=/opt/rustwide/target" "-e" "CARGO_INCREMENTAL=0" "-e" "RUST_BACKTRACE=full" "-e" "RUSTFLAGS=--cap-lints=warn" "-e" "RUSTDOCFLAGS=--cap-lints=warn" "-e" "CARGO_HOME=/opt/rustwide/cargo-home" "-e" "RUSTUP_HOME=/opt/rustwide/rustup-home" "-w" "/opt/rustwide/workdir" "-m" "1610612736" "--user" "0:0" "--network" "none" "ghcr.io/rust-lang/crates-build-env/linux@sha256:5ff2268d62e97bff2cde7d5815dd6ed5b47097566f13b8d0ca110b04b60e07ed" "/opt/rustwide/cargo-home/bin/cargo" "+1.69.0" "build" "--frozen" "--message-format=json", kill_on_drop: false }`
[INFO] [stdout] 4602f259d72b6da728c3018f02fb681c4ace57e24301ab073399f1bd54d02bfe
[INFO] running `Command { std: "docker" "start" "-a" "4602f259d72b6da728c3018f02fb681c4ace57e24301ab073399f1bd54d02bfe", kill_on_drop: false }`
[INFO] [stderr]    Compiling num-traits v0.2.6
[INFO] [stderr]    Compiling byteorder v1.3.1
[INFO] [stderr]    Compiling num-integer v0.1.39
[INFO] [stderr]    Compiling adler32 v1.0.3
[INFO] [stderr]    Compiling num-iter v0.1.37
[INFO] [stderr]    Compiling bitflags v1.0.4
[INFO] [stderr]    Compiling inflate v0.4.5
[INFO] [stderr]    Compiling deflate v0.7.19
[INFO] [stderr]    Compiling png v0.14.0
[INFO] [stderr]    Compiling starlight v0.1.0 (/opt/rustwide/workdir)
[INFO] [stdout] warning: method `lerp` is never used
[INFO] [stdout]   --> src/vector/mod.rs:27:12
[INFO] [stdout]    |
[INFO] [stdout] 27 |     pub fn lerp(&self, other: Self, t: f64) -> Self {
[INFO] [stdout]    |            ^^^^
[INFO] [stdout]    |
[INFO] [stdout]    = note: `#[warn(dead_code)]` on by default
[INFO] [stdout] 
[INFO] [stdout] 
[INFO] [stdout] warning: method `get` is never used
[INFO] [stdout]   --> src/image/mod.rs:22:12
[INFO] [stdout]    |
[INFO] [stdout] 22 |     pub fn get(&self, x: usize, y: usize) -> Vector {
[INFO] [stdout]    |            ^^^
[INFO] [stdout] 
[INFO] [stdout] 
[INFO] [stdout] warning: 2 warnings emitted
[INFO] [stdout] 
[INFO] [stdout] 
[INFO] [stderr]     Finished dev [unoptimized + debuginfo] target(s) in 1.88s
[INFO] running `Command { std: "docker" "inspect" "4602f259d72b6da728c3018f02fb681c4ace57e24301ab073399f1bd54d02bfe", kill_on_drop: false }`
[INFO] running `Command { std: "docker" "rm" "-f" "4602f259d72b6da728c3018f02fb681c4ace57e24301ab073399f1bd54d02bfe", kill_on_drop: false }`
[INFO] [stdout] 4602f259d72b6da728c3018f02fb681c4ace57e24301ab073399f1bd54d02bfe
[INFO] running `Command { std: "docker" "create" "-v" "/var/lib/crater-agent-workspace/builds/worker-6-tc1/target:/opt/rustwide/target:rw,Z" "-v" "/var/lib/crater-agent-workspace/builds/worker-6-tc1/source:/opt/rustwide/workdir:ro,Z" "-v" "/var/lib/crater-agent-workspace/cargo-home:/opt/rustwide/cargo-home:ro,Z" "-v" "/var/lib/crater-agent-workspace/rustup-home:/opt/rustwide/rustup-home:ro,Z" "-e" "SOURCE_DIR=/opt/rustwide/workdir" "-e" "CARGO_TARGET_DIR=/opt/rustwide/target" "-e" "CARGO_INCREMENTAL=0" "-e" "RUST_BACKTRACE=full" "-e" "RUSTFLAGS=--cap-lints=warn" "-e" "RUSTDOCFLAGS=--cap-lints=warn" "-e" "CARGO_HOME=/opt/rustwide/cargo-home" "-e" "RUSTUP_HOME=/opt/rustwide/rustup-home" "-w" "/opt/rustwide/workdir" "-m" "1610612736" "--user" "0:0" "--network" "none" "ghcr.io/rust-lang/crates-build-env/linux@sha256:5ff2268d62e97bff2cde7d5815dd6ed5b47097566f13b8d0ca110b04b60e07ed" "/opt/rustwide/cargo-home/bin/cargo" "+1.69.0" "test" "--frozen" "--no-run" "--message-format=json", kill_on_drop: false }`
[INFO] [stdout] 5f77b127e6681dc8e26d6555c09896180379c4286bd24c3113e83f9ee274c78b
[INFO] running `Command { std: "docker" "start" "-a" "5f77b127e6681dc8e26d6555c09896180379c4286bd24c3113e83f9ee274c78b", kill_on_drop: false }`
[INFO] [stderr]    Compiling starlight v0.1.0 (/opt/rustwide/workdir)
[INFO] [stdout] warning: unused variable: `subject`
[INFO] [stdout]   --> src/integrator/test.rs:58:13
[INFO] [stdout]    |
[INFO] [stdout] 58 |         let subject = Subject::new(camera());
[INFO] [stdout]    |             ^^^^^^^ help: if this is intentional, prefix it with an underscore: `_subject`
[INFO] [stdout]    |
[INFO] [stdout]    = note: `#[warn(unused_variables)]` on by default
[INFO] [stdout] 
[INFO] [stdout] 
[INFO] [stdout] warning: unused variable: `subject`
[INFO] [stdout]   --> src/integrator/test.rs:70:13
[INFO] [stdout]    |
[INFO] [stdout] 70 |         let subject = Subject::new(camera());
[INFO] [stdout]    |             ^^^^^^^ help: if this is intentional, prefix it with an underscore: `_subject`
[INFO] [stdout] 
[INFO] [stdout] 
[INFO] [stdout] warning: unused variable: `subject`
[INFO] [stdout]   --> src/integrator/test.rs:85:13
[INFO] [stdout]    |
[INFO] [stdout] 85 |         let subject = Subject::new(camera());
[INFO] [stdout]    |             ^^^^^^^ help: if this is intentional, prefix it with an underscore: `_subject`
[INFO] [stdout] 
[INFO] [stdout] 
[INFO] [stdout] warning: unused variable: `subject`
[INFO] [stdout]   --> src/integrator/test.rs:97:13
[INFO] [stdout]    |
[INFO] [stdout] 97 |         let subject = Subject::new(camera());
[INFO] [stdout]    |             ^^^^^^^ help: if this is intentional, prefix it with an underscore: `_subject`
[INFO] [stdout] 
[INFO] [stdout] 
[INFO] [stdout] warning: function `it_builds_an_image_with_a_two_dimensional_array_of_pixel_colors` is never used
[INFO] [stdout]  --> src/image/test.rs:9:8
[INFO] [stdout]   |
[INFO] [stdout] 9 |     fn it_builds_an_image_with_a_two_dimensional_array_of_pixel_colors() {
[INFO] [stdout]   |        ^^^^^^^^^^^^^^^^^^^^^^^^^^^^^^^^^^^^^^^^^^^^^^^^^^^^^^^^^^^^^^^
[INFO] [stdout]   |
[INFO] [stdout]   = note: `#[warn(dead_code)]` on by default
[INFO] [stdout] 
[INFO] [stdout] 
[INFO] [stdout] warning: function `it_sets_the_pixel_colors_to_black` is never used
[INFO] [stdout]   --> src/image/test.rs:19:8
[INFO] [stdout]    |
[INFO] [stdout] 19 |     fn it_sets_the_pixel_colors_to_black() {
[INFO] [stdout]    |        ^^^^^^^^^^^^^^^^^^^^^^^^^^^^^^^^^
[INFO] [stdout] 
[INFO] [stdout] 
[INFO] [stdout] warning: function `it_sets_the_color_of_a_pixel` is never used
[INFO] [stdout]   --> src/image/test.rs:29:8
[INFO] [stdout]    |
[INFO] [stdout] 29 |     fn it_sets_the_color_of_a_pixel() {
[INFO] [stdout]    |        ^^^^^^^^^^^^^^^^^^^^^^^^^^^^
[INFO] [stdout] 
[INFO] [stdout] 
[INFO] [stdout] warning: 7 warnings emitted
[INFO] [stdout] 
[INFO] [stdout] 
[INFO] [stderr]     Finished test [unoptimized + debuginfo] target(s) in 0.57s
[INFO] running `Command { std: "docker" "inspect" "5f77b127e6681dc8e26d6555c09896180379c4286bd24c3113e83f9ee274c78b", kill_on_drop: false }`
[INFO] running `Command { std: "docker" "rm" "-f" "5f77b127e6681dc8e26d6555c09896180379c4286bd24c3113e83f9ee274c78b", kill_on_drop: false }`
[INFO] [stdout] 5f77b127e6681dc8e26d6555c09896180379c4286bd24c3113e83f9ee274c78b
[INFO] running `Command { std: "docker" "create" "-v" "/var/lib/crater-agent-workspace/builds/worker-6-tc1/target:/opt/rustwide/target:rw,Z" "-v" "/var/lib/crater-agent-workspace/builds/worker-6-tc1/source:/opt/rustwide/workdir:ro,Z" "-v" "/var/lib/crater-agent-workspace/cargo-home:/opt/rustwide/cargo-home:ro,Z" "-v" "/var/lib/crater-agent-workspace/rustup-home:/opt/rustwide/rustup-home:ro,Z" "-e" "SOURCE_DIR=/opt/rustwide/workdir" "-e" "CARGO_TARGET_DIR=/opt/rustwide/target" "-e" "CARGO_INCREMENTAL=0" "-e" "RUST_BACKTRACE=full" "-e" "RUSTFLAGS=--cap-lints=warn" "-e" "RUSTDOCFLAGS=--cap-lints=warn" "-e" "CARGO_HOME=/opt/rustwide/cargo-home" "-e" "RUSTUP_HOME=/opt/rustwide/rustup-home" "-w" "/opt/rustwide/workdir" "-m" "1610612736" "--user" "0:0" "--network" "none" "ghcr.io/rust-lang/crates-build-env/linux@sha256:5ff2268d62e97bff2cde7d5815dd6ed5b47097566f13b8d0ca110b04b60e07ed" "/opt/rustwide/cargo-home/bin/cargo" "+1.69.0" "test" "--frozen", kill_on_drop: false }`
[INFO] [stdout] 1b8b3130adba85a328ea3b6a78678966fef1a74dc73d0db0e054f477824e86f5
[INFO] running `Command { std: "docker" "start" "-a" "1b8b3130adba85a328ea3b6a78678966fef1a74dc73d0db0e054f477824e86f5", kill_on_drop: false }`
[INFO] [stderr] warning: unused variable: `subject`
[INFO] [stderr]   --> src/integrator/test.rs:58:13
[INFO] [stderr]    |
[INFO] [stderr] 58 |         let subject = Subject::new(camera());
[INFO] [stderr]    |             ^^^^^^^ help: if this is intentional, prefix it with an underscore: `_subject`
[INFO] [stderr]    |
[INFO] [stderr]    = note: `#[warn(unused_variables)]` on by default
[INFO] [stderr] 
[INFO] [stderr] warning: unused variable: `subject`
[INFO] [stderr]   --> src/integrator/test.rs:70:13
[INFO] [stderr]    |
[INFO] [stderr] 70 |         let subject = Subject::new(camera());
[INFO] [stderr]    |             ^^^^^^^ help: if this is intentional, prefix it with an underscore: `_subject`
[INFO] [stderr] 
[INFO] [stderr] warning: unused variable: `subject`
[INFO] [stderr]   --> src/integrator/test.rs:85:13
[INFO] [stderr]    |
[INFO] [stderr] 85 |         let subject = Subject::new(camera());
[INFO] [stderr]    |             ^^^^^^^ help: if this is intentional, prefix it with an underscore: `_subject`
[INFO] [stderr] 
[INFO] [stderr] warning: unused variable: `subject`
[INFO] [stderr]   --> src/integrator/test.rs:97:13
[INFO] [stderr]    |
[INFO] [stderr] 97 |         let subject = Subject::new(camera());
[INFO] [stderr]    |             ^^^^^^^ help: if this is intentional, prefix it with an underscore: `_subject`
[INFO] [stderr] 
[INFO] [stderr] warning: function `it_builds_an_image_with_a_two_dimensional_array_of_pixel_colors` is never used
[INFO] [stderr]  --> src/image/test.rs:9:8
[INFO] [stderr]   |
[INFO] [stderr] 9 |     fn it_builds_an_image_with_a_two_dimensional_array_of_pixel_colors() {
[INFO] [stderr]   |        ^^^^^^^^^^^^^^^^^^^^^^^^^^^^^^^^^^^^^^^^^^^^^^^^^^^^^^^^^^^^^^^
[INFO] [stderr]   |
[INFO] [stderr]   = note: `#[warn(dead_code)]` on by default
[INFO] [stderr] 
[INFO] [stderr] warning: function `it_sets_the_pixel_colors_to_black` is never used
[INFO] [stderr]   --> src/image/test.rs:19:8
[INFO] [stderr]    |
[INFO] [stderr] 19 |     fn it_sets_the_pixel_colors_to_black() {
[INFO] [stderr]    |        ^^^^^^^^^^^^^^^^^^^^^^^^^^^^^^^^^
[INFO] [stderr] 
[INFO] [stderr] warning: function `it_sets_the_color_of_a_pixel` is never used
[INFO] [stderr]   --> src/image/test.rs:29:8
[INFO] [stderr]    |
[INFO] [stderr] 29 |     fn it_sets_the_color_of_a_pixel() {
[INFO] [stderr]    |        ^^^^^^^^^^^^^^^^^^^^^^^^^^^^
[INFO] [stderr] 
[INFO] [stderr] warning: `starlight` (bin "starlight" test) generated 7 warnings (run `cargo fix --bin "starlight" --tests` to apply 4 suggestions)
[INFO] [stderr]     Finished test [unoptimized + debuginfo] target(s) in 0.01s
[INFO] [stderr]      Running unittests src/main.rs (/opt/rustwide/target/debug/deps/starlight-7c160311885d4e6d)
[INFO] [stdout] 
[INFO] [stdout] running 48 tests
[INFO] [stdout] test camera::test::trace_rays::it_calls_the_closure_with_a_ray_for_each_pixel ... ok
[INFO] [stdout] test film::test::pixel_ratio::it_returns_the_ratio_of_the_pixels_position_to_the_films_dimensions ... ok
[INFO] [stdout] test camera::test::trace_rays::it_sets_the_color_of_each_pixel_from_the_closures_return_value ... ok
[INFO] [stdout] test image::test::byte::it_clamps_negative_values_to_zero ... ok
[INFO] [stdout] test image::test::byte::it_clamps_positive_values_to_255 ... ok
[INFO] [stdout] test film::test::pixel_ratios::it_returns_an_array_of_all_pixels_with_their_x_y_ratios ... ok
[INFO] [stdout] test image::test::byte::it_normalizes_the_f64_to_the_0_to_255_range ... ok
[INFO] [stdout] test interaction::test::new::it_builds_an_interaction_containing_the_rays_parameter_and_a_surface_normal ... ok
[INFO] [stdout] test interaction::test::new::it_normalizes_the_surface_normal ... ok
[INFO] [stdout] test interaction::test::ord::it_orders_interactions_by_their_ray_t_parameters ... ok
[INFO] [stdout] test light::test::sample_li::it_builds_a_vector_pointing_towards_the_light ... ok
[INFO] [stdout] test material::test::new::it_builds_a_material_that_has_a_color ... ok
[INFO] [stdout] test light::test::sample_li::it_calculates_radiance_by_dividing_the_lights_power_by_the_radius_squared ... ok
[INFO] [stdout] test light::test::new::it_builds_a_light_with_origin_and_power ... ok
[INFO] [stdout] test primitive::test::new::it_builds_a_primitive_that_combines_a_shape_with_a_material ... ok
[INFO] [stdout] test ray::test::at::it_returns_the_point_at_a_position_along_the_ray ... ok
[INFO] [stdout] test ray::test::new::it_builds_a_ray_with_origin_and_direction ... ok
[INFO] [stdout] test scene::test::intersection::it_returns_none_if_the_ray_does_not_intersect_any_primitive ... ok
[INFO] [stdout] test scene::test::intersection::it_returns_the_interaction_and_primitive_for_the_shape_at_the_front ... ok
[INFO] [stdout] test sphere::test::intersection::it_ignores_interactions_at_the_origin_of_the_ray ... ok
[INFO] [stdout] test scene::test::new::it_builds_a_scene_with_primitives_and_lights ... ok
[INFO] [stdout] test scene::test::intersection::it_returns_the_interaction_and_primitive_for_the_shape_at_the_back ... ok
[INFO] [stdout] test sphere::test::intersection::it_returns_none_if_the_ray_does_not_intersect_the_sphere ... ok
[INFO] [stdout] test sphere::test::intersection::it_returns_the_nearest_interaction_if_the_ray_intersects_the_sphere ... ok
[INFO] [stdout] test sphere::test::intersection::it_ignores_interactions_epsilon_along_the_ray_to_counter_floating_precision_errors ... ok
[INFO] [stdout] test vector::test::cross_product::it_calculates_the_cross_product_of_two_vectors ... ok
[INFO] [stdout] test vector::test::division::it_divides_the_vectors_components_by_a_divisor ... ok
[INFO] [stdout] test vector::test::addition::it_adds_the_vectors_components ... ok
[INFO] [stdout] test vector::test::length::it_returns_the_length_of_the_vector ... ok
[INFO] [stdout] test vector::test::dot::it_returns_the_dot_product_of_two_vectors ... ok
[INFO] [stdout] test sphere::test::new::it_builds_a_sphere ... ok
[INFO] [stdout] test vector::test::negation::it_negates_the_vectors_components ... ok
[INFO] [stdout] test vector::test::new::it_builds_a_vector_with_x_y_and_z_coordinates ... ok
[INFO] [stdout] test vector::test::normalize::it_divides_each_component_by_the_vectors_length ... ok
[INFO] [stdout] test vector::test::lerp::it_linearly_interpolates_between_two_vectors ... ok
[INFO] [stdout] test vector::test::scaling::it_multiplies_the_vectors_components_by_a_scalar ... ok
[INFO] [stdout] test vector::test::subtraction::it_subtracts_the_vectors_components ... ok
[INFO] [stdout] test camera::test::generate_ray::it_generates_a_ray_that_travels_through_the_film_at_the_given_ratio ... ok
[INFO] [stdout] test camera::test::new::it_normalizes_the_direction_and_orientation_vectors ... ok
[INFO] [stdout] test integrator::test::li::it_returns_the_shaded_color_if_the_ray_intersects ... ok
[INFO] [stdout] test camera::test::new::it_sets_vectors_that_span_left_to_right_and_top_to_bottom ... ok
[INFO] [stdout] test integrator::test::li::it_returns_black_if_the_intersection_point_is_in_shadow ... ok
[INFO] [stdout] test integrator::test::li::it_does_not_cast_shadows_from_primitives_behind_the_light ... ok
[INFO] [stdout] test integrator::test::new::it_builds_the_integrator_with_a_camera ... ok
[INFO] [stdout] test camera::test::new::it_builds_a_camera_and_places_it_in_the_scene ... ok
[INFO] [stdout] test film::test::new::it_builds_a_film_that_contains_an_image_of_the_scene ... ok
[INFO] [stdout] test integrator::test::li::it_returns_the_background_color_if_the_ray_doesnt_intersect ... FAILED
[INFO] [stdout] test image::test::write::it_writes_the_image_to_a_file ... FAILED
[INFO] [stdout] 
[INFO] [stdout] failures:
[INFO] [stdout] 
[INFO] [stdout] ---- integrator::test::li::it_returns_the_background_color_if_the_ray_doesnt_intersect stdout ----
[INFO] [stdout] thread 'integrator::test::li::it_returns_the_background_color_if_the_ray_doesnt_intersect' panicked at 'assertion failed: `(left == right)`
[INFO] [stdout]   left: `Vector { x: 0.7, y: 0.7, z: 0.7 }`,
[INFO] [stdout]  right: `Vector { x: 0.2, y: 0.2, z: 0.2 }`', src/integrator/test.rs:65:9
[INFO] [stdout] stack backtrace:
[INFO] [stdout]    0:     0x5635d4f2c24a - std::backtrace_rs::backtrace::libunwind::trace::ha9053a9a07ca49cb
[INFO] [stdout]                                at /rustc/84c898d65adf2f39a5a98507f1fe0ce10a2b8dbc/library/std/src/../../backtrace/src/backtrace/libunwind.rs:93:5
[INFO] [stdout]    1:     0x5635d4f2c24a - std::backtrace_rs::backtrace::trace_unsynchronized::h9c2852a457ad564e
[INFO] [stdout]                                at /rustc/84c898d65adf2f39a5a98507f1fe0ce10a2b8dbc/library/std/src/../../backtrace/src/backtrace/mod.rs:66:5
[INFO] [stdout]    2:     0x5635d4f2c24a - std::sys_common::backtrace::_print_fmt::h457936fbfaa0070f
[INFO] [stdout]                                at /rustc/84c898d65adf2f39a5a98507f1fe0ce10a2b8dbc/library/std/src/sys_common/backtrace.rs:65:5
[INFO] [stdout]    3:     0x5635d4f2c24a - <std::sys_common::backtrace::_print::DisplayBacktrace as core::fmt::Display>::fmt::h5779d7bf7f70cb0c
[INFO] [stdout]                                at /rustc/84c898d65adf2f39a5a98507f1fe0ce10a2b8dbc/library/std/src/sys_common/backtrace.rs:44:22
[INFO] [stdout]    4:     0x5635d4f4fd7e - core::fmt::write::h5a4baaff1bcd3eb5
[INFO] [stdout]                                at /rustc/84c898d65adf2f39a5a98507f1fe0ce10a2b8dbc/library/core/src/fmt/mod.rs:1232:17
[INFO] [stdout]    5:     0x5635d4f296c5 - std::io::Write::write_fmt::h478f79c628ef31d1
[INFO] [stdout]                                at /rustc/84c898d65adf2f39a5a98507f1fe0ce10a2b8dbc/library/std/src/io/mod.rs:1684:15
[INFO] [stdout]    6:     0x5635d4f2c015 - std::sys_common::backtrace::_print::h5fcdc36060f177e8
[INFO] [stdout]                                at /rustc/84c898d65adf2f39a5a98507f1fe0ce10a2b8dbc/library/std/src/sys_common/backtrace.rs:47:5
[INFO] [stdout]    7:     0x5635d4f2c015 - std::sys_common::backtrace::print::h54ca9458b876c8bf
[INFO] [stdout]                                at /rustc/84c898d65adf2f39a5a98507f1fe0ce10a2b8dbc/library/std/src/sys_common/backtrace.rs:34:9
[INFO] [stdout]    8:     0x5635d4f2dddf - std::panicking::default_hook::{{closure}}::hbe471161c7664ed6
[INFO] [stdout]                                at /rustc/84c898d65adf2f39a5a98507f1fe0ce10a2b8dbc/library/std/src/panicking.rs:271:22
[INFO] [stdout]    9:     0x5635d4f2da9f - std::panicking::default_hook::ha3500da57aa4ac4f
[INFO] [stdout]                                at /rustc/84c898d65adf2f39a5a98507f1fe0ce10a2b8dbc/library/std/src/panicking.rs:287:9
[INFO] [stdout]   10:     0x5635d4ed2d07 - <alloc::boxed::Box<F,A> as core::ops::function::Fn<Args>>::call::hdf1b89dd137ece34
[INFO] [stdout]                                at /rustc/84c898d65adf2f39a5a98507f1fe0ce10a2b8dbc/library/alloc/src/boxed.rs:2001:9
[INFO] [stdout]   11:     0x5635d4ed2d07 - test::test_main::{{closure}}::h9081a79f20e75698
[INFO] [stdout]                                at /rustc/84c898d65adf2f39a5a98507f1fe0ce10a2b8dbc/library/test/src/lib.rs:135:21
[INFO] [stdout]   12:     0x5635d4f2e50d - <alloc::boxed::Box<F,A> as core::ops::function::Fn<Args>>::call::h6507bddc3eebb4a5
[INFO] [stdout]                                at /rustc/84c898d65adf2f39a5a98507f1fe0ce10a2b8dbc/library/alloc/src/boxed.rs:2001:9
[INFO] [stdout]   13:     0x5635d4f2e50d - std::panicking::rust_panic_with_hook::h50c09d000dc561d2
[INFO] [stdout]                                at /rustc/84c898d65adf2f39a5a98507f1fe0ce10a2b8dbc/library/std/src/panicking.rs:696:13
[INFO] [stdout]   14:     0x5635d4f2e289 - std::panicking::begin_panic_handler::{{closure}}::h9e2b2176e00e0d9c
[INFO] [stdout]                                at /rustc/84c898d65adf2f39a5a98507f1fe0ce10a2b8dbc/library/std/src/panicking.rs:583:13
[INFO] [stdout]   15:     0x5635d4f2c6b6 - std::sys_common::backtrace::__rust_end_short_backtrace::h5739b8e512c09d02
[INFO] [stdout]                                at /rustc/84c898d65adf2f39a5a98507f1fe0ce10a2b8dbc/library/std/src/sys_common/backtrace.rs:150:18
[INFO] [stdout]   16:     0x5635d4f2df92 - rust_begin_unwind
[INFO] [stdout]                                at /rustc/84c898d65adf2f39a5a98507f1fe0ce10a2b8dbc/library/std/src/panicking.rs:579:5
[INFO] [stdout]   17:     0x5635d4e79b83 - core::panicking::panic_fmt::hf33a1475b4dc5c3e
[INFO] [stdout]                                at /rustc/84c898d65adf2f39a5a98507f1fe0ce10a2b8dbc/library/core/src/panicking.rs:64:14
[INFO] [stdout]   18:     0x5635d4e79ebf - core::panicking::assert_failed_inner::haf9816227b20b6f2
[INFO] [stdout]   19:     0x5635d4e8054a - core::panicking::assert_failed::h5a0cf922cf409b4e
[INFO] [stdout]                                at /rustc/84c898d65adf2f39a5a98507f1fe0ce10a2b8dbc/library/core/src/panicking.rs:211:5
[INFO] [stdout]   20:     0x5635d4e99d7c - starlight::integrator::test::li::it_returns_the_background_color_if_the_ray_doesnt_intersect::h63c644cb9ee738e9
[INFO] [stdout]                                at /opt/rustwide/workdir/src/integrator/test.rs:65:9
[INFO] [stdout]   21:     0x5635d4e99b87 - starlight::integrator::test::li::it_returns_the_background_color_if_the_ray_doesnt_intersect::{{closure}}::h9ef27b1f73878e15
[INFO] [stdout]                                at /opt/rustwide/workdir/src/integrator/test.rs:57:70
[INFO] [stdout]   22:     0x5635d4e9b875 - core::ops::function::FnOnce::call_once::hc4eb0113983c7626
[INFO] [stdout]                                at /rustc/84c898d65adf2f39a5a98507f1fe0ce10a2b8dbc/library/core/src/ops/function.rs:250:5
[INFO] [stdout]   23:     0x5635d4ed80ef - core::ops::function::FnOnce::call_once::h7d969581be7d0075
[INFO] [stdout]                                at /rustc/84c898d65adf2f39a5a98507f1fe0ce10a2b8dbc/library/core/src/ops/function.rs:250:5
[INFO] [stdout]   24:     0x5635d4ed80ef - test::__rust_begin_short_backtrace::hca25a52684e56655
[INFO] [stdout]                                at /rustc/84c898d65adf2f39a5a98507f1fe0ce10a2b8dbc/library/test/src/lib.rs:656:18
[INFO] [stdout]   25:     0x5635d4ea970c - test::run_test::{{closure}}::ha8ac744c4af1a4bb
[INFO] [stdout]                                at /rustc/84c898d65adf2f39a5a98507f1fe0ce10a2b8dbc/library/test/src/lib.rs:647:30
[INFO] [stdout]   26:     0x5635d4ea970c - core::ops::function::FnOnce::call_once{{vtable.shim}}::h7b411a9ed45bdecf
[INFO] [stdout]                                at /rustc/84c898d65adf2f39a5a98507f1fe0ce10a2b8dbc/library/core/src/ops/function.rs:250:5
[INFO] [stdout]   27:     0x5635d4ed70b6 - <alloc::boxed::Box<F,A> as core::ops::function::FnOnce<Args>>::call_once::hd05328869a8ed200
[INFO] [stdout]                                at /rustc/84c898d65adf2f39a5a98507f1fe0ce10a2b8dbc/library/alloc/src/boxed.rs:1987:9
[INFO] [stdout]   28:     0x5635d4ed70b6 - <core::panic::unwind_safe::AssertUnwindSafe<F> as core::ops::function::FnOnce<()>>::call_once::h0c601ce20bd5b2be
[INFO] [stdout]                                at /rustc/84c898d65adf2f39a5a98507f1fe0ce10a2b8dbc/library/core/src/panic/unwind_safe.rs:271:9
[INFO] [stdout]   29:     0x5635d4ed70b6 - std::panicking::try::do_call::ha4be5c164fe30854
[INFO] [stdout]                                at /rustc/84c898d65adf2f39a5a98507f1fe0ce10a2b8dbc/library/std/src/panicking.rs:487:40
[INFO] [stdout]   30:     0x5635d4ed70b6 - std::panicking::try::h604546f3609af05f
[INFO] [stdout]                                at /rustc/84c898d65adf2f39a5a98507f1fe0ce10a2b8dbc/library/std/src/panicking.rs:451:19
[INFO] [stdout]   31:     0x5635d4ed70b6 - std::panic::catch_unwind::h5bfa8afe44c9c2f9
[INFO] [stdout]                                at /rustc/84c898d65adf2f39a5a98507f1fe0ce10a2b8dbc/library/std/src/panic.rs:140:14
[INFO] [stdout]   32:     0x5635d4ed70b6 - test::run_test_in_process::hd50dee55dd63e6aa
[INFO] [stdout]                                at /rustc/84c898d65adf2f39a5a98507f1fe0ce10a2b8dbc/library/test/src/lib.rs:679:27
[INFO] [stdout]   33:     0x5635d4ed70b6 - test::run_test::run_test_inner::{{closure}}::h4aa0f433aa85cea8
[INFO] [stdout]                                at /rustc/84c898d65adf2f39a5a98507f1fe0ce10a2b8dbc/library/test/src/lib.rs:573:39
[INFO] [stdout]   34:     0x5635d4ea3d81 - test::run_test::run_test_inner::{{closure}}::had56431adf24b4d6
[INFO] [stdout]                                at /rustc/84c898d65adf2f39a5a98507f1fe0ce10a2b8dbc/library/test/src/lib.rs:600:37
[INFO] [stdout]   35:     0x5635d4ea3d81 - std::sys_common::backtrace::__rust_begin_short_backtrace::ha8d9890e0c73bf13
[INFO] [stdout]                                at /rustc/84c898d65adf2f39a5a98507f1fe0ce10a2b8dbc/library/std/src/sys_common/backtrace.rs:134:18
[INFO] [stdout]   36:     0x5635d4ea979b - std::thread::Builder::spawn_unchecked_::{{closure}}::{{closure}}::h251832bcb4a95327
[INFO] [stdout]                                at /rustc/84c898d65adf2f39a5a98507f1fe0ce10a2b8dbc/library/std/src/thread/mod.rs:560:17
[INFO] [stdout]   37:     0x5635d4ea979b - <core::panic::unwind_safe::AssertUnwindSafe<F> as core::ops::function::FnOnce<()>>::call_once::h8fdff598fa414831
[INFO] [stdout]                                at /rustc/84c898d65adf2f39a5a98507f1fe0ce10a2b8dbc/library/core/src/panic/unwind_safe.rs:271:9
[INFO] [stdout]   38:     0x5635d4ea979b - std::panicking::try::do_call::h455dd2f7764a950f
[INFO] [stdout]                                at /rustc/84c898d65adf2f39a5a98507f1fe0ce10a2b8dbc/library/std/src/panicking.rs:487:40
[INFO] [stdout]   39:     0x5635d4ea979b - std::panicking::try::had6f23b7b73ae72a
[INFO] [stdout]                                at /rustc/84c898d65adf2f39a5a98507f1fe0ce10a2b8dbc/library/std/src/panicking.rs:451:19
[INFO] [stdout]   40:     0x5635d4ea979b - std::panic::catch_unwind::ha6a5ca3915b4dad0
[INFO] [stdout]                                at /rustc/84c898d65adf2f39a5a98507f1fe0ce10a2b8dbc/library/std/src/panic.rs:140:14
[INFO] [stdout]   41:     0x5635d4ea979b - std::thread::Builder::spawn_unchecked_::{{closure}}::h883b72ef75da6231
[INFO] [stdout]                                at /rustc/84c898d65adf2f39a5a98507f1fe0ce10a2b8dbc/library/std/src/thread/mod.rs:559:30
[INFO] [stdout]   42:     0x5635d4ea979b - core::ops::function::FnOnce::call_once{{vtable.shim}}::hb7dff73dc8bd2ccb
[INFO] [stdout]                                at /rustc/84c898d65adf2f39a5a98507f1fe0ce10a2b8dbc/library/core/src/ops/function.rs:250:5
[INFO] [stdout]   43:     0x5635d4f32873 - <alloc::boxed::Box<F,A> as core::ops::function::FnOnce<Args>>::call_once::h39990b24eedef2ab
[INFO] [stdout]                                at /rustc/84c898d65adf2f39a5a98507f1fe0ce10a2b8dbc/library/alloc/src/boxed.rs:1987:9
[INFO] [stdout]   44:     0x5635d4f32873 - <alloc::boxed::Box<F,A> as core::ops::function::FnOnce<Args>>::call_once::h01a027258444143b
[INFO] [stdout]                                at /rustc/84c898d65adf2f39a5a98507f1fe0ce10a2b8dbc/library/alloc/src/boxed.rs:1987:9
[INFO] [stdout]   45:     0x5635d4f32873 - std::sys::unix::thread::Thread::new::thread_start::ha4f1cdd9c25884ba
[INFO] [stdout]                                at /rustc/84c898d65adf2f39a5a98507f1fe0ce10a2b8dbc/library/std/src/sys/unix/thread.rs:108:17
[INFO] [stdout]   46:     0x7fb87978cb43 - <unknown>
[INFO] [stdout]   47:     0x7fb87981dbb4 - __clone
[INFO] [stdout]   48:                0x0 - <unknown>
[INFO] [stdout] 
[INFO] [stdout] ---- image::test::write::it_writes_the_image_to_a_file stdout ----
[INFO] [stdout] thread 'image::test::write::it_writes_the_image_to_a_file' panicked at 'failed to create image file: Os { code: 30, kind: ReadOnlyFilesystem, message: "Read-only file system" }', src/image/mod.rs:31:43
[INFO] [stdout] stack backtrace:
[INFO] [stdout]    0:     0x5635d4f2c24a - std::backtrace_rs::backtrace::libunwind::trace::ha9053a9a07ca49cb
[INFO] [stdout]                                at /rustc/84c898d65adf2f39a5a98507f1fe0ce10a2b8dbc/library/std/src/../../backtrace/src/backtrace/libunwind.rs:93:5
[INFO] [stdout]    1:     0x5635d4f2c24a - std::backtrace_rs::backtrace::trace_unsynchronized::h9c2852a457ad564e
[INFO] [stdout]                                at /rustc/84c898d65adf2f39a5a98507f1fe0ce10a2b8dbc/library/std/src/../../backtrace/src/backtrace/mod.rs:66:5
[INFO] [stdout]    2:     0x5635d4f2c24a - std::sys_common::backtrace::_print_fmt::h457936fbfaa0070f
[INFO] [stdout]                                at /rustc/84c898d65adf2f39a5a98507f1fe0ce10a2b8dbc/library/std/src/sys_common/backtrace.rs:65:5
[INFO] [stdout]    3:     0x5635d4f2c24a - <std::sys_common::backtrace::_print::DisplayBacktrace as core::fmt::Display>::fmt::h5779d7bf7f70cb0c
[INFO] [stdout]                                at /rustc/84c898d65adf2f39a5a98507f1fe0ce10a2b8dbc/library/std/src/sys_common/backtrace.rs:44:22
[INFO] [stdout]    4:     0x5635d4f4fd7e - core::fmt::write::h5a4baaff1bcd3eb5
[INFO] [stdout]                                at /rustc/84c898d65adf2f39a5a98507f1fe0ce10a2b8dbc/library/core/src/fmt/mod.rs:1232:17
[INFO] [stdout]    5:     0x5635d4f296c5 - std::io::Write::write_fmt::h478f79c628ef31d1
[INFO] [stdout]                                at /rustc/84c898d65adf2f39a5a98507f1fe0ce10a2b8dbc/library/std/src/io/mod.rs:1684:15
[INFO] [stdout]    6:     0x5635d4f2c015 - std::sys_common::backtrace::_print::h5fcdc36060f177e8
[INFO] [stdout]                                at /rustc/84c898d65adf2f39a5a98507f1fe0ce10a2b8dbc/library/std/src/sys_common/backtrace.rs:47:5
[INFO] [stdout]    7:     0x5635d4f2c015 - std::sys_common::backtrace::print::h54ca9458b876c8bf
[INFO] [stdout]                                at /rustc/84c898d65adf2f39a5a98507f1fe0ce10a2b8dbc/library/std/src/sys_common/backtrace.rs:34:9
[INFO] [stdout]    8:     0x5635d4f2dddf - std::panicking::default_hook::{{closure}}::hbe471161c7664ed6
[INFO] [stdout]                                at /rustc/84c898d65adf2f39a5a98507f1fe0ce10a2b8dbc/library/std/src/panicking.rs:271:22
[INFO] [stdout]    9:     0x5635d4f2da9f - std::panicking::default_hook::ha3500da57aa4ac4f
[INFO] [stdout]                                at /rustc/84c898d65adf2f39a5a98507f1fe0ce10a2b8dbc/library/std/src/panicking.rs:287:9
[INFO] [stdout]   10:     0x5635d4ed2d07 - <alloc::boxed::Box<F,A> as core::ops::function::Fn<Args>>::call::hdf1b89dd137ece34
[INFO] [stdout]                                at /rustc/84c898d65adf2f39a5a98507f1fe0ce10a2b8dbc/library/alloc/src/boxed.rs:2001:9
[INFO] [stdout]   11:     0x5635d4ed2d07 - test::test_main::{{closure}}::h9081a79f20e75698
[INFO] [stdout]                                at /rustc/84c898d65adf2f39a5a98507f1fe0ce10a2b8dbc/library/test/src/lib.rs:135:21
[INFO] [stdout]   12:     0x5635d4f2e50d - <alloc::boxed::Box<F,A> as core::ops::function::Fn<Args>>::call::h6507bddc3eebb4a5
[INFO] [stdout]                                at /rustc/84c898d65adf2f39a5a98507f1fe0ce10a2b8dbc/library/alloc/src/boxed.rs:2001:9
[INFO] [stdout]   13:     0x5635d4f2e50d - std::panicking::rust_panic_with_hook::h50c09d000dc561d2
[INFO] [stdout]                                at /rustc/84c898d65adf2f39a5a98507f1fe0ce10a2b8dbc/library/std/src/panicking.rs:696:13
[INFO] [stdout]   14:     0x5635d4f2e289 - std::panicking::begin_panic_handler::{{closure}}::h9e2b2176e00e0d9c
[INFO] [stdout]                                at /rustc/84c898d65adf2f39a5a98507f1fe0ce10a2b8dbc/library/std/src/panicking.rs:583:13
[INFO] [stdout]   15:     0x5635d4f2c6b6 - std::sys_common::backtrace::__rust_end_short_backtrace::h5739b8e512c09d02
[INFO] [stdout]                                at /rustc/84c898d65adf2f39a5a98507f1fe0ce10a2b8dbc/library/std/src/sys_common/backtrace.rs:150:18
[INFO] [stdout]   16:     0x5635d4f2df92 - rust_begin_unwind
[INFO] [stdout]                                at /rustc/84c898d65adf2f39a5a98507f1fe0ce10a2b8dbc/library/std/src/panicking.rs:579:5
[INFO] [stdout]   17:     0x5635d4e79b83 - core::panicking::panic_fmt::hf33a1475b4dc5c3e
[INFO] [stdout]                                at /rustc/84c898d65adf2f39a5a98507f1fe0ce10a2b8dbc/library/core/src/panicking.rs:64:14
[INFO] [stdout]   18:     0x5635d4e7a033 - core::result::unwrap_failed::hdff5465d74574b44
[INFO] [stdout]                                at /rustc/84c898d65adf2f39a5a98507f1fe0ce10a2b8dbc/library/core/src/result.rs:1750:5
[INFO] [stdout]   19:     0x5635d4e8624d - core::result::Result<T,E>::expect::h570e54ed735335d1
[INFO] [stdout]                                at /rustc/84c898d65adf2f39a5a98507f1fe0ce10a2b8dbc/library/core/src/result.rs:1047:23
[INFO] [stdout]   20:     0x5635d4e9d198 - starlight::image::Image::write::h365ccbf475b97ecc
[INFO] [stdout]                                at /opt/rustwide/workdir/src/image/mod.rs:31:20
[INFO] [stdout]   21:     0x5635d4e8d440 - starlight::image::test::write::it_writes_the_image_to_a_file::hba63476bf0ed6e24
[INFO] [stdout]                                at /opt/rustwide/workdir/src/image/test.rs:54:9
[INFO] [stdout]   22:     0x5635d4e8d337 - starlight::image::test::write::it_writes_the_image_to_a_file::{{closure}}::h9d63f27967aab010
[INFO] [stdout]                                at /opt/rustwide/workdir/src/image/test.rs:46:40
[INFO] [stdout]   23:     0x5635d4e9b1d5 - core::ops::function::FnOnce::call_once::h5679e6e8b88071ab
[INFO] [stdout]                                at /rustc/84c898d65adf2f39a5a98507f1fe0ce10a2b8dbc/library/core/src/ops/function.rs:250:5
[INFO] [stdout]   24:     0x5635d4ed80ef - core::ops::function::FnOnce::call_once::h7d969581be7d0075
[INFO] [stdout]                                at /rustc/84c898d65adf2f39a5a98507f1fe0ce10a2b8dbc/library/core/src/ops/function.rs:250:5
[INFO] [stdout]   25:     0x5635d4ed80ef - test::__rust_begin_short_backtrace::hca25a52684e56655
[INFO] [stdout]                                at /rustc/84c898d65adf2f39a5a98507f1fe0ce10a2b8dbc/library/test/src/lib.rs:656:18
[INFO] [stdout]   26:     0x5635d4ea970c - test::run_test::{{closure}}::ha8ac744c4af1a4bb
[INFO] [stdout]                                at /rustc/84c898d65adf2f39a5a98507f1fe0ce10a2b8dbc/library/test/src/lib.rs:647:30
[INFO] [stdout]   27:     0x5635d4ea970c - core::ops::function::FnOnce::call_once{{vtable.shim}}::h7b411a9ed45bdecf
[INFO] [stdout]                                at /rustc/84c898d65adf2f39a5a98507f1fe0ce10a2b8dbc/library/core/src/ops/function.rs:250:5
[INFO] [stdout]   28:     0x5635d4ed70b6 - <alloc::boxed::Box<F,A> as core::ops::function::FnOnce<Args>>::call_once::hd05328869a8ed200
[INFO] [stdout]                                at /rustc/84c898d65adf2f39a5a98507f1fe0ce10a2b8dbc/library/alloc/src/boxed.rs:1987:9
[INFO] [stdout]   29:     0x5635d4ed70b6 - <core::panic::unwind_safe::AssertUnwindSafe<F> as core::ops::function::FnOnce<()>>::call_once::h0c601ce20bd5b2be
[INFO] [stdout]                                at /rustc/84c898d65adf2f39a5a98507f1fe0ce10a2b8dbc/library/core/src/panic/unwind_safe.rs:271:9
[INFO] [stdout]   30:     0x5635d4ed70b6 - std::panicking::try::do_call::ha4be5c164fe30854
[INFO] [stdout]                                at /rustc/84c898d65adf2f39a5a98507f1fe0ce10a2b8dbc/library/std/src/panicking.rs:487:40
[INFO] [stdout]   31:     0x5635d4ed70b6 - std::panicking::try::h604546f3609af05f
[INFO] [stdout]                                at /rustc/84c898d65adf2f39a5a98507f1fe0ce10a2b8dbc/library/std/src/panicking.rs:451:19
[INFO] [stdout]   32:     0x5635d4ed70b6 - std::panic::catch_unwind::h5bfa8afe44c9c2f9
[INFO] [stdout]                                at /rustc/84c898d65adf2f39a5a98507f1fe0ce10a2b8dbc/library/std/src/panic.rs:140:14
[INFO] [stdout]   33:     0x5635d4ed70b6 - test::run_test_in_process::hd50dee55dd63e6aa
[INFO] [stdout]                                at /rustc/84c898d65adf2f39a5a98507f1fe0ce10a2b8dbc/library/test/src/lib.rs:679:27
[INFO] [stdout]   34:     0x5635d4ed70b6 - test::run_test::run_test_inner::{{closure}}::h4aa0f433aa85cea8
[INFO] [stdout]                                at /rustc/84c898d65adf2f39a5a98507f1fe0ce10a2b8dbc/library/test/src/lib.rs:573:39
[INFO] [stdout]   35:     0x5635d4ea3d81 - test::run_test::run_test_inner::{{closure}}::had56431adf24b4d6
[INFO] [stdout]                                at /rustc/84c898d65adf2f39a5a98507f1fe0ce10a2b8dbc/library/test/src/lib.rs:600:37
[INFO] [stdout]   36:     0x5635d4ea3d81 - std::sys_common::backtrace::__rust_begin_short_backtrace::ha8d9890e0c73bf13
[INFO] [stdout]                                at /rustc/84c898d65adf2f39a5a98507f1fe0ce10a2b8dbc/library/std/src/sys_common/backtrace.rs:134:18
[INFO] [stdout]   37:     0x5635d4ea979b - std::thread::Builder::spawn_unchecked_::{{closure}}::{{closure}}::h251832bcb4a95327
[INFO] [stdout]                                at /rustc/84c898d65adf2f39a5a98507f1fe0ce10a2b8dbc/library/std/src/thread/mod.rs:560:17
[INFO] [stdout]   38:     0x5635d4ea979b - <core::panic::unwind_safe::AssertUnwindSafe<F> as core::ops::function::FnOnce<()>>::call_once::h8fdff598fa414831
[INFO] [stdout]                                at /rustc/84c898d65adf2f39a5a98507f1fe0ce10a2b8dbc/library/core/src/panic/unwind_safe.rs:271:9
[INFO] [stdout]   39:     0x5635d4ea979b - std::panicking::try::do_call::h455dd2f7764a950f
[INFO] [stdout]                                at /rustc/84c898d65adf2f39a5a98507f1fe0ce10a2b8dbc/library/std/src/panicking.rs:487:40
[INFO] [stdout]   40:     0x5635d4ea979b - std::panicking::try::had6f23b7b73ae72a
[INFO] [stdout]                                at /rustc/84c898d65adf2f39a5a98507f1fe0ce10a2b8dbc/library/std/src/panicking.rs:451:19
[INFO] [stdout]   41:     0x5635d4ea979b - std::panic::catch_unwind::ha6a5ca3915b4dad0
[INFO] [stdout]                                at /rustc/84c898d65adf2f39a5a98507f1fe0ce10a2b8dbc/library/std/src/panic.rs:140:14
[INFO] [stdout]   42:     0x5635d4ea979b - std::thread::Builder::spawn_unchecked_::{{closure}}::h883b72ef75da6231
[INFO] [stdout]                                at /rustc/84c898d65adf2f39a5a98507f1fe0ce10a2b8dbc/library/std/src/thread/mod.rs:559:30
[INFO] [stdout]   43:     0x5635d4ea979b - core::ops::function::FnOnce::call_once{{vtable.shim}}::hb7dff73dc8bd2ccb
[INFO] [stdout]                                at /rustc/84c898d65adf2f39a5a98507f1fe0ce10a2b8dbc/library/core/src/ops/function.rs:250:5
[INFO] [stdout]   44:     0x5635d4f32873 - <alloc::boxed::Box<F,A> as core::ops::function::FnOnce<Args>>::call_once::h39990b24eedef2ab
[INFO] [stdout]                                at /rustc/84c898d65adf2f39a5a98507f1fe0ce10a2b8dbc/library/alloc/src/boxed.rs:1987:9
[INFO] [stdout]   45:     0x5635d4f32873 - <alloc::boxed::Box<F,A> as core::ops::function::FnOnce<Args>>::call_once::h01a027258444143b
[INFO] [stdout]                                at /rustc/84c898d65adf2f39a5a98507f1fe0ce10a2b8dbc/library/alloc/src/boxed.rs:1987:9
[INFO] [stdout]   46:     0x5635d4f32873 - std::sys::unix::thread::Thread::new::thread_start::ha4f1cdd9c25884ba
[INFO] [stdout]                                at /rustc/84c898d65adf2f39a5a98507f1fe0ce10a2b8dbc/library/std/src/sys/unix/thread.rs:108:17
[INFO] [stdout]   47:     0x7fb87978cb43 - <unknown>
[INFO] [stdout]   48:     0x7fb87981dbb4 - __clone
[INFO] [stdout]   49:                0x0 - <unknown>
[INFO] [stdout] 
[INFO] [stdout] 
[INFO] [stdout] failures:
[INFO] [stdout]     image::test::write::it_writes_the_image_to_a_file
[INFO] [stdout]     integrator::test::li::it_returns_the_background_color_if_the_ray_doesnt_intersect
[INFO] [stdout] 
[INFO] [stdout] test result: FAILED. 46 passed; 2 failed; 0 ignored; 0 measured; 0 filtered out; finished in 0.02s
[INFO] [stdout] 
[INFO] [stderr] error: test failed, to rerun pass `--bin starlight`
[INFO] running `Command { std: "docker" "inspect" "1b8b3130adba85a328ea3b6a78678966fef1a74dc73d0db0e054f477824e86f5", kill_on_drop: false }`
[INFO] running `Command { std: "docker" "rm" "-f" "1b8b3130adba85a328ea3b6a78678966fef1a74dc73d0db0e054f477824e86f5", kill_on_drop: false }`
[INFO] [stdout] 1b8b3130adba85a328ea3b6a78678966fef1a74dc73d0db0e054f477824e86f5
