[INFO] cloning repository https://github.com/tomocrafter/tispa
[INFO] running `Command { std: "git" "-c" "credential.helper=" "-c" "credential.helper=/workspace/cargo-home/bin/git-credential-null" "clone" "--bare" "https://github.com/tomocrafter/tispa" "/workspace/cache/git-repos/https%3A%2F%2Fgithub.com%2Ftomocrafter%2Ftispa", kill_on_drop: false }`
[INFO] [stderr] Cloning into bare repository '/workspace/cache/git-repos/https%3A%2F%2Fgithub.com%2Ftomocrafter%2Ftispa'...
[INFO] running `Command { std: "git" "rev-parse" "HEAD", kill_on_drop: false }`
[INFO] [stdout] 2eda4535dc7797139db75297b418401414c82517
[INFO] testing tomocrafter/tispa against beta-2023-04-20 for beta-1.70-1
[INFO] running `Command { std: "git" "clone" "/workspace/cache/git-repos/https%3A%2F%2Fgithub.com%2Ftomocrafter%2Ftispa" "/workspace/builds/worker-0-tc2/source", kill_on_drop: false }`
[INFO] [stderr] Cloning into '/workspace/builds/worker-0-tc2/source'...
[INFO] [stderr] done.
[INFO] validating manifest of git repo https://github.com/tomocrafter/tispa on toolchain beta-2023-04-20
[INFO] running `Command { std: CARGO_HOME="/workspace/cargo-home" RUSTUP_HOME="/workspace/rustup-home" "/workspace/cargo-home/bin/cargo" "+beta-2023-04-20" "metadata" "--manifest-path" "Cargo.toml" "--no-deps", kill_on_drop: false }`
[INFO] started tweaking git repo https://github.com/tomocrafter/tispa
[INFO] finished tweaking git repo https://github.com/tomocrafter/tispa
[INFO] tweaked toml for git repo https://github.com/tomocrafter/tispa written to /workspace/builds/worker-0-tc2/source/Cargo.toml
[INFO] crate git repo https://github.com/tomocrafter/tispa already has a lockfile, it will not be regenerated
[INFO] running `Command { std: CARGO_HOME="/workspace/cargo-home" RUSTUP_HOME="/workspace/rustup-home" "/workspace/cargo-home/bin/cargo" "+beta-2023-04-20" "fetch" "--manifest-path" "Cargo.toml", kill_on_drop: false }`
[INFO] [stderr]     Updating crates.io index
[INFO] [stderr]  Downloading crates ...
[INFO] [stderr]   Downloaded worker-sys v0.0.2
[INFO] [stderr]   Downloaded worker-kv v0.3.0
[INFO] [stderr]   Downloaded matchit v0.4.2
[INFO] [stderr]   Downloaded worker-macros v0.0.2
[INFO] [stderr]   Downloaded worker v0.0.6
[INFO] running `Command { std: "docker" "create" "-v" "/var/lib/crater-agent-workspace/builds/worker-0-tc2/target:/opt/rustwide/target:rw,Z" "-v" "/var/lib/crater-agent-workspace/builds/worker-0-tc2/source:/opt/rustwide/workdir:ro,Z" "-v" "/var/lib/crater-agent-workspace/cargo-home:/opt/rustwide/cargo-home:ro,Z" "-v" "/var/lib/crater-agent-workspace/rustup-home:/opt/rustwide/rustup-home:ro,Z" "-e" "SOURCE_DIR=/opt/rustwide/workdir" "-e" "CARGO_TARGET_DIR=/opt/rustwide/target" "-e" "CARGO_HOME=/opt/rustwide/cargo-home" "-e" "RUSTUP_HOME=/opt/rustwide/rustup-home" "-w" "/opt/rustwide/workdir" "-m" "1610612736" "--user" "0:0" "--network" "none" "ghcr.io/rust-lang/crates-build-env/linux@sha256:5ff2268d62e97bff2cde7d5815dd6ed5b47097566f13b8d0ca110b04b60e07ed" "/opt/rustwide/cargo-home/bin/cargo" "+beta-2023-04-20" "metadata" "--no-deps" "--format-version=1", kill_on_drop: false }`
[INFO] [stdout] 2256660eff3e2e2f6c0e3825de1e0824ea370b2eb1c0d685a4a88a80d1a8cde8
[INFO] running `Command { std: "docker" "start" "-a" "2256660eff3e2e2f6c0e3825de1e0824ea370b2eb1c0d685a4a88a80d1a8cde8", kill_on_drop: false }`
[INFO] running `Command { std: "docker" "inspect" "2256660eff3e2e2f6c0e3825de1e0824ea370b2eb1c0d685a4a88a80d1a8cde8", kill_on_drop: false }`
[INFO] running `Command { std: "docker" "rm" "-f" "2256660eff3e2e2f6c0e3825de1e0824ea370b2eb1c0d685a4a88a80d1a8cde8", kill_on_drop: false }`
[INFO] [stdout] 2256660eff3e2e2f6c0e3825de1e0824ea370b2eb1c0d685a4a88a80d1a8cde8
[INFO] running `Command { std: "docker" "create" "-v" "/var/lib/crater-agent-workspace/builds/worker-0-tc2/target:/opt/rustwide/target:rw,Z" "-v" "/var/lib/crater-agent-workspace/builds/worker-0-tc2/source:/opt/rustwide/workdir:ro,Z" "-v" "/var/lib/crater-agent-workspace/cargo-home:/opt/rustwide/cargo-home:ro,Z" "-v" "/var/lib/crater-agent-workspace/rustup-home:/opt/rustwide/rustup-home:ro,Z" "-e" "SOURCE_DIR=/opt/rustwide/workdir" "-e" "CARGO_TARGET_DIR=/opt/rustwide/target" "-e" "CARGO_INCREMENTAL=0" "-e" "RUST_BACKTRACE=full" "-e" "RUSTFLAGS=--cap-lints=warn" "-e" "RUSTDOCFLAGS=--cap-lints=warn" "-e" "CARGO_HOME=/opt/rustwide/cargo-home" "-e" "RUSTUP_HOME=/opt/rustwide/rustup-home" "-w" "/opt/rustwide/workdir" "-m" "1610612736" "--user" "0:0" "--network" "none" "ghcr.io/rust-lang/crates-build-env/linux@sha256:5ff2268d62e97bff2cde7d5815dd6ed5b47097566f13b8d0ca110b04b60e07ed" "/opt/rustwide/cargo-home/bin/cargo" "+beta-2023-04-20" "build" "--frozen" "--message-format=json", kill_on_drop: false }`
[INFO] [stdout] 209b8daa29a4f916ea2148952ea3f171bee4b2e6bf0c665330cffd7318eb6d51
[INFO] running `Command { std: "docker" "start" "-a" "209b8daa29a4f916ea2148952ea3f171bee4b2e6bf0c665330cffd7318eb6d51", kill_on_drop: false }`
[INFO] [stderr]    Compiling proc-macro2 v1.0.29
[INFO] [stderr]    Compiling unicode-xid v0.2.2
[INFO] [stderr]    Compiling syn v1.0.75
[INFO] [stderr]    Compiling lazy_static v1.4.0
[INFO] [stderr]    Compiling autocfg v1.0.1
[INFO] [stderr]    Compiling log v0.4.14
[INFO] [stderr]    Compiling wasm-bindgen-shared v0.2.78
[INFO] [stderr]    Compiling cfg-if v1.0.0
[INFO] [stderr]    Compiling serde_derive v1.0.130
[INFO] [stderr]    Compiling serde v1.0.130
[INFO] [stderr]    Compiling ryu v1.0.5
[INFO] [stderr]    Compiling memchr v2.4.1
[INFO] [stderr]    Compiling bumpalo v3.7.0
[INFO] [stderr]    Compiling itoa v0.4.8
[INFO] [stderr]    Compiling serde_json v1.0.67
[INFO] [stderr]    Compiling wasm-bindgen v0.2.78
[INFO] [stderr]    Compiling proc-macro-hack v0.5.19
[INFO] [stderr]    Compiling ucd-util v0.1.8
[INFO] [stderr]    Compiling futures-core v0.3.17
[INFO] [stderr]    Compiling regex v0.2.11
[INFO] [stderr]    Compiling num-traits v0.2.14
[INFO] [stderr]    Compiling regex-syntax v0.5.6
[INFO] [stderr]    Compiling quote v1.0.9
[INFO] [stderr]    Compiling futures-macro v0.3.17
[INFO] [stderr]    Compiling thread_local v0.3.6
[INFO] [stderr]    Compiling proc-macro-nested v0.1.7
[INFO] [stderr]    Compiling aho-corasick v0.6.10
[INFO] [stderr]    Compiling futures-task v0.3.17
[INFO] [stderr]    Compiling libc v0.2.101
[INFO] [stderr]    Compiling futures-channel v0.3.17
[INFO] [stderr]    Compiling utf8-ranges v1.0.4
[INFO] [stderr]    Compiling num-integer v0.1.44
[INFO] [stderr]    Compiling futures-util v0.3.17
[INFO] [stderr]    Compiling tinyvec_macros v0.1.0
[INFO] [stderr]    Compiling futures-sink v0.3.17
[INFO] [stderr]    Compiling tinyvec v1.3.1
[INFO] [stderr]    Compiling pin-utils v0.1.0
[INFO] [stderr]    Compiling futures-io v0.3.17
[INFO] [stderr]    Compiling slab v0.4.4
[INFO] [stderr]    Compiling async-trait v0.1.51
[INFO] [stderr]    Compiling cfg-if v0.1.10
[INFO] [stderr]    Compiling matches v0.1.9
[INFO] [stderr]    Compiling pin-project-lite v0.2.7
[INFO] [stderr]    Compiling unicode-normalization v0.1.19
[INFO] [stderr]    Compiling time v0.1.44
[INFO] [stderr]    Compiling percent-encoding v2.1.0
[INFO] [stderr]    Compiling unicode-bidi v0.3.6
[INFO] [stderr]    Compiling chrono v0.4.19
[INFO] [stderr]    Compiling form_urlencoded v1.0.1
[INFO] [stderr]    Compiling bytes v1.1.0
[INFO] [stderr]    Compiling fnv v1.0.7
[INFO] [stderr]    Compiling parse-zoneinfo v0.1.1
[INFO] [stderr]    Compiling matchit v0.4.2
[INFO] [stderr]    Compiling idna v0.2.3
[INFO] [stderr]    Compiling wasm-bindgen-backend v0.2.78
[INFO] [stderr]    Compiling http v0.2.4
[INFO] [stderr]    Compiling url v2.2.2
[INFO] [stderr]    Compiling chrono-tz v0.4.1
[INFO] [stderr]    Compiling wasm-bindgen-macro-support v0.2.78
[INFO] [stderr]    Compiling wasm-bindgen-macro v0.2.78
[INFO] [stderr]    Compiling futures-executor v0.3.17
[INFO] [stderr]    Compiling futures v0.3.17
[INFO] [stderr]    Compiling js-sys v0.3.55
[INFO] [stderr]    Compiling console_error_panic_hook v0.1.6
[INFO] [stderr]    Compiling wasm-bindgen-futures v0.4.28
[INFO] [stderr]    Compiling web-sys v0.3.55
[INFO] [stderr]    Compiling worker-kv v0.3.0
[INFO] [stderr]    Compiling worker-sys v0.0.2
[INFO] [stderr]    Compiling worker-macros v0.0.2
[INFO] [stderr]    Compiling worker v0.0.6
[INFO] [stderr]    Compiling worker v0.1.0 (/opt/rustwide/workdir)
[INFO] [stderr]     Finished dev [unoptimized + debuginfo] target(s) in 43.03s
[INFO] running `Command { std: "docker" "inspect" "209b8daa29a4f916ea2148952ea3f171bee4b2e6bf0c665330cffd7318eb6d51", kill_on_drop: false }`
[INFO] running `Command { std: "docker" "rm" "-f" "209b8daa29a4f916ea2148952ea3f171bee4b2e6bf0c665330cffd7318eb6d51", kill_on_drop: false }`
[INFO] [stdout] 209b8daa29a4f916ea2148952ea3f171bee4b2e6bf0c665330cffd7318eb6d51
[INFO] running `Command { std: "docker" "create" "-v" "/var/lib/crater-agent-workspace/builds/worker-0-tc2/target:/opt/rustwide/target:rw,Z" "-v" "/var/lib/crater-agent-workspace/builds/worker-0-tc2/source:/opt/rustwide/workdir:ro,Z" "-v" "/var/lib/crater-agent-workspace/cargo-home:/opt/rustwide/cargo-home:ro,Z" "-v" "/var/lib/crater-agent-workspace/rustup-home:/opt/rustwide/rustup-home:ro,Z" "-e" "SOURCE_DIR=/opt/rustwide/workdir" "-e" "CARGO_TARGET_DIR=/opt/rustwide/target" "-e" "CARGO_INCREMENTAL=0" "-e" "RUST_BACKTRACE=full" "-e" "RUSTFLAGS=--cap-lints=warn" "-e" "RUSTDOCFLAGS=--cap-lints=warn" "-e" "CARGO_HOME=/opt/rustwide/cargo-home" "-e" "RUSTUP_HOME=/opt/rustwide/rustup-home" "-w" "/opt/rustwide/workdir" "-m" "1610612736" "--user" "0:0" "--network" "none" "ghcr.io/rust-lang/crates-build-env/linux@sha256:5ff2268d62e97bff2cde7d5815dd6ed5b47097566f13b8d0ca110b04b60e07ed" "/opt/rustwide/cargo-home/bin/cargo" "+beta-2023-04-20" "test" "--frozen" "--no-run" "--message-format=json", kill_on_drop: false }`
[INFO] [stdout] 8a8cbe7379e0a41200cf59a90b84bdbd7f0c0912156b71089f4aeffd8d6bb3b5
[INFO] running `Command { std: "docker" "start" "-a" "8a8cbe7379e0a41200cf59a90b84bdbd7f0c0912156b71089f4aeffd8d6bb3b5", kill_on_drop: false }`
[INFO] [stderr]    Compiling worker v0.1.0 (/opt/rustwide/workdir)
[INFO] [stderr]     Finished test [unoptimized + debuginfo] target(s) in 0.53s
[INFO] running `Command { std: "docker" "inspect" "8a8cbe7379e0a41200cf59a90b84bdbd7f0c0912156b71089f4aeffd8d6bb3b5", kill_on_drop: false }`
[INFO] running `Command { std: "docker" "rm" "-f" "8a8cbe7379e0a41200cf59a90b84bdbd7f0c0912156b71089f4aeffd8d6bb3b5", kill_on_drop: false }`
[INFO] [stdout] 8a8cbe7379e0a41200cf59a90b84bdbd7f0c0912156b71089f4aeffd8d6bb3b5
[INFO] running `Command { std: "docker" "create" "-v" "/var/lib/crater-agent-workspace/builds/worker-0-tc2/target:/opt/rustwide/target:rw,Z" "-v" "/var/lib/crater-agent-workspace/builds/worker-0-tc2/source:/opt/rustwide/workdir:ro,Z" "-v" "/var/lib/crater-agent-workspace/cargo-home:/opt/rustwide/cargo-home:ro,Z" "-v" "/var/lib/crater-agent-workspace/rustup-home:/opt/rustwide/rustup-home:ro,Z" "-e" "SOURCE_DIR=/opt/rustwide/workdir" "-e" "CARGO_TARGET_DIR=/opt/rustwide/target" "-e" "CARGO_INCREMENTAL=0" "-e" "RUST_BACKTRACE=full" "-e" "RUSTFLAGS=--cap-lints=warn" "-e" "RUSTDOCFLAGS=--cap-lints=warn" "-e" "CARGO_HOME=/opt/rustwide/cargo-home" "-e" "RUSTUP_HOME=/opt/rustwide/rustup-home" "-w" "/opt/rustwide/workdir" "-m" "1610612736" "--user" "0:0" "--network" "none" "ghcr.io/rust-lang/crates-build-env/linux@sha256:5ff2268d62e97bff2cde7d5815dd6ed5b47097566f13b8d0ca110b04b60e07ed" "/opt/rustwide/cargo-home/bin/cargo" "+beta-2023-04-20" "test" "--frozen", kill_on_drop: false }`
[INFO] [stdout] 1be360da7c6f912c0b768e5abe9ab75198d0517259ec8a1381e8aeaa79534e6b
[INFO] running `Command { std: "docker" "start" "-a" "1be360da7c6f912c0b768e5abe9ab75198d0517259ec8a1381e8aeaa79534e6b", kill_on_drop: false }`
[INFO] [stderr]     Finished test [unoptimized + debuginfo] target(s) in 0.07s
[INFO] [stderr]      Running unittests src/lib.rs (/opt/rustwide/target/debug/deps/worker-82eb0ae694494ee3)
[INFO] [stdout] 
[INFO] [stdout] running 0 tests
[INFO] [stdout] 
[INFO] [stdout] test result: ok. 0 passed; 0 failed; 0 ignored; 0 measured; 0 filtered out; finished in 0.00s
[INFO] [stdout] 
[INFO] [stderr]    Doc-tests worker
[INFO] [stderr] error[E0464]: multiple candidates for `rlib` dependency `worker` found
[INFO] [stderr]  --> /opt/rustwide/workdir/src/lib.rs:2:5
[INFO] [stderr]   |
[INFO] [stderr] 2 | use worker::*;
[INFO] [stderr]   |     ^^^^^^
[INFO] [stderr]   |
[INFO] [stderr]   = note: candidate #1: /opt/rustwide/target/debug/deps/libworker-0e43108ceee1fa5f.rlib
[INFO] [stderr]   = note: candidate #2: /opt/rustwide/target/debug/deps/libworker.rlib
[INFO] [stderr] 
[INFO] [stderr] error: cannot find macro `console_log` in this scope
[INFO] [stderr]  --> /opt/rustwide/workdir/src/lib.rs:7:5
[INFO] [stderr]   |
[INFO] [stderr] 7 |     console_log!(
[INFO] [stderr]   |     ^^^^^^^^^^^
[INFO] [stderr] 
[INFO] [stderr] error: cannot find attribute `event` in this scope
[INFO] [stderr]   --> /opt/rustwide/workdir/src/lib.rs:16:3
[INFO] [stderr]    |
[INFO] [stderr] 16 | #[event(fetch)]
[INFO] [stderr]    |   ^^^^^
[INFO] [stderr] 
[INFO] [stderr] error[E0412]: cannot find type `Request` in this scope
[INFO] [stderr]  --> /opt/rustwide/workdir/src/lib.rs:6:22
[INFO] [stderr]   |
[INFO] [stderr] 6 | fn log_request(req: &Request) {
[INFO] [stderr]   |                      ^^^^^^^ not found in this scope
[INFO] [stderr] 
[INFO] [stderr] error[E0412]: cannot find type `Request` in this scope
[INFO] [stderr]   --> /opt/rustwide/workdir/src/lib.rs:17:24
[INFO] [stderr]    |
[INFO] [stderr] 17 | pub async fn main(req: Request, env: Env) -> Result<Response> {
[INFO] [stderr]    |                        ^^^^^^^ not found in this scope
[INFO] [stderr] 
[INFO] [stderr] error[E0412]: cannot find type `Env` in this scope
[INFO] [stderr]   --> /opt/rustwide/workdir/src/lib.rs:17:38
[INFO] [stderr]    |
[INFO] [stderr] 17 | pub async fn main(req: Request, env: Env) -> Result<Response> {
[INFO] [stderr]    |                                      ^^^ not found in this scope
[INFO] [stderr] 
[INFO] [stderr] error[E0412]: cannot find type `Response` in this scope
[INFO] [stderr]   --> /opt/rustwide/workdir/src/lib.rs:17:53
[INFO] [stderr]    |
[INFO] [stderr] 17 | pub async fn main(req: Request, env: Env) -> Result<Response> {
[INFO] [stderr]    |                                                     ^^^^^^^^ not found in this scope
[INFO] [stderr] 
[INFO] [stderr] error: aborting due to 7 previous errors
[INFO] [stderr] 
[INFO] [stderr] Some errors have detailed explanations: E0412, E0464.
[INFO] [stderr] For more information about an error, try `rustc --explain E0412`.
[INFO] [stderr] error: doctest failed, to rerun pass `--doc`
[INFO] [stderr] 
[INFO] [stderr] Caused by:
[INFO] [stderr]   process didn't exit successfully: `rustdoc --edition=2018 --crate-type cdylib --crate-type rlib --crate-name worker --test /opt/rustwide/workdir/src/lib.rs -L dependency=/opt/rustwide/target/debug/deps -L dependency=/opt/rustwide/target/debug/deps --extern cfg_if=/opt/rustwide/target/debug/deps/libcfg_if-b22544e46cbb7baa.rlib --extern console_error_panic_hook=/opt/rustwide/target/debug/deps/libconsole_error_panic_hook-91ca3477c73f139a.rlib --extern serde_json=/opt/rustwide/target/debug/deps/libserde_json-e4dca4b060a1bedc.rlib --extern worker=/opt/rustwide/target/debug/deps/libworker-0e43108ceee1fa5f.rlib --extern worker=/opt/rustwide/target/debug/deps/libworker.rlib -C embed-bitcode=no --cfg 'feature="console_error_panic_hook"' --cfg 'feature="default"' --cap-lints=warn --error-format human` (exit status: 1)
[INFO] running `Command { std: "docker" "inspect" "1be360da7c6f912c0b768e5abe9ab75198d0517259ec8a1381e8aeaa79534e6b", kill_on_drop: false }`
[INFO] running `Command { std: "docker" "rm" "-f" "1be360da7c6f912c0b768e5abe9ab75198d0517259ec8a1381e8aeaa79534e6b", kill_on_drop: false }`
[INFO] [stdout] 1be360da7c6f912c0b768e5abe9ab75198d0517259ec8a1381e8aeaa79534e6b
