[INFO] cloning repository https://github.com/tmzt/idemsh
[INFO] running `Command { std: "git" "-c" "credential.helper=" "-c" "credential.helper=/workspace/cargo-home/bin/git-credential-null" "clone" "--bare" "https://github.com/tmzt/idemsh" "/workspace/cache/git-repos/https%3A%2F%2Fgithub.com%2Ftmzt%2Fidemsh", kill_on_drop: false }`
[INFO] [stderr] Cloning into bare repository '/workspace/cache/git-repos/https%3A%2F%2Fgithub.com%2Ftmzt%2Fidemsh'...
[INFO] running `Command { std: "git" "rev-parse" "HEAD", kill_on_drop: false }`
[INFO] [stdout] f58bcf6d0643f425b61cb72aedfe6c2be0db3baf
[INFO] testing tmzt/idemsh against 1.69.0 for beta-1.70-1
[INFO] running `Command { std: "git" "clone" "/workspace/cache/git-repos/https%3A%2F%2Fgithub.com%2Ftmzt%2Fidemsh" "/workspace/builds/worker-1-tc1/source", kill_on_drop: false }`
[INFO] [stderr] Cloning into '/workspace/builds/worker-1-tc1/source'...
[INFO] [stderr] done.
[INFO] validating manifest of git repo https://github.com/tmzt/idemsh on toolchain 1.69.0
[INFO] running `Command { std: CARGO_HOME="/workspace/cargo-home" RUSTUP_HOME="/workspace/rustup-home" "/workspace/cargo-home/bin/cargo" "+1.69.0" "metadata" "--manifest-path" "Cargo.toml" "--no-deps", kill_on_drop: false }`
[INFO] started tweaking git repo https://github.com/tmzt/idemsh
[INFO] finished tweaking git repo https://github.com/tmzt/idemsh
[INFO] tweaked toml for git repo https://github.com/tmzt/idemsh written to /workspace/builds/worker-1-tc1/source/Cargo.toml
[INFO] crate git repo https://github.com/tmzt/idemsh already has a lockfile, it will not be regenerated
[INFO] running `Command { std: CARGO_HOME="/workspace/cargo-home" RUSTUP_HOME="/workspace/rustup-home" "/workspace/cargo-home/bin/cargo" "+1.69.0" "fetch" "--manifest-path" "Cargo.toml", kill_on_drop: false }`
[INFO] running `Command { std: "docker" "create" "-v" "/var/lib/crater-agent-workspace/builds/worker-1-tc1/target:/opt/rustwide/target:rw,Z" "-v" "/var/lib/crater-agent-workspace/builds/worker-1-tc1/source:/opt/rustwide/workdir:ro,Z" "-v" "/var/lib/crater-agent-workspace/cargo-home:/opt/rustwide/cargo-home:ro,Z" "-v" "/var/lib/crater-agent-workspace/rustup-home:/opt/rustwide/rustup-home:ro,Z" "-e" "SOURCE_DIR=/opt/rustwide/workdir" "-e" "CARGO_TARGET_DIR=/opt/rustwide/target" "-e" "CARGO_HOME=/opt/rustwide/cargo-home" "-e" "RUSTUP_HOME=/opt/rustwide/rustup-home" "-w" "/opt/rustwide/workdir" "-m" "1610612736" "--user" "0:0" "--network" "none" "ghcr.io/rust-lang/crates-build-env/linux@sha256:5ff2268d62e97bff2cde7d5815dd6ed5b47097566f13b8d0ca110b04b60e07ed" "/opt/rustwide/cargo-home/bin/cargo" "+1.69.0" "metadata" "--no-deps" "--format-version=1", kill_on_drop: false }`
[INFO] [stdout] 87414bb9f8115ccf7338e928c2658c33cc5c812f46166b2ae6c2d921d78f207c
[INFO] running `Command { std: "docker" "start" "-a" "87414bb9f8115ccf7338e928c2658c33cc5c812f46166b2ae6c2d921d78f207c", kill_on_drop: false }`
[INFO] running `Command { std: "docker" "inspect" "87414bb9f8115ccf7338e928c2658c33cc5c812f46166b2ae6c2d921d78f207c", kill_on_drop: false }`
[INFO] running `Command { std: "docker" "rm" "-f" "87414bb9f8115ccf7338e928c2658c33cc5c812f46166b2ae6c2d921d78f207c", kill_on_drop: false }`
[INFO] [stdout] 87414bb9f8115ccf7338e928c2658c33cc5c812f46166b2ae6c2d921d78f207c
[INFO] running `Command { std: "docker" "create" "-v" "/var/lib/crater-agent-workspace/builds/worker-1-tc1/target:/opt/rustwide/target:rw,Z" "-v" "/var/lib/crater-agent-workspace/builds/worker-1-tc1/source:/opt/rustwide/workdir:ro,Z" "-v" "/var/lib/crater-agent-workspace/cargo-home:/opt/rustwide/cargo-home:ro,Z" "-v" "/var/lib/crater-agent-workspace/rustup-home:/opt/rustwide/rustup-home:ro,Z" "-e" "SOURCE_DIR=/opt/rustwide/workdir" "-e" "CARGO_TARGET_DIR=/opt/rustwide/target" "-e" "CARGO_INCREMENTAL=0" "-e" "RUST_BACKTRACE=full" "-e" "RUSTFLAGS=--cap-lints=warn" "-e" "RUSTDOCFLAGS=--cap-lints=warn" "-e" "CARGO_HOME=/opt/rustwide/cargo-home" "-e" "RUSTUP_HOME=/opt/rustwide/rustup-home" "-w" "/opt/rustwide/workdir" "-m" "1610612736" "--user" "0:0" "--network" "none" "ghcr.io/rust-lang/crates-build-env/linux@sha256:5ff2268d62e97bff2cde7d5815dd6ed5b47097566f13b8d0ca110b04b60e07ed" "/opt/rustwide/cargo-home/bin/cargo" "+1.69.0" "build" "--frozen" "--message-format=json", kill_on_drop: false }`
[INFO] [stdout] 0a5d491712943577ab67b75ece57be7bc95f0f67203dd67ed6b0aba7f0f3b5c0
[INFO] running `Command { std: "docker" "start" "-a" "0a5d491712943577ab67b75ece57be7bc95f0f67203dd67ed6b0aba7f0f3b5c0", kill_on_drop: false }`
[INFO] [stderr]    Compiling version_check v0.1.5
[INFO] [stderr]    Compiling memchr v2.2.0
[INFO] [stderr]    Compiling nom v4.2.3
[INFO] [stderr]    Compiling idemsh v0.1.0 (/opt/rustwide/workdir)
[INFO] [stdout] warning: unused import: `nom::anychar`
[INFO] [stdout]  --> src/parser.rs:3:5
[INFO] [stdout]   |
[INFO] [stdout] 3 | use nom::anychar;
[INFO] [stdout]   |     ^^^^^^^^^^^^
[INFO] [stdout]   |
[INFO] [stdout]   = note: `#[warn(unused_imports)]` on by default
[INFO] [stdout] 
[INFO] [stdout] 
[INFO] [stdout] warning: unused import: `super::parser::*`
[INFO] [stdout]  --> src/local_exec.rs:8:5
[INFO] [stdout]   |
[INFO] [stdout] 8 | use super::parser::*;
[INFO] [stdout]   |     ^^^^^^^^^^^^^^^^
[INFO] [stdout] 
[INFO] [stdout] 
[INFO] [stdout] warning: unused import: `super::parser::*`
[INFO] [stdout]  --> src/handle_exec.rs:3:5
[INFO] [stdout]   |
[INFO] [stdout] 3 | use super::parser::*;
[INFO] [stdout]   |     ^^^^^^^^^^^^^^^^
[INFO] [stdout] 
[INFO] [stdout] 
[INFO] [stdout] warning: `#[macro_use]` only has an effect on `extern crate` and modules
[INFO] [stdout]  --> src/parser.rs:5:1
[INFO] [stdout]   |
[INFO] [stdout] 5 | #[macro_use]
[INFO] [stdout]   | ^^^^^^^^^^^^
[INFO] [stdout]   |
[INFO] [stdout]   = note: `#[warn(unused_attributes)]` on by default
[INFO] [stdout] 
[INFO] [stdout] 
[INFO] [stdout] warning: unused variable: `dir`
[INFO] [stdout]   --> src/local_exec.rs:38:36
[INFO] [stdout]    |
[INFO] [stdout] 38 |     fn change_directory(&mut self, dir: &str) -> ExecResult<()> {
[INFO] [stdout]    |                                    ^^^ help: if this is intentional, prefix it with an underscore: `_dir`
[INFO] [stdout]    |
[INFO] [stdout]    = note: `#[warn(unused_variables)]` on by default
[INFO] [stdout] 
[INFO] [stdout] 
[INFO] [stdout] warning: unused variable: `local_part`
[INFO] [stdout]   --> src/local_exec.rs:53:38
[INFO] [stdout]    |
[INFO] [stdout] 53 |     fn ensure_file_exists(&mut self, local_part: &str) -> ExecResult<()> {
[INFO] [stdout]    |                                      ^^^^^^^^^^ help: if this is intentional, prefix it with an underscore: `_local_part`
[INFO] [stdout] 
[INFO] [stdout] 
[INFO] [stdout] warning: unused variable: `local_part`
[INFO] [stdout]   --> src/local_exec.rs:57:40
[INFO] [stdout]    |
[INFO] [stdout] 57 |     fn ensure_file_contents(&mut self, local_part: &str, contents: FileContents) -> ExecResult<()> {
[INFO] [stdout]    |                                        ^^^^^^^^^^ help: if this is intentional, prefix it with an underscore: `_local_part`
[INFO] [stdout] 
[INFO] [stdout] 
[INFO] [stdout] warning: unused variable: `contents`
[INFO] [stdout]   --> src/local_exec.rs:57:58
[INFO] [stdout]    |
[INFO] [stdout] 57 |     fn ensure_file_contents(&mut self, local_part: &str, contents: FileContents) -> ExecResult<()> {
[INFO] [stdout]    |                                                          ^^^^^^^^ help: if this is intentional, prefix it with an underscore: `_contents`
[INFO] [stdout] 
[INFO] [stdout] 
[INFO] [stdout] warning: variants `Directory` and `File` are never constructed
[INFO] [stdout]  --> src/ast.rs:4:5
[INFO] [stdout]   |
[INFO] [stdout] 3 | pub enum IdemPathLocalPartType {
[INFO] [stdout]   |          --------------------- variants in this enum
[INFO] [stdout] 4 |     Directory(String),
[INFO] [stdout]   |     ^^^^^^^^^
[INFO] [stdout] 5 |     File(String),
[INFO] [stdout]   |     ^^^^
[INFO] [stdout]   |
[INFO] [stdout]   = note: `IdemPathLocalPartType` has derived impls for the traits `Clone` and `Debug`, but these are intentionally ignored during dead code analysis
[INFO] [stdout]   = note: `#[warn(dead_code)]` on by default
[INFO] [stdout] 
[INFO] [stdout] 
[INFO] [stdout] warning: variants `Directory`, `Host`, and `File` are never constructed
[INFO] [stdout]   --> src/ast.rs:13:5
[INFO] [stdout]    |
[INFO] [stdout] 12 | pub enum IdemResourceType {
[INFO] [stdout]    |          ---------------- variants in this enum
[INFO] [stdout] 13 |     Directory(String),
[INFO] [stdout]    |     ^^^^^^^^^
[INFO] [stdout] 14 |     Host(String),
[INFO] [stdout]    |     ^^^^
[INFO] [stdout] 15 |     File(String),
[INFO] [stdout]    |     ^^^^
[INFO] [stdout]    |
[INFO] [stdout]    = note: `IdemResourceType` has derived impls for the traits `Clone` and `Debug`, but these are intentionally ignored during dead code analysis
[INFO] [stdout] 
[INFO] [stdout] 
[INFO] [stdout] warning: variants `LitString`, `ExtendedString`, and `PathSpec` are never constructed
[INFO] [stdout]   --> src/ast.rs:20:5
[INFO] [stdout]    |
[INFO] [stdout] 19 | pub enum IdemValueType {
[INFO] [stdout]    |          ------------- variants in this enum
[INFO] [stdout] 20 |     LitString(String),
[INFO] [stdout]    |     ^^^^^^^^^
[INFO] [stdout] 21 |     ExtendedString(String),
[INFO] [stdout]    |     ^^^^^^^^^^^^^^
[INFO] [stdout] 22 |     PathSpec(IdemPath),
[INFO] [stdout]    |     ^^^^^^^^
[INFO] [stdout]    |
[INFO] [stdout]    = note: `IdemValueType` has derived impls for the traits `Clone` and `Debug`, but these are intentionally ignored during dead code analysis
[INFO] [stdout] 
[INFO] [stdout] 
[INFO] [stdout] warning: variants `InsertStart`, `InsertEnd`, and `InsertAfter` are never constructed
[INFO] [stdout]   --> src/ast.rs:34:5
[INFO] [stdout]    |
[INFO] [stdout] 33 | pub enum IdemEditCommandType {
[INFO] [stdout]    |          ------------------- variants in this enum
[INFO] [stdout] 34 |     InsertStart(String),
[INFO] [stdout]    |     ^^^^^^^^^^^
[INFO] [stdout] 35 |     InsertEnd(String),
[INFO] [stdout]    |     ^^^^^^^^^
[INFO] [stdout] 36 |     InsertAfter(String, String),
[INFO] [stdout]    |     ^^^^^^^^^^^
[INFO] [stdout]    |
[INFO] [stdout]    = note: `IdemEditCommandType` has derived impls for the traits `Clone` and `Debug`, but these are intentionally ignored during dead code analysis
[INFO] [stdout] 
[INFO] [stdout] 
[INFO] [stdout] warning: variants `FlagKeyword`, `ShortFlags`, and `KeyValue` are never constructed
[INFO] [stdout]   --> src/ast.rs:46:5
[INFO] [stdout]    |
[INFO] [stdout] 45 | pub enum IdemParamType {
[INFO] [stdout]    |          ------------- variants in this enum
[INFO] [stdout] 46 |     FlagKeyword(String),
[INFO] [stdout]    |     ^^^^^^^^^^^
[INFO] [stdout] 47 |     ShortFlags(Vec<char>),
[INFO] [stdout]    |     ^^^^^^^^^^
[INFO] [stdout] 48 |     KeyValue(String, IdemValueType),
[INFO] [stdout]    |     ^^^^^^^^
[INFO] [stdout]    |
[INFO] [stdout]    = note: `IdemParamType` has derived impls for the traits `Clone` and `Debug`, but these are intentionally ignored during dead code analysis
[INFO] [stdout] 
[INFO] [stdout] 
[INFO] [stdout] warning: variants `Each`, `WithPaths`, and `WithBlock` are never constructed
[INFO] [stdout]   --> src/ast.rs:59:5
[INFO] [stdout]    |
[INFO] [stdout] 58 | pub enum IdemRawCommandType {
[INFO] [stdout]    |          ------------------ variants in this enum
[INFO] [stdout] 59 |     Each(String, IdemValueType, Vec<Box<IdemRawCommandType>>),
[INFO] [stdout]    |     ^^^^
[INFO] [stdout] 60 |     WithPaths(IdemRawCommandWithPaths),
[INFO] [stdout]    |     ^^^^^^^^^
[INFO] [stdout] 61 |     WithBlock(IdemResourceType, Option<String>, Vec<Box<IdemRawCommandType>>),
[INFO] [stdout]    |     ^^^^^^^^^
[INFO] [stdout]    |
[INFO] [stdout]    = note: `IdemRawCommandType` has derived impls for the traits `Clone` and `Debug`, but these are intentionally ignored during dead code analysis
[INFO] [stdout] 
[INFO] [stdout] 
[INFO] [stdout] warning: variant `StaticString` is never constructed
[INFO] [stdout]  --> src/traits.rs:5:5
[INFO] [stdout]   |
[INFO] [stdout] 4 | pub enum FileContents {
[INFO] [stdout]   |          ------------ variant in this enum
[INFO] [stdout] 5 |     StaticString(String)
[INFO] [stdout]   |     ^^^^^^^^^^^^
[INFO] [stdout] 
[INFO] [stdout] 
[INFO] [stdout] warning: variant `Message` is never constructed
[INFO] [stdout]   --> src/errors.rs:11:5
[INFO] [stdout]    |
[INFO] [stdout] 9  | pub enum ErrorType {
[INFO] [stdout]    |          --------- variant in this enum
[INFO] [stdout] 10 |     IOError(Box<IOError>),
[INFO] [stdout] 11 |     Message(String),
[INFO] [stdout]    |     ^^^^^^^
[INFO] [stdout]    |
[INFO] [stdout]    = note: `ErrorType` has a derived impl for the trait `Debug`, but this is intentionally ignored during dead code analysis
[INFO] [stdout] 
[INFO] [stdout] 
[INFO] [stdout] warning: function `find_single_path` is never used
[INFO] [stdout]   --> src/local_exec.rs:67:4
[INFO] [stdout]    |
[INFO] [stdout] 67 | fn find_single_path<'a>(obj: &'a IdemRawCommandWithPaths) -> Option<&'a IdemPath> {
[INFO] [stdout]    |    ^^^^^^^^^^^^^^^^
[INFO] [stdout] 
[INFO] [stdout] 
[INFO] [stdout] warning: function `find_single_flag_keyword` is never used
[INFO] [stdout]   --> src/local_exec.rs:73:4
[INFO] [stdout]    |
[INFO] [stdout] 73 | fn find_single_flag_keyword(params: &[IdemParamType]) -> Option<&str> {
[INFO] [stdout]    |    ^^^^^^^^^^^^^^^^^^^^^^^^
[INFO] [stdout] 
[INFO] [stdout] 
[INFO] [stdout] warning: function `create_ignore_existing` is never used
[INFO] [stdout]   --> src/local_exec.rs:85:4
[INFO] [stdout]    |
[INFO] [stdout] 85 | fn create_ignore_existing<T: AsRef<Path>>(path: T) -> IOResult<()> {
[INFO] [stdout]    |    ^^^^^^^^^^^^^^^^^^^^^^
[INFO] [stdout] 
[INFO] [stdout] 
[INFO] [stdout] warning: associated function `with_new_relative_working_dir` is never used
[INFO] [stdout]   --> src/local_exec.rs:26:8
[INFO] [stdout]    |
[INFO] [stdout] 26 |     fn with_new_relative_working_dir<P: AsRef<Path>>(dir: P) -> Self {
[INFO] [stdout]    |        ^^^^^^^^^^^^^^^^^^^^^^^^^^^^^
[INFO] [stdout] 
[INFO] [stdout] 
[INFO] [stdout] warning: function `find_single_path` is never used
[INFO] [stdout]   --> src/handle_exec.rs:14:4
[INFO] [stdout]    |
[INFO] [stdout] 14 | fn find_single_path<'a>(obj: &'a IdemRawCommandWithPaths) -> Option<&'a IdemPath> {
[INFO] [stdout]    |    ^^^^^^^^^^^^^^^^
[INFO] [stdout] 
[INFO] [stdout] 
[INFO] [stdout] warning: function `find_single_flag_keyword` is never used
[INFO] [stdout]   --> src/handle_exec.rs:20:4
[INFO] [stdout]    |
[INFO] [stdout] 20 | fn find_single_flag_keyword(params: &[IdemParamType]) -> Option<&str> {
[INFO] [stdout]    |    ^^^^^^^^^^^^^^^^^^^^^^^^
[INFO] [stdout] 
[INFO] [stdout] 
[INFO] [stdout] warning: associated function `new` is never used
[INFO] [stdout]   --> src/handle_exec.rs:33:12
[INFO] [stdout]    |
[INFO] [stdout] 33 |     pub fn new(driver: &'e mut E) -> Self {
[INFO] [stdout]    |            ^^^
[INFO] [stdout] 
[INFO] [stdout] 
[INFO] [stdout] warning: method `execute_raw_script_command` is never used
[INFO] [stdout]   --> src/handle_exec.rs:40:12
[INFO] [stdout]    |
[INFO] [stdout] 40 |     pub fn execute_raw_script_command(&mut self, cmd: &IdemRawCommandType) -> ExecResult<()> {
[INFO] [stdout]    |            ^^^^^^^^^^^^^^^^^^^^^^^^^^
[INFO] [stdout] 
[INFO] [stdout] 
[INFO] [stdout] warning: unused `std::result::Result` that must be used
[INFO] [stdout]   --> src/local_exec.rs:29:28
[INFO] [stdout]    |
[INFO] [stdout] 29 |         if !cwd.exists() { fs::create_dir_all(&cwd); }
[INFO] [stdout]    |                            ^^^^^^^^^^^^^^^^^^^^^^^^
[INFO] [stdout]    |
[INFO] [stdout]    = note: this `Result` may be an `Err` variant, which should be handled
[INFO] [stdout]    = note: `#[warn(unused_must_use)]` on by default
[INFO] [stdout] 
[INFO] [stdout] 
[INFO] [stdout] warning: unused `std::result::Result` that must be used
[INFO] [stdout]   --> src/handle_exec.rs:46:21
[INFO] [stdout]    |
[INFO] [stdout] 46 | /                     match flag.unwrap() {
[INFO] [stdout] 47 | |                         "exists" => {
[INFO] [stdout] 48 | |                             let path = find_single_path(obj);
[INFO] [stdout] 49 | |                             assert!(path.is_some(), "exists flag expects to follow a single path");
[INFO] [stdout] ...  |
[INFO] [stdout] 62 | |                         _ => unimplemented!("Flag keyword not implemented")
[INFO] [stdout] 63 | |                     };
[INFO] [stdout]    | |_____________________^
[INFO] [stdout]    |
[INFO] [stdout]    = note: this `Result` may be an `Err` variant, which should be handled
[INFO] [stdout] 
[INFO] [stdout] 
[INFO] [stdout] warning: 26 warnings emitted
[INFO] [stdout] 
[INFO] [stdout] 
[INFO] [stderr]     Finished dev [unoptimized + debuginfo] target(s) in 1.60s
[INFO] [stderr] warning: the following packages contain code that will be rejected by a future version of Rust: nom v4.2.3
[INFO] [stderr] note: to see what the problems were, use the option `--future-incompat-report`, or run `cargo report future-incompatibilities --id 1`
[INFO] running `Command { std: "docker" "inspect" "0a5d491712943577ab67b75ece57be7bc95f0f67203dd67ed6b0aba7f0f3b5c0", kill_on_drop: false }`
[INFO] running `Command { std: "docker" "rm" "-f" "0a5d491712943577ab67b75ece57be7bc95f0f67203dd67ed6b0aba7f0f3b5c0", kill_on_drop: false }`
[INFO] [stdout] 0a5d491712943577ab67b75ece57be7bc95f0f67203dd67ed6b0aba7f0f3b5c0
[INFO] running `Command { std: "docker" "create" "-v" "/var/lib/crater-agent-workspace/builds/worker-1-tc1/target:/opt/rustwide/target:rw,Z" "-v" "/var/lib/crater-agent-workspace/builds/worker-1-tc1/source:/opt/rustwide/workdir:ro,Z" "-v" "/var/lib/crater-agent-workspace/cargo-home:/opt/rustwide/cargo-home:ro,Z" "-v" "/var/lib/crater-agent-workspace/rustup-home:/opt/rustwide/rustup-home:ro,Z" "-e" "SOURCE_DIR=/opt/rustwide/workdir" "-e" "CARGO_TARGET_DIR=/opt/rustwide/target" "-e" "CARGO_INCREMENTAL=0" "-e" "RUST_BACKTRACE=full" "-e" "RUSTFLAGS=--cap-lints=warn" "-e" "RUSTDOCFLAGS=--cap-lints=warn" "-e" "CARGO_HOME=/opt/rustwide/cargo-home" "-e" "RUSTUP_HOME=/opt/rustwide/rustup-home" "-w" "/opt/rustwide/workdir" "-m" "1610612736" "--user" "0:0" "--network" "none" "ghcr.io/rust-lang/crates-build-env/linux@sha256:5ff2268d62e97bff2cde7d5815dd6ed5b47097566f13b8d0ca110b04b60e07ed" "/opt/rustwide/cargo-home/bin/cargo" "+1.69.0" "test" "--frozen" "--no-run" "--message-format=json", kill_on_drop: false }`
[INFO] [stdout] e2fc3ec77bf080cb196608a7f3e81dcf4260a29a8f51198bafe3119b3059aabe
[INFO] running `Command { std: "docker" "start" "-a" "e2fc3ec77bf080cb196608a7f3e81dcf4260a29a8f51198bafe3119b3059aabe", kill_on_drop: false }`
[INFO] [stderr]    Compiling idemsh v0.1.0 (/opt/rustwide/workdir)
[INFO] [stdout] warning: unused import: `nom::anychar`
[INFO] [stdout]  --> src/parser.rs:3:5
[INFO] [stdout]   |
[INFO] [stdout] 3 | use nom::anychar;
[INFO] [stdout]   |     ^^^^^^^^^^^^
[INFO] [stdout]   |
[INFO] [stdout]   = note: `#[warn(unused_imports)]` on by default
[INFO] [stdout] 
[INFO] [stdout] 
[INFO] [stdout] warning: unused import: `super::parser::*`
[INFO] [stdout]  --> src/local_exec.rs:8:5
[INFO] [stdout]   |
[INFO] [stdout] 8 | use super::parser::*;
[INFO] [stdout]   |     ^^^^^^^^^^^^^^^^
[INFO] [stdout] 
[INFO] [stdout] 
[INFO] [stdout] warning: unused import: `nom::types::CompleteStr`
[INFO] [stdout]   --> src/local_exec.rs:91:9
[INFO] [stdout]    |
[INFO] [stdout] 91 |     use nom::types::CompleteStr;
[INFO] [stdout]    |         ^^^^^^^^^^^^^^^^^^^^^^^
[INFO] [stdout] 
[INFO] [stdout] 
[INFO] [stdout] warning: `#[macro_use]` only has an effect on `extern crate` and modules
[INFO] [stdout]  --> src/parser.rs:5:1
[INFO] [stdout]   |
[INFO] [stdout] 5 | #[macro_use]
[INFO] [stdout]   | ^^^^^^^^^^^^
[INFO] [stdout]   |
[INFO] [stdout]   = note: `#[warn(unused_attributes)]` on by default
[INFO] [stdout] 
[INFO] [stdout] 
[INFO] [stdout] warning: `#[macro_use]` only has an effect on `extern crate` and modules
[INFO] [stdout]    --> src/parser.rs:171:5
[INFO] [stdout]     |
[INFO] [stdout] 171 |     #[macro_use]
[INFO] [stdout]     |     ^^^^^^^^^^^^
[INFO] [stdout] 
[INFO] [stdout] 
[INFO] [stdout] warning: `#[macro_use]` only has an effect on `extern crate` and modules
[INFO] [stdout]   --> src/local_exec.rs:93:5
[INFO] [stdout]    |
[INFO] [stdout] 93 |     #[macro_use]
[INFO] [stdout]    |     ^^^^^^^^^^^^
[INFO] [stdout] 
[INFO] [stdout] 
[INFO] [stdout] warning: `#[macro_use]` only has an effect on `extern crate` and modules
[INFO] [stdout]   --> src/handle_exec.rs:78:5
[INFO] [stdout]    |
[INFO] [stdout] 78 |     #[macro_use]
[INFO] [stdout]    |     ^^^^^^^^^^^^
[INFO] [stdout] 
[INFO] [stdout] 
[INFO] [stdout] warning: unused variable: `dir`
[INFO] [stdout]   --> src/local_exec.rs:38:36
[INFO] [stdout]    |
[INFO] [stdout] 38 |     fn change_directory(&mut self, dir: &str) -> ExecResult<()> {
[INFO] [stdout]    |                                    ^^^ help: if this is intentional, prefix it with an underscore: `_dir`
[INFO] [stdout]    |
[INFO] [stdout]    = note: `#[warn(unused_variables)]` on by default
[INFO] [stdout] 
[INFO] [stdout] 
[INFO] [stdout] warning: unused variable: `local_part`
[INFO] [stdout]   --> src/local_exec.rs:53:38
[INFO] [stdout]    |
[INFO] [stdout] 53 |     fn ensure_file_exists(&mut self, local_part: &str) -> ExecResult<()> {
[INFO] [stdout]    |                                      ^^^^^^^^^^ help: if this is intentional, prefix it with an underscore: `_local_part`
[INFO] [stdout] 
[INFO] [stdout] 
[INFO] [stdout] warning: unused variable: `local_part`
[INFO] [stdout]   --> src/local_exec.rs:57:40
[INFO] [stdout]    |
[INFO] [stdout] 57 |     fn ensure_file_contents(&mut self, local_part: &str, contents: FileContents) -> ExecResult<()> {
[INFO] [stdout]    |                                        ^^^^^^^^^^ help: if this is intentional, prefix it with an underscore: `_local_part`
[INFO] [stdout] 
[INFO] [stdout] 
[INFO] [stdout] warning: unused variable: `contents`
[INFO] [stdout]   --> src/local_exec.rs:57:58
[INFO] [stdout]    |
[INFO] [stdout] 57 |     fn ensure_file_contents(&mut self, local_part: &str, contents: FileContents) -> ExecResult<()> {
[INFO] [stdout]    |                                                          ^^^^^^^^ help: if this is intentional, prefix it with an underscore: `_contents`
[INFO] [stdout] 
[INFO] [stdout] 
[INFO] [stdout] warning: unused variable: `dir`
[INFO] [stdout]    --> src/handle_exec.rs:106:40
[INFO] [stdout]     |
[INFO] [stdout] 106 |         fn change_directory(&mut self, dir: &str) -> ExecResult<()> {
[INFO] [stdout]     |                                        ^^^ help: if this is intentional, prefix it with an underscore: `_dir`
[INFO] [stdout] 
[INFO] [stdout] 
[INFO] [stdout] warning: unused variable: `contents`
[INFO] [stdout]    --> src/handle_exec.rs:122:62
[INFO] [stdout]     |
[INFO] [stdout] 122 |         fn ensure_file_contents(&mut self, local_part: &str, contents: FileContents) -> ExecResult<()> {
[INFO] [stdout]     |                                                              ^^^^^^^^ help: if this is intentional, prefix it with an underscore: `_contents`
[INFO] [stdout] 
[INFO] [stdout] 
[INFO] [stdout] warning: variant `Host` is never constructed
[INFO] [stdout]   --> src/ast.rs:14:5
[INFO] [stdout]    |
[INFO] [stdout] 12 | pub enum IdemResourceType {
[INFO] [stdout]    |          ---------------- variant in this enum
[INFO] [stdout] 13 |     Directory(String),
[INFO] [stdout] 14 |     Host(String),
[INFO] [stdout]    |     ^^^^
[INFO] [stdout]    |
[INFO] [stdout]    = note: `IdemResourceType` has derived impls for the traits `Clone` and `Debug`, but these are intentionally ignored during dead code analysis
[INFO] [stdout]    = note: `#[warn(dead_code)]` on by default
[INFO] [stdout] 
[INFO] [stdout] 
[INFO] [stdout] warning: variant `ExtendedString` is never constructed
[INFO] [stdout]   --> src/ast.rs:21:5
[INFO] [stdout]    |
[INFO] [stdout] 19 | pub enum IdemValueType {
[INFO] [stdout]    |          ------------- variant in this enum
[INFO] [stdout] 20 |     LitString(String),
[INFO] [stdout] 21 |     ExtendedString(String),
[INFO] [stdout]    |     ^^^^^^^^^^^^^^
[INFO] [stdout]    |
[INFO] [stdout]    = note: `IdemValueType` has derived impls for the traits `Clone` and `Debug`, but these are intentionally ignored during dead code analysis
[INFO] [stdout] 
[INFO] [stdout] 
[INFO] [stdout] warning: variants `InsertStart`, `InsertEnd`, and `InsertAfter` are never constructed
[INFO] [stdout]   --> src/ast.rs:34:5
[INFO] [stdout]    |
[INFO] [stdout] 33 | pub enum IdemEditCommandType {
[INFO] [stdout]    |          ------------------- variants in this enum
[INFO] [stdout] 34 |     InsertStart(String),
[INFO] [stdout]    |     ^^^^^^^^^^^
[INFO] [stdout] 35 |     InsertEnd(String),
[INFO] [stdout]    |     ^^^^^^^^^
[INFO] [stdout] 36 |     InsertAfter(String, String),
[INFO] [stdout]    |     ^^^^^^^^^^^
[INFO] [stdout]    |
[INFO] [stdout]    = note: `IdemEditCommandType` has derived impls for the traits `Clone` and `Debug`, but these are intentionally ignored during dead code analysis
[INFO] [stdout] 
[INFO] [stdout] 
[INFO] [stdout] warning: variant `ShortFlags` is never constructed
[INFO] [stdout]   --> src/ast.rs:47:5
[INFO] [stdout]    |
[INFO] [stdout] 45 | pub enum IdemParamType {
[INFO] [stdout]    |          ------------- variant in this enum
[INFO] [stdout] 46 |     FlagKeyword(String),
[INFO] [stdout] 47 |     ShortFlags(Vec<char>),
[INFO] [stdout]    |     ^^^^^^^^^^
[INFO] [stdout]    |
[INFO] [stdout]    = note: `IdemParamType` has derived impls for the traits `Clone` and `Debug`, but these are intentionally ignored during dead code analysis
[INFO] [stdout] 
[INFO] [stdout] 
[INFO] [stdout] warning: variant `StaticString` is never constructed
[INFO] [stdout]  --> src/traits.rs:5:5
[INFO] [stdout]   |
[INFO] [stdout] 4 | pub enum FileContents {
[INFO] [stdout]   |          ------------ variant in this enum
[INFO] [stdout] 5 |     StaticString(String)
[INFO] [stdout]   |     ^^^^^^^^^^^^
[INFO] [stdout] 
[INFO] [stdout] 
[INFO] [stdout] warning: variant `Message` is never constructed
[INFO] [stdout]   --> src/errors.rs:11:5
[INFO] [stdout]    |
[INFO] [stdout] 9  | pub enum ErrorType {
[INFO] [stdout]    |          --------- variant in this enum
[INFO] [stdout] 10 |     IOError(Box<IOError>),
[INFO] [stdout] 11 |     Message(String),
[INFO] [stdout]    |     ^^^^^^^
[INFO] [stdout]    |
[INFO] [stdout]    = note: `ErrorType` has a derived impl for the trait `Debug`, but this is intentionally ignored during dead code analysis
[INFO] [stdout] 
[INFO] [stdout] 
[INFO] [stdout] warning: function `find_single_path` is never used
[INFO] [stdout]   --> src/local_exec.rs:67:4
[INFO] [stdout]    |
[INFO] [stdout] 67 | fn find_single_path<'a>(obj: &'a IdemRawCommandWithPaths) -> Option<&'a IdemPath> {
[INFO] [stdout]    |    ^^^^^^^^^^^^^^^^
[INFO] [stdout] 
[INFO] [stdout] 
[INFO] [stdout] warning: function `find_single_flag_keyword` is never used
[INFO] [stdout]   --> src/local_exec.rs:73:4
[INFO] [stdout]    |
[INFO] [stdout] 73 | fn find_single_flag_keyword(params: &[IdemParamType]) -> Option<&str> {
[INFO] [stdout]    |    ^^^^^^^^^^^^^^^^^^^^^^^^
[INFO] [stdout] 
[INFO] [stdout] 
[INFO] [stdout] warning: function `create_ignore_existing` is never used
[INFO] [stdout]   --> src/local_exec.rs:85:4
[INFO] [stdout]    |
[INFO] [stdout] 85 | fn create_ignore_existing<T: AsRef<Path>>(path: T) -> IOResult<()> {
[INFO] [stdout]    |    ^^^^^^^^^^^^^^^^^^^^^^
[INFO] [stdout] 
[INFO] [stdout] 
[INFO] [stdout] warning: unused `std::result::Result` that must be used
[INFO] [stdout]   --> src/local_exec.rs:29:28
[INFO] [stdout]    |
[INFO] [stdout] 29 |         if !cwd.exists() { fs::create_dir_all(&cwd); }
[INFO] [stdout]    |                            ^^^^^^^^^^^^^^^^^^^^^^^^
[INFO] [stdout]    |
[INFO] [stdout]    = note: this `Result` may be an `Err` variant, which should be handled
[INFO] [stdout]    = note: `#[warn(unused_must_use)]` on by default
[INFO] [stdout] 
[INFO] [stdout] 
[INFO] [stdout] warning: unused `std::result::Result` that must be used
[INFO] [stdout]   --> src/handle_exec.rs:46:21
[INFO] [stdout]    |
[INFO] [stdout] 46 | /                     match flag.unwrap() {
[INFO] [stdout] 47 | |                         "exists" => {
[INFO] [stdout] 48 | |                             let path = find_single_path(obj);
[INFO] [stdout] 49 | |                             assert!(path.is_some(), "exists flag expects to follow a single path");
[INFO] [stdout] ...  |
[INFO] [stdout] 62 | |                         _ => unimplemented!("Flag keyword not implemented")
[INFO] [stdout] 63 | |                     };
[INFO] [stdout]    | |_____________________^
[INFO] [stdout]    |
[INFO] [stdout]    = note: this `Result` may be an `Err` variant, which should be handled
[INFO] [stdout] 
[INFO] [stdout] 
[INFO] [stdout] warning: 24 warnings emitted
[INFO] [stdout] 
[INFO] [stdout] 
[INFO] [stderr]     Finished test [unoptimized + debuginfo] target(s) in 0.77s
[INFO] [stderr] warning: the following packages contain code that will be rejected by a future version of Rust: nom v4.2.3
[INFO] [stderr] note: to see what the problems were, use the option `--future-incompat-report`, or run `cargo report future-incompatibilities --id 1`
[INFO] running `Command { std: "docker" "inspect" "e2fc3ec77bf080cb196608a7f3e81dcf4260a29a8f51198bafe3119b3059aabe", kill_on_drop: false }`
[INFO] running `Command { std: "docker" "rm" "-f" "e2fc3ec77bf080cb196608a7f3e81dcf4260a29a8f51198bafe3119b3059aabe", kill_on_drop: false }`
[INFO] [stdout] e2fc3ec77bf080cb196608a7f3e81dcf4260a29a8f51198bafe3119b3059aabe
[INFO] running `Command { std: "docker" "create" "-v" "/var/lib/crater-agent-workspace/builds/worker-1-tc1/target:/opt/rustwide/target:rw,Z" "-v" "/var/lib/crater-agent-workspace/builds/worker-1-tc1/source:/opt/rustwide/workdir:ro,Z" "-v" "/var/lib/crater-agent-workspace/cargo-home:/opt/rustwide/cargo-home:ro,Z" "-v" "/var/lib/crater-agent-workspace/rustup-home:/opt/rustwide/rustup-home:ro,Z" "-e" "SOURCE_DIR=/opt/rustwide/workdir" "-e" "CARGO_TARGET_DIR=/opt/rustwide/target" "-e" "CARGO_INCREMENTAL=0" "-e" "RUST_BACKTRACE=full" "-e" "RUSTFLAGS=--cap-lints=warn" "-e" "RUSTDOCFLAGS=--cap-lints=warn" "-e" "CARGO_HOME=/opt/rustwide/cargo-home" "-e" "RUSTUP_HOME=/opt/rustwide/rustup-home" "-w" "/opt/rustwide/workdir" "-m" "1610612736" "--user" "0:0" "--network" "none" "ghcr.io/rust-lang/crates-build-env/linux@sha256:5ff2268d62e97bff2cde7d5815dd6ed5b47097566f13b8d0ca110b04b60e07ed" "/opt/rustwide/cargo-home/bin/cargo" "+1.69.0" "test" "--frozen", kill_on_drop: false }`
[INFO] [stdout] f69686a2fd9d0658ffbb1da3f93da3422ae73c33e0a7864a6a4ee6f522933752
[INFO] running `Command { std: "docker" "start" "-a" "f69686a2fd9d0658ffbb1da3f93da3422ae73c33e0a7864a6a4ee6f522933752", kill_on_drop: false }`
[INFO] [stderr] warning: unused import: `nom::anychar`
[INFO] [stderr]  --> src/parser.rs:3:5
[INFO] [stderr]   |
[INFO] [stderr] 3 | use nom::anychar;
[INFO] [stderr]   |     ^^^^^^^^^^^^
[INFO] [stderr]   |
[INFO] [stderr]   = note: `#[warn(unused_imports)]` on by default
[INFO] [stderr] 
[INFO] [stderr] warning: unused import: `super::parser::*`
[INFO] [stderr]  --> src/local_exec.rs:8:5
[INFO] [stderr]   |
[INFO] [stderr] 8 | use super::parser::*;
[INFO] [stderr]   |     ^^^^^^^^^^^^^^^^
[INFO] [stderr] 
[INFO] [stderr] warning: unused import: `nom::types::CompleteStr`
[INFO] [stderr]   --> src/local_exec.rs:91:9
[INFO] [stderr]    |
[INFO] [stderr] 91 |     use nom::types::CompleteStr;
[INFO] [stderr]    |         ^^^^^^^^^^^^^^^^^^^^^^^
[INFO] [stderr] 
[INFO] [stderr] warning: `#[macro_use]` only has an effect on `extern crate` and modules
[INFO] [stderr]  --> src/parser.rs:5:1
[INFO] [stderr]   |
[INFO] [stderr] 5 | #[macro_use]
[INFO] [stderr]   | ^^^^^^^^^^^^
[INFO] [stderr]   |
[INFO] [stderr]   = note: `#[warn(unused_attributes)]` on by default
[INFO] [stderr] 
[INFO] [stderr] warning: `#[macro_use]` only has an effect on `extern crate` and modules
[INFO] [stderr]    --> src/parser.rs:171:5
[INFO] [stderr]     |
[INFO] [stderr] 171 |     #[macro_use]
[INFO] [stderr]     |     ^^^^^^^^^^^^
[INFO] [stderr] 
[INFO] [stderr] warning: `#[macro_use]` only has an effect on `extern crate` and modules
[INFO] [stderr]   --> src/local_exec.rs:93:5
[INFO] [stderr]    |
[INFO] [stderr] 93 |     #[macro_use]
[INFO] [stderr]    |     ^^^^^^^^^^^^
[INFO] [stderr] 
[INFO] [stderr] warning: `#[macro_use]` only has an effect on `extern crate` and modules
[INFO] [stderr]   --> src/handle_exec.rs:78:5
[INFO] [stderr]    |
[INFO] [stderr] 78 |     #[macro_use]
[INFO] [stderr]    |     ^^^^^^^^^^^^
[INFO] [stderr] 
[INFO] [stderr] warning: unused variable: `dir`
[INFO] [stderr]   --> src/local_exec.rs:38:36
[INFO] [stderr]    |
[INFO] [stderr] 38 |     fn change_directory(&mut self, dir: &str) -> ExecResult<()> {
[INFO] [stderr]    |                                    ^^^ help: if this is intentional, prefix it with an underscore: `_dir`
[INFO] [stderr]    |
[INFO] [stderr]    = note: `#[warn(unused_variables)]` on by default
[INFO] [stderr] 
[INFO] [stderr] warning: unused variable: `local_part`
[INFO] [stderr]   --> src/local_exec.rs:53:38
[INFO] [stderr]    |
[INFO] [stderr] 53 |     fn ensure_file_exists(&mut self, local_part: &str) -> ExecResult<()> {
[INFO] [stderr]    |                                      ^^^^^^^^^^ help: if this is intentional, prefix it with an underscore: `_local_part`
[INFO] [stderr] 
[INFO] [stderr] warning: unused variable: `local_part`
[INFO] [stderr]   --> src/local_exec.rs:57:40
[INFO] [stderr]    |
[INFO] [stderr] 57 |     fn ensure_file_contents(&mut self, local_part: &str, contents: FileContents) -> ExecResult<()> {
[INFO] [stderr]    |                                        ^^^^^^^^^^ help: if this is intentional, prefix it with an underscore: `_local_part`
[INFO] [stderr] 
[INFO] [stderr] warning: unused variable: `contents`
[INFO] [stderr]   --> src/local_exec.rs:57:58
[INFO] [stderr]    |
[INFO] [stderr] 57 |     fn ensure_file_contents(&mut self, local_part: &str, contents: FileContents) -> ExecResult<()> {
[INFO] [stderr]    |                                                          ^^^^^^^^ help: if this is intentional, prefix it with an underscore: `_contents`
[INFO] [stderr] 
[INFO] [stderr] warning: unused variable: `dir`
[INFO] [stderr]    --> src/handle_exec.rs:106:40
[INFO] [stderr]     |
[INFO] [stderr] 106 |         fn change_directory(&mut self, dir: &str) -> ExecResult<()> {
[INFO] [stderr]     |                                        ^^^ help: if this is intentional, prefix it with an underscore: `_dir`
[INFO] [stderr] 
[INFO] [stderr] warning: unused variable: `contents`
[INFO] [stderr]    --> src/handle_exec.rs:122:62
[INFO] [stderr]     |
[INFO] [stderr] 122 |         fn ensure_file_contents(&mut self, local_part: &str, contents: FileContents) -> ExecResult<()> {
[INFO] [stderr]     |                                                              ^^^^^^^^ help: if this is intentional, prefix it with an underscore: `_contents`
[INFO] [stderr] 
[INFO] [stderr] warning: variant `Host` is never constructed
[INFO] [stderr]   --> src/ast.rs:14:5
[INFO] [stderr]    |
[INFO] [stderr] 12 | pub enum IdemResourceType {
[INFO] [stderr]    |          ---------------- variant in this enum
[INFO] [stderr] 13 |     Directory(String),
[INFO] [stderr] 14 |     Host(String),
[INFO] [stderr]    |     ^^^^
[INFO] [stderr]    |
[INFO] [stderr]    = note: `IdemResourceType` has derived impls for the traits `Clone` and `Debug`, but these are intentionally ignored during dead code analysis
[INFO] [stderr]    = note: `#[warn(dead_code)]` on by default
[INFO] [stderr] 
[INFO] [stderr] warning: variant `ExtendedString` is never constructed
[INFO] [stderr]   --> src/ast.rs:21:5
[INFO] [stderr]    |
[INFO] [stderr] 19 | pub enum IdemValueType {
[INFO] [stderr]    |          ------------- variant in this enum
[INFO] [stderr] 20 |     LitString(String),
[INFO] [stderr] 21 |     ExtendedString(String),
[INFO] [stderr]    |     ^^^^^^^^^^^^^^
[INFO] [stderr]    |
[INFO] [stderr]    = note: `IdemValueType` has derived impls for the traits `Clone` and `Debug`, but these are intentionally ignored during dead code analysis
[INFO] [stderr] 
[INFO] [stderr] warning: variants `InsertStart`, `InsertEnd`, and `InsertAfter` are never constructed
[INFO] [stderr]   --> src/ast.rs:34:5
[INFO] [stderr]    |
[INFO] [stderr] 33 | pub enum IdemEditCommandType {
[INFO] [stderr]    |          ------------------- variants in this enum
[INFO] [stderr] 34 |     InsertStart(String),
[INFO] [stderr]    |     ^^^^^^^^^^^
[INFO] [stderr] 35 |     InsertEnd(String),
[INFO] [stderr]    |     ^^^^^^^^^
[INFO] [stderr] 36 |     InsertAfter(String, String),
[INFO] [stderr]    |     ^^^^^^^^^^^
[INFO] [stderr]    |
[INFO] [stderr]    = note: `IdemEditCommandType` has derived impls for the traits `Clone` and `Debug`, but these are intentionally ignored during dead code analysis
[INFO] [stderr] 
[INFO] [stderr] warning: variant `ShortFlags` is never constructed
[INFO] [stderr]   --> src/ast.rs:47:5
[INFO] [stderr]    |
[INFO] [stderr] 45 | pub enum IdemParamType {
[INFO] [stderr]    |          ------------- variant in this enum
[INFO] [stderr] 46 |     FlagKeyword(String),
[INFO] [stderr] 47 |     ShortFlags(Vec<char>),
[INFO] [stderr]    |     ^^^^^^^^^^
[INFO] [stderr]    |
[INFO] [stderr]    = note: `IdemParamType` has derived impls for the traits `Clone` and `Debug`, but these are intentionally ignored during dead code analysis
[INFO] [stderr] 
[INFO] [stderr] warning: variant `StaticString` is never constructed
[INFO] [stderr]  --> src/traits.rs:5:5
[INFO] [stderr]   |
[INFO] [stderr] 4 | pub enum FileContents {
[INFO] [stderr]   |          ------------ variant in this enum
[INFO] [stderr] 5 |     StaticString(String)
[INFO] [stderr]   |     ^^^^^^^^^^^^
[INFO] [stderr] 
[INFO] [stderr] warning: variant `Message` is never constructed
[INFO] [stderr]   --> src/errors.rs:11:5
[INFO] [stderr]    |
[INFO] [stderr] 9  | pub enum ErrorType {
[INFO] [stderr]    |          --------- variant in this enum
[INFO] [stderr] 10 |     IOError(Box<IOError>),
[INFO] [stderr] 11 |     Message(String),
[INFO] [stderr]    |     ^^^^^^^
[INFO] [stderr]    |
[INFO] [stderr]    = note: `ErrorType` has a derived impl for the trait `Debug`, but this is intentionally ignored during dead code analysis
[INFO] [stderr] 
[INFO] [stderr] warning: function `find_single_path` is never used
[INFO] [stderr]   --> src/local_exec.rs:67:4
[INFO] [stderr]    |
[INFO] [stderr] 67 | fn find_single_path<'a>(obj: &'a IdemRawCommandWithPaths) -> Option<&'a IdemPath> {
[INFO] [stderr]    |    ^^^^^^^^^^^^^^^^
[INFO] [stderr] 
[INFO] [stderr] warning: function `find_single_flag_keyword` is never used
[INFO] [stderr]   --> src/local_exec.rs:73:4
[INFO] [stderr]    |
[INFO] [stderr] 73 | fn find_single_flag_keyword(params: &[IdemParamType]) -> Option<&str> {
[INFO] [stderr]    |    ^^^^^^^^^^^^^^^^^^^^^^^^
[INFO] [stderr] 
[INFO] [stderr] warning: function `create_ignore_existing` is never used
[INFO] [stderr]   --> src/local_exec.rs:85:4
[INFO] [stderr]    |
[INFO] [stderr] 85 | fn create_ignore_existing<T: AsRef<Path>>(path: T) -> IOResult<()> {
[INFO] [stderr]    |    ^^^^^^^^^^^^^^^^^^^^^^
[INFO] [stderr] 
[INFO] [stderr] warning: unused `std::result::Result` that must be used
[INFO] [stderr]   --> src/local_exec.rs:29:28
[INFO] [stderr]    |
[INFO] [stderr] 29 |         if !cwd.exists() { fs::create_dir_all(&cwd); }
[INFO] [stderr]    |                            ^^^^^^^^^^^^^^^^^^^^^^^^
[INFO] [stderr]    |
[INFO] [stderr]    = note: this `Result` may be an `Err` variant, which should be handled
[INFO] [stderr]    = note: `#[warn(unused_must_use)]` on by default
[INFO] [stderr] 
[INFO] [stderr] warning: unused `std::result::Result` that must be used
[INFO] [stderr]   --> src/handle_exec.rs:46:21
[INFO] [stderr]    |
[INFO] [stderr] 46 | /                     match flag.unwrap() {
[INFO] [stderr] 47 | |                         "exists" => {
[INFO] [stderr] 48 | |                             let path = find_single_path(obj);
[INFO] [stderr] 49 | |                             assert!(path.is_some(), "exists flag expects to follow a single path");
[INFO] [stderr] ...  |
[INFO] [stderr] 62 | |                         _ => unimplemented!("Flag keyword not implemented")
[INFO] [stderr] 63 | |                     };
[INFO] [stderr]    | |_____________________^
[INFO] [stderr]    |
[INFO] [stderr]    = note: this `Result` may be an `Err` variant, which should be handled
[INFO] [stderr] 
[INFO] [stderr] warning: `idemsh` (bin "idemsh" test) generated 24 warnings (run `cargo fix --bin "idemsh" --tests` to apply 9 suggestions)
[INFO] [stderr]     Finished test [unoptimized + debuginfo] target(s) in 0.02s
[INFO] [stderr] warning: the following packages contain code that will be rejected by a future version of Rust: nom v4.2.3
[INFO] [stderr] note: to see what the problems were, use the option `--future-incompat-report`, or run `cargo report future-incompatibilities --id 1`
[INFO] [stderr]      Running unittests src/main.rs (/opt/rustwide/target/debug/deps/idemsh-6b46328dd14c1aad)
[INFO] [stdout] 
[INFO] [stdout] running 18 tests
[INFO] [stdout] test handle_exec::tests::test_file_exists ... ok
[INFO] [stdout] test parser::tests::test_parse_value_litstring ... ok
[INFO] [stdout] test parser::tests::test_parse_value_path_spec1 ... ok
[INFO] [stdout] test parser::tests::test_parse_path4 ... ok
[INFO] [stdout] test parser::tests::test_parse_path3 ... ok
[INFO] [stdout] test parser::tests::test_parse_raw_command_with_paths2 ... ok
[INFO] [stdout] test parser::tests::test_parse_raw_command_with_block ... ok
[INFO] [stdout] test parser::tests::test_parse_raw_script1 ... ok
[INFO] [stdout] test handle_exec::tests::test_directory_exists ... ok
[INFO] [stdout] test parser::tests::test_parse_path1 ... ok
[INFO] [stdout] test parser::tests::test_parse_raw_command_each ... ok
[INFO] [stdout] test parser::tests::test_parse_path2 ... ok
[INFO] [stdout] test parser::tests::test_parse_value_path_spec2 ... ok
[INFO] [stdout] test parser::tests::test_parse_param_key_value ... ok
[INFO] [stdout] test parser::tests::test_parse_param_flag_keyword ... ok
[INFO] [stdout] test parser::tests::test_parse_raw_command_with_paths1 ... ok
[INFO] [stdout] test local_exec::tests::test_ensure_directory_exists ... FAILED
[INFO] [stdout] test local_exec::tests::test_ensure_file_exists ... FAILED
[INFO] [stderr] error: test failed, to rerun pass `--bin idemsh`
[INFO] [stdout] 
[INFO] [stdout] failures:
[INFO] [stdout] 
[INFO] [stdout] ---- local_exec::tests::test_ensure_directory_exists stdout ----
[INFO] [stdout] Checking for path "/opt/rustwide/workdir/./testing/./adir"
[INFO] [stdout] Creating path "/opt/rustwide/workdir/./testing/./adir"
[INFO] [stdout] thread 'local_exec::tests::test_ensure_directory_exists' panicked at 'assertion failed: local_exec.ensure_directory(\"./adir\").ok().is_some()', src/local_exec.rs:114:9
[INFO] [stdout] stack backtrace:
[INFO] [stdout]    0:     0x560bf02cf04a - std::backtrace_rs::backtrace::libunwind::trace::ha9053a9a07ca49cb
[INFO] [stdout]                                at /rustc/84c898d65adf2f39a5a98507f1fe0ce10a2b8dbc/library/std/src/../../backtrace/src/backtrace/libunwind.rs:93:5
[INFO] [stdout]    1:     0x560bf02cf04a - std::backtrace_rs::backtrace::trace_unsynchronized::h9c2852a457ad564e
[INFO] [stdout]                                at /rustc/84c898d65adf2f39a5a98507f1fe0ce10a2b8dbc/library/std/src/../../backtrace/src/backtrace/mod.rs:66:5
[INFO] [stdout]    2:     0x560bf02cf04a - std::sys_common::backtrace::_print_fmt::h457936fbfaa0070f
[INFO] [stdout]                                at /rustc/84c898d65adf2f39a5a98507f1fe0ce10a2b8dbc/library/std/src/sys_common/backtrace.rs:65:5
[INFO] [stdout]    3:     0x560bf02cf04a - <std::sys_common::backtrace::_print::DisplayBacktrace as core::fmt::Display>::fmt::h5779d7bf7f70cb0c
[INFO] [stdout]                                at /rustc/84c898d65adf2f39a5a98507f1fe0ce10a2b8dbc/library/std/src/sys_common/backtrace.rs:44:22
[INFO] [stdout]    4:     0x560bf02f26de - core::fmt::write::h5a4baaff1bcd3eb5
[INFO] [stdout]                                at /rustc/84c898d65adf2f39a5a98507f1fe0ce10a2b8dbc/library/core/src/fmt/mod.rs:1232:17
[INFO] [stdout]    5:     0x560bf02cc2d5 - std::io::Write::write_fmt::h478f79c628ef31d1
[INFO] [stdout]                                at /rustc/84c898d65adf2f39a5a98507f1fe0ce10a2b8dbc/library/std/src/io/mod.rs:1684:15
[INFO] [stdout]    6:     0x560bf02cee15 - std::sys_common::backtrace::_print::h5fcdc36060f177e8
[INFO] [stdout]                                at /rustc/84c898d65adf2f39a5a98507f1fe0ce10a2b8dbc/library/std/src/sys_common/backtrace.rs:47:5
[INFO] [stdout]    7:     0x560bf02cee15 - std::sys_common::backtrace::print::h54ca9458b876c8bf
[INFO] [stdout]                                at /rustc/84c898d65adf2f39a5a98507f1fe0ce10a2b8dbc/library/std/src/sys_common/backtrace.rs:34:9
[INFO] [stdout]    8:     0x560bf02d0bdf - std::panicking::default_hook::{{closure}}::hbe471161c7664ed6
[INFO] [stdout]                                at /rustc/84c898d65adf2f39a5a98507f1fe0ce10a2b8dbc/library/std/src/panicking.rs:271:22
[INFO] [stdout]    9:     0x560bf02d089f - std::panicking::default_hook::ha3500da57aa4ac4f
[INFO] [stdout]                                at /rustc/84c898d65adf2f39a5a98507f1fe0ce10a2b8dbc/library/std/src/panicking.rs:287:9
[INFO] [stdout]   10:     0x560bf029c957 - <alloc::boxed::Box<F,A> as core::ops::function::Fn<Args>>::call::hdf1b89dd137ece34
[INFO] [stdout]                                at /rustc/84c898d65adf2f39a5a98507f1fe0ce10a2b8dbc/library/alloc/src/boxed.rs:2001:9
[INFO] [stdout]   11:     0x560bf029c957 - test::test_main::{{closure}}::h9081a79f20e75698
[INFO] [stdout]                                at /rustc/84c898d65adf2f39a5a98507f1fe0ce10a2b8dbc/library/test/src/lib.rs:135:21
[INFO] [stdout]   12:     0x560bf02d130d - <alloc::boxed::Box<F,A> as core::ops::function::Fn<Args>>::call::h6507bddc3eebb4a5
[INFO] [stdout]                                at /rustc/84c898d65adf2f39a5a98507f1fe0ce10a2b8dbc/library/alloc/src/boxed.rs:2001:9
[INFO] [stdout]   13:     0x560bf02d130d - std::panicking::rust_panic_with_hook::h50c09d000dc561d2
[INFO] [stdout]                                at /rustc/84c898d65adf2f39a5a98507f1fe0ce10a2b8dbc/library/std/src/panicking.rs:696:13
[INFO] [stdout]   14:     0x560bf02d1042 - std::panicking::begin_panic_handler::{{closure}}::h9e2b2176e00e0d9c
[INFO] [stdout]                                at /rustc/84c898d65adf2f39a5a98507f1fe0ce10a2b8dbc/library/std/src/panicking.rs:581:13
[INFO] [stdout]   15:     0x560bf02cf4b6 - std::sys_common::backtrace::__rust_end_short_backtrace::h5739b8e512c09d02
[INFO] [stdout]                                at /rustc/84c898d65adf2f39a5a98507f1fe0ce10a2b8dbc/library/std/src/sys_common/backtrace.rs:150:18
[INFO] [stdout]   16:     0x560bf02d0d92 - rust_begin_unwind
[INFO] [stdout]                                at /rustc/84c898d65adf2f39a5a98507f1fe0ce10a2b8dbc/library/std/src/panicking.rs:579:5
[INFO] [stdout]   17:     0x560bf0236c23 - core::panicking::panic_fmt::hf33a1475b4dc5c3e
[INFO] [stdout]                                at /rustc/84c898d65adf2f39a5a98507f1fe0ce10a2b8dbc/library/core/src/panicking.rs:64:14
[INFO] [stdout]   18:     0x560bf0236cbd - core::panicking::panic::h9533b2fee90b999e
[INFO] [stdout]                                at /rustc/84c898d65adf2f39a5a98507f1fe0ce10a2b8dbc/library/core/src/panicking.rs:114:5
[INFO] [stdout]   19:     0x560bf02532d2 - idemsh::local_exec::tests::test_ensure_directory_exists::he7b47095943adafa
[INFO] [stdout]                                at /opt/rustwide/workdir/src/local_exec.rs:114:9
[INFO] [stdout]   20:     0x560bf02531d7 - idemsh::local_exec::tests::test_ensure_directory_exists::{{closure}}::h5fe0693843f848f9
[INFO] [stdout]                                at /opt/rustwide/workdir/src/local_exec.rs:111:39
[INFO] [stdout]   21:     0x560bf026ae85 - core::ops::function::FnOnce::call_once::ha6d1472fad277cd2
[INFO] [stdout]                                at /rustc/84c898d65adf2f39a5a98507f1fe0ce10a2b8dbc/library/core/src/ops/function.rs:250:5
[INFO] [stdout]   22:     0x560bf02a1d3f - core::ops::function::FnOnce::call_once::h7d969581be7d0075
[INFO] [stdout]                                at /rustc/84c898d65adf2f39a5a98507f1fe0ce10a2b8dbc/library/core/src/ops/function.rs:250:5
[INFO] [stdout]   23:     0x560bf02a1d3f - test::__rust_begin_short_backtrace::hca25a52684e56655
[INFO] [stdout]                                at /rustc/84c898d65adf2f39a5a98507f1fe0ce10a2b8dbc/library/test/src/lib.rs:656:18
[INFO] [stdout]   24:     0x560bf027335c - test::run_test::{{closure}}::ha8ac744c4af1a4bb
[INFO] [stdout]                                at /rustc/84c898d65adf2f39a5a98507f1fe0ce10a2b8dbc/library/test/src/lib.rs:647:30
[INFO] [stdout]   25:     0x560bf027335c - core::ops::function::FnOnce::call_once{{vtable.shim}}::h7b411a9ed45bdecf
[INFO] [stdout]                                at /rustc/84c898d65adf2f39a5a98507f1fe0ce10a2b8dbc/library/core/src/ops/function.rs:250:5
[INFO] [stdout]   26:     0x560bf02a0d06 - <alloc::boxed::Box<F,A> as core::ops::function::FnOnce<Args>>::call_once::hd05328869a8ed200
[INFO] [stdout]                                at /rustc/84c898d65adf2f39a5a98507f1fe0ce10a2b8dbc/library/alloc/src/boxed.rs:1987:9
[INFO] [stdout]   27:     0x560bf02a0d06 - <core::panic::unwind_safe::AssertUnwindSafe<F> as core::ops::function::FnOnce<()>>::call_once::h0c601ce20bd5b2be
[INFO] [stdout]                                at /rustc/84c898d65adf2f39a5a98507f1fe0ce10a2b8dbc/library/core/src/panic/unwind_safe.rs:271:9
[INFO] [stdout]   28:     0x560bf02a0d06 - std::panicking::try::do_call::ha4be5c164fe30854
[INFO] [stdout]                                at /rustc/84c898d65adf2f39a5a98507f1fe0ce10a2b8dbc/library/std/src/panicking.rs:487:40
[INFO] [stdout]   29:     0x560bf02a0d06 - std::panicking::try::h604546f3609af05f
[INFO] [stdout]                                at /rustc/84c898d65adf2f39a5a98507f1fe0ce10a2b8dbc/library/std/src/panicking.rs:451:19
[INFO] [stdout]   30:     0x560bf02a0d06 - std::panic::catch_unwind::h5bfa8afe44c9c2f9
[INFO] [stdout]                                at /rustc/84c898d65adf2f39a5a98507f1fe0ce10a2b8dbc/library/std/src/panic.rs:140:14
[INFO] [stdout]   31:     0x560bf02a0d06 - test::run_test_in_process::hd50dee55dd63e6aa
[INFO] [stdout]                                at /rustc/84c898d65adf2f39a5a98507f1fe0ce10a2b8dbc/library/test/src/lib.rs:679:27
[INFO] [stdout]   32:     0x560bf02a0d06 - test::run_test::run_test_inner::{{closure}}::h4aa0f433aa85cea8
[INFO] [stdout]                                at /rustc/84c898d65adf2f39a5a98507f1fe0ce10a2b8dbc/library/test/src/lib.rs:573:39
[INFO] [stdout]   33:     0x560bf026d9d1 - test::run_test::run_test_inner::{{closure}}::had56431adf24b4d6
[INFO] [stdout]                                at /rustc/84c898d65adf2f39a5a98507f1fe0ce10a2b8dbc/library/test/src/lib.rs:600:37
[INFO] [stdout]   34:     0x560bf026d9d1 - std::sys_common::backtrace::__rust_begin_short_backtrace::ha8d9890e0c73bf13
[INFO] [stdout]                                at /rustc/84c898d65adf2f39a5a98507f1fe0ce10a2b8dbc/library/std/src/sys_common/backtrace.rs:134:18
[INFO] [stdout]   35:     0x560bf02733eb - std::thread::Builder::spawn_unchecked_::{{closure}}::{{closure}}::h251832bcb4a95327
[INFO] [stdout]                                at /rustc/84c898d65adf2f39a5a98507f1fe0ce10a2b8dbc/library/std/src/thread/mod.rs:560:17
[INFO] [stdout]   36:     0x560bf02733eb - <core::panic::unwind_safe::AssertUnwindSafe<F> as core::ops::function::FnOnce<()>>::call_once::h8fdff598fa414831
[INFO] [stdout]                                at /rustc/84c898d65adf2f39a5a98507f1fe0ce10a2b8dbc/library/core/src/panic/unwind_safe.rs:271:9
[INFO] [stdout]   37:     0x560bf02733eb - std::panicking::try::do_call::h455dd2f7764a950f
[INFO] [stdout]                                at /rustc/84c898d65adf2f39a5a98507f1fe0ce10a2b8dbc/library/std/src/panicking.rs:487:40
[INFO] [stdout]   38:     0x560bf02733eb - std::panicking::try::had6f23b7b73ae72a
[INFO] [stdout]                                at /rustc/84c898d65adf2f39a5a98507f1fe0ce10a2b8dbc/library/std/src/panicking.rs:451:19
[INFO] [stdout]   39:     0x560bf02733eb - std::panic::catch_unwind::ha6a5ca3915b4dad0
[INFO] [stdout]                                at /rustc/84c898d65adf2f39a5a98507f1fe0ce10a2b8dbc/library/std/src/panic.rs:140:14
[INFO] [stdout]   40:     0x560bf02733eb - std::thread::Builder::spawn_unchecked_::{{closure}}::h883b72ef75da6231
[INFO] [stdout]                                at /rustc/84c898d65adf2f39a5a98507f1fe0ce10a2b8dbc/library/std/src/thread/mod.rs:559:30
[INFO] [stdout]   41:     0x560bf02733eb - core::ops::function::FnOnce::call_once{{vtable.shim}}::hb7dff73dc8bd2ccb
[INFO] [stdout]                                at /rustc/84c898d65adf2f39a5a98507f1fe0ce10a2b8dbc/library/core/src/ops/function.rs:250:5
[INFO] [stdout]   42:     0x560bf02d5673 - <alloc::boxed::Box<F,A> as core::ops::function::FnOnce<Args>>::call_once::h39990b24eedef2ab
[INFO] [stdout]                                at /rustc/84c898d65adf2f39a5a98507f1fe0ce10a2b8dbc/library/alloc/src/boxed.rs:1987:9
[INFO] [stdout]   43:     0x560bf02d5673 - <alloc::boxed::Box<F,A> as core::ops::function::FnOnce<Args>>::call_once::h01a027258444143b
[INFO] [stdout]                                at /rustc/84c898d65adf2f39a5a98507f1fe0ce10a2b8dbc/library/alloc/src/boxed.rs:1987:9
[INFO] [stdout]   44:     0x560bf02d5673 - std::sys::unix::thread::Thread::new::thread_start::ha4f1cdd9c25884ba
[INFO] [stdout]                                at /rustc/84c898d65adf2f39a5a98507f1fe0ce10a2b8dbc/library/std/src/sys/unix/thread.rs:108:17
[INFO] [stdout]   45:     0x7f372742ab43 - <unknown>
[INFO] [stdout]   46:     0x7f37274bbbb4 - __clone
[INFO] [stdout]   47:                0x0 - <unknown>
[INFO] [stdout] 
[INFO] [stdout] ---- local_exec::tests::test_ensure_file_exists stdout ----
[INFO] [stdout] thread 'local_exec::tests::test_ensure_file_exists' panicked at './testing/afile does not exist or is not a file.', src/local_exec.rs:107:9
[INFO] [stdout] stack backtrace:
[INFO] [stdout]    0:     0x560bf02cf04a - std::backtrace_rs::backtrace::libunwind::trace::ha9053a9a07ca49cb
[INFO] [stdout]                                at /rustc/84c898d65adf2f39a5a98507f1fe0ce10a2b8dbc/library/std/src/../../backtrace/src/backtrace/libunwind.rs:93:5
[INFO] [stdout]    1:     0x560bf02cf04a - std::backtrace_rs::backtrace::trace_unsynchronized::h9c2852a457ad564e
[INFO] [stdout]                                at /rustc/84c898d65adf2f39a5a98507f1fe0ce10a2b8dbc/library/std/src/../../backtrace/src/backtrace/mod.rs:66:5
[INFO] [stdout]    2:     0x560bf02cf04a - std::sys_common::backtrace::_print_fmt::h457936fbfaa0070f
[INFO] [stdout]                                at /rustc/84c898d65adf2f39a5a98507f1fe0ce10a2b8dbc/library/std/src/sys_common/backtrace.rs:65:5
[INFO] [stdout]    3:     0x560bf02cf04a - <std::sys_common::backtrace::_print::DisplayBacktrace as core::fmt::Display>::fmt::h5779d7bf7f70cb0c
[INFO] [stdout]                                at /rustc/84c898d65adf2f39a5a98507f1fe0ce10a2b8dbc/library/std/src/sys_common/backtrace.rs:44:22
[INFO] [stdout]    4:     0x560bf02f26de - core::fmt::write::h5a4baaff1bcd3eb5
[INFO] [stdout]                                at /rustc/84c898d65adf2f39a5a98507f1fe0ce10a2b8dbc/library/core/src/fmt/mod.rs:1232:17
[INFO] [stdout]    5:     0x560bf02cc2d5 - std::io::Write::write_fmt::h478f79c628ef31d1
[INFO] [stdout]                                at /rustc/84c898d65adf2f39a5a98507f1fe0ce10a2b8dbc/library/std/src/io/mod.rs:1684:15
[INFO] [stdout]    6:     0x560bf02cee15 - std::sys_common::backtrace::_print::h5fcdc36060f177e8
[INFO] [stdout]                                at /rustc/84c898d65adf2f39a5a98507f1fe0ce10a2b8dbc/library/std/src/sys_common/backtrace.rs:47:5
[INFO] [stdout]    7:     0x560bf02cee15 - std::sys_common::backtrace::print::h54ca9458b876c8bf
[INFO] [stdout]                                at /rustc/84c898d65adf2f39a5a98507f1fe0ce10a2b8dbc/library/std/src/sys_common/backtrace.rs:34:9
[INFO] [stdout]    8:     0x560bf02d0bdf - std::panicking::default_hook::{{closure}}::hbe471161c7664ed6
[INFO] [stdout]                                at /rustc/84c898d65adf2f39a5a98507f1fe0ce10a2b8dbc/library/std/src/panicking.rs:271:22
[INFO] [stdout]    9:     0x560bf02d089f - std::panicking::default_hook::ha3500da57aa4ac4f
[INFO] [stdout]                                at /rustc/84c898d65adf2f39a5a98507f1fe0ce10a2b8dbc/library/std/src/panicking.rs:287:9
[INFO] [stdout]   10:     0x560bf029c957 - <alloc::boxed::Box<F,A> as core::ops::function::Fn<Args>>::call::hdf1b89dd137ece34
[INFO] [stdout]                                at /rustc/84c898d65adf2f39a5a98507f1fe0ce10a2b8dbc/library/alloc/src/boxed.rs:2001:9
[INFO] [stdout]   11:     0x560bf029c957 - test::test_main::{{closure}}::h9081a79f20e75698
[INFO] [stdout]                                at /rustc/84c898d65adf2f39a5a98507f1fe0ce10a2b8dbc/library/test/src/lib.rs:135:21
[INFO] [stdout]   12:     0x560bf02d130d - <alloc::boxed::Box<F,A> as core::ops::function::Fn<Args>>::call::h6507bddc3eebb4a5
[INFO] [stdout]                                at /rustc/84c898d65adf2f39a5a98507f1fe0ce10a2b8dbc/library/alloc/src/boxed.rs:2001:9
[INFO] [stdout]   13:     0x560bf02d130d - std::panicking::rust_panic_with_hook::h50c09d000dc561d2
[INFO] [stdout]                                at /rustc/84c898d65adf2f39a5a98507f1fe0ce10a2b8dbc/library/std/src/panicking.rs:696:13
[INFO] [stdout]   14:     0x560bf0251e06 - std::panicking::begin_panic::{{closure}}::h8e691d0b8793594f
[INFO] [stdout]                                at /rustc/84c898d65adf2f39a5a98507f1fe0ce10a2b8dbc/library/std/src/panicking.rs:612:9
[INFO] [stdout]   15:     0x560bf0251c79 - std::sys_common::backtrace::__rust_end_short_backtrace::hc6141d58631f84d1
[INFO] [stdout]                                at /rustc/84c898d65adf2f39a5a98507f1fe0ce10a2b8dbc/library/std/src/sys_common/backtrace.rs:150:18
[INFO] [stdout]   16:     0x560bf0251d4c - std::panicking::begin_panic::h24379f12d04b53eb
[INFO] [stdout]                                at /rustc/84c898d65adf2f39a5a98507f1fe0ce10a2b8dbc/library/std/src/panicking.rs:611:12
[INFO] [stdout]   17:     0x560bf02531a3 - idemsh::local_exec::tests::test_ensure_file_exists::hb7c39d568cb4bffd
[INFO] [stdout]                                at /opt/rustwide/workdir/src/local_exec.rs:107:9
[INFO] [stdout]   18:     0x560bf0253057 - idemsh::local_exec::tests::test_ensure_file_exists::{{closure}}::hc65eaf2673de0fcf
[INFO] [stdout]                                at /opt/rustwide/workdir/src/local_exec.rs:101:34
[INFO] [stdout]   19:     0x560bf026acc5 - core::ops::function::FnOnce::call_once::h6f11efbc6d3a60a5
[INFO] [stdout]                                at /rustc/84c898d65adf2f39a5a98507f1fe0ce10a2b8dbc/library/core/src/ops/function.rs:250:5
[INFO] [stdout]   20:     0x560bf02a1d3f - core::ops::function::FnOnce::call_once::h7d969581be7d0075
[INFO] [stdout]                                at /rustc/84c898d65adf2f39a5a98507f1fe0ce10a2b8dbc/library/core/src/ops/function.rs:250:5
[INFO] [stdout]   21:     0x560bf02a1d3f - test::__rust_begin_short_backtrace::hca25a52684e56655
[INFO] [stdout]                                at /rustc/84c898d65adf2f39a5a98507f1fe0ce10a2b8dbc/library/test/src/lib.rs:656:18
[INFO] [stdout]   22:     0x560bf027335c - test::run_test::{{closure}}::ha8ac744c4af1a4bb
[INFO] [stdout]                                at /rustc/84c898d65adf2f39a5a98507f1fe0ce10a2b8dbc/library/test/src/lib.rs:647:30
[INFO] [stdout]   23:     0x560bf027335c - core::ops::function::FnOnce::call_once{{vtable.shim}}::h7b411a9ed45bdecf
[INFO] [stdout]                                at /rustc/84c898d65adf2f39a5a98507f1fe0ce10a2b8dbc/library/core/src/ops/function.rs:250:5
[INFO] [stdout]   24:     0x560bf02a0d06 - <alloc::boxed::Box<F,A> as core::ops::function::FnOnce<Args>>::call_once::hd05328869a8ed200
[INFO] [stdout]                                at /rustc/84c898d65adf2f39a5a98507f1fe0ce10a2b8dbc/library/alloc/src/boxed.rs:1987:9
[INFO] [stdout]   25:     0x560bf02a0d06 - <core::panic::unwind_safe::AssertUnwindSafe<F> as core::ops::function::FnOnce<()>>::call_once::h0c601ce20bd5b2be
[INFO] [stdout]                                at /rustc/84c898d65adf2f39a5a98507f1fe0ce10a2b8dbc/library/core/src/panic/unwind_safe.rs:271:9
[INFO] [stdout]   26:     0x560bf02a0d06 - std::panicking::try::do_call::ha4be5c164fe30854
[INFO] [stdout]                                at /rustc/84c898d65adf2f39a5a98507f1fe0ce10a2b8dbc/library/std/src/panicking.rs:487:40
[INFO] [stdout]   27:     0x560bf02a0d06 - std::panicking::try::h604546f3609af05f
[INFO] [stdout]                                at /rustc/84c898d65adf2f39a5a98507f1fe0ce10a2b8dbc/library/std/src/panicking.rs:451:19
[INFO] [stdout]   28:     0x560bf02a0d06 - std::panic::catch_unwind::h5bfa8afe44c9c2f9
[INFO] [stdout]                                at /rustc/84c898d65adf2f39a5a98507f1fe0ce10a2b8dbc/library/std/src/panic.rs:140:14
[INFO] [stdout]   29:     0x560bf02a0d06 - test::run_test_in_process::hd50dee55dd63e6aa
[INFO] [stdout]                                at /rustc/84c898d65adf2f39a5a98507f1fe0ce10a2b8dbc/library/test/src/lib.rs:679:27
[INFO] [stdout]   30:     0x560bf02a0d06 - test::run_test::run_test_inner::{{closure}}::h4aa0f433aa85cea8
[INFO] [stdout]                                at /rustc/84c898d65adf2f39a5a98507f1fe0ce10a2b8dbc/library/test/src/lib.rs:573:39
[INFO] [stdout]   31:     0x560bf026d9d1 - test::run_test::run_test_inner::{{closure}}::had56431adf24b4d6
[INFO] [stdout]                                at /rustc/84c898d65adf2f39a5a98507f1fe0ce10a2b8dbc/library/test/src/lib.rs:600:37
[INFO] [stdout]   32:     0x560bf026d9d1 - std::sys_common::backtrace::__rust_begin_short_backtrace::ha8d9890e0c73bf13
[INFO] [stdout]                                at /rustc/84c898d65adf2f39a5a98507f1fe0ce10a2b8dbc/library/std/src/sys_common/backtrace.rs:134:18
[INFO] [stdout]   33:     0x560bf02733eb - std::thread::Builder::spawn_unchecked_::{{closure}}::{{closure}}::h251832bcb4a95327
[INFO] [stdout]                                at /rustc/84c898d65adf2f39a5a98507f1fe0ce10a2b8dbc/library/std/src/thread/mod.rs:560:17
[INFO] [stdout]   34:     0x560bf02733eb - <core::panic::unwind_safe::AssertUnwindSafe<F> as core::ops::function::FnOnce<()>>::call_once::h8fdff598fa414831
[INFO] [stdout]                                at /rustc/84c898d65adf2f39a5a98507f1fe0ce10a2b8dbc/library/core/src/panic/unwind_safe.rs:271:9
[INFO] [stdout]   35:     0x560bf02733eb - std::panicking::try::do_call::h455dd2f7764a950f
[INFO] [stdout]                                at /rustc/84c898d65adf2f39a5a98507f1fe0ce10a2b8dbc/library/std/src/panicking.rs:487:40
[INFO] [stdout]   36:     0x560bf02733eb - std::panicking::try::had6f23b7b73ae72a
[INFO] [stdout]                                at /rustc/84c898d65adf2f39a5a98507f1fe0ce10a2b8dbc/library/std/src/panicking.rs:451:19
[INFO] [stdout]   37:     0x560bf02733eb - std::panic::catch_unwind::ha6a5ca3915b4dad0
[INFO] [stdout]                                at /rustc/84c898d65adf2f39a5a98507f1fe0ce10a2b8dbc/library/std/src/panic.rs:140:14
[INFO] [stdout]   38:     0x560bf02733eb - std::thread::Builder::spawn_unchecked_::{{closure}}::h883b72ef75da6231
[INFO] [stdout]                                at /rustc/84c898d65adf2f39a5a98507f1fe0ce10a2b8dbc/library/std/src/thread/mod.rs:559:30
[INFO] [stdout]   39:     0x560bf02733eb - core::ops::function::FnOnce::call_once{{vtable.shim}}::hb7dff73dc8bd2ccb
[INFO] [stdout]                                at /rustc/84c898d65adf2f39a5a98507f1fe0ce10a2b8dbc/library/core/src/ops/function.rs:250:5
[INFO] [stdout]   40:     0x560bf02d5673 - <alloc::boxed::Box<F,A> as core::ops::function::FnOnce<Args>>::call_once::h39990b24eedef2ab
[INFO] [stdout]                                at /rustc/84c898d65adf2f39a5a98507f1fe0ce10a2b8dbc/library/alloc/src/boxed.rs:1987:9
[INFO] [stdout]   41:     0x560bf02d5673 - <alloc::boxed::Box<F,A> as core::ops::function::FnOnce<Args>>::call_once::h01a027258444143b
[INFO] [stdout]                                at /rustc/84c898d65adf2f39a5a98507f1fe0ce10a2b8dbc/library/alloc/src/boxed.rs:1987:9
[INFO] [stdout]   42:     0x560bf02d5673 - std::sys::unix::thread::Thread::new::thread_start::ha4f1cdd9c25884ba
[INFO] [stdout]                                at /rustc/84c898d65adf2f39a5a98507f1fe0ce10a2b8dbc/library/std/src/sys/unix/thread.rs:108:17
[INFO] [stdout]   43:     0x7f372742ab43 - <unknown>
[INFO] [stdout]   44:     0x7f37274bbbb4 - __clone
[INFO] [stdout]   45:                0x0 - <unknown>
[INFO] [stdout] 
[INFO] [stdout] 
[INFO] [stdout] failures:
[INFO] [stdout]     local_exec::tests::test_ensure_directory_exists
[INFO] [stdout]     local_exec::tests::test_ensure_file_exists
[INFO] [stdout] 
[INFO] [stdout] test result: FAILED. 16 passed; 2 failed; 0 ignored; 0 measured; 0 filtered out; finished in 0.03s
[INFO] [stdout] 
[INFO] running `Command { std: "docker" "inspect" "f69686a2fd9d0658ffbb1da3f93da3422ae73c33e0a7864a6a4ee6f522933752", kill_on_drop: false }`
[INFO] running `Command { std: "docker" "rm" "-f" "f69686a2fd9d0658ffbb1da3f93da3422ae73c33e0a7864a6a4ee6f522933752", kill_on_drop: false }`
[INFO] [stdout] f69686a2fd9d0658ffbb1da3f93da3422ae73c33e0a7864a6a4ee6f522933752
