[INFO] cloning repository https://github.com/tkmsikd/translate
[INFO] running `Command { std: "git" "-c" "credential.helper=" "-c" "credential.helper=/workspace/cargo-home/bin/git-credential-null" "clone" "--bare" "https://github.com/tkmsikd/translate" "/workspace/cache/git-repos/https%3A%2F%2Fgithub.com%2Ftkmsikd%2Ftranslate", kill_on_drop: false }`
[INFO] [stderr] Cloning into bare repository '/workspace/cache/git-repos/https%3A%2F%2Fgithub.com%2Ftkmsikd%2Ftranslate'...
[INFO] running `Command { std: "git" "rev-parse" "HEAD", kill_on_drop: false }`
[INFO] [stdout] 93e5ebb2b0c951d707a29c9639126de7a9a9d8bd
[INFO] testing tkmsikd/translate against beta-2023-04-20 for beta-1.70-1
[INFO] running `Command { std: "git" "clone" "/workspace/cache/git-repos/https%3A%2F%2Fgithub.com%2Ftkmsikd%2Ftranslate" "/workspace/builds/worker-1-tc2/source", kill_on_drop: false }`
[INFO] [stderr] Cloning into '/workspace/builds/worker-1-tc2/source'...
[INFO] [stderr] done.
[INFO] validating manifest of git repo https://github.com/tkmsikd/translate on toolchain beta-2023-04-20
[INFO] running `Command { std: CARGO_HOME="/workspace/cargo-home" RUSTUP_HOME="/workspace/rustup-home" "/workspace/cargo-home/bin/cargo" "+beta-2023-04-20" "metadata" "--manifest-path" "Cargo.toml" "--no-deps", kill_on_drop: false }`
[INFO] started tweaking git repo https://github.com/tkmsikd/translate
[INFO] finished tweaking git repo https://github.com/tkmsikd/translate
[INFO] tweaked toml for git repo https://github.com/tkmsikd/translate written to /workspace/builds/worker-1-tc2/source/Cargo.toml
[INFO] crate git repo https://github.com/tkmsikd/translate already has a lockfile, it will not be regenerated
[INFO] running `Command { std: CARGO_HOME="/workspace/cargo-home" RUSTUP_HOME="/workspace/rustup-home" "/workspace/cargo-home/bin/cargo" "+beta-2023-04-20" "fetch" "--manifest-path" "Cargo.toml", kill_on_drop: false }`
[INFO] [stderr]  Downloading crates ...
[INFO] [stderr]   Downloaded curl v0.4.42
[INFO] [stderr]   Downloaded curl-sys v0.4.52+curl-7.81.0
[INFO] running `Command { std: "docker" "create" "-v" "/var/lib/crater-agent-workspace/builds/worker-1-tc2/target:/opt/rustwide/target:rw,Z" "-v" "/var/lib/crater-agent-workspace/builds/worker-1-tc2/source:/opt/rustwide/workdir:ro,Z" "-v" "/var/lib/crater-agent-workspace/cargo-home:/opt/rustwide/cargo-home:ro,Z" "-v" "/var/lib/crater-agent-workspace/rustup-home:/opt/rustwide/rustup-home:ro,Z" "-e" "SOURCE_DIR=/opt/rustwide/workdir" "-e" "CARGO_TARGET_DIR=/opt/rustwide/target" "-e" "CARGO_HOME=/opt/rustwide/cargo-home" "-e" "RUSTUP_HOME=/opt/rustwide/rustup-home" "-w" "/opt/rustwide/workdir" "-m" "1610612736" "--user" "0:0" "--network" "none" "ghcr.io/rust-lang/crates-build-env/linux@sha256:5ff2268d62e97bff2cde7d5815dd6ed5b47097566f13b8d0ca110b04b60e07ed" "/opt/rustwide/cargo-home/bin/cargo" "+beta-2023-04-20" "metadata" "--no-deps" "--format-version=1", kill_on_drop: false }`
[INFO] [stdout] 4a0538297ab155fb9906bb1dc25a7b2bac60e5e008138e72f161aed52872ae0c
[INFO] running `Command { std: "docker" "start" "-a" "4a0538297ab155fb9906bb1dc25a7b2bac60e5e008138e72f161aed52872ae0c", kill_on_drop: false }`
[INFO] running `Command { std: "docker" "inspect" "4a0538297ab155fb9906bb1dc25a7b2bac60e5e008138e72f161aed52872ae0c", kill_on_drop: false }`
[INFO] running `Command { std: "docker" "rm" "-f" "4a0538297ab155fb9906bb1dc25a7b2bac60e5e008138e72f161aed52872ae0c", kill_on_drop: false }`
[INFO] [stdout] 4a0538297ab155fb9906bb1dc25a7b2bac60e5e008138e72f161aed52872ae0c
[INFO] running `Command { std: "docker" "create" "-v" "/var/lib/crater-agent-workspace/builds/worker-1-tc2/target:/opt/rustwide/target:rw,Z" "-v" "/var/lib/crater-agent-workspace/builds/worker-1-tc2/source:/opt/rustwide/workdir:ro,Z" "-v" "/var/lib/crater-agent-workspace/cargo-home:/opt/rustwide/cargo-home:ro,Z" "-v" "/var/lib/crater-agent-workspace/rustup-home:/opt/rustwide/rustup-home:ro,Z" "-e" "SOURCE_DIR=/opt/rustwide/workdir" "-e" "CARGO_TARGET_DIR=/opt/rustwide/target" "-e" "CARGO_INCREMENTAL=0" "-e" "RUST_BACKTRACE=full" "-e" "RUSTFLAGS=--cap-lints=warn" "-e" "RUSTDOCFLAGS=--cap-lints=warn" "-e" "CARGO_HOME=/opt/rustwide/cargo-home" "-e" "RUSTUP_HOME=/opt/rustwide/rustup-home" "-w" "/opt/rustwide/workdir" "-m" "1610612736" "--user" "0:0" "--network" "none" "ghcr.io/rust-lang/crates-build-env/linux@sha256:5ff2268d62e97bff2cde7d5815dd6ed5b47097566f13b8d0ca110b04b60e07ed" "/opt/rustwide/cargo-home/bin/cargo" "+beta-2023-04-20" "build" "--frozen" "--message-format=json", kill_on_drop: false }`
[INFO] [stdout] e460cb1b690a6391956d27d00dc48cd918721349f6dd133cf093ff68fa135e87
[INFO] running `Command { std: "docker" "start" "-a" "e460cb1b690a6391956d27d00dc48cd918721349f6dd133cf093ff68fa135e87", kill_on_drop: false }`
[INFO] [stderr]    Compiling pkg-config v0.3.24
[INFO] [stderr]    Compiling cc v1.0.73
[INFO] [stderr]    Compiling proc-macro2 v1.0.36
[INFO] [stderr]    Compiling libc v0.2.119
[INFO] [stderr]    Compiling autocfg v1.1.0
[INFO] [stderr]    Compiling unicode-xid v0.2.2
[INFO] [stderr]    Compiling syn v1.0.86
[INFO] [stderr]    Compiling serde_derive v1.0.136
[INFO] [stderr]    Compiling serde v1.0.136
[INFO] [stderr]    Compiling curl v0.4.42
[INFO] [stderr]    Compiling serde_json v1.0.79
[INFO] [stderr]    Compiling ryu v1.0.9
[INFO] [stderr]    Compiling openssl-probe v0.1.5
[INFO] [stderr]    Compiling itoa v1.0.1
[INFO] [stderr]    Compiling project-root v0.2.2
[INFO] [stderr]    Compiling once_cell v1.9.0
[INFO] [stderr]    Compiling openssl-sys v0.9.72
[INFO] [stderr]    Compiling libz-sys v1.1.5
[INFO] [stderr]    Compiling curl-sys v0.4.52+curl-7.81.0
[INFO] [stderr]    Compiling quote v1.0.15
[INFO] [stderr]    Compiling socket2 v0.4.4
[INFO] [stderr]    Compiling bincode v1.3.3
[INFO] [stderr]    Compiling translate v0.1.0 (/opt/rustwide/workdir)
[INFO] [stdout] warning: unused import: `curl::easy::Easy2`
[INFO] [stdout]  --> src/main.rs:1:5
[INFO] [stdout]   |
[INFO] [stdout] 1 | use curl::easy::Easy2;
[INFO] [stdout]   |     ^^^^^^^^^^^^^^^^^
[INFO] [stdout]   |
[INFO] [stdout]   = note: `#[warn(unused_imports)]` on by default
[INFO] [stdout] 
[INFO] [stdout] 
[INFO] [stdout] warning: unused imports: `Deserialize`, `Serialize`
[INFO] [stdout]  --> src/main.rs:2:13
[INFO] [stdout]   |
[INFO] [stdout] 2 | use serde::{Deserialize, Serialize};
[INFO] [stdout]   |             ^^^^^^^^^^^  ^^^^^^^^^
[INFO] [stdout] 
[INFO] [stdout] 
[INFO] [stdout] warning: unused import: `crate::handler::service_handler::ServiceData`
[INFO] [stdout]  --> src/handler/request_handler.rs:1:5
[INFO] [stdout]   |
[INFO] [stdout] 1 | use crate::handler::service_handler::ServiceData;
[INFO] [stdout]   |     ^^^^^^^^^^^^^^^^^^^^^^^^^^^^^^^^^^^^^^^^^^^^
[INFO] [stdout] 
[INFO] [stdout] 
[INFO] [stdout] warning: unused import: `Easy2`
[INFO] [stdout]  --> src/handler/request_handler.rs:3:18
[INFO] [stdout]   |
[INFO] [stdout] 3 | use curl::easy::{Easy2, Handler, WriteError};
[INFO] [stdout]   |                  ^^^^^
[INFO] [stdout] 
[INFO] [stdout] 
[INFO] [stdout] warning: unused import: `serde::ser::Error`
[INFO] [stdout]  --> src/handler/request_handler.rs:4:5
[INFO] [stdout]   |
[INFO] [stdout] 4 | use serde::ser::Error;
[INFO] [stdout]   |     ^^^^^^^^^^^^^^^^^
[INFO] [stdout] 
[INFO] [stdout] 
[INFO] [stdout] warning: unused import: `Collector`
[INFO] [stdout]  --> src/main.rs:6:32
[INFO] [stdout]   |
[INFO] [stdout] 6 | use handler::request_handler::{Collector, Query, TargetLanguage, Url};
[INFO] [stdout]   |                                ^^^^^^^^^
[INFO] [stdout] 
[INFO] [stdout] 
[INFO] [stdout] warning: methods `encode_query` and `post_request` are never used
[INFO] [stdout]   --> src/handler/request_handler.rs:47:12
[INFO] [stdout]    |
[INFO] [stdout] 46 | impl Query {
[INFO] [stdout]    | ---------- methods in this implementation
[INFO] [stdout] 47 |     pub fn encode_query<T: Serialize>(&self, target: &T) -> Vec<u8> {
[INFO] [stdout]    |            ^^^^^^^^^^^^
[INFO] [stdout] ...
[INFO] [stdout] 76 |     pub fn post_request(&self) {
[INFO] [stdout]    |            ^^^^^^^^^^^^
[INFO] [stdout]    |
[INFO] [stdout]    = note: `#[warn(dead_code)]` on by default
[INFO] [stdout] 
[INFO] [stdout] 
[INFO] [stdout] warning: 7 warnings emitted
[INFO] [stdout] 
[INFO] [stdout] 
[INFO] [stderr]     Finished dev [unoptimized + debuginfo] target(s) in 9.48s
[INFO] running `Command { std: "docker" "inspect" "e460cb1b690a6391956d27d00dc48cd918721349f6dd133cf093ff68fa135e87", kill_on_drop: false }`
[INFO] running `Command { std: "docker" "rm" "-f" "e460cb1b690a6391956d27d00dc48cd918721349f6dd133cf093ff68fa135e87", kill_on_drop: false }`
[INFO] [stdout] e460cb1b690a6391956d27d00dc48cd918721349f6dd133cf093ff68fa135e87
[INFO] running `Command { std: "docker" "create" "-v" "/var/lib/crater-agent-workspace/builds/worker-1-tc2/target:/opt/rustwide/target:rw,Z" "-v" "/var/lib/crater-agent-workspace/builds/worker-1-tc2/source:/opt/rustwide/workdir:ro,Z" "-v" "/var/lib/crater-agent-workspace/cargo-home:/opt/rustwide/cargo-home:ro,Z" "-v" "/var/lib/crater-agent-workspace/rustup-home:/opt/rustwide/rustup-home:ro,Z" "-e" "SOURCE_DIR=/opt/rustwide/workdir" "-e" "CARGO_TARGET_DIR=/opt/rustwide/target" "-e" "CARGO_INCREMENTAL=0" "-e" "RUST_BACKTRACE=full" "-e" "RUSTFLAGS=--cap-lints=warn" "-e" "RUSTDOCFLAGS=--cap-lints=warn" "-e" "CARGO_HOME=/opt/rustwide/cargo-home" "-e" "RUSTUP_HOME=/opt/rustwide/rustup-home" "-w" "/opt/rustwide/workdir" "-m" "1610612736" "--user" "0:0" "--network" "none" "ghcr.io/rust-lang/crates-build-env/linux@sha256:5ff2268d62e97bff2cde7d5815dd6ed5b47097566f13b8d0ca110b04b60e07ed" "/opt/rustwide/cargo-home/bin/cargo" "+beta-2023-04-20" "test" "--frozen" "--no-run" "--message-format=json", kill_on_drop: false }`
[INFO] [stdout] 50f3a477aeb2bf1559e043266902c31240cb6dbc512d59161b9b6c5bc9eb92ab
[INFO] running `Command { std: "docker" "start" "-a" "50f3a477aeb2bf1559e043266902c31240cb6dbc512d59161b9b6c5bc9eb92ab", kill_on_drop: false }`
[INFO] [stderr]    Compiling translate v0.1.0 (/opt/rustwide/workdir)
[INFO] [stdout] warning: unused import: `curl::easy::Easy2`
[INFO] [stdout]  --> src/main.rs:1:5
[INFO] [stdout]   |
[INFO] [stdout] 1 | use curl::easy::Easy2;
[INFO] [stdout]   |     ^^^^^^^^^^^^^^^^^
[INFO] [stdout]   |
[INFO] [stdout]   = note: `#[warn(unused_imports)]` on by default
[INFO] [stdout] 
[INFO] [stdout] 
[INFO] [stdout] warning: unused imports: `Deserialize`, `Serialize`
[INFO] [stdout]  --> src/main.rs:2:13
[INFO] [stdout]   |
[INFO] [stdout] 2 | use serde::{Deserialize, Serialize};
[INFO] [stdout]   |             ^^^^^^^^^^^  ^^^^^^^^^
[INFO] [stdout] 
[INFO] [stdout] 
[INFO] [stdout] warning: unused import: `crate::handler::service_handler::ServiceData`
[INFO] [stdout]  --> src/handler/request_handler.rs:1:5
[INFO] [stdout]   |
[INFO] [stdout] 1 | use crate::handler::service_handler::ServiceData;
[INFO] [stdout]   |     ^^^^^^^^^^^^^^^^^^^^^^^^^^^^^^^^^^^^^^^^^^^^
[INFO] [stdout] 
[INFO] [stdout] 
[INFO] [stdout] warning: unused import: `Easy2`
[INFO] [stdout]  --> src/handler/request_handler.rs:3:18
[INFO] [stdout]   |
[INFO] [stdout] 3 | use curl::easy::{Easy2, Handler, WriteError};
[INFO] [stdout]   |                  ^^^^^
[INFO] [stdout] 
[INFO] [stdout] 
[INFO] [stdout] warning: unused import: `serde::ser::Error`
[INFO] [stdout]  --> src/handler/request_handler.rs:4:5
[INFO] [stdout]   |
[INFO] [stdout] 4 | use serde::ser::Error;
[INFO] [stdout]   |     ^^^^^^^^^^^^^^^^^
[INFO] [stdout] 
[INFO] [stdout] 
[INFO] [stdout] warning: unused import: `Collector`
[INFO] [stdout]  --> src/main.rs:6:32
[INFO] [stdout]   |
[INFO] [stdout] 6 | use handler::request_handler::{Collector, Query, TargetLanguage, Url};
[INFO] [stdout]   |                                ^^^^^^^^^
[INFO] [stdout] 
[INFO] [stdout] 
[INFO] [stdout] warning: unused variable: `expected`
[INFO] [stdout]   --> src/main.rs:81:13
[INFO] [stdout]    |
[INFO] [stdout] 81 |         let expected = String::from("url?auth_key=auth_key?text?hello?target_lang=JA");
[INFO] [stdout]    |             ^^^^^^^^ help: if this is intentional, prefix it with an underscore: `_expected`
[INFO] [stdout]    |
[INFO] [stdout]    = note: `#[warn(unused_variables)]` on by default
[INFO] [stdout] 
[INFO] [stdout] 
[INFO] [stdout] warning: methods `encode_query` and `post_request` are never used
[INFO] [stdout]   --> src/handler/request_handler.rs:47:12
[INFO] [stdout]    |
[INFO] [stdout] 46 | impl Query {
[INFO] [stdout]    | ---------- methods in this implementation
[INFO] [stdout] 47 |     pub fn encode_query<T: Serialize>(&self, target: &T) -> Vec<u8> {
[INFO] [stdout]    |            ^^^^^^^^^^^^
[INFO] [stdout] ...
[INFO] [stdout] 76 |     pub fn post_request(&self) {
[INFO] [stdout]    |            ^^^^^^^^^^^^
[INFO] [stdout]    |
[INFO] [stdout]    = note: `#[warn(dead_code)]` on by default
[INFO] [stdout] 
[INFO] [stdout] 
[INFO] [stdout] warning: 8 warnings emitted
[INFO] [stdout] 
[INFO] [stdout] 
[INFO] [stderr]     Finished test [unoptimized + debuginfo] target(s) in 0.94s
[INFO] running `Command { std: "docker" "inspect" "50f3a477aeb2bf1559e043266902c31240cb6dbc512d59161b9b6c5bc9eb92ab", kill_on_drop: false }`
[INFO] running `Command { std: "docker" "rm" "-f" "50f3a477aeb2bf1559e043266902c31240cb6dbc512d59161b9b6c5bc9eb92ab", kill_on_drop: false }`
[INFO] [stdout] 50f3a477aeb2bf1559e043266902c31240cb6dbc512d59161b9b6c5bc9eb92ab
[INFO] running `Command { std: "docker" "create" "-v" "/var/lib/crater-agent-workspace/builds/worker-1-tc2/target:/opt/rustwide/target:rw,Z" "-v" "/var/lib/crater-agent-workspace/builds/worker-1-tc2/source:/opt/rustwide/workdir:ro,Z" "-v" "/var/lib/crater-agent-workspace/cargo-home:/opt/rustwide/cargo-home:ro,Z" "-v" "/var/lib/crater-agent-workspace/rustup-home:/opt/rustwide/rustup-home:ro,Z" "-e" "SOURCE_DIR=/opt/rustwide/workdir" "-e" "CARGO_TARGET_DIR=/opt/rustwide/target" "-e" "CARGO_INCREMENTAL=0" "-e" "RUST_BACKTRACE=full" "-e" "RUSTFLAGS=--cap-lints=warn" "-e" "RUSTDOCFLAGS=--cap-lints=warn" "-e" "CARGO_HOME=/opt/rustwide/cargo-home" "-e" "RUSTUP_HOME=/opt/rustwide/rustup-home" "-w" "/opt/rustwide/workdir" "-m" "1610612736" "--user" "0:0" "--network" "none" "ghcr.io/rust-lang/crates-build-env/linux@sha256:5ff2268d62e97bff2cde7d5815dd6ed5b47097566f13b8d0ca110b04b60e07ed" "/opt/rustwide/cargo-home/bin/cargo" "+beta-2023-04-20" "test" "--frozen", kill_on_drop: false }`
[INFO] [stdout] 4c62603d8701e0faa79f6316f5b2c486c71960d74600d3ec62f61640537d7d25
[INFO] running `Command { std: "docker" "start" "-a" "4c62603d8701e0faa79f6316f5b2c486c71960d74600d3ec62f61640537d7d25", kill_on_drop: false }`
[INFO] [stderr] warning: unused import: `curl::easy::Easy2`
[INFO] [stderr]  --> src/main.rs:1:5
[INFO] [stderr]   |
[INFO] [stderr] 1 | use curl::easy::Easy2;
[INFO] [stderr]   |     ^^^^^^^^^^^^^^^^^
[INFO] [stderr]   |
[INFO] [stderr]   = note: `#[warn(unused_imports)]` on by default
[INFO] [stderr] 
[INFO] [stderr] warning: unused imports: `Deserialize`, `Serialize`
[INFO] [stderr]  --> src/main.rs:2:13
[INFO] [stderr]   |
[INFO] [stderr] 2 | use serde::{Deserialize, Serialize};
[INFO] [stderr]   |             ^^^^^^^^^^^  ^^^^^^^^^
[INFO] [stderr] 
[INFO] [stderr] warning: unused import: `crate::handler::service_handler::ServiceData`
[INFO] [stderr]  --> src/handler/request_handler.rs:1:5
[INFO] [stderr]   |
[INFO] [stderr] 1 | use crate::handler::service_handler::ServiceData;
[INFO] [stderr]   |     ^^^^^^^^^^^^^^^^^^^^^^^^^^^^^^^^^^^^^^^^^^^^
[INFO] [stderr] 
[INFO] [stderr] warning: unused import: `Easy2`
[INFO] [stderr]  --> src/handler/request_handler.rs:3:18
[INFO] [stderr]   |
[INFO] [stderr] 3 | use curl::easy::{Easy2, Handler, WriteError};
[INFO] [stderr]   |                  ^^^^^
[INFO] [stderr] 
[INFO] [stderr] warning: unused import: `serde::ser::Error`
[INFO] [stderr]  --> src/handler/request_handler.rs:4:5
[INFO] [stderr]   |
[INFO] [stderr] 4 | use serde::ser::Error;
[INFO] [stderr]   |     ^^^^^^^^^^^^^^^^^
[INFO] [stderr] 
[INFO] [stderr] warning: unused import: `Collector`
[INFO] [stderr]  --> src/main.rs:6:32
[INFO] [stderr]   |
[INFO] [stderr] 6 | use handler::request_handler::{Collector, Query, TargetLanguage, Url};
[INFO] [stderr]   |                                ^^^^^^^^^
[INFO] [stderr] 
[INFO] [stderr] warning: unused variable: `expected`
[INFO] [stderr]   --> src/main.rs:81:13
[INFO] [stderr]    |
[INFO] [stderr] 81 |         let expected = String::from("url?auth_key=auth_key?text?hello?target_lang=JA");
[INFO] [stderr]    |             ^^^^^^^^ help: if this is intentional, prefix it with an underscore: `_expected`
[INFO] [stderr]    |
[INFO] [stderr]    = note: `#[warn(unused_variables)]` on by default
[INFO] [stderr] 
[INFO] [stderr] warning: methods `encode_query` and `post_request` are never used
[INFO] [stderr]   --> src/handler/request_handler.rs:47:12
[INFO] [stderr]    |
[INFO] [stderr] 46 | impl Query {
[INFO] [stderr]    | ---------- methods in this implementation
[INFO] [stderr] 47 |     pub fn encode_query<T: Serialize>(&self, target: &T) -> Vec<u8> {
[INFO] [stderr]    |            ^^^^^^^^^^^^
[INFO] [stderr] ...
[INFO] [stderr] 76 |     pub fn post_request(&self) {
[INFO] [stderr]    |            ^^^^^^^^^^^^
[INFO] [stderr]    |
[INFO] [stderr]    = note: `#[warn(dead_code)]` on by default
[INFO] [stderr] 
[INFO] [stderr] warning: `translate` (bin "translate" test) generated 8 warnings (run `cargo fix --bin "translate" --tests` to apply 7 suggestions)
[INFO] [stderr]     Finished test [unoptimized + debuginfo] target(s) in 0.02s
[INFO] [stderr]      Running unittests src/main.rs (/opt/rustwide/target/debug/deps/translate-a2a142e43352b029)
[INFO] [stdout] 
[INFO] [stdout] running 3 tests
[INFO] [stdout] test tests::test_load_service_type ... ok
[INFO] [stdout] test tests::test_generate_query ... ok
[INFO] [stdout] test tests::test_load_service_data ... FAILED
[INFO] [stdout] 
[INFO] [stdout] failures:
[INFO] [stdout] 
[INFO] [stdout] ---- tests::test_load_service_data stdout ----
[INFO] [stdout] thread 'tests::test_load_service_data' panicked at 'file not found: Os { code: 2, kind: NotFound, message: "No such file or directory" }', src/handler/service_handler.rs:44:48
[INFO] [stdout] stack backtrace:
[INFO] [stdout]    0:     0x5614634ef90a - std::backtrace_rs::backtrace::libunwind::trace::h2f05d0192276a8f6
[INFO] [stdout]                                at /rustc/1b7dd2252b99671ce5d1cb9664c5f8636329436d/library/std/src/../../backtrace/src/backtrace/libunwind.rs:93:5
[INFO] [stdout]    1:     0x5614634ef90a - std::backtrace_rs::backtrace::trace_unsynchronized::hedc23dff7a1af150
[INFO] [stdout]                                at /rustc/1b7dd2252b99671ce5d1cb9664c5f8636329436d/library/std/src/../../backtrace/src/backtrace/mod.rs:66:5
[INFO] [stdout]    2:     0x5614634ef90a - std::sys_common::backtrace::_print_fmt::h17541ef7592f3ce2
[INFO] [stdout]                                at /rustc/1b7dd2252b99671ce5d1cb9664c5f8636329436d/library/std/src/sys_common/backtrace.rs:65:5
[INFO] [stdout]    3:     0x5614634ef90a - <std::sys_common::backtrace::_print::DisplayBacktrace as core::fmt::Display>::fmt::h20f75df5ab0c0792
[INFO] [stdout]                                at /rustc/1b7dd2252b99671ce5d1cb9664c5f8636329436d/library/std/src/sys_common/backtrace.rs:44:22
[INFO] [stdout]    4:     0x56146351358f - core::fmt::write::h78109e6f466b3af6
[INFO] [stdout]                                at /rustc/1b7dd2252b99671ce5d1cb9664c5f8636329436d/library/core/src/fmt/mod.rs:1254:17
[INFO] [stdout]    5:     0x5614634ecc55 - std::io::Write::write_fmt::hd24bfb68a1b35a25
[INFO] [stdout]                                at /rustc/1b7dd2252b99671ce5d1cb9664c5f8636329436d/library/std/src/io/mod.rs:1698:15
[INFO] [stdout]    6:     0x5614634ef6d5 - std::sys_common::backtrace::_print::h8dac57a9f8fbf9a5
[INFO] [stdout]                                at /rustc/1b7dd2252b99671ce5d1cb9664c5f8636329436d/library/std/src/sys_common/backtrace.rs:47:5
[INFO] [stdout]    7:     0x5614634ef6d5 - std::sys_common::backtrace::print::hf9ecbf41d1aa712f
[INFO] [stdout]                                at /rustc/1b7dd2252b99671ce5d1cb9664c5f8636329436d/library/std/src/sys_common/backtrace.rs:34:9
[INFO] [stdout]    8:     0x5614634f138e - std::panicking::default_hook::{{closure}}::h04c07acfc84ca028
[INFO] [stdout]                                at /rustc/1b7dd2252b99671ce5d1cb9664c5f8636329436d/library/std/src/panicking.rs:269:22
[INFO] [stdout]    9:     0x5614634f10c1 - std::panicking::default_hook::h01f6bb23e1eceb2c
[INFO] [stdout]                                at /rustc/1b7dd2252b99671ce5d1cb9664c5f8636329436d/library/std/src/panicking.rs:285:9
[INFO] [stdout]   10:     0x5614634b5d8b - <alloc::boxed::Box<F,A> as core::ops::function::Fn<Args>>::call::h87fe9f7b2fd49e4c
[INFO] [stdout]                                at /rustc/1b7dd2252b99671ce5d1cb9664c5f8636329436d/library/alloc/src/boxed.rs:1987:9
[INFO] [stdout]   11:     0x5614634b5d8b - test::test_main::{{closure}}::he94d679243a7531b
[INFO] [stdout]                                at /rustc/1b7dd2252b99671ce5d1cb9664c5f8636329436d/library/test/src/lib.rs:134:21
[INFO] [stdout]   12:     0x5614634f1a74 - <alloc::boxed::Box<F,A> as core::ops::function::Fn<Args>>::call::h3f2d6d8b14c4769f
[INFO] [stdout]                                at /rustc/1b7dd2252b99671ce5d1cb9664c5f8636329436d/library/alloc/src/boxed.rs:1987:9
[INFO] [stdout]   13:     0x5614634f1a74 - std::panicking::rust_panic_with_hook::h2bb3722bbaf2f6df
[INFO] [stdout]                                at /rustc/1b7dd2252b99671ce5d1cb9664c5f8636329436d/library/std/src/panicking.rs:695:13
[INFO] [stdout]   14:     0x5614634f17e9 - std::panicking::begin_panic_handler::{{closure}}::h91bc7f36a4be011b
[INFO] [stdout]                                at /rustc/1b7dd2252b99671ce5d1cb9664c5f8636329436d/library/std/src/panicking.rs:582:13
[INFO] [stdout]   15:     0x5614634efd76 - std::sys_common::backtrace::__rust_end_short_backtrace::h8b3d3717114f9e59
[INFO] [stdout]                                at /rustc/1b7dd2252b99671ce5d1cb9664c5f8636329436d/library/std/src/sys_common/backtrace.rs:150:18
[INFO] [stdout]   16:     0x5614634f1542 - rust_begin_unwind
[INFO] [stdout]                                at /rustc/1b7dd2252b99671ce5d1cb9664c5f8636329436d/library/std/src/panicking.rs:578:5
[INFO] [stdout]   17:     0x561463475ba3 - core::panicking::panic_fmt::hfd368e3fbdabea26
[INFO] [stdout]                                at /rustc/1b7dd2252b99671ce5d1cb9664c5f8636329436d/library/core/src/panicking.rs:67:14
[INFO] [stdout]   18:     0x5614634760e3 - core::result::unwrap_failed::he54eb4b2f125b26f
[INFO] [stdout]                                at /rustc/1b7dd2252b99671ce5d1cb9664c5f8636329436d/library/core/src/result.rs:1687:5
[INFO] [stdout]   19:     0x56146348216d - core::result::Result<T,E>::expect::h6ade6f18f62de32a
[INFO] [stdout]                                at /rustc/1b7dd2252b99671ce5d1cb9664c5f8636329436d/library/core/src/result.rs:1046:23
[INFO] [stdout]   20:     0x56146347fbef - translate::handler::service_handler::ServiceData::load_service_data::h81312f942157d8a7
[INFO] [stdout]                                at /opt/rustwide/workdir/src/handler/service_handler.rs:44:20
[INFO] [stdout]   21:     0x56146347fa37 - translate::handler::service_handler::ServiceData::new::h4cb403d2af604811
[INFO] [stdout]                                at /opt/rustwide/workdir/src/handler/service_handler.rs:30:31
[INFO] [stdout]   22:     0x56146347c959 - translate::tests::test_load_service_data::hb74d420a19678cdf
[INFO] [stdout]                                at /opt/rustwide/workdir/src/main.rs:71:41
[INFO] [stdout]   23:     0x56146347c897 - translate::tests::test_load_service_data::{{closure}}::h425a2d57c97f42e1
[INFO] [stdout]                                at /opt/rustwide/workdir/src/main.rs:65:33
[INFO] [stdout]   24:     0x56146347c0a5 - core::ops::function::FnOnce::call_once::h99617f553900e61e
[INFO] [stdout]                                at /rustc/1b7dd2252b99671ce5d1cb9664c5f8636329436d/library/core/src/ops/function.rs:250:5
[INFO] [stdout]   25:     0x5614634bac5f - core::ops::function::FnOnce::call_once::ha6a70e79f7481a7e
[INFO] [stdout]                                at /rustc/1b7dd2252b99671ce5d1cb9664c5f8636329436d/library/core/src/ops/function.rs:250:5
[INFO] [stdout]   26:     0x5614634bac5f - test::__rust_begin_short_backtrace::hce33033019b61e69
[INFO] [stdout]                                at /rustc/1b7dd2252b99671ce5d1cb9664c5f8636329436d/library/test/src/lib.rs:655:18
[INFO] [stdout]   27:     0x56146348844c - test::run_test::{{closure}}::h858d3528838ae3e5
[INFO] [stdout]                                at /rustc/1b7dd2252b99671ce5d1cb9664c5f8636329436d/library/test/src/lib.rs:646:30
[INFO] [stdout]   28:     0x56146348844c - core::ops::function::FnOnce::call_once{{vtable.shim}}::he8ac2b00f01ae79e
[INFO] [stdout]                                at /rustc/1b7dd2252b99671ce5d1cb9664c5f8636329436d/library/core/src/ops/function.rs:250:5
[INFO] [stdout]   29:     0x5614634b9d36 - <alloc::boxed::Box<F,A> as core::ops::function::FnOnce<Args>>::call_once::h8093d25b522725ef
[INFO] [stdout]                                at /rustc/1b7dd2252b99671ce5d1cb9664c5f8636329436d/library/alloc/src/boxed.rs:1973:9
[INFO] [stdout]   30:     0x5614634b9d36 - <core::panic::unwind_safe::AssertUnwindSafe<F> as core::ops::function::FnOnce<()>>::call_once::h5c334c204e4a3913
[INFO] [stdout]                                at /rustc/1b7dd2252b99671ce5d1cb9664c5f8636329436d/library/core/src/panic/unwind_safe.rs:271:9
[INFO] [stdout]   31:     0x5614634b9d36 - std::panicking::try::do_call::ha8b740c7b9478074
[INFO] [stdout]                                at /rustc/1b7dd2252b99671ce5d1cb9664c5f8636329436d/library/std/src/panicking.rs:485:40
[INFO] [stdout]   32:     0x5614634b9d36 - std::panicking::try::h5d34f63d0e41b64e
[INFO] [stdout]                                at /rustc/1b7dd2252b99671ce5d1cb9664c5f8636329436d/library/std/src/panicking.rs:449:19
[INFO] [stdout]   33:     0x5614634b9d36 - std::panic::catch_unwind::hcfbb511e1aa7fc67
[INFO] [stdout]                                at /rustc/1b7dd2252b99671ce5d1cb9664c5f8636329436d/library/std/src/panic.rs:140:14
[INFO] [stdout]   34:     0x5614634b9d36 - test::run_test_in_process::h9abda90f802eaf21
[INFO] [stdout]                                at /rustc/1b7dd2252b99671ce5d1cb9664c5f8636329436d/library/test/src/lib.rs:678:27
[INFO] [stdout]   35:     0x5614634b9d36 - test::run_test::run_test_inner::{{closure}}::h0f058de91f6c6edf
[INFO] [stdout]                                at /rustc/1b7dd2252b99671ce5d1cb9664c5f8636329436d/library/test/src/lib.rs:572:39
[INFO] [stdout]   36:     0x561463482c55 - test::run_test::run_test_inner::{{closure}}::h5ca48a4c59c6c1fb
[INFO] [stdout]                                at /rustc/1b7dd2252b99671ce5d1cb9664c5f8636329436d/library/test/src/lib.rs:599:37
[INFO] [stdout]   37:     0x561463482c55 - std::sys_common::backtrace::__rust_begin_short_backtrace::h32bd51e1495d4a33
[INFO] [stdout]                                at /rustc/1b7dd2252b99671ce5d1cb9664c5f8636329436d/library/std/src/sys_common/backtrace.rs:134:18
[INFO] [stdout]   38:     0x561463488191 - std::thread::Builder::spawn_unchecked_::{{closure}}::{{closure}}::hc086fae9b128b2db
[INFO] [stdout]                                at /rustc/1b7dd2252b99671ce5d1cb9664c5f8636329436d/library/std/src/thread/mod.rs:526:17
[INFO] [stdout]   39:     0x561463488191 - <core::panic::unwind_safe::AssertUnwindSafe<F> as core::ops::function::FnOnce<()>>::call_once::hb66571888d270d43
[INFO] [stdout]                                at /rustc/1b7dd2252b99671ce5d1cb9664c5f8636329436d/library/core/src/panic/unwind_safe.rs:271:9
[INFO] [stdout]   40:     0x561463488191 - std::panicking::try::do_call::h4fa2ef4f6e51fecf
[INFO] [stdout]                                at /rustc/1b7dd2252b99671ce5d1cb9664c5f8636329436d/library/std/src/panicking.rs:485:40
[INFO] [stdout]   41:     0x561463488191 - std::panicking::try::h1e9e22b8584489b5
[INFO] [stdout]                                at /rustc/1b7dd2252b99671ce5d1cb9664c5f8636329436d/library/std/src/panicking.rs:449:19
[INFO] [stdout]   42:     0x561463488191 - std::panic::catch_unwind::h44698a3de0e0769e
[INFO] [stdout]                                at /rustc/1b7dd2252b99671ce5d1cb9664c5f8636329436d/library/std/src/panic.rs:140:14
[INFO] [stdout]   43:     0x561463488191 - std::thread::Builder::spawn_unchecked_::{{closure}}::h50153abde3fe239e
[INFO] [stdout]                                at /rustc/1b7dd2252b99671ce5d1cb9664c5f8636329436d/library/std/src/thread/mod.rs:525:30
[INFO] [stdout]   44:     0x561463488191 - core::ops::function::FnOnce::call_once{{vtable.shim}}::hbe5bbf6f38394364
[INFO] [stdout]                                at /rustc/1b7dd2252b99671ce5d1cb9664c5f8636329436d/library/core/src/ops/function.rs:250:5
[INFO] [stdout]   45:     0x5614634f5f45 - <alloc::boxed::Box<F,A> as core::ops::function::FnOnce<Args>>::call_once::h0d83cb2920a49046
[INFO] [stdout]                                at /rustc/1b7dd2252b99671ce5d1cb9664c5f8636329436d/library/alloc/src/boxed.rs:1973:9
[INFO] [stdout]   46:     0x5614634f5f45 - <alloc::boxed::Box<F,A> as core::ops::function::FnOnce<Args>>::call_once::hbe0a008aa7d9ef59
[INFO] [stdout]                                at /rustc/1b7dd2252b99671ce5d1cb9664c5f8636329436d/library/alloc/src/boxed.rs:1973:9
[INFO] [stdout]   47:     0x5614634f5f45 - std::sys::unix::thread::Thread::new::thread_start::h3a466996bdf6b1f9
[INFO] [stdout]                                at /rustc/1b7dd2252b99671ce5d1cb9664c5f8636329436d/library/std/src/sys/unix/thread.rs:108:17
[INFO] [stdout]   48:     0x7f7611c8ab43 - <unknown>
[INFO] [stdout]   49:     0x7f7611d1bbb4 - __clone
[INFO] [stdout]   50:                0x0 - <unknown>
[INFO] [stdout] 
[INFO] [stdout] 
[INFO] [stdout] failures:
[INFO] [stdout]     tests::test_load_service_data
[INFO] [stdout] 
[INFO] [stdout] test result: FAILED. 2 passed; 1 failed; 0 ignored; 0 measured; 0 filtered out; finished in 0.01s
[INFO] [stdout] 
[INFO] [stderr] error: test failed, to rerun pass `--bin translate`
[INFO] running `Command { std: "docker" "inspect" "4c62603d8701e0faa79f6316f5b2c486c71960d74600d3ec62f61640537d7d25", kill_on_drop: false }`
[INFO] running `Command { std: "docker" "rm" "-f" "4c62603d8701e0faa79f6316f5b2c486c71960d74600d3ec62f61640537d7d25", kill_on_drop: false }`
[INFO] [stdout] 4c62603d8701e0faa79f6316f5b2c486c71960d74600d3ec62f61640537d7d25
