[INFO] cloning repository https://github.com/tiberiusferreira/gpu_compute
[INFO] running `Command { std: "git" "-c" "credential.helper=" "-c" "credential.helper=/workspace/cargo-home/bin/git-credential-null" "clone" "--bare" "https://github.com/tiberiusferreira/gpu_compute" "/workspace/cache/git-repos/https%3A%2F%2Fgithub.com%2Ftiberiusferreira%2Fgpu_compute", kill_on_drop: false }`
[INFO] [stderr] Cloning into bare repository '/workspace/cache/git-repos/https%3A%2F%2Fgithub.com%2Ftiberiusferreira%2Fgpu_compute'...
[INFO] running `Command { std: "git" "rev-parse" "HEAD", kill_on_drop: false }`
[INFO] [stdout] 6af1d42fdfb78620814282e1807d6a6682c1f8d0
[INFO] testing tiberiusferreira/gpu_compute against 1.69.0 for beta-1.70-1
[INFO] running `Command { std: "git" "clone" "/workspace/cache/git-repos/https%3A%2F%2Fgithub.com%2Ftiberiusferreira%2Fgpu_compute" "/workspace/builds/worker-3-tc1/source", kill_on_drop: false }`
[INFO] [stderr] Cloning into '/workspace/builds/worker-3-tc1/source'...
[INFO] [stderr] done.
[INFO] validating manifest of git repo https://github.com/tiberiusferreira/gpu_compute on toolchain 1.69.0
[INFO] running `Command { std: CARGO_HOME="/workspace/cargo-home" RUSTUP_HOME="/workspace/rustup-home" "/workspace/cargo-home/bin/cargo" "+1.69.0" "metadata" "--manifest-path" "Cargo.toml" "--no-deps", kill_on_drop: false }`
[INFO] started tweaking git repo https://github.com/tiberiusferreira/gpu_compute
[INFO] finished tweaking git repo https://github.com/tiberiusferreira/gpu_compute
[INFO] tweaked toml for git repo https://github.com/tiberiusferreira/gpu_compute written to /workspace/builds/worker-3-tc1/source/Cargo.toml
[INFO] crate git repo https://github.com/tiberiusferreira/gpu_compute already has a lockfile, it will not be regenerated
[INFO] running `Command { std: CARGO_HOME="/workspace/cargo-home" RUSTUP_HOME="/workspace/rustup-home" "/workspace/cargo-home/bin/cargo" "+1.69.0" "fetch" "--manifest-path" "Cargo.toml", kill_on_drop: false }`
[INFO] running `Command { std: "docker" "create" "-v" "/var/lib/crater-agent-workspace/builds/worker-3-tc1/target:/opt/rustwide/target:rw,Z" "-v" "/var/lib/crater-agent-workspace/builds/worker-3-tc1/source:/opt/rustwide/workdir:ro,Z" "-v" "/var/lib/crater-agent-workspace/cargo-home:/opt/rustwide/cargo-home:ro,Z" "-v" "/var/lib/crater-agent-workspace/rustup-home:/opt/rustwide/rustup-home:ro,Z" "-e" "SOURCE_DIR=/opt/rustwide/workdir" "-e" "CARGO_TARGET_DIR=/opt/rustwide/target" "-e" "CARGO_HOME=/opt/rustwide/cargo-home" "-e" "RUSTUP_HOME=/opt/rustwide/rustup-home" "-w" "/opt/rustwide/workdir" "-m" "1610612736" "--user" "0:0" "--network" "none" "ghcr.io/rust-lang/crates-build-env/linux@sha256:5ff2268d62e97bff2cde7d5815dd6ed5b47097566f13b8d0ca110b04b60e07ed" "/opt/rustwide/cargo-home/bin/cargo" "+1.69.0" "metadata" "--no-deps" "--format-version=1", kill_on_drop: false }`
[INFO] [stdout] 1428d254ee395b6591b6d2a128bd8cdb27da8324595631863e9c26ab6ea99789
[INFO] running `Command { std: "docker" "start" "-a" "1428d254ee395b6591b6d2a128bd8cdb27da8324595631863e9c26ab6ea99789", kill_on_drop: false }`
[INFO] running `Command { std: "docker" "inspect" "1428d254ee395b6591b6d2a128bd8cdb27da8324595631863e9c26ab6ea99789", kill_on_drop: false }`
[INFO] running `Command { std: "docker" "rm" "-f" "1428d254ee395b6591b6d2a128bd8cdb27da8324595631863e9c26ab6ea99789", kill_on_drop: false }`
[INFO] [stdout] 1428d254ee395b6591b6d2a128bd8cdb27da8324595631863e9c26ab6ea99789
[INFO] running `Command { std: "docker" "create" "-v" "/var/lib/crater-agent-workspace/builds/worker-3-tc1/target:/opt/rustwide/target:rw,Z" "-v" "/var/lib/crater-agent-workspace/builds/worker-3-tc1/source:/opt/rustwide/workdir:ro,Z" "-v" "/var/lib/crater-agent-workspace/cargo-home:/opt/rustwide/cargo-home:ro,Z" "-v" "/var/lib/crater-agent-workspace/rustup-home:/opt/rustwide/rustup-home:ro,Z" "-e" "SOURCE_DIR=/opt/rustwide/workdir" "-e" "CARGO_TARGET_DIR=/opt/rustwide/target" "-e" "CARGO_INCREMENTAL=0" "-e" "RUST_BACKTRACE=full" "-e" "RUSTFLAGS=--cap-lints=warn" "-e" "RUSTDOCFLAGS=--cap-lints=warn" "-e" "CARGO_HOME=/opt/rustwide/cargo-home" "-e" "RUSTUP_HOME=/opt/rustwide/rustup-home" "-w" "/opt/rustwide/workdir" "-m" "1610612736" "--user" "0:0" "--network" "none" "ghcr.io/rust-lang/crates-build-env/linux@sha256:5ff2268d62e97bff2cde7d5815dd6ed5b47097566f13b8d0ca110b04b60e07ed" "/opt/rustwide/cargo-home/bin/cargo" "+1.69.0" "build" "--frozen" "--message-format=json", kill_on_drop: false }`
[INFO] [stdout] 3e83a1aa0a5292ec326341ceb6c2479d2ce2cb61c76e2886ec446ec4b21180fc
[INFO] running `Command { std: "docker" "start" "-a" "3e83a1aa0a5292ec326341ceb6c2479d2ce2cb61c76e2886ec446ec4b21180fc", kill_on_drop: false }`
[INFO] [stderr]    Compiling libc v0.2.76
[INFO] [stderr]    Compiling cfg-if v0.1.10
[INFO] [stderr]    Compiling bitflags v1.2.1
[INFO] [stderr]    Compiling proc-macro2 v1.0.19
[INFO] [stderr]    Compiling unicode-xid v0.2.1
[INFO] [stderr]    Compiling syn v1.0.39
[INFO] [stderr]    Compiling log v0.4.11
[INFO] [stderr]    Compiling byteorder v1.3.4
[INFO] [stderr]    Compiling lazy_static v1.4.0
[INFO] [stderr]    Compiling autocfg v1.0.1
[INFO] [stderr]    Compiling slab v0.4.2
[INFO] [stderr]    Compiling libloading v0.6.3
[INFO] [stderr]    Compiling proc-macro2 v0.4.30
[INFO] [stderr]    Compiling memchr v2.3.3
[INFO] [stderr]    Compiling num-traits v0.2.12
[INFO] [stderr]    Compiling unicode-xid v0.1.0
[INFO] [stderr]    Compiling xml-rs v0.8.3
[INFO] [stderr]    Compiling pkg-config v0.3.18
[INFO] [stderr]    Compiling quote v1.0.7
[INFO] [stderr]    Compiling raw-window-handle v0.3.3
[INFO] [stderr]    Compiling futures-core v0.3.5
[INFO] [stderr]    Compiling smallvec v1.4.2
[INFO] [stderr]    Compiling nix v0.14.1
[INFO] [stderr]    Compiling iovec v0.1.4
[INFO] [stderr]    Compiling net2 v0.2.34
[INFO] [stderr]    Compiling quote v0.6.13
[INFO] [stderr]    Compiling pin-project-internal v0.4.23
[INFO] [stderr]    Compiling wayland-scanner v0.23.6
[INFO] [stderr]    Compiling scopeguard v1.1.0
[INFO] [stderr]    Compiling void v1.0.2
[INFO] [stderr]    Compiling mio v0.6.22
[INFO] [stderr]    Compiling gfx-hal v0.6.0
[INFO] [stderr]    Compiling dlib v0.4.2
[INFO] [stderr]    Compiling lazycell v1.3.0
[INFO] [stderr]    Compiling futures-io v0.3.5
[INFO] [stderr]    Compiling once_cell v1.4.1
[INFO] [stderr]    Compiling proc-macro-nested v0.1.6
[INFO] [stderr]    Compiling approx v0.3.2
[INFO] [stderr]    Compiling mio-extras v2.0.6
[INFO] [stderr]    Compiling ordered-float v1.1.0
[INFO] [stderr]    Compiling wayland-sys v0.23.6
[INFO] [stderr]    Compiling x11 v2.18.2
[INFO] [stderr]    Compiling stb_truetype v0.3.1
[INFO] [stderr]    Compiling fxhash v0.2.1
[INFO] [stderr]    Compiling getrandom v0.1.14
[INFO] [stderr]    Compiling proc-macro-hack v0.5.18
[INFO] [stderr]    Compiling futures-sink v0.3.5
[INFO] [stderr]    Compiling instant v0.1.6
[INFO] [stderr]    Compiling futures-channel v0.3.5
[INFO] [stderr]    Compiling wayland-client v0.23.6
[INFO] [stderr]    Compiling wayland-protocols v0.23.6
[INFO] [stderr]    Compiling rusttype v0.8.3
[INFO] [stderr]    Compiling futures-task v0.3.5
[INFO] [stderr]    Compiling same-file v1.0.6
[INFO] [stderr]    Compiling pin-utils v0.1.0
[INFO] [stderr]    Compiling atom v0.3.5
[INFO] [stderr]    Compiling downcast-rs v1.2.0
[INFO] [stderr]    Compiling maybe-uninit v2.0.0
[INFO] [stderr]    Compiling arrayvec v0.5.1
[INFO] [stderr]    Compiling hibitset v0.6.3
[INFO] [stderr]    Compiling walkdir v2.3.1
[INFO] [stderr]    Compiling rusttype v0.7.9
[INFO] [stderr]    Compiling calloop v0.4.4
[INFO] [stderr]    Compiling wayland-commons v0.23.6
[INFO] [stderr]    Compiling parking_lot_core v0.8.0
[INFO] [stderr]    Compiling spirv_headers v1.5.0
[INFO] [stderr]    Compiling line_drawing v0.7.0
[INFO] [stderr]    Compiling lock_api v0.4.1
[INFO] [stderr]    Compiling x11-dl v2.18.5
[INFO] [stderr]    Compiling ash v0.31.0
[INFO] [stderr]    Compiling tracing-core v0.1.15
[INFO] [stderr]    Compiling xdg v2.2.0
[INFO] [stderr]    Compiling cache-padded v1.1.1
[INFO] [stderr]    Compiling inplace_it v0.3.2
[INFO] [stderr]    Compiling tracing v0.1.19
[INFO] [stderr]    Compiling andrew v0.2.1
[INFO] [stderr]    Compiling concurrent-queue v1.2.2
[INFO] [stderr]    Compiling parking_lot v0.11.0
[INFO] [stderr]    Compiling rand_core v0.5.1
[INFO] [stderr]    Compiling gfx-descriptor v0.2.0
[INFO] [stderr]    Compiling gfx-memory v0.2.0
[INFO] [stderr]    Compiling synstructure v0.12.4
[INFO] [stderr]    Compiling gfx-backend-empty v0.6.0
[INFO] [stderr]    Compiling lock_api v0.3.4
[INFO] [stderr]    Compiling thiserror-impl v1.0.20
[INFO] [stderr]    Compiling futures-macro v0.3.5
[INFO] [stderr]    Compiling parking_lot_core v0.7.2
[INFO] [stderr]    Compiling aho-corasick v0.7.13
[INFO] [stderr]    Compiling memmap v0.7.0
[INFO] [stderr]    Compiling wgpu-types v0.6.0
[INFO] [stderr]    Compiling thread_local v1.0.1
[INFO] [stderr]    Compiling copyless v0.1.5
[INFO] [stderr]    Compiling fastrand v1.3.4
[INFO] [stderr]    Compiling quick-error v1.2.3
[INFO] [stderr]    Compiling ppv-lite86 v0.2.9
[INFO] [stderr]    Compiling waker-fn v1.0.0
[INFO] [stderr]    Compiling thiserror v1.0.20
[INFO] [stderr]    Compiling event-listener v2.4.0
[INFO] [stderr]    Compiling naga v0.2.0
[INFO] [stderr]    Compiling pin-project-lite v0.1.7
[INFO] [stderr]    Compiling regex-syntax v0.6.18
[INFO] [stderr]    Compiling parking v2.0.0
[INFO] [stderr]    Compiling rand_chacha v0.2.2
[INFO] [stderr]    Compiling pin-project v0.4.23
[INFO] [stderr]    Compiling futures-util v0.3.5
[INFO] [stderr]    Compiling futures-lite v0.1.11
[INFO] [stderr]    Compiling async-channel v1.4.0
[INFO] [stderr]    Compiling humantime v1.3.0
[INFO] [stderr]    Compiling zerocopy-derive v0.2.0
[INFO] [stderr]    Compiling parking_lot v0.10.2
[INFO] [stderr]    Compiling atty v0.2.14
[INFO] [stderr]    Compiling percent-encoding v2.1.0
[INFO] [stderr]    Compiling regex v1.3.9
[INFO] [stderr]    Compiling atomic-waker v1.0.0
[INFO] [stderr]    Compiling termcolor v1.1.0
[INFO] [stderr]    Compiling futures-executor v0.3.5
[INFO] [stderr]    Compiling gfx-backend-vulkan v0.6.1
[INFO] [stderr]    Compiling futures v0.3.5
[INFO] [stderr]    Compiling parking v1.0.6
[INFO] [stderr]    Compiling typed-arena v2.0.1
[INFO] [stderr]    Compiling blocking v0.4.7
[INFO] [stderr]    Compiling env_logger v0.7.1
[INFO] [stderr]    Compiling zerocopy v0.3.0
[INFO] [stderr]    Compiling rand v0.7.3
[INFO] [stderr]    Compiling async-trait v0.1.38
[INFO] [stderr]    Compiling bytemuck v1.3.1
[INFO] [stderr]    Compiling wgpu-core v0.6.0
[INFO] [stderr]    Compiling wgpu v0.6.2
[INFO] [stderr]    Compiling smithay-client-toolkit v0.6.6
[INFO] [stderr]    Compiling winit v0.22.2
[INFO] [stderr]    Compiling tensor_compute v0.1.0 (/opt/rustwide/workdir)
[INFO] [stdout] warning: unused imports: `CpuTransferable`, `GpuTensor`
[INFO] [stdout]   --> src/tensors/gpu_tensor/gpu_ops/unary_ops/mod.rs:35:17
[INFO] [stdout]    |
[INFO] [stdout] 35 |     use crate::{GpuTensor, CpuTransferable};
[INFO] [stdout]    |                 ^^^^^^^^^  ^^^^^^^^^^^^^^^
[INFO] [stdout]    |
[INFO] [stdout]    = note: `#[warn(unused_imports)]` on by default
[INFO] [stdout] 
[INFO] [stdout] 
[INFO] [stdout] warning: variants `MatMul`, `Exp`, and `Sum` are never constructed
[INFO] [stdout]   --> src/autograd.rs:11:5
[INFO] [stdout]    |
[INFO] [stdout] 10 | enum Op{
[INFO] [stdout]    |      -- variants in this enum
[INFO] [stdout] 11 |     MatMul(Tensor, Tensor),
[INFO] [stdout]    |     ^^^^^^
[INFO] [stdout] 12 |     Exp(Tensor),
[INFO] [stdout]    |     ^^^
[INFO] [stdout] 13 |     Sum(Tensor),
[INFO] [stdout]    |     ^^^
[INFO] [stdout]    |
[INFO] [stdout]    = note: `Op` has a derived impl for the trait `Debug`, but this is intentionally ignored during dead code analysis
[INFO] [stdout]    = note: `#[warn(dead_code)]` on by default
[INFO] [stdout] 
[INFO] [stdout] 
[INFO] [stdout] warning: field `inner` is never read
[INFO] [stdout]   --> src/autograd.rs:38:5
[INFO] [stdout]    |
[INFO] [stdout] 37 | pub struct Tensor {
[INFO] [stdout]    |            ------ field in this struct
[INFO] [stdout] 38 |     inner: Shared<VariableData>
[INFO] [stdout]    |     ^^^^^
[INFO] [stdout]    |
[INFO] [stdout]    = note: `Tensor` has a derived impl for the trait `Debug`, but this is intentionally ignored during dead code analysis
[INFO] [stdout] 
[INFO] [stdout] 
[INFO] [stdout] warning: fields `parent_op`, `tensor`, and `grad` are never read
[INFO] [stdout]   --> src/autograd.rs:43:5
[INFO] [stdout]    |
[INFO] [stdout] 42 | pub struct VariableData{
[INFO] [stdout]    |            ------------ fields in this struct
[INFO] [stdout] 43 |     parent_op: Option<Op>,
[INFO] [stdout]    |     ^^^^^^^^^
[INFO] [stdout] 44 |     tensor: RawTensor,
[INFO] [stdout]    |     ^^^^^^
[INFO] [stdout] 45 |     grad: Option<RawTensor>
[INFO] [stdout]    |     ^^^^
[INFO] [stdout]    |
[INFO] [stdout]    = note: `VariableData` has a derived impl for the trait `Debug`, but this is intentionally ignored during dead code analysis
[INFO] [stdout] 
[INFO] [stdout] 
[INFO] [stdout] warning: method `propagate_grad` is never used
[INFO] [stdout]   --> src/autograd.rs:17:12
[INFO] [stdout]    |
[INFO] [stdout] 17 |     pub fn propagate_grad(&self, child_grad: &RawTensor){
[INFO] [stdout]    |            ^^^^^^^^^^^^^^
[INFO] [stdout] 
[INFO] [stdout] 
[INFO] [stdout] warning: method `shallow_clone` is never used
[INFO] [stdout]   --> src/autograd.rs:51:12
[INFO] [stdout]    |
[INFO] [stdout] 51 |     pub fn shallow_clone(&self) -> Self{
[INFO] [stdout]    |            ^^^^^^^^^^^^^
[INFO] [stdout] 
[INFO] [stdout] 
[INFO] [stdout] warning: method `to_vec` is never used
[INFO] [stdout]   --> src/autograd.rs:57:12
[INFO] [stdout]    |
[INFO] [stdout] 57 |     pub fn to_vec(&self) -> Vec<f32>{
[INFO] [stdout]    |            ^^^^^^
[INFO] [stdout] 
[INFO] [stdout] 
[INFO] [stdout] warning: method `read_lock` is never used
[INFO] [stdout]   --> src/autograd.rs:62:12
[INFO] [stdout]    |
[INFO] [stdout] 62 |     pub fn read_lock(&self) -> RwLockReadGuard<VariableData>{
[INFO] [stdout]    |            ^^^^^^^^^
[INFO] [stdout] 
[INFO] [stdout] 
[INFO] [stdout] warning: method `write_lock` is never used
[INFO] [stdout]   --> src/autograd.rs:67:12
[INFO] [stdout]    |
[INFO] [stdout] 67 |     pub fn write_lock(&self) -> RwLockWriteGuard<VariableData>{
[INFO] [stdout]    |            ^^^^^^^^^^
[INFO] [stdout] 
[INFO] [stdout] 
[INFO] [stdout] warning: method `set_grad` is never used
[INFO] [stdout]   --> src/autograd.rs:77:12
[INFO] [stdout]    |
[INFO] [stdout] 77 |     pub fn set_grad(&mut self, grad: Tensor){
[INFO] [stdout]    |            ^^^^^^^^
[INFO] [stdout] 
[INFO] [stdout] 
[INFO] [stdout] warning: associated function `from_data_and_shape` is never used
[INFO] [stdout]   --> src/autograd.rs:83:12
[INFO] [stdout]    |
[INFO] [stdout] 83 |     pub fn from_data_and_shape(data: Vec<f32>, shape: Vec<usize>) -> Self{
[INFO] [stdout]    |            ^^^^^^^^^^^^^^^^^^^
[INFO] [stdout] 
[INFO] [stdout] 
[INFO] [stdout] warning: method `matmul` is never used
[INFO] [stdout]   --> src/autograd.rs:94:12
[INFO] [stdout]    |
[INFO] [stdout] 94 |     pub fn matmul(&self, other_var: &Tensor) -> Self{
[INFO] [stdout]    |            ^^^^^^
[INFO] [stdout] 
[INFO] [stdout] 
[INFO] [stdout] warning: method `exp` is never used
[INFO] [stdout]    --> src/autograd.rs:109:12
[INFO] [stdout]     |
[INFO] [stdout] 109 |     pub fn exp(&self) -> Self{
[INFO] [stdout]     |            ^^^
[INFO] [stdout] 
[INFO] [stdout] 
[INFO] [stdout] warning: method `sum` is never used
[INFO] [stdout]    --> src/autograd.rs:121:12
[INFO] [stdout]     |
[INFO] [stdout] 121 |     pub fn sum(&self) -> Self{
[INFO] [stdout]     |            ^^^
[INFO] [stdout] 
[INFO] [stdout] 
[INFO] [stdout] warning: method `backward` is never used
[INFO] [stdout]    --> src/autograd.rs:134:12
[INFO] [stdout]     |
[INFO] [stdout] 134 |     pub fn backward(&self){
[INFO] [stdout]     |            ^^^^^^^^
[INFO] [stdout] 
[INFO] [stdout] 
[INFO] [stdout] warning: function `set_matmul_grad` is never used
[INFO] [stdout]  --> src/autograd/ops.rs:4:8
[INFO] [stdout]   |
[INFO] [stdout] 4 | pub fn set_matmul_grad(left: &Tensor, right: &Tensor, child_grad: &RawTensor){
[INFO] [stdout]   |        ^^^^^^^^^^^^^^^
[INFO] [stdout] 
[INFO] [stdout] 
[INFO] [stdout] warning: function `set_exp_grad` is never used
[INFO] [stdout]   --> src/autograd/ops.rs:26:8
[INFO] [stdout]    |
[INFO] [stdout] 26 | pub fn set_exp_grad(original_input: &Tensor, child_grad: &RawTensor){
[INFO] [stdout]    |        ^^^^^^^^^^^^
[INFO] [stdout] 
[INFO] [stdout] 
[INFO] [stdout] warning: function `set_sum_grad` is never used
[INFO] [stdout]   --> src/autograd/ops.rs:37:8
[INFO] [stdout]    |
[INFO] [stdout] 37 | pub fn set_sum_grad(original_input: &Tensor, child_grad: &RawTensor){
[INFO] [stdout]    |        ^^^^^^^^^^^^
[INFO] [stdout] 
[INFO] [stdout] 
[INFO] [stdout] warning: function `shape_strides_for_slice_range` is never used
[INFO] [stdout]  --> src/tensors/gpu_tensor/indexing/index_to_dim_stride.rs:7:8
[INFO] [stdout]   |
[INFO] [stdout] 7 | pub fn shape_strides_for_slice_range<T: Into<SliceRangeInfo>>(
[INFO] [stdout]   |        ^^^^^^^^^^^^^^^^^^^^^^^^^^^^^
[INFO] [stdout] 
[INFO] [stdout] 
[INFO] [stdout] warning: panic message is not a string literal
[INFO] [stdout]    --> src/tensors/cpu_tensor.rs:171:17
[INFO] [stdout]     |
[INFO] [stdout] 171 | /                 format!(
[INFO] [stdout] 172 | |                     "tried indexing element {} when dimension length was: {}",
[INFO] [stdout] 173 | |                     *idx + 1,
[INFO] [stdout] 174 | |                     shape
[INFO] [stdout] 175 | |                 )
[INFO] [stdout]     | |_________________^
[INFO] [stdout]     |
[INFO] [stdout]     = note: this usage of `assert!()` is deprecated; it will be a hard error in Rust 2021
[INFO] [stdout]     = note: for more information, see <https://doc.rust-lang.org/nightly/edition-guide/rust-2021/panic-macro-consistency.html>
[INFO] [stdout]     = note: the `assert!()` macro supports formatting, so there's no need for the `format!()` macro here
[INFO] [stdout]     = note: `#[warn(non_fmt_panics)]` on by default
[INFO] [stdout] help: remove the `format!(..)` macro call
[INFO] [stdout]     |
[INFO] [stdout] 171 ~                 
[INFO] [stdout] 172 |                     "tried indexing element {} when dimension length was: {}",
[INFO] [stdout] 173 |                     *idx + 1,
[INFO] [stdout] 174 |                     shape
[INFO] [stdout] 175 ~                 
[INFO] [stdout]     |
[INFO] [stdout] 
[INFO] [stdout] 
[INFO] [stdout] warning: panic message is not a string literal
[INFO] [stdout]   --> src/tensors/gpu_tensor/indexing/mod.rs:19:17
[INFO] [stdout]    |
[INFO] [stdout] 19 | /                 format!(
[INFO] [stdout] 20 | |                     "Start ({:?}) needs to be smaller than end ({:?}).",
[INFO] [stdout] 21 | |                     start,
[INFO] [stdout] 22 | |                     isize_end - 1
[INFO] [stdout] 23 | |                 )
[INFO] [stdout]    | |_________________^
[INFO] [stdout]    |
[INFO] [stdout]    = note: this usage of `assert!()` is deprecated; it will be a hard error in Rust 2021
[INFO] [stdout]    = note: for more information, see <https://doc.rust-lang.org/nightly/edition-guide/rust-2021/panic-macro-consistency.html>
[INFO] [stdout]    = note: the `assert!()` macro supports formatting, so there's no need for the `format!()` macro here
[INFO] [stdout] help: remove the `format!(..)` macro call
[INFO] [stdout]    |
[INFO] [stdout] 19 ~                 
[INFO] [stdout] 20 |                     "Start ({:?}) needs to be smaller than end ({:?}).",
[INFO] [stdout] 21 |                     start,
[INFO] [stdout] 22 |                     isize_end - 1
[INFO] [stdout] 23 ~                 
[INFO] [stdout]    |
[INFO] [stdout] 
[INFO] [stdout] 
[INFO] [stdout] warning: panic message is not a string literal
[INFO] [stdout]   --> src/tensors/gpu_tensor/indexing/index_to_dim_stride.rs:27:13
[INFO] [stdout]    |
[INFO] [stdout] 27 | /             format!(
[INFO] [stdout] 28 | |                 "Indexing out of range! Tried to get the element \
[INFO] [stdout] 29 | |                         {:?} (zero indexed) of a dimension of size: {:?}",
[INFO] [stdout] 30 | |                 start, *shape
[INFO] [stdout] 31 | |             )
[INFO] [stdout]    | |_____________^
[INFO] [stdout]    |
[INFO] [stdout]    = note: this usage of `assert!()` is deprecated; it will be a hard error in Rust 2021
[INFO] [stdout]    = note: for more information, see <https://doc.rust-lang.org/nightly/edition-guide/rust-2021/panic-macro-consistency.html>
[INFO] [stdout]    = note: the `assert!()` macro supports formatting, so there's no need for the `format!()` macro here
[INFO] [stdout] help: remove the `format!(..)` macro call
[INFO] [stdout]    |
[INFO] [stdout] 27 ~             
[INFO] [stdout] 28 |                 "Indexing out of range! Tried to get the element \
[INFO] [stdout] 29 |                         {:?} (zero indexed) of a dimension of size: {:?}",
[INFO] [stdout] 30 |                 start, *shape
[INFO] [stdout] 31 ~             
[INFO] [stdout]    |
[INFO] [stdout] 
[INFO] [stdout] 
[INFO] [stdout] warning: panic message is not a string literal
[INFO] [stdout]   --> src/tensors/gpu_tensor/indexing/index_to_dim_stride.rs:42:17
[INFO] [stdout]    |
[INFO] [stdout] 42 | /                 format!(
[INFO] [stdout] 43 | |                     "Indexing out of range! Tried to get the element \
[INFO] [stdout] 44 | |                         {:?} (zero indexed) of a dimension of size: {:?}",
[INFO] [stdout] 45 | |                     inclusive_end, *shape
[INFO] [stdout] 46 | |                 )
[INFO] [stdout]    | |_________________^
[INFO] [stdout]    |
[INFO] [stdout]    = note: this usage of `assert!()` is deprecated; it will be a hard error in Rust 2021
[INFO] [stdout]    = note: for more information, see <https://doc.rust-lang.org/nightly/edition-guide/rust-2021/panic-macro-consistency.html>
[INFO] [stdout]    = note: the `assert!()` macro supports formatting, so there's no need for the `format!()` macro here
[INFO] [stdout] help: remove the `format!(..)` macro call
[INFO] [stdout]    |
[INFO] [stdout] 42 ~                 
[INFO] [stdout] 43 |                     "Indexing out of range! Tried to get the element \
[INFO] [stdout] 44 |                         {:?} (zero indexed) of a dimension of size: {:?}",
[INFO] [stdout] 45 |                     inclusive_end, *shape
[INFO] [stdout] 46 ~                 
[INFO] [stdout]    |
[INFO] [stdout] 
[INFO] [stdout] 
[INFO] [stdout] warning: 23 warnings emitted
[INFO] [stdout] 
[INFO] [stdout] 
[INFO] [stderr]     Finished dev [unoptimized + debuginfo] target(s) in 1m 10s
[INFO] running `Command { std: "docker" "inspect" "3e83a1aa0a5292ec326341ceb6c2479d2ce2cb61c76e2886ec446ec4b21180fc", kill_on_drop: false }`
[INFO] running `Command { std: "docker" "rm" "-f" "3e83a1aa0a5292ec326341ceb6c2479d2ce2cb61c76e2886ec446ec4b21180fc", kill_on_drop: false }`
[INFO] [stdout] 3e83a1aa0a5292ec326341ceb6c2479d2ce2cb61c76e2886ec446ec4b21180fc
[INFO] running `Command { std: "docker" "create" "-v" "/var/lib/crater-agent-workspace/builds/worker-3-tc1/target:/opt/rustwide/target:rw,Z" "-v" "/var/lib/crater-agent-workspace/builds/worker-3-tc1/source:/opt/rustwide/workdir:ro,Z" "-v" "/var/lib/crater-agent-workspace/cargo-home:/opt/rustwide/cargo-home:ro,Z" "-v" "/var/lib/crater-agent-workspace/rustup-home:/opt/rustwide/rustup-home:ro,Z" "-e" "SOURCE_DIR=/opt/rustwide/workdir" "-e" "CARGO_TARGET_DIR=/opt/rustwide/target" "-e" "CARGO_INCREMENTAL=0" "-e" "RUST_BACKTRACE=full" "-e" "RUSTFLAGS=--cap-lints=warn" "-e" "RUSTDOCFLAGS=--cap-lints=warn" "-e" "CARGO_HOME=/opt/rustwide/cargo-home" "-e" "RUSTUP_HOME=/opt/rustwide/rustup-home" "-w" "/opt/rustwide/workdir" "-m" "1610612736" "--user" "0:0" "--network" "none" "ghcr.io/rust-lang/crates-build-env/linux@sha256:5ff2268d62e97bff2cde7d5815dd6ed5b47097566f13b8d0ca110b04b60e07ed" "/opt/rustwide/cargo-home/bin/cargo" "+1.69.0" "test" "--frozen" "--no-run" "--message-format=json", kill_on_drop: false }`
[INFO] [stdout] 0aee2141fc64a556caecd20fed047df776fff0dd759676d928d2c559bf7e9ddd
[INFO] running `Command { std: "docker" "start" "-a" "0aee2141fc64a556caecd20fed047df776fff0dd759676d928d2c559bf7e9ddd", kill_on_drop: false }`
[INFO] [stdout] warning: unused imports: `CpuTransferable`, `GpuTensor`
[INFO] [stdout]   --> src/tensors/gpu_tensor/gpu_ops/unary_ops/mod.rs:35:17
[INFO] [stdout]    |
[INFO] [stdout] 35 |     use crate::{GpuTensor, CpuTransferable};
[INFO] [stdout]    |                 ^^^^^^^^^  ^^^^^^^^^^^^^^^
[INFO] [stdout]    |
[INFO] [stdout]    = note: `#[warn(unused_imports)]` on by default
[INFO] [stdout] 
[INFO] [stdout] 
[INFO] [stdout] warning: variants `MatMul`, `Exp`, and `Sum` are never constructed
[INFO] [stdout]   --> src/autograd.rs:11:5
[INFO] [stdout]    |
[INFO] [stdout] 10 | enum Op{
[INFO] [stdout]    |      -- variants in this enum
[INFO] [stdout] 11 |     MatMul(Tensor, Tensor),
[INFO] [stdout]    |     ^^^^^^
[INFO] [stdout] 12 |     Exp(Tensor),
[INFO] [stdout]    |     ^^^
[INFO] [stdout] 13 |     Sum(Tensor),
[INFO] [stdout]    |     ^^^
[INFO] [stdout]    |
[INFO] [stdout]    = note: `Op` has a derived impl for the trait `Debug`, but this is intentionally ignored during dead code analysis
[INFO] [stdout]    = note: `#[warn(dead_code)]` on by default
[INFO] [stdout] 
[INFO] [stdout] 
[INFO] [stdout] warning: field `inner` is never read
[INFO] [stdout]   --> src/autograd.rs:38:5
[INFO] [stdout]    |
[INFO] [stdout] 37 | pub struct Tensor {
[INFO] [stdout]    |            ------ field in this struct
[INFO] [stdout] 38 |     inner: Shared<VariableData>
[INFO] [stdout]    |     ^^^^^
[INFO] [stdout]    |
[INFO] [stdout]    = note: `Tensor` has a derived impl for the trait `Debug`, but this is intentionally ignored during dead code analysis
[INFO] [stdout] 
[INFO] [stdout] 
[INFO] [stdout] warning: fields `parent_op`, `tensor`, and `grad` are never read
[INFO] [stdout]   --> src/autograd.rs:43:5
[INFO] [stdout]    |
[INFO] [stdout] 42 | pub struct VariableData{
[INFO] [stdout]    |            ------------ fields in this struct
[INFO] [stdout] 43 |     parent_op: Option<Op>,
[INFO] [stdout]    |     ^^^^^^^^^
[INFO] [stdout] 44 |     tensor: RawTensor,
[INFO] [stdout]    |     ^^^^^^
[INFO] [stdout] 45 |     grad: Option<RawTensor>
[INFO] [stdout]    |     ^^^^
[INFO] [stdout]    |
[INFO] [stdout]    = note: `VariableData` has a derived impl for the trait `Debug`, but this is intentionally ignored during dead code analysis
[INFO] [stdout] 
[INFO] [stdout] 
[INFO] [stdout] warning: method `propagate_grad` is never used
[INFO] [stdout]   --> src/autograd.rs:17:12
[INFO] [stdout]    |
[INFO] [stdout] 17 |     pub fn propagate_grad(&self, child_grad: &RawTensor){
[INFO] [stdout]    |            ^^^^^^^^^^^^^^
[INFO] [stdout] 
[INFO] [stdout] 
[INFO] [stdout] warning: method `shallow_clone` is never used
[INFO] [stdout]   --> src/autograd.rs:51:12
[INFO] [stdout]    |
[INFO] [stdout] 51 |     pub fn shallow_clone(&self) -> Self{
[INFO] [stdout]    |            ^^^^^^^^^^^^^
[INFO] [stdout] 
[INFO] [stdout] 
[INFO] [stdout] warning: method `to_vec` is never used
[INFO] [stdout]   --> src/autograd.rs:57:12
[INFO] [stdout]    |
[INFO] [stdout] 57 |     pub fn to_vec(&self) -> Vec<f32>{
[INFO] [stdout]    |            ^^^^^^
[INFO] [stdout] 
[INFO] [stdout] 
[INFO] [stdout] warning: method `read_lock` is never used
[INFO] [stdout]   --> src/autograd.rs:62:12
[INFO] [stdout]    |
[INFO] [stdout] 62 |     pub fn read_lock(&self) -> RwLockReadGuard<VariableData>{
[INFO] [stdout]    |            ^^^^^^^^^
[INFO] [stdout] 
[INFO] [stdout] 
[INFO] [stdout] warning: method `write_lock` is never used
[INFO] [stdout]   --> src/autograd.rs:67:12
[INFO] [stdout]    |
[INFO] [stdout] 67 |     pub fn write_lock(&self) -> RwLockWriteGuard<VariableData>{
[INFO] [stdout]    |            ^^^^^^^^^^
[INFO] [stdout] 
[INFO] [stdout] 
[INFO] [stdout] warning: method `set_grad` is never used
[INFO] [stdout]   --> src/autograd.rs:77:12
[INFO] [stdout]    |
[INFO] [stdout] 77 |     pub fn set_grad(&mut self, grad: Tensor){
[INFO] [stdout]    |            ^^^^^^^^
[INFO] [stdout] 
[INFO] [stdout] 
[INFO] [stdout] warning: associated function `from_data_and_shape` is never used
[INFO] [stdout]   --> src/autograd.rs:83:12
[INFO] [stdout]    |
[INFO] [stdout] 83 |     pub fn from_data_and_shape(data: Vec<f32>, shape: Vec<usize>) -> Self{
[INFO] [stdout]    |            ^^^^^^^^^^^^^^^^^^^
[INFO] [stdout] 
[INFO] [stdout] 
[INFO] [stdout] warning: method `matmul` is never used
[INFO] [stdout]   --> src/autograd.rs:94:12
[INFO] [stdout]    |
[INFO] [stdout] 94 |     pub fn matmul(&self, other_var: &Tensor) -> Self{
[INFO] [stdout]    |            ^^^^^^
[INFO] [stdout] 
[INFO] [stdout] 
[INFO] [stdout] warning: method `exp` is never used
[INFO] [stdout]    --> src/autograd.rs:109:12
[INFO] [stdout]     |
[INFO] [stdout] 109 |     pub fn exp(&self) -> Self{
[INFO] [stdout]     |            ^^^
[INFO] [stdout] 
[INFO] [stdout] 
[INFO] [stdout] warning: method `sum` is never used
[INFO] [stdout]    --> src/autograd.rs:121:12
[INFO] [stdout]     |
[INFO] [stdout] 121 |     pub fn sum(&self) -> Self{
[INFO] [stdout]     |            ^^^
[INFO] [stdout] 
[INFO] [stdout] 
[INFO] [stdout] warning: method `backward` is never used
[INFO] [stdout]    --> src/autograd.rs:134:12
[INFO] [stdout]     |
[INFO] [stdout] 134 |     pub fn backward(&self){
[INFO] [stdout]     |            ^^^^^^^^
[INFO] [stdout] 
[INFO] [stdout] 
[INFO] [stdout] warning: function `set_matmul_grad` is never used
[INFO] [stdout]  --> src/autograd/ops.rs:4:8
[INFO] [stdout]   |
[INFO] [stdout] 4 | pub fn set_matmul_grad(left: &Tensor, right: &Tensor, child_grad: &RawTensor){
[INFO] [stdout]   |        ^^^^^^^^^^^^^^^
[INFO] [stdout] 
[INFO] [stdout] 
[INFO] [stdout] warning: function `set_exp_grad` is never used
[INFO] [stdout]   --> src/autograd/ops.rs:26:8
[INFO] [stdout]    |
[INFO] [stdout] 26 | pub fn set_exp_grad(original_input: &Tensor, child_grad: &RawTensor){
[INFO] [stdout]    |        ^^^^^^^^^^^^
[INFO] [stdout] 
[INFO] [stdout] 
[INFO] [stdout] warning: function `set_sum_grad` is never used
[INFO] [stdout]   --> src/autograd/ops.rs:37:8
[INFO] [stdout]    |
[INFO] [stdout] 37 | pub fn set_sum_grad(original_input: &Tensor, child_grad: &RawTensor){
[INFO] [stdout]    |        ^^^^^^^^^^^^
[INFO] [stdout] 
[INFO] [stdout] 
[INFO] [stdout] warning: function `shape_strides_for_slice_range` is never used
[INFO] [stdout]  --> src/tensors/gpu_tensor/indexing/index_to_dim_stride.rs:7:8
[INFO] [stdout]   |
[INFO] [stdout] 7 | pub fn shape_strides_for_slice_range<T: Into<SliceRangeInfo>>(
[INFO] [stdout]   |        ^^^^^^^^^^^^^^^^^^^^^^^^^^^^^
[INFO] [stdout] 
[INFO] [stdout] 
[INFO] [stdout] warning: panic message is not a string literal
[INFO] [stdout]    --> src/tensors/cpu_tensor.rs:171:17
[INFO] [stdout]     |
[INFO] [stdout] 171 | /                 format!(
[INFO] [stdout] 172 | |                     "tried indexing element {} when dimension length was: {}",
[INFO] [stdout] 173 | |                     *idx + 1,
[INFO] [stdout] 174 | |                     shape
[INFO] [stdout] 175 | |                 )
[INFO] [stdout]     | |_________________^
[INFO] [stdout]     |
[INFO] [stdout]     = note: this usage of `assert!()` is deprecated; it will be a hard error in Rust 2021
[INFO] [stdout]     = note: for more information, see <https://doc.rust-lang.org/nightly/edition-guide/rust-2021/panic-macro-consistency.html>
[INFO] [stdout]     = note: the `assert!()` macro supports formatting, so there's no need for the `format!()` macro here
[INFO] [stdout]     = note: `#[warn(non_fmt_panics)]` on by default
[INFO] [stdout] help: remove the `format!(..)` macro call
[INFO] [stdout]     |
[INFO] [stdout] 171 ~                 
[INFO] [stdout] 172 |                     "tried indexing element {} when dimension length was: {}",
[INFO] [stdout] 173 |                     *idx + 1,
[INFO] [stdout] 174 |                     shape
[INFO] [stdout] 175 ~                 
[INFO] [stdout]     |
[INFO] [stdout] 
[INFO] [stdout] 
[INFO] [stdout] warning: panic message is not a string literal
[INFO] [stdout]   --> src/tensors/gpu_tensor/indexing/mod.rs:19:17
[INFO] [stdout]    |
[INFO] [stdout] 19 | /                 format!(
[INFO] [stdout] 20 | |                     "Start ({:?}) needs to be smaller than end ({:?}).",
[INFO] [stdout] 21 | |                     start,
[INFO] [stdout] 22 | |                     isize_end - 1
[INFO] [stdout] 23 | |                 )
[INFO] [stdout]    | |_________________^
[INFO] [stdout]    |
[INFO] [stdout]    = note: this usage of `assert!()` is deprecated; it will be a hard error in Rust 2021
[INFO] [stdout]    = note: for more information, see <https://doc.rust-lang.org/nightly/edition-guide/rust-2021/panic-macro-consistency.html>
[INFO] [stdout]    = note: the `assert!()` macro supports formatting, so there's no need for the `format!()` macro here
[INFO] [stdout] help: remove the `format!(..)` macro call
[INFO] [stdout]    |
[INFO] [stdout] 19 ~                 
[INFO] [stdout] 20 |                     "Start ({:?}) needs to be smaller than end ({:?}).",
[INFO] [stdout] 21 |                     start,
[INFO] [stdout] 22 |                     isize_end - 1
[INFO] [stdout] 23 ~                 
[INFO] [stdout]    |
[INFO] [stdout] 
[INFO] [stdout] 
[INFO] [stdout] warning: panic message is not a string literal
[INFO] [stdout]   --> src/tensors/gpu_tensor/indexing/index_to_dim_stride.rs:27:13
[INFO] [stdout]    |
[INFO] [stdout] 27 | /             format!(
[INFO] [stdout] 28 | |                 "Indexing out of range! Tried to get the element \
[INFO] [stdout] 29 | |                         {:?} (zero indexed) of a dimension of size: {:?}",
[INFO] [stdout] 30 | |                 start, *shape
[INFO] [stdout] 31 | |             )
[INFO] [stdout]    | |_____________^
[INFO] [stdout]    |
[INFO] [stdout]    = note: this usage of `assert!()` is deprecated; it will be a hard error in Rust 2021
[INFO] [stdout]    = note: for more information, see <https://doc.rust-lang.org/nightly/edition-guide/rust-2021/panic-macro-consistency.html>
[INFO] [stdout]    = note: the `assert!()` macro supports formatting, so there's no need for the `format!()` macro here
[INFO] [stdout] help: remove the `format!(..)` macro call
[INFO] [stdout]    |
[INFO] [stdout] 27 ~             
[INFO] [stdout] 28 |                 "Indexing out of range! Tried to get the element \
[INFO] [stdout] 29 |                         {:?} (zero indexed) of a dimension of size: {:?}",
[INFO] [stdout] 30 |                 start, *shape
[INFO] [stdout] 31 ~             
[INFO] [stdout]    |
[INFO] [stdout] 
[INFO] [stdout] 
[INFO] [stdout] warning: panic message is not a string literal
[INFO] [stdout]   --> src/tensors/gpu_tensor/indexing/index_to_dim_stride.rs:42:17
[INFO] [stdout]    |
[INFO] [stdout] 42 | /                 format!(
[INFO] [stdout] 43 | |                     "Indexing out of range! Tried to get the element \
[INFO] [stdout] 44 | |                         {:?} (zero indexed) of a dimension of size: {:?}",
[INFO] [stdout] 45 | |                     inclusive_end, *shape
[INFO] [stdout] 46 | |                 )
[INFO] [stdout]    | |_________________^
[INFO] [stdout]    |
[INFO] [stdout]    = note: this usage of `assert!()` is deprecated; it will be a hard error in Rust 2021
[INFO] [stdout]    = note: for more information, see <https://doc.rust-lang.org/nightly/edition-guide/rust-2021/panic-macro-consistency.html>
[INFO] [stdout]    = note: the `assert!()` macro supports formatting, so there's no need for the `format!()` macro here
[INFO] [stdout] help: remove the `format!(..)` macro call
[INFO] [stdout]    |
[INFO] [stdout] 42 ~                 
[INFO] [stdout] 43 |                     "Indexing out of range! Tried to get the element \
[INFO] [stdout] 44 |                         {:?} (zero indexed) of a dimension of size: {:?}",
[INFO] [stdout] 45 |                     inclusive_end, *shape
[INFO] [stdout] 46 ~                 
[INFO] [stdout]    |
[INFO] [stdout] 
[INFO] [stdout] 
[INFO] [stderr]    Compiling tensor_compute v0.1.0 (/opt/rustwide/workdir)
[INFO] [stdout] warning: 23 warnings emitted
[INFO] [stdout] 
[INFO] [stdout] 
[INFO] [stdout] warning: unused imports: `GpuStore`, `RawTensor`, `s`
[INFO] [stdout]  --> examples/assignment/main.rs:1:22
[INFO] [stdout]   |
[INFO] [stdout] 1 | use tensor_compute::{s, GpuStore, RawTensor};
[INFO] [stdout]   |                      ^  ^^^^^^^^  ^^^^^^^^^
[INFO] [stdout]   |
[INFO] [stdout]   = note: `#[warn(unused_imports)]` on by default
[INFO] [stdout] 
[INFO] [stdout] 
[INFO] [stdout] warning: variable does not need to be mutable
[INFO] [stdout]    --> src/autograd.rs:182:9
[INFO] [stdout]     |
[INFO] [stdout] 182 |     let mut c = left.sum();
[INFO] [stdout]     |         ----^
[INFO] [stdout]     |         |
[INFO] [stdout]     |         help: remove this `mut`
[INFO] [stdout]     |
[INFO] [stdout]     = note: `#[warn(unused_mut)]` on by default
[INFO] [stdout] 
[INFO] [stdout] 
[INFO] [stdout] warning: method `to_vec` is never used
[INFO] [stdout]   --> src/autograd.rs:57:12
[INFO] [stdout]    |
[INFO] [stdout] 57 |     pub fn to_vec(&self) -> Vec<f32>{
[INFO] [stdout]    |            ^^^^^^
[INFO] [stdout]    |
[INFO] [stdout]    = note: `#[warn(dead_code)]` on by default
[INFO] [stdout] 
[INFO] [stdout] 
[INFO] [stdout] warning: panic message is not a string literal
[INFO] [stdout]    --> src/tensors/cpu_tensor.rs:171:17
[INFO] [stdout]     |
[INFO] [stdout] 171 | /                 format!(
[INFO] [stdout] 172 | |                     "tried indexing element {} when dimension length was: {}",
[INFO] [stdout] 173 | |                     *idx + 1,
[INFO] [stdout] 174 | |                     shape
[INFO] [stdout] 175 | |                 )
[INFO] [stdout]     | |_________________^
[INFO] [stdout]     |
[INFO] [stdout]     = note: this usage of `assert!()` is deprecated; it will be a hard error in Rust 2021
[INFO] [stdout]     = note: for more information, see <https://doc.rust-lang.org/nightly/edition-guide/rust-2021/panic-macro-consistency.html>
[INFO] [stdout]     = note: the `assert!()` macro supports formatting, so there's no need for the `format!()` macro here
[INFO] [stdout]     = note: `#[warn(non_fmt_panics)]` on by default
[INFO] [stdout] help: remove the `format!(..)` macro call
[INFO] [stdout]     |
[INFO] [stdout] 171 ~                 
[INFO] [stdout] 172 |                     "tried indexing element {} when dimension length was: {}",
[INFO] [stdout] 173 |                     *idx + 1,
[INFO] [stdout] 174 |                     shape
[INFO] [stdout] 175 ~                 
[INFO] [stdout]     |
[INFO] [stdout] 
[INFO] [stdout] 
[INFO] [stdout] warning: panic message is not a string literal
[INFO] [stdout]   --> src/tensors/gpu_tensor/gpu_ops/unary_ops/mod.rs:62:33
[INFO] [stdout]    |
[INFO] [stdout] 62 |             assert!(err < 0.01, err);
[INFO] [stdout]    |                                 ^^^
[INFO] [stdout]    |
[INFO] [stdout]    = note: this usage of `assert!()` is deprecated; it will be a hard error in Rust 2021
[INFO] [stdout]    = note: for more information, see <https://doc.rust-lang.org/nightly/edition-guide/rust-2021/panic-macro-consistency.html>
[INFO] [stdout] help: add a "{}" format string to `Display` the message
[INFO] [stdout]    |
[INFO] [stdout] 62 |             assert!(err < 0.01, "{}", err);
[INFO] [stdout]    |                                 +++++
[INFO] [stdout] 
[INFO] [stdout] 
[INFO] [stdout] warning: panic message is not a string literal
[INFO] [stdout]   --> src/tensors/gpu_tensor/indexing/mod.rs:19:17
[INFO] [stdout]    |
[INFO] [stdout] 19 | /                 format!(
[INFO] [stdout] 20 | |                     "Start ({:?}) needs to be smaller than end ({:?}).",
[INFO] [stdout] 21 | |                     start,
[INFO] [stdout] 22 | |                     isize_end - 1
[INFO] [stdout] 23 | |                 )
[INFO] [stdout]    | |_________________^
[INFO] [stdout]    |
[INFO] [stdout]    = note: this usage of `assert!()` is deprecated; it will be a hard error in Rust 2021
[INFO] [stdout]    = note: for more information, see <https://doc.rust-lang.org/nightly/edition-guide/rust-2021/panic-macro-consistency.html>
[INFO] [stdout]    = note: the `assert!()` macro supports formatting, so there's no need for the `format!()` macro here
[INFO] [stdout] help: remove the `format!(..)` macro call
[INFO] [stdout]    |
[INFO] [stdout] 19 ~                 
[INFO] [stdout] 20 |                     "Start ({:?}) needs to be smaller than end ({:?}).",
[INFO] [stdout] 21 |                     start,
[INFO] [stdout] 22 |                     isize_end - 1
[INFO] [stdout] 23 ~                 
[INFO] [stdout]    |
[INFO] [stdout] 
[INFO] [stdout] 
[INFO] [stdout] warning: panic message is not a string literal
[INFO] [stdout]   --> src/tensors/gpu_tensor/indexing/index_to_dim_stride.rs:27:13
[INFO] [stdout]    |
[INFO] [stdout] 27 | /             format!(
[INFO] [stdout] 28 | |                 "Indexing out of range! Tried to get the element \
[INFO] [stdout] 29 | |                         {:?} (zero indexed) of a dimension of size: {:?}",
[INFO] [stdout] 30 | |                 start, *shape
[INFO] [stdout] 31 | |             )
[INFO] [stdout]    | |_____________^
[INFO] [stdout]    |
[INFO] [stdout]    = note: this usage of `assert!()` is deprecated; it will be a hard error in Rust 2021
[INFO] [stdout]    = note: for more information, see <https://doc.rust-lang.org/nightly/edition-guide/rust-2021/panic-macro-consistency.html>
[INFO] [stdout]    = note: the `assert!()` macro supports formatting, so there's no need for the `format!()` macro here
[INFO] [stdout] help: remove the `format!(..)` macro call
[INFO] [stdout]    |
[INFO] [stdout] 27 ~             
[INFO] [stdout] 28 |                 "Indexing out of range! Tried to get the element \
[INFO] [stdout] 29 |                         {:?} (zero indexed) of a dimension of size: {:?}",
[INFO] [stdout] 30 |                 start, *shape
[INFO] [stdout] 31 ~             
[INFO] [stdout]    |
[INFO] [stdout] 
[INFO] [stdout] 
[INFO] [stdout] warning: panic message is not a string literal
[INFO] [stdout]   --> src/tensors/gpu_tensor/indexing/index_to_dim_stride.rs:42:17
[INFO] [stdout]    |
[INFO] [stdout] 42 | /                 format!(
[INFO] [stdout] 43 | |                     "Indexing out of range! Tried to get the element \
[INFO] [stdout] 44 | |                         {:?} (zero indexed) of a dimension of size: {:?}",
[INFO] [stdout] 45 | |                     inclusive_end, *shape
[INFO] [stdout] 46 | |                 )
[INFO] [stdout]    | |_________________^
[INFO] [stdout]    |
[INFO] [stdout]    = note: this usage of `assert!()` is deprecated; it will be a hard error in Rust 2021
[INFO] [stdout]    = note: for more information, see <https://doc.rust-lang.org/nightly/edition-guide/rust-2021/panic-macro-consistency.html>
[INFO] [stdout]    = note: the `assert!()` macro supports formatting, so there's no need for the `format!()` macro here
[INFO] [stdout] help: remove the `format!(..)` macro call
[INFO] [stdout]    |
[INFO] [stdout] 42 ~                 
[INFO] [stdout] 43 |                     "Indexing out of range! Tried to get the element \
[INFO] [stdout] 44 |                         {:?} (zero indexed) of a dimension of size: {:?}",
[INFO] [stdout] 45 |                     inclusive_end, *shape
[INFO] [stdout] 46 ~                 
[INFO] [stdout]    |
[INFO] [stdout] 
[INFO] [stdout] 
[INFO] [stdout] warning: 1 warning emitted
[INFO] [stdout] 
[INFO] [stdout] 
[INFO] [stdout] warning: 7 warnings emitted
[INFO] [stdout] 
[INFO] [stdout] 
[INFO] [stderr]     Finished test [unoptimized + debuginfo] target(s) in 2.77s
[INFO] running `Command { std: "docker" "inspect" "0aee2141fc64a556caecd20fed047df776fff0dd759676d928d2c559bf7e9ddd", kill_on_drop: false }`
[INFO] running `Command { std: "docker" "rm" "-f" "0aee2141fc64a556caecd20fed047df776fff0dd759676d928d2c559bf7e9ddd", kill_on_drop: false }`
[INFO] [stdout] 0aee2141fc64a556caecd20fed047df776fff0dd759676d928d2c559bf7e9ddd
[INFO] running `Command { std: "docker" "create" "-v" "/var/lib/crater-agent-workspace/builds/worker-3-tc1/target:/opt/rustwide/target:rw,Z" "-v" "/var/lib/crater-agent-workspace/builds/worker-3-tc1/source:/opt/rustwide/workdir:ro,Z" "-v" "/var/lib/crater-agent-workspace/cargo-home:/opt/rustwide/cargo-home:ro,Z" "-v" "/var/lib/crater-agent-workspace/rustup-home:/opt/rustwide/rustup-home:ro,Z" "-e" "SOURCE_DIR=/opt/rustwide/workdir" "-e" "CARGO_TARGET_DIR=/opt/rustwide/target" "-e" "CARGO_INCREMENTAL=0" "-e" "RUST_BACKTRACE=full" "-e" "RUSTFLAGS=--cap-lints=warn" "-e" "RUSTDOCFLAGS=--cap-lints=warn" "-e" "CARGO_HOME=/opt/rustwide/cargo-home" "-e" "RUSTUP_HOME=/opt/rustwide/rustup-home" "-w" "/opt/rustwide/workdir" "-m" "1610612736" "--user" "0:0" "--network" "none" "ghcr.io/rust-lang/crates-build-env/linux@sha256:5ff2268d62e97bff2cde7d5815dd6ed5b47097566f13b8d0ca110b04b60e07ed" "/opt/rustwide/cargo-home/bin/cargo" "+1.69.0" "test" "--frozen", kill_on_drop: false }`
[INFO] [stdout] e8eb5cee2c7cb6689d27a01052755e71fad476c57a20e1a0dd8cd7ebcda5ea70
[INFO] running `Command { std: "docker" "start" "-a" "e8eb5cee2c7cb6689d27a01052755e71fad476c57a20e1a0dd8cd7ebcda5ea70", kill_on_drop: false }`
[INFO] [stderr] warning: unused imports: `CpuTransferable`, `GpuTensor`
[INFO] [stderr]   --> src/tensors/gpu_tensor/gpu_ops/unary_ops/mod.rs:35:17
[INFO] [stderr]    |
[INFO] [stderr] 35 |     use crate::{GpuTensor, CpuTransferable};
[INFO] [stderr]    |                 ^^^^^^^^^  ^^^^^^^^^^^^^^^
[INFO] [stderr]    |
[INFO] [stderr]    = note: `#[warn(unused_imports)]` on by default
[INFO] [stderr] 
[INFO] [stderr] warning: variants `MatMul`, `Exp`, and `Sum` are never constructed
[INFO] [stderr]   --> src/autograd.rs:11:5
[INFO] [stderr]    |
[INFO] [stderr] 10 | enum Op{
[INFO] [stderr]    |      -- variants in this enum
[INFO] [stderr] 11 |     MatMul(Tensor, Tensor),
[INFO] [stderr]    |     ^^^^^^
[INFO] [stderr] 12 |     Exp(Tensor),
[INFO] [stderr]    |     ^^^
[INFO] [stderr] 13 |     Sum(Tensor),
[INFO] [stderr]    |     ^^^
[INFO] [stderr]    |
[INFO] [stderr]    = note: `Op` has a derived impl for the trait `Debug`, but this is intentionally ignored during dead code analysis
[INFO] [stderr]    = note: `#[warn(dead_code)]` on by default
[INFO] [stderr] 
[INFO] [stderr] warning: field `inner` is never read
[INFO] [stderr]   --> src/autograd.rs:38:5
[INFO] [stderr]    |
[INFO] [stderr] 37 | pub struct Tensor {
[INFO] [stderr]    |            ------ field in this struct
[INFO] [stderr] 38 |     inner: Shared<VariableData>
[INFO] [stderr]    |     ^^^^^
[INFO] [stderr]    |
[INFO] [stderr]    = note: `Tensor` has a derived impl for the trait `Debug`, but this is intentionally ignored during dead code analysis
[INFO] [stderr] 
[INFO] [stderr] warning: fields `parent_op`, `tensor`, and `grad` are never read
[INFO] [stderr]   --> src/autograd.rs:43:5
[INFO] [stderr]    |
[INFO] [stderr] 42 | pub struct VariableData{
[INFO] [stderr]    |            ------------ fields in this struct
[INFO] [stderr] 43 |     parent_op: Option<Op>,
[INFO] [stderr]    |     ^^^^^^^^^
[INFO] [stderr] 44 |     tensor: RawTensor,
[INFO] [stderr]    |     ^^^^^^
[INFO] [stderr] 45 |     grad: Option<RawTensor>
[INFO] [stderr]    |     ^^^^
[INFO] [stderr]    |
[INFO] [stderr]    = note: `VariableData` has a derived impl for the trait `Debug`, but this is intentionally ignored during dead code analysis
[INFO] [stderr] 
[INFO] [stderr] warning: method `propagate_grad` is never used
[INFO] [stderr]   --> src/autograd.rs:17:12
[INFO] [stderr]    |
[INFO] [stderr] 17 |     pub fn propagate_grad(&self, child_grad: &RawTensor){
[INFO] [stderr]    |            ^^^^^^^^^^^^^^
[INFO] [stderr] 
[INFO] [stderr] warning: method `shallow_clone` is never used
[INFO] [stderr]   --> src/autograd.rs:51:12
[INFO] [stderr]    |
[INFO] [stderr] 51 |     pub fn shallow_clone(&self) -> Self{
[INFO] [stderr]    |            ^^^^^^^^^^^^^
[INFO] [stderr] 
[INFO] [stderr] warning: method `to_vec` is never used
[INFO] [stderr]   --> src/autograd.rs:57:12
[INFO] [stderr]    |
[INFO] [stderr] 57 |     pub fn to_vec(&self) -> Vec<f32>{
[INFO] [stderr]    |            ^^^^^^
[INFO] [stderr] 
[INFO] [stderr] warning: method `read_lock` is never used
[INFO] [stderr]   --> src/autograd.rs:62:12
[INFO] [stderr]    |
[INFO] [stderr] 62 |     pub fn read_lock(&self) -> RwLockReadGuard<VariableData>{
[INFO] [stderr]    |            ^^^^^^^^^
[INFO] [stderr] 
[INFO] [stderr] warning: method `write_lock` is never used
[INFO] [stderr]   --> src/autograd.rs:67:12
[INFO] [stderr]    |
[INFO] [stderr] 67 |     pub fn write_lock(&self) -> RwLockWriteGuard<VariableData>{
[INFO] [stderr]    |            ^^^^^^^^^^
[INFO] [stderr] 
[INFO] [stderr] warning: method `set_grad` is never used
[INFO] [stderr]   --> src/autograd.rs:77:12
[INFO] [stderr]    |
[INFO] [stderr] 77 |     pub fn set_grad(&mut self, grad: Tensor){
[INFO] [stderr]    |            ^^^^^^^^
[INFO] [stderr] 
[INFO] [stderr] warning: associated function `from_data_and_shape` is never used
[INFO] [stderr]   --> src/autograd.rs:83:12
[INFO] [stderr]    |
[INFO] [stderr] 83 |     pub fn from_data_and_shape(data: Vec<f32>, shape: Vec<usize>) -> Self{
[INFO] [stderr]    |            ^^^^^^^^^^^^^^^^^^^
[INFO] [stderr] 
[INFO] [stderr] warning: method `matmul` is never used
[INFO] [stderr]   --> src/autograd.rs:94:12
[INFO] [stderr]    |
[INFO] [stderr] 94 |     pub fn matmul(&self, other_var: &Tensor) -> Self{
[INFO] [stderr]    |            ^^^^^^
[INFO] [stderr] 
[INFO] [stderr] warning: method `exp` is never used
[INFO] [stderr]    --> src/autograd.rs:109:12
[INFO] [stderr]     |
[INFO] [stderr] 109 |     pub fn exp(&self) -> Self{
[INFO] [stderr]     |            ^^^
[INFO] [stderr] 
[INFO] [stderr] warning: method `sum` is never used
[INFO] [stderr]    --> src/autograd.rs:121:12
[INFO] [stderr]     |
[INFO] [stderr] 121 |     pub fn sum(&self) -> Self{
[INFO] [stderr]     |            ^^^
[INFO] [stderr] 
[INFO] [stderr] warning: method `backward` is never used
[INFO] [stderr]    --> src/autograd.rs:134:12
[INFO] [stderr]     |
[INFO] [stderr] 134 |     pub fn backward(&self){
[INFO] [stderr]     |            ^^^^^^^^
[INFO] [stderr] 
[INFO] [stderr] warning: function `set_matmul_grad` is never used
[INFO] [stderr]  --> src/autograd/ops.rs:4:8
[INFO] [stderr]   |
[INFO] [stderr] 4 | pub fn set_matmul_grad(left: &Tensor, right: &Tensor, child_grad: &RawTensor){
[INFO] [stderr]   |        ^^^^^^^^^^^^^^^
[INFO] [stderr] 
[INFO] [stderr] warning: function `set_exp_grad` is never used
[INFO] [stderr]   --> src/autograd/ops.rs:26:8
[INFO] [stderr]    |
[INFO] [stderr] 26 | pub fn set_exp_grad(original_input: &Tensor, child_grad: &RawTensor){
[INFO] [stderr]    |        ^^^^^^^^^^^^
[INFO] [stderr] 
[INFO] [stderr] warning: function `set_sum_grad` is never used
[INFO] [stderr]   --> src/autograd/ops.rs:37:8
[INFO] [stderr]    |
[INFO] [stderr] 37 | pub fn set_sum_grad(original_input: &Tensor, child_grad: &RawTensor){
[INFO] [stderr]    |        ^^^^^^^^^^^^
[INFO] [stderr] 
[INFO] [stderr] warning: function `shape_strides_for_slice_range` is never used
[INFO] [stderr]  --> src/tensors/gpu_tensor/indexing/index_to_dim_stride.rs:7:8
[INFO] [stderr]   |
[INFO] [stderr] 7 | pub fn shape_strides_for_slice_range<T: Into<SliceRangeInfo>>(
[INFO] [stderr]   |        ^^^^^^^^^^^^^^^^^^^^^^^^^^^^^
[INFO] [stderr] 
[INFO] [stderr] warning: panic message is not a string literal
[INFO] [stderr]    --> src/tensors/cpu_tensor.rs:171:17
[INFO] [stderr]     |
[INFO] [stderr] 171 | /                 format!(
[INFO] [stderr] 172 | |                     "tried indexing element {} when dimension length was: {}",
[INFO] [stderr] 173 | |                     *idx + 1,
[INFO] [stderr] 174 | |                     shape
[INFO] [stderr] 175 | |                 )
[INFO] [stderr]     | |_________________^
[INFO] [stderr]     |
[INFO] [stderr]     = note: this usage of `assert!()` is deprecated; it will be a hard error in Rust 2021
[INFO] [stderr]     = note: for more information, see <https://doc.rust-lang.org/nightly/edition-guide/rust-2021/panic-macro-consistency.html>
[INFO] [stderr]     = note: the `assert!()` macro supports formatting, so there's no need for the `format!()` macro here
[INFO] [stderr]     = note: `#[warn(non_fmt_panics)]` on by default
[INFO] [stderr] help: remove the `format!(..)` macro call
[INFO] [stderr]     |
[INFO] [stderr] 171 ~                 
[INFO] [stderr] 172 |                     "tried indexing element {} when dimension length was: {}",
[INFO] [stderr] 173 |                     *idx + 1,
[INFO] [stderr] 174 |                     shape
[INFO] [stderr] 175 ~                 
[INFO] [stderr]     |
[INFO] [stderr] 
[INFO] [stderr] warning: panic message is not a string literal
[INFO] [stderr]   --> src/tensors/gpu_tensor/indexing/mod.rs:19:17
[INFO] [stderr]    |
[INFO] [stderr] 19 | /                 format!(
[INFO] [stderr] 20 | |                     "Start ({:?}) needs to be smaller than end ({:?}).",
[INFO] [stderr] 21 | |                     start,
[INFO] [stderr] 22 | |                     isize_end - 1
[INFO] [stderr] 23 | |                 )
[INFO] [stderr]    | |_________________^
[INFO] [stderr]    |
[INFO] [stderr]    = note: this usage of `assert!()` is deprecated; it will be a hard error in Rust 2021
[INFO] [stderr]    = note: for more information, see <https://doc.rust-lang.org/nightly/edition-guide/rust-2021/panic-macro-consistency.html>
[INFO] [stderr]    = note: the `assert!()` macro supports formatting, so there's no need for the `format!()` macro here
[INFO] [stderr] help: remove the `format!(..)` macro call
[INFO] [stderr]    |
[INFO] [stderr] 19 ~                 
[INFO] [stderr] 20 |                     "Start ({:?}) needs to be smaller than end ({:?}).",
[INFO] [stderr] 21 |                     start,
[INFO] [stderr] 22 |                     isize_end - 1
[INFO] [stderr] 23 ~                 
[INFO] [stderr]    |
[INFO] [stderr] 
[INFO] [stderr] warning: panic message is not a string literal
[INFO] [stderr]   --> src/tensors/gpu_tensor/indexing/index_to_dim_stride.rs:27:13
[INFO] [stderr]    |
[INFO] [stderr] 27 | /             format!(
[INFO] [stderr] 28 | |                 "Indexing out of range! Tried to get the element \
[INFO] [stderr] 29 | |                         {:?} (zero indexed) of a dimension of size: {:?}",
[INFO] [stderr] 30 | |                 start, *shape
[INFO] [stderr] 31 | |             )
[INFO] [stderr]    | |_____________^
[INFO] [stderr]    |
[INFO] [stderr]    = note: this usage of `assert!()` is deprecated; it will be a hard error in Rust 2021
[INFO] [stderr]    = note: for more information, see <https://doc.rust-lang.org/nightly/edition-guide/rust-2021/panic-macro-consistency.html>
[INFO] [stderr]    = note: the `assert!()` macro supports formatting, so there's no need for the `format!()` macro here
[INFO] [stderr] help: remove the `format!(..)` macro call
[INFO] [stderr]    |
[INFO] [stderr] 27 ~             
[INFO] [stderr] 28 |                 "Indexing out of range! Tried to get the element \
[INFO] [stderr] 29 |                         {:?} (zero indexed) of a dimension of size: {:?}",
[INFO] [stderr] 30 |                 start, *shape
[INFO] [stderr] 31 ~             
[INFO] [stderr]    |
[INFO] [stderr] 
[INFO] [stderr] warning: panic message is not a string literal
[INFO] [stderr]   --> src/tensors/gpu_tensor/indexing/index_to_dim_stride.rs:42:17
[INFO] [stderr]    |
[INFO] [stderr] 42 | /                 format!(
[INFO] [stderr] 43 | |                     "Indexing out of range! Tried to get the element \
[INFO] [stderr] 44 | |                         {:?} (zero indexed) of a dimension of size: {:?}",
[INFO] [stderr] 45 | |                     inclusive_end, *shape
[INFO] [stderr] 46 | |                 )
[INFO] [stderr]    | |_________________^
[INFO] [stderr]    |
[INFO] [stderr]    = note: this usage of `assert!()` is deprecated; it will be a hard error in Rust 2021
[INFO] [stderr]    = note: for more information, see <https://doc.rust-lang.org/nightly/edition-guide/rust-2021/panic-macro-consistency.html>
[INFO] [stderr]    = note: the `assert!()` macro supports formatting, so there's no need for the `format!()` macro here
[INFO] [stderr] help: remove the `format!(..)` macro call
[INFO] [stderr]    |
[INFO] [stderr] 42 ~                 
[INFO] [stderr] 43 |                     "Indexing out of range! Tried to get the element \
[INFO] [stderr] 44 |                         {:?} (zero indexed) of a dimension of size: {:?}",
[INFO] [stderr] 45 |                     inclusive_end, *shape
[INFO] [stderr] 46 ~                 
[INFO] [stderr]    |
[INFO] [stderr] 
[INFO] [stderr] warning: variable does not need to be mutable
[INFO] [stderr]    --> src/autograd.rs:182:9
[INFO] [stderr]     |
[INFO] [stderr] 182 |     let mut c = left.sum();
[INFO] [stderr]     |         ----^
[INFO] [stderr]     |         |
[INFO] [stderr]     |         help: remove this `mut`
[INFO] [stderr]     |
[INFO] [stderr]     = note: `#[warn(unused_mut)]` on by default
[INFO] [stderr] 
[INFO] [stderr] warning: method `to_vec` is never used
[INFO] [stderr]   --> src/autograd.rs:57:12
[INFO] [stderr]    |
[INFO] [stderr] 57 |     pub fn to_vec(&self) -> Vec<f32>{
[INFO] [stderr]    |            ^^^^^^
[INFO] [stderr]    |
[INFO] [stderr]    = note: `#[warn(dead_code)]` on by default
[INFO] [stderr] 
[INFO] [stderr] warning: panic message is not a string literal
[INFO] [stderr]   --> src/tensors/gpu_tensor/gpu_ops/unary_ops/mod.rs:62:33
[INFO] [stderr]    |
[INFO] [stderr] 62 |             assert!(err < 0.01, err);
[INFO] [stderr]    |                                 ^^^
[INFO] [stderr]    |
[INFO] [stderr]    = note: this usage of `assert!()` is deprecated; it will be a hard error in Rust 2021
[INFO] [stderr]    = note: for more information, see <https://doc.rust-lang.org/nightly/edition-guide/rust-2021/panic-macro-consistency.html>
[INFO] [stderr] help: add a "{}" format string to `Display` the message
[INFO] [stderr]    |
[INFO] [stderr] 62 |             assert!(err < 0.01, "{}", err);
[INFO] [stderr]    |                                 +++++
[INFO] [stderr] 
[INFO] [stderr] warning: `tensor_compute` (lib) generated 23 warnings (run `cargo fix --lib -p tensor_compute` to apply 5 suggestions)
[INFO] [stderr] warning: `tensor_compute` (lib test) generated 7 warnings (4 duplicates) (run `cargo fix --lib -p tensor_compute --tests` to apply 2 suggestions)
[INFO] [stderr] warning: unused imports: `GpuStore`, `RawTensor`, `s`
[INFO] [stderr]  --> examples/assignment/main.rs:1:22
[INFO] [stderr]   |
[INFO] [stderr] 1 | use tensor_compute::{s, GpuStore, RawTensor};
[INFO] [stderr]   |                      ^  ^^^^^^^^  ^^^^^^^^^
[INFO] [stderr]   |
[INFO] [stderr]   = note: `#[warn(unused_imports)]` on by default
[INFO] [stderr] 
[INFO] [stderr] warning: `tensor_compute` (example "assignment") generated 1 warning (run `cargo fix --example "assignment"` to apply 1 suggestion)
[INFO] [stderr]     Finished test [unoptimized + debuginfo] target(s) in 0.08s
[INFO] [stderr]      Running unittests src/lib.rs (/opt/rustwide/target/debug/deps/tensor_compute-3f45fa71fb36c19f)
[INFO] [stdout] 
[INFO] [stdout] running 30 tests
[INFO] [stderr] error: XDG_RUNTIME_DIR not set in the environment.
[INFO] [stderr] error: XDG_RUNTIME_DIR not set in the environment.
[INFO] [stderr] error: XDG_RUNTIME_DIR not set in the environment.
[INFO] [stderr] error: XDG_RUNTIME_DIR not set in the environment.
[INFO] [stdout] test tensors::gpu_tensor::gpu_ops::binary_ops::tests::add_scalar_test ... ok
[INFO] [stdout] test tensors::gpu_tensor::gpu_ops::binary_ops::tests::div_scalar_test ... ok
[INFO] [stdout] test tensors::gpu_tensor::gpu_ops::binary_ops::tests::add_test ... ok
[INFO] [stdout] test tensors::gpu_tensor::gpu_ops::binary_ops::tests::dot_div ... ok
[INFO] [stdout] test tensors::gpu_tensor::gpu_ops::binary_ops::tests::dot_mul ... ok
[INFO] [stdout] test tensors::gpu_tensor::gpu_ops::binary_ops::tests::mul_scalar_test ... ok
[INFO] [stdout] test tensors::gpu_tensor::gpu_ops::binary_ops::tests::sub_scalar_test ... ok
[INFO] [stdout] test tensors::gpu_tensor::gpu_ops::binary_ops::tests::sub_test ... ok
[INFO] [stdout] test tensors::gpu_tensor::gpu_ops::bmm::tests::big_rank_2_mm_different_dims ... FAILED
[INFO] [stdout] test tensors::gpu_tensor::gpu_ops::bmm::tests::simple_rank_2_mm ... FAILED
[INFO] [stdout] test tensors::gpu_tensor::gpu_ops::bmm::tests::simple_rank_2_mm_different_dims ... FAILED
[INFO] [stdout] test tensors::gpu_tensor::gpu_ops::fill_with::tests::fill_with ... ok
[INFO] [stdout] test autograd::exp_grad_works ... ok
[INFO] [stdout] test tensors::gpu_tensor::gpu_ops::unary_ops::sum::test::sum_test_2d ... ok
[INFO] [stdout] test tensors::gpu_tensor::gpu_ops::unary_ops::sum::test::sum_test_1d ... ok
[INFO] [stdout] test autograd::matmul_grad_works ... ok
[INFO] [stdout] test tensors::gpu_tensor::gpu_ops::transpose::tests::can_transpose ... ok
[INFO] [stdout] test tensors::gpu_tensor::indexing::index_to_dim_stride::allows_start_equals_end ... ok
[INFO] [stdout] test tensors::gpu_tensor::indexing::index_to_dim_stride::can_index ... ok
[INFO] [stdout] test tensors::gpu_tensor::indexing::index_to_dim_stride::can_index_edge_cases ... ok
[INFO] [stdout] test tensors::gpu_tensor::gpu_ops::compare::tests::compare_test ... ok
[INFO] [stdout] test tensors::gpu_tensor::tests::strides_work ... ok
[INFO] [stdout] test tensors::gpu_tensor::gpu_ops::unary_ops::test::can_clone ... ok
[INFO] [stdout] test tensors::gpu_tensor::indexing::index_to_dim_stride::cant_index_more_elements_than_dimension_has - should panic ... ok
[INFO] [stdout] test tensors::gpu_tensor::utils::can_calc_strides_from_shape ... ok
[INFO] [stdout] test tensors::gpu_tensor::indexing::index_to_dim_stride::doesnt_allow_end_smaller_than_start - should panic ... ok
[INFO] [stdout] test tensors::gpu_tensor::gpu_ops::unary_ops::test::can_clone_non_uniform_shape ... ok
[INFO] [stdout] test autograd::sum_grad_works ... ok
[INFO] [stdout] test tensors::gpu_tensor::gpu_ops::unary_ops::test::exp_test ... ok
[INFO] [stdout] test tensors::gpu_tensor::gpu_ops::unary_ops::test::ln_test ... ok
[INFO] [stdout] 
[INFO] [stdout] failures:
[INFO] [stdout] 
[INFO] [stdout] ---- tensors::gpu_tensor::gpu_ops::bmm::tests::big_rank_2_mm_different_dims stdout ----
[INFO] [stdout] thread 'tensors::gpu_tensor::gpu_ops::bmm::tests::big_rank_2_mm_different_dims' panicked at 'assertion failed: `(left == right)`
[INFO] [stdout]   left: `[22.0, 20.0, 19.0, 18.0, 41.0, 96.0, 120.0, 125.0, 130.0, 135.0, 205.0, 214.0, 223.0, 232.0, 241.0, 295.0, 308.0, 321.0, 334.0, 347.0, 385.0, 402.0, 419.0, 436.0, 453.0, 685.0, 706.0, 727.0, 748.0, 769.0, 815.0, 840.0, 865.0, 890.0, 915.0, 945.0, 974.0, 1003.0, 1032.0, 1061.0, 1075.0, 1108.0, 1141.0, 1174.0, 1207.0, 1205.0, 1242.0, 1279.0, 1316.0, 1353.0]`,
[INFO] [stdout]  right: `[25.0, 26.0, 27.0, 28.0, 29.0, 115.0, 120.0, 125.0, 130.0, 135.0, 205.0, 214.0, 223.0, 232.0, 241.0, 295.0, 308.0, 321.0, 334.0, 347.0, 385.0, 402.0, 419.0, 436.0, 453.0, 685.0, 706.0, 727.0, 748.0, 769.0, 815.0, 840.0, 865.0, 890.0, 915.0, 945.0, 974.0, 1003.0, 1032.0, 1061.0, 1075.0, 1108.0, 1141.0, 1174.0, 1207.0, 1205.0, 1242.0, 1279.0, 1316.0, 1353.0]`', src/tensors/gpu_tensor/gpu_ops/bmm/tests.rs:43:9
[INFO] [stdout] stack backtrace:
[INFO] [stdout]    0:     0x56343bcaf5aa - std::backtrace_rs::backtrace::libunwind::trace::ha9053a9a07ca49cb
[INFO] [stdout]                                at /rustc/84c898d65adf2f39a5a98507f1fe0ce10a2b8dbc/library/std/src/../../backtrace/src/backtrace/libunwind.rs:93:5
[INFO] [stdout]    1:     0x56343bcaf5aa - std::backtrace_rs::backtrace::trace_unsynchronized::h9c2852a457ad564e
[INFO] [stdout]                                at /rustc/84c898d65adf2f39a5a98507f1fe0ce10a2b8dbc/library/std/src/../../backtrace/src/backtrace/mod.rs:66:5
[INFO] [stdout]    2:     0x56343bcaf5aa - std::sys_common::backtrace::_print_fmt::h457936fbfaa0070f
[INFO] [stdout]                                at /rustc/84c898d65adf2f39a5a98507f1fe0ce10a2b8dbc/library/std/src/sys_common/backtrace.rs:65:5
[INFO] [stdout]    3:     0x56343bcaf5aa - <std::sys_common::backtrace::_print::DisplayBacktrace as core::fmt::Display>::fmt::h5779d7bf7f70cb0c
[INFO] [stdout]                                at /rustc/84c898d65adf2f39a5a98507f1fe0ce10a2b8dbc/library/std/src/sys_common/backtrace.rs:44:22
[INFO] [stdout]    4:     0x56343bcd534e - core::fmt::write::h5a4baaff1bcd3eb5
[INFO] [stdout]                                at /rustc/84c898d65adf2f39a5a98507f1fe0ce10a2b8dbc/library/core/src/fmt/mod.rs:1232:17
[INFO] [stdout]    5:     0x56343bcaca05 - std::io::Write::write_fmt::h478f79c628ef31d1
[INFO] [stdout]                                at /rustc/84c898d65adf2f39a5a98507f1fe0ce10a2b8dbc/library/std/src/io/mod.rs:1684:15
[INFO] [stdout]    6:     0x56343bcaf375 - std::sys_common::backtrace::_print::h5fcdc36060f177e8
[INFO] [stdout]                                at /rustc/84c898d65adf2f39a5a98507f1fe0ce10a2b8dbc/library/std/src/sys_common/backtrace.rs:47:5
[INFO] [stdout]    7:     0x56343bcaf375 - std::sys_common::backtrace::print::h54ca9458b876c8bf
[INFO] [stdout]                                at /rustc/84c898d65adf2f39a5a98507f1fe0ce10a2b8dbc/library/std/src/sys_common/backtrace.rs:34:9
[INFO] [stdout]    8:     0x56343bcb113f - std::panicking::default_hook::{{closure}}::hbe471161c7664ed6
[INFO] [stdout]                                at /rustc/84c898d65adf2f39a5a98507f1fe0ce10a2b8dbc/library/std/src/panicking.rs:271:22
[INFO] [stdout]    9:     0x56343bcb0dff - std::panicking::default_hook::ha3500da57aa4ac4f
[INFO] [stdout]                                at /rustc/84c898d65adf2f39a5a98507f1fe0ce10a2b8dbc/library/std/src/panicking.rs:287:9
[INFO] [stdout]   10:     0x56343b8917f7 - <alloc::boxed::Box<F,A> as core::ops::function::Fn<Args>>::call::hdf1b89dd137ece34
[INFO] [stdout]                                at /rustc/84c898d65adf2f39a5a98507f1fe0ce10a2b8dbc/library/alloc/src/boxed.rs:2001:9
[INFO] [stdout]   11:     0x56343b8917f7 - test::test_main::{{closure}}::h9081a79f20e75698
[INFO] [stdout]                                at /rustc/84c898d65adf2f39a5a98507f1fe0ce10a2b8dbc/library/test/src/lib.rs:135:21
[INFO] [stdout]   12:     0x56343bcb186d - <alloc::boxed::Box<F,A> as core::ops::function::Fn<Args>>::call::h6507bddc3eebb4a5
[INFO] [stdout]                                at /rustc/84c898d65adf2f39a5a98507f1fe0ce10a2b8dbc/library/alloc/src/boxed.rs:2001:9
[INFO] [stdout]   13:     0x56343bcb186d - std::panicking::rust_panic_with_hook::h50c09d000dc561d2
[INFO] [stdout]                                at /rustc/84c898d65adf2f39a5a98507f1fe0ce10a2b8dbc/library/std/src/panicking.rs:696:13
[INFO] [stdout]   14:     0x56343bcb15e9 - std::panicking::begin_panic_handler::{{closure}}::h9e2b2176e00e0d9c
[INFO] [stdout]                                at /rustc/84c898d65adf2f39a5a98507f1fe0ce10a2b8dbc/library/std/src/panicking.rs:583:13
[INFO] [stdout]   15:     0x56343bcafa16 - std::sys_common::backtrace::__rust_end_short_backtrace::h5739b8e512c09d02
[INFO] [stdout]                                at /rustc/84c898d65adf2f39a5a98507f1fe0ce10a2b8dbc/library/std/src/sys_common/backtrace.rs:150:18
[INFO] [stdout]   16:     0x56343bcb12f2 - rust_begin_unwind
[INFO] [stdout]                                at /rustc/84c898d65adf2f39a5a98507f1fe0ce10a2b8dbc/library/std/src/panicking.rs:579:5
[INFO] [stdout]   17:     0x56343b7edc83 - core::panicking::panic_fmt::hf33a1475b4dc5c3e
[INFO] [stdout]                                at /rustc/84c898d65adf2f39a5a98507f1fe0ce10a2b8dbc/library/core/src/panicking.rs:64:14
[INFO] [stdout]   18:     0x56343b7edfbf - core::panicking::assert_failed_inner::haf9816227b20b6f2
[INFO] [stdout]   19:     0x56343b82360e - core::panicking::assert_failed::h317d2ccda9394f4b
[INFO] [stdout]                                at /rustc/84c898d65adf2f39a5a98507f1fe0ce10a2b8dbc/library/core/src/panicking.rs:211:5
[INFO] [stdout]   20:     0x56343b84cdd4 - tensor_compute::tensors::gpu_tensor::gpu_ops::bmm::tests::big_rank_2_mm_different_dims::{{closure}}::hd3637a9a7ac722d5
[INFO] [stdout]                                at /opt/rustwide/workdir/src/tensors/gpu_tensor/gpu_ops/bmm/tests.rs:43:9
[INFO] [stdout]   21:     0x56343b848e29 - futures_executor::local_pool::block_on::{{closure}}::he94450d0f736bf59
[INFO] [stdout]                                at /opt/rustwide/cargo-home/registry/src/github.com-1ecc6299db9ec823/futures-executor-0.3.5/src/local_pool.rs:317:23
[INFO] [stdout]   22:     0x56343b8478f2 - futures_executor::local_pool::run_executor::{{closure}}::hcb1adf72258f1be6
[INFO] [stdout]                                at /opt/rustwide/cargo-home/registry/src/github.com-1ecc6299db9ec823/futures-executor-0.3.5/src/local_pool.rs:87:37
[INFO] [stdout]   23:     0x56343b815c83 - std::thread::local::LocalKey<T>::try_with::h903b18681e5cb797
[INFO] [stdout]                                at /rustc/84c898d65adf2f39a5a98507f1fe0ce10a2b8dbc/library/std/src/thread/local.rs:446:16
[INFO] [stdout]   24:     0x56343b813c43 - std::thread::local::LocalKey<T>::with::h413b38ae0668d2c8
[INFO] [stdout]                                at /rustc/84c898d65adf2f39a5a98507f1fe0ce10a2b8dbc/library/std/src/thread/local.rs:422:9
[INFO] [stdout]   25:     0x56343b846327 - futures_executor::local_pool::run_executor::h8d40c178263e940b
[INFO] [stdout]                                at /opt/rustwide/cargo-home/registry/src/github.com-1ecc6299db9ec823/futures-executor-0.3.5/src/local_pool.rs:83:5
[INFO] [stdout]   26:     0x56343b847d5e - futures_executor::local_pool::block_on::h612b8f6aa27d85fc
[INFO] [stdout]                                at /opt/rustwide/cargo-home/registry/src/github.com-1ecc6299db9ec823/futures-executor-0.3.5/src/local_pool.rs:317:5
[INFO] [stdout]   27:     0x56343b84c4f1 - tensor_compute::tensors::gpu_tensor::gpu_ops::bmm::tests::big_rank_2_mm_different_dims::h92b6431de27f4d0e
[INFO] [stdout]                                at /opt/rustwide/workdir/src/tensors/gpu_tensor/gpu_ops/bmm/tests.rs:57:5
[INFO] [stdout]   28:     0x56343b84c497 - tensor_compute::tensors::gpu_tensor::gpu_ops::bmm::tests::big_rank_2_mm_different_dims::{{closure}}::h961e8cfca45205ea
[INFO] [stdout]                                at /opt/rustwide/workdir/src/tensors/gpu_tensor/gpu_ops/bmm/tests.rs:32:35
[INFO] [stdout]   29:     0x56343b82ba05 - core::ops::function::FnOnce::call_once::h9841f3caff394108
[INFO] [stdout]                                at /rustc/84c898d65adf2f39a5a98507f1fe0ce10a2b8dbc/library/core/src/ops/function.rs:250:5
[INFO] [stdout]   30:     0x56343b896bdf - core::ops::function::FnOnce::call_once::h7d969581be7d0075
[INFO] [stdout]                                at /rustc/84c898d65adf2f39a5a98507f1fe0ce10a2b8dbc/library/core/src/ops/function.rs:250:5
[INFO] [stdout]   31:     0x56343b896bdf - test::__rust_begin_short_backtrace::hca25a52684e56655
[INFO] [stdout]                                at /rustc/84c898d65adf2f39a5a98507f1fe0ce10a2b8dbc/library/test/src/lib.rs:656:18
[INFO] [stdout]   32:     0x56343b8681fc - test::run_test::{{closure}}::ha8ac744c4af1a4bb
[INFO] [stdout]                                at /rustc/84c898d65adf2f39a5a98507f1fe0ce10a2b8dbc/library/test/src/lib.rs:647:30
[INFO] [stdout]   33:     0x56343b8681fc - core::ops::function::FnOnce::call_once{{vtable.shim}}::h7b411a9ed45bdecf
[INFO] [stdout]                                at /rustc/84c898d65adf2f39a5a98507f1fe0ce10a2b8dbc/library/core/src/ops/function.rs:250:5
[INFO] [stdout]   34:     0x56343b895ba6 - <alloc::boxed::Box<F,A> as core::ops::function::FnOnce<Args>>::call_once::hd05328869a8ed200
[INFO] [stdout]                                at /rustc/84c898d65adf2f39a5a98507f1fe0ce10a2b8dbc/library/alloc/src/boxed.rs:1987:9
[INFO] [stdout]   35:     0x56343b895ba6 - <core::panic::unwind_safe::AssertUnwindSafe<F> as core::ops::function::FnOnce<()>>::call_once::h0c601ce20bd5b2be
[INFO] [stdout]                                at /rustc/84c898d65adf2f39a5a98507f1fe0ce10a2b8dbc/library/core/src/panic/unwind_safe.rs:271:9
[INFO] [stdout]   36:     0x56343b895ba6 - std::panicking::try::do_call::ha4be5c164fe30854
[INFO] [stdout]                                at /rustc/84c898d65adf2f39a5a98507f1fe0ce10a2b8dbc/library/std/src/panicking.rs:487:40
[INFO] [stdout]   37:     0x56343b895ba6 - std::panicking::try::h604546f3609af05f
[INFO] [stdout]                                at /rustc/84c898d65adf2f39a5a98507f1fe0ce10a2b8dbc/library/std/src/panicking.rs:451:19
[INFO] [stdout]   38:     0x56343b895ba6 - std::panic::catch_unwind::h5bfa8afe44c9c2f9
[INFO] [stdout]                                at /rustc/84c898d65adf2f39a5a98507f1fe0ce10a2b8dbc/library/std/src/panic.rs:140:14
[INFO] [stdout]   39:     0x56343b895ba6 - test::run_test_in_process::hd50dee55dd63e6aa
[INFO] [stdout]                                at /rustc/84c898d65adf2f39a5a98507f1fe0ce10a2b8dbc/library/test/src/lib.rs:679:27
[INFO] [stdout]   40:     0x56343b895ba6 - test::run_test::run_test_inner::{{closure}}::h4aa0f433aa85cea8
[INFO] [stdout]                                at /rustc/84c898d65adf2f39a5a98507f1fe0ce10a2b8dbc/library/test/src/lib.rs:573:39
[INFO] [stdout]   41:     0x56343b862871 - test::run_test::run_test_inner::{{closure}}::had56431adf24b4d6
[INFO] [stdout]                                at /rustc/84c898d65adf2f39a5a98507f1fe0ce10a2b8dbc/library/test/src/lib.rs:600:37
[INFO] [stdout]   42:     0x56343b862871 - std::sys_common::backtrace::__rust_begin_short_backtrace::ha8d9890e0c73bf13
[INFO] [stdout]                                at /rustc/84c898d65adf2f39a5a98507f1fe0ce10a2b8dbc/library/std/src/sys_common/backtrace.rs:134:18
[INFO] [stdout]   43:     0x56343b86828b - std::thread::Builder::spawn_unchecked_::{{closure}}::{{closure}}::h251832bcb4a95327
[INFO] [stdout]                                at /rustc/84c898d65adf2f39a5a98507f1fe0ce10a2b8dbc/library/std/src/thread/mod.rs:560:17
[INFO] [stdout]   44:     0x56343b86828b - <core::panic::unwind_safe::AssertUnwindSafe<F> as core::ops::function::FnOnce<()>>::call_once::h8fdff598fa414831
[INFO] [stdout]                                at /rustc/84c898d65adf2f39a5a98507f1fe0ce10a2b8dbc/library/core/src/panic/unwind_safe.rs:271:9
[INFO] [stdout]   45:     0x56343b86828b - std::panicking::try::do_call::h455dd2f7764a950f
[INFO] [stdout]                                at /rustc/84c898d65adf2f39a5a98507f1fe0ce10a2b8dbc/library/std/src/panicking.rs:487:40
[INFO] [stdout]   46:     0x56343b86828b - std::panicking::try::had6f23b7b73ae72a
[INFO] [stdout]                                at /rustc/84c898d65adf2f39a5a98507f1fe0ce10a2b8dbc/library/std/src/panicking.rs:451:19
[INFO] [stdout]   47:     0x56343b86828b - std::panic::catch_unwind::ha6a5ca3915b4dad0
[INFO] [stdout]                                at /rustc/84c898d65adf2f39a5a98507f1fe0ce10a2b8dbc/library/std/src/panic.rs:140:14
[INFO] [stdout]   48:     0x56343b86828b - std::thread::Builder::spawn_unchecked_::{{closure}}::h883b72ef75da6231
[INFO] [stdout]                                at /rustc/84c898d65adf2f39a5a98507f1fe0ce10a2b8dbc/library/std/src/thread/mod.rs:559:30
[INFO] [stdout]   49:     0x56343b86828b - core::ops::function::FnOnce::call_once{{vtable.shim}}::hb7dff73dc8bd2ccb
[INFO] [stdout]                                at /rustc/84c898d65adf2f39a5a98507f1fe0ce10a2b8dbc/library/core/src/ops/function.rs:250:5
[INFO] [stdout]   50:     0x56343bcb5c03 - <alloc::boxed::Box<F,A> as core::ops::function::FnOnce<Args>>::call_once::h39990b24eedef2ab
[INFO] [stdout]                                at /rustc/84c898d65adf2f39a5a98507f1fe0ce10a2b8dbc/library/alloc/src/boxed.rs:1987:9
[INFO] [stdout]   51:     0x56343bcb5c03 - <alloc::boxed::Box<F,A> as core::ops::function::FnOnce<Args>>::call_once::h01a027258444143b
[INFO] [stdout]                                at /rustc/84c898d65adf2f39a5a98507f1fe0ce10a2b8dbc/library/alloc/src/boxed.rs:1987:9
[INFO] [stdout]   52:     0x56343bcb5c03 - std::sys::unix::thread::Thread::new::thread_start::ha4f1cdd9c25884ba
[INFO] [stdout]                                at /rustc/84c898d65adf2f39a5a98507f1fe0ce10a2b8dbc/library/std/src/sys/unix/thread.rs:108:17
[INFO] [stdout]   53:     0x7f2683a1cb43 - <unknown>
[INFO] [stdout]   54:     0x7f2683aadbb4 - __clone
[INFO] [stdout]   55:                0x0 - <unknown>
[INFO] [stdout] 
[INFO] [stdout] ---- tensors::gpu_tensor::gpu_ops::bmm::tests::simple_rank_2_mm stdout ----
[INFO] [stdout] thread 'tensors::gpu_tensor::gpu_ops::bmm::tests::simple_rank_2_mm' panicked at 'assertion failed: `(left == right)`
[INFO] [stdout]   left: `[9.0, 11.0, 19.0, 33.0]`,
[INFO] [stdout]  right: `[10.0, 13.0, 22.0, 29.0]`', src/tensors/gpu_tensor/gpu_ops/bmm/tests.rs:9:9
[INFO] [stdout] stack backtrace:
[INFO] [stdout]    0:     0x56343bcaf5aa - std::backtrace_rs::backtrace::libunwind::trace::ha9053a9a07ca49cb
[INFO] [stdout]                                at /rustc/84c898d65adf2f39a5a98507f1fe0ce10a2b8dbc/library/std/src/../../backtrace/src/backtrace/libunwind.rs:93:5
[INFO] [stdout]    1:     0x56343bcaf5aa - std::backtrace_rs::backtrace::trace_unsynchronized::h9c2852a457ad564e
[INFO] [stdout]                                at /rustc/84c898d65adf2f39a5a98507f1fe0ce10a2b8dbc/library/std/src/../../backtrace/src/backtrace/mod.rs:66:5
[INFO] [stdout]    2:     0x56343bcaf5aa - std::sys_common::backtrace::_print_fmt::h457936fbfaa0070f
[INFO] [stdout]                                at /rustc/84c898d65adf2f39a5a98507f1fe0ce10a2b8dbc/library/std/src/sys_common/backtrace.rs:65:5
[INFO] [stdout]    3:     0x56343bcaf5aa - <std::sys_common::backtrace::_print::DisplayBacktrace as core::fmt::Display>::fmt::h5779d7bf7f70cb0c
[INFO] [stdout]                                at /rustc/84c898d65adf2f39a5a98507f1fe0ce10a2b8dbc/library/std/src/sys_common/backtrace.rs:44:22
[INFO] [stdout]    4:     0x56343bcd534e - core::fmt::write::h5a4baaff1bcd3eb5
[INFO] [stdout]                                at /rustc/84c898d65adf2f39a5a98507f1fe0ce10a2b8dbc/library/core/src/fmt/mod.rs:1232:17
[INFO] [stdout]    5:     0x56343bcaca05 - std::io::Write::write_fmt::h478f79c628ef31d1
[INFO] [stdout]                                at /rustc/84c898d65adf2f39a5a98507f1fe0ce10a2b8dbc/library/std/src/io/mod.rs:1684:15
[INFO] [stdout]    6:     0x56343bcaf375 - std::sys_common::backtrace::_print::h5fcdc36060f177e8
[INFO] [stdout]                                at /rustc/84c898d65adf2f39a5a98507f1fe0ce10a2b8dbc/library/std/src/sys_common/backtrace.rs:47:5
[INFO] [stdout]    7:     0x56343bcaf375 - std::sys_common::backtrace::print::h54ca9458b876c8bf
[INFO] [stdout]                                at /rustc/84c898d65adf2f39a5a98507f1fe0ce10a2b8dbc/library/std/src/sys_common/backtrace.rs:34:9
[INFO] [stdout]    8:     0x56343bcb113f - std::panicking::default_hook::{{closure}}::hbe471161c7664ed6
[INFO] [stdout]                                at /rustc/84c898d65adf2f39a5a98507f1fe0ce10a2b8dbc/library/std/src/panicking.rs:271:22
[INFO] [stdout]    9:     0x56343bcb0dff - std::panicking::default_hook::ha3500da57aa4ac4f
[INFO] [stdout]                                at /rustc/84c898d65adf2f39a5a98507f1fe0ce10a2b8dbc/library/std/src/panicking.rs:287:9
[INFO] [stdout]   10:     0x56343b8917f7 - <alloc::boxed::Box<F,A> as core::ops::function::Fn<Args>>::call::hdf1b89dd137ece34
[INFO] [stdout]                                at /rustc/84c898d65adf2f39a5a98507f1fe0ce10a2b8dbc/library/alloc/src/boxed.rs:2001:9
[INFO] [stdout]   11:     0x56343b8917f7 - test::test_main::{{closure}}::h9081a79f20e75698
[INFO] [stdout]                                at /rustc/84c898d65adf2f39a5a98507f1fe0ce10a2b8dbc/library/test/src/lib.rs:135:21
[INFO] [stdout]   12:     0x56343bcb186d - <alloc::boxed::Box<F,A> as core::ops::function::Fn<Args>>::call::h6507bddc3eebb4a5
[INFO] [stdout]                                at /rustc/84c898d65adf2f39a5a98507f1fe0ce10a2b8dbc/library/alloc/src/boxed.rs:2001:9
[INFO] [stdout]   13:     0x56343bcb186d - std::panicking::rust_panic_with_hook::h50c09d000dc561d2
[INFO] [stdout]                                at /rustc/84c898d65adf2f39a5a98507f1fe0ce10a2b8dbc/library/std/src/panicking.rs:696:13
[INFO] [stdout]   14:     0x56343bcb15e9 - std::panicking::begin_panic_handler::{{closure}}::h9e2b2176e00e0d9c
[INFO] [stdout]                                at /rustc/84c898d65adf2f39a5a98507f1fe0ce10a2b8dbc/library/std/src/panicking.rs:583:13
[INFO] [stdout]   15:     0x56343bcafa16 - std::sys_common::backtrace::__rust_end_short_backtrace::h5739b8e512c09d02
[INFO] [stdout]                                at /rustc/84c898d65adf2f39a5a98507f1fe0ce10a2b8dbc/library/std/src/sys_common/backtrace.rs:150:18
[INFO] [stdout]   16:     0x56343bcb12f2 - rust_begin_unwind
[INFO] [stdout]                                at /rustc/84c898d65adf2f39a5a98507f1fe0ce10a2b8dbc/library/std/src/panicking.rs:579:5
[INFO] [stdout]   17:     0x56343b7edc83 - core::panicking::panic_fmt::hf33a1475b4dc5c3e
[INFO] [stdout]                                at /rustc/84c898d65adf2f39a5a98507f1fe0ce10a2b8dbc/library/core/src/panicking.rs:64:14
[INFO] [stdout]   18:     0x56343b7edfbf - core::panicking::assert_failed_inner::haf9816227b20b6f2
[INFO] [stdout]   19:     0x56343b82384e - core::panicking::assert_failed::hae913c2396f13ce1
[INFO] [stdout]                                at /rustc/84c898d65adf2f39a5a98507f1fe0ce10a2b8dbc/library/core/src/panicking.rs:211:5
[INFO] [stdout]   20:     0x56343b84ba3c - tensor_compute::tensors::gpu_tensor::gpu_ops::bmm::tests::simple_rank_2_mm::{{closure}}::hb290286712888360
[INFO] [stdout]                                at /opt/rustwide/workdir/src/tensors/gpu_tensor/gpu_ops/bmm/tests.rs:9:9
[INFO] [stdout]   21:     0x56343b848c89 - futures_executor::local_pool::block_on::{{closure}}::hc903e9c5e58f917a
[INFO] [stdout]                                at /opt/rustwide/cargo-home/registry/src/github.com-1ecc6299db9ec823/futures-executor-0.3.5/src/local_pool.rs:317:23
[INFO] [stdout]   22:     0x56343b847812 - futures_executor::local_pool::run_executor::{{closure}}::hc9cfc8060a75e23a
[INFO] [stdout]                                at /opt/rustwide/cargo-home/registry/src/github.com-1ecc6299db9ec823/futures-executor-0.3.5/src/local_pool.rs:87:37
[INFO] [stdout]   23:     0x56343b8144e3 - std::thread::local::LocalKey<T>::try_with::h16c3c80832bb8fc0
[INFO] [stdout]                                at /rustc/84c898d65adf2f39a5a98507f1fe0ce10a2b8dbc/library/std/src/thread/local.rs:446:16
[INFO] [stdout]   24:     0x56343b814233 - std::thread::local::LocalKey<T>::with::hfbf6bdaf2493b7a3
[INFO] [stdout]                                at /rustc/84c898d65adf2f39a5a98507f1fe0ce10a2b8dbc/library/std/src/thread/local.rs:422:9
[INFO] [stdout]   25:     0x56343b845ea7 - futures_executor::local_pool::run_executor::h526d532ef00e8a2e
[INFO] [stdout]                                at /opt/rustwide/cargo-home/registry/src/github.com-1ecc6299db9ec823/futures-executor-0.3.5/src/local_pool.rs:83:5
[INFO] [stdout]   26:     0x56343b847bde - futures_executor::local_pool::block_on::h0ea51af76d8473da
[INFO] [stdout]                                at /opt/rustwide/cargo-home/registry/src/github.com-1ecc6299db9ec823/futures-executor-0.3.5/src/local_pool.rs:317:5
[INFO] [stdout]   27:     0x56343b84b1d1 - tensor_compute::tensors::gpu_tensor::gpu_ops::bmm::tests::simple_rank_2_mm::h8867758829c587f4
[INFO] [stdout]                                at /opt/rustwide/workdir/src/tensors/gpu_tensor/gpu_ops/bmm/tests.rs:14:5
[INFO] [stdout]   28:     0x56343b84b177 - tensor_compute::tensors::gpu_tensor::gpu_ops::bmm::tests::simple_rank_2_mm::{{closure}}::h7684912c4c10a2ca
[INFO] [stdout]                                at /opt/rustwide/workdir/src/tensors/gpu_tensor/gpu_ops/bmm/tests.rs:4:23
[INFO] [stdout]   29:     0x56343b82bd55 - core::ops::function::FnOnce::call_once::hf6aa5d03924aef9f
[INFO] [stdout]                                at /rustc/84c898d65adf2f39a5a98507f1fe0ce10a2b8dbc/library/core/src/ops/function.rs:250:5
[INFO] [stdout]   30:     0x56343b896bdf - core::ops::function::FnOnce::call_once::h7d969581be7d0075
[INFO] [stdout]                                at /rustc/84c898d65adf2f39a5a98507f1fe0ce10a2b8dbc/library/core/src/ops/function.rs:250:5
[INFO] [stdout]   31:     0x56343b896bdf - test::__rust_begin_short_backtrace::hca25a52684e56655
[INFO] [stdout]                                at /rustc/84c898d65adf2f39a5a98507f1fe0ce10a2b8dbc/library/test/src/lib.rs:656:18
[INFO] [stdout]   32:     0x56343b8681fc - test::run_test::{{closure}}::ha8ac744c4af1a4bb
[INFO] [stdout]                                at /rustc/84c898d65adf2f39a5a98507f1fe0ce10a2b8dbc/library/test/src/lib.rs:647:30
[INFO] [stdout]   33:     0x56343b8681fc - core::ops::function::FnOnce::call_once{{vtable.shim}}::h7b411a9ed45bdecf
[INFO] [stdout]                                at /rustc/84c898d65adf2f39a5a98507f1fe0ce10a2b8dbc/library/core/src/ops/function.rs:250:5
[INFO] [stdout]   34:     0x56343b895ba6 - <alloc::boxed::Box<F,A> as core::ops::function::FnOnce<Args>>::call_once::hd05328869a8ed200
[INFO] [stdout]                                at /rustc/84c898d65adf2f39a5a98507f1fe0ce10a2b8dbc/library/alloc/src/boxed.rs:1987:9
[INFO] [stdout]   35:     0x56343b895ba6 - <core::panic::unwind_safe::AssertUnwindSafe<F> as core::ops::function::FnOnce<()>>::call_once::h0c601ce20bd5b2be
[INFO] [stdout]                                at /rustc/84c898d65adf2f39a5a98507f1fe0ce10a2b8dbc/library/core/src/panic/unwind_safe.rs:271:9
[INFO] [stdout]   36:     0x56343b895ba6 - std::panicking::try::do_call::ha4be5c164fe30854
[INFO] [stdout]                                at /rustc/84c898d65adf2f39a5a98507f1fe0ce10a2b8dbc/library/std/src/panicking.rs:487:40
[INFO] [stdout]   37:     0x56343b895ba6 - std::panicking::try::h604546f3609af05f
[INFO] [stdout]                                at /rustc/84c898d65adf2f39a5a98507f1fe0ce10a2b8dbc/library/std/src/panicking.rs:451:19
[INFO] [stdout]   38:     0x56343b895ba6 - std::panic::catch_unwind::h5bfa8afe44c9c2f9
[INFO] [stdout]                                at /rustc/84c898d65adf2f39a5a98507f1fe0ce10a2b8dbc/library/std/src/panic.rs:140:14
[INFO] [stdout]   39:     0x56343b895ba6 - test::run_test_in_process::hd50dee55dd63e6aa
[INFO] [stdout]                                at /rustc/84c898d65adf2f39a5a98507f1fe0ce10a2b8dbc/library/test/src/lib.rs:679:27
[INFO] [stdout]   40:     0x56343b895ba6 - test::run_test::run_test_inner::{{closure}}::h4aa0f433aa85cea8
[INFO] [stdout]                                at /rustc/84c898d65adf2f39a5a98507f1fe0ce10a2b8dbc/library/test/src/lib.rs:573:39
[INFO] [stdout]   41:     0x56343b862871 - test::run_test::run_test_inner::{{closure}}::had56431adf24b4d6
[INFO] [stdout]                                at /rustc/84c898d65adf2f39a5a98507f1fe0ce10a2b8dbc/library/test/src/lib.rs:600:37
[INFO] [stdout]   42:     0x56343b862871 - std::sys_common::backtrace::__rust_begin_short_backtrace::ha8d9890e0c73bf13
[INFO] [stdout]                                at /rustc/84c898d65adf2f39a5a98507f1fe0ce10a2b8dbc/library/std/src/sys_common/backtrace.rs:134:18
[INFO] [stdout]   43:     0x56343b86828b - std::thread::Builder::spawn_unchecked_::{{closure}}::{{closure}}::h251832bcb4a95327
[INFO] [stdout]                                at /rustc/84c898d65adf2f39a5a98507f1fe0ce10a2b8dbc/library/std/src/thread/mod.rs:560:17
[INFO] [stdout]   44:     0x56343b86828b - <core::panic::unwind_safe::AssertUnwindSafe<F> as core::ops::function::FnOnce<()>>::call_once::h8fdff598fa414831
[INFO] [stdout]                                at /rustc/84c898d65adf2f39a5a98507f1fe0ce10a2b8dbc/library/core/src/panic/unwind_safe.rs:271:9
[INFO] [stdout]   45:     0x56343b86828b - std::panicking::try::do_call::h455dd2f7764a950f
[INFO] [stdout]                                at /rustc/84c898d65adf2f39a5a98507f1fe0ce10a2b8dbc/library/std/src/panicking.rs:487:40
[INFO] [stdout]   46:     0x56343b86828b - std::panicking::try::had6f23b7b73ae72a
[INFO] [stdout]                                at /rustc/84c898d65adf2f39a5a98507f1fe0ce10a2b8dbc/library/std/src/panicking.rs:451:19
[INFO] [stdout]   47:     0x56343b86828b - std::panic::catch_unwind::ha6a5ca3915b4dad0
[INFO] [stdout]                                at /rustc/84c898d65adf2f39a5a98507f1fe0ce10a2b8dbc/library/std/src/panic.rs:140:14
[INFO] [stdout]   48:     0x56343b86828b - std::thread::Builder::spawn_unchecked_::{{closure}}::h883b72ef75da6231
[INFO] [stdout]                                at /rustc/84c898d65adf2f39a5a98507f1fe0ce10a2b8dbc/library/std/src/thread/mod.rs:559:30
[INFO] [stdout]   49:     0x56343b86828b - core::ops::function::FnOnce::call_once{{vtable.shim}}::hb7dff73dc8bd2ccb
[INFO] [stdout]                                at /rustc/84c898d65adf2f39a5a98507f1fe0ce10a2b8dbc/library/core/src/ops/function.rs:250:5
[INFO] [stdout]   50:     0x56343bcb5c03 - <alloc::boxed::Box<F,A> as core::ops::function::FnOnce<Args>>::call_once::h39990b24eedef2ab
[INFO] [stdout]                                at /rustc/84c898d65adf2f39a5a98507f1fe0ce10a2b8dbc/library/alloc/src/boxed.rs:1987:9
[INFO] [stdout]   51:     0x56343bcb5c03 - <alloc::boxed::Box<F,A> as core::ops::function::FnOnce<Args>>::call_once::h01a027258444143b
[INFO] [stdout]                                at /rustc/84c898d65adf2f39a5a98507f1fe0ce10a2b8dbc/library/alloc/src/boxed.rs:1987:9
[INFO] [stdout]   52:     0x56343bcb5c03 - std::sys::unix::thread::Thread::new::thread_start::ha4f1cdd9c25884ba
[INFO] [stdout]                                at /rustc/84c898d65adf2f39a5a98507f1fe0ce10a2b8dbc/library/std/src/sys/unix/thread.rs:108:17
[INFO] [stdout]   53:     0x7f2683a1cb43 - <unknown>
[INFO] [stdout]   54:     0x7f2683aadbb4 - __clone
[INFO] [stdout]   55:                0x0 - <unknown>
[INFO] [stdout] 
[INFO] [stdout] ---- tensors::gpu_tensor::gpu_ops::bmm::tests::simple_rank_2_mm_different_dims stdout ----
[INFO] [stdout] thread 'tensors::gpu_tensor::gpu_ops::bmm::tests::simple_rank_2_mm_different_dims' panicked at 'assertion failed: `(left == right)`
[INFO] [stdout]   left: `[30.0, 42.0, 79.0, 103.0]`,
[INFO] [stdout]  right: `[28.0, 34.0, 64.0, 79.0]`', src/tensors/gpu_tensor/gpu_ops/bmm/tests.rs:23:9
[INFO] [stdout] stack backtrace:
[INFO] [stdout]    0:     0x56343bcaf5aa - std::backtrace_rs::backtrace::libunwind::trace::ha9053a9a07ca49cb
[INFO] [stdout]                                at /rustc/84c898d65adf2f39a5a98507f1fe0ce10a2b8dbc/library/std/src/../../backtrace/src/backtrace/libunwind.rs:93:5
[INFO] [stdout]    1:     0x56343bcaf5aa - std::backtrace_rs::backtrace::trace_unsynchronized::h9c2852a457ad564e
[INFO] [stdout]                                at /rustc/84c898d65adf2f39a5a98507f1fe0ce10a2b8dbc/library/std/src/../../backtrace/src/backtrace/mod.rs:66:5
[INFO] [stdout]    2:     0x56343bcaf5aa - std::sys_common::backtrace::_print_fmt::h457936fbfaa0070f
[INFO] [stdout]                                at /rustc/84c898d65adf2f39a5a98507f1fe0ce10a2b8dbc/library/std/src/sys_common/backtrace.rs:65:5
[INFO] [stdout]    3:     0x56343bcaf5aa - <std::sys_common::backtrace::_print::DisplayBacktrace as core::fmt::Display>::fmt::h5779d7bf7f70cb0c
[INFO] [stdout]                                at /rustc/84c898d65adf2f39a5a98507f1fe0ce10a2b8dbc/library/std/src/sys_common/backtrace.rs:44:22
[INFO] [stdout]    4:     0x56343bcd534e - core::fmt::write::h5a4baaff1bcd3eb5
[INFO] [stdout]                                at /rustc/84c898d65adf2f39a5a98507f1fe0ce10a2b8dbc/library/core/src/fmt/mod.rs:1232:17
[INFO] [stdout]    5:     0x56343bcaca05 - std::io::Write::write_fmt::h478f79c628ef31d1
[INFO] [stdout]                                at /rustc/84c898d65adf2f39a5a98507f1fe0ce10a2b8dbc/library/std/src/io/mod.rs:1684:15
[INFO] [stdout]    6:     0x56343bcaf375 - std::sys_common::backtrace::_print::h5fcdc36060f177e8
[INFO] [stdout]                                at /rustc/84c898d65adf2f39a5a98507f1fe0ce10a2b8dbc/library/std/src/sys_common/backtrace.rs:47:5
[INFO] [stdout]    7:     0x56343bcaf375 - std::sys_common::backtrace::print::h54ca9458b876c8bf
[INFO] [stdout]                                at /rustc/84c898d65adf2f39a5a98507f1fe0ce10a2b8dbc/library/std/src/sys_common/backtrace.rs:34:9
[INFO] [stdout]    8:     0x56343bcb113f - std::panicking::default_hook::{{closure}}::hbe471161c7664ed6
[INFO] [stdout]                                at /rustc/84c898d65adf2f39a5a98507f1fe0ce10a2b8dbc/library/std/src/panicking.rs:271:22
[INFO] [stdout]    9:     0x56343bcb0dff - std::panicking::default_hook::ha3500da57aa4ac4f
[INFO] [stdout]                                at /rustc/84c898d65adf2f39a5a98507f1fe0ce10a2b8dbc/library/std/src/panicking.rs:287:9
[INFO] [stdout]   10:     0x56343b8917f7 - <alloc::boxed::Box<F,A> as core::ops::function::Fn<Args>>::call::hdf1b89dd137ece34
[INFO] [stdout]                                at /rustc/84c898d65adf2f39a5a98507f1fe0ce10a2b8dbc/library/alloc/src/boxed.rs:2001:9
[INFO] [stdout]   11:     0x56343b8917f7 - test::test_main::{{closure}}::h9081a79f20e75698
[INFO] [stdout]                                at /rustc/84c898d65adf2f39a5a98507f1fe0ce10a2b8dbc/library/test/src/lib.rs:135:21
[INFO] [stdout]   12:     0x56343bcb186d - <alloc::boxed::Box<F,A> as core::ops::function::Fn<Args>>::call::h6507bddc3eebb4a5
[INFO] [stdout]                                at /rustc/84c898d65adf2f39a5a98507f1fe0ce10a2b8dbc/library/alloc/src/boxed.rs:2001:9
[INFO] [stdout]   13:     0x56343bcb186d - std::panicking::rust_panic_with_hook::h50c09d000dc561d2
[INFO] [stdout]                                at /rustc/84c898d65adf2f39a5a98507f1fe0ce10a2b8dbc/library/std/src/panicking.rs:696:13
[INFO] [stdout]   14:     0x56343bcb15e9 - std::panicking::begin_panic_handler::{{closure}}::h9e2b2176e00e0d9c
[INFO] [stdout]                                at /rustc/84c898d65adf2f39a5a98507f1fe0ce10a2b8dbc/library/std/src/panicking.rs:583:13
[INFO] [stdout]   15:     0x56343bcafa16 - std::sys_common::backtrace::__rust_end_short_backtrace::h5739b8e512c09d02
[INFO] [stdout]                                at /rustc/84c898d65adf2f39a5a98507f1fe0ce10a2b8dbc/library/std/src/sys_common/backtrace.rs:150:18
[INFO] [stdout]   16:     0x56343bcb12f2 - rust_begin_unwind
[INFO] [stdout]                                at /rustc/84c898d65adf2f39a5a98507f1fe0ce10a2b8dbc/library/std/src/panicking.rs:579:5
[INFO] [stdout]   17:     0x56343b7edc83 - core::panicking::panic_fmt::hf33a1475b4dc5c3e
[INFO] [stdout]                                at /rustc/84c898d65adf2f39a5a98507f1fe0ce10a2b8dbc/library/core/src/panicking.rs:64:14
[INFO] [stdout]   18:     0x56343b7edfbf - core::panicking::assert_failed_inner::haf9816227b20b6f2
[INFO] [stdout]   19:     0x56343b82384e - core::panicking::assert_failed::hae913c2396f13ce1
[INFO] [stdout]                                at /rustc/84c898d65adf2f39a5a98507f1fe0ce10a2b8dbc/library/core/src/panicking.rs:211:5
[INFO] [stdout]   20:     0x56343b84c3d8 - tensor_compute::tensors::gpu_tensor::gpu_ops::bmm::tests::simple_rank_2_mm_different_dims::{{closure}}::h857bdaa8d42d8f15
[INFO] [stdout]                                at /opt/rustwide/workdir/src/tensors/gpu_tensor/gpu_ops/bmm/tests.rs:23:9
[INFO] [stdout]   21:     0x56343b848b49 - futures_executor::local_pool::block_on::{{closure}}::h4ab8d593ac560597
[INFO] [stdout]                                at /opt/rustwide/cargo-home/registry/src/github.com-1ecc6299db9ec823/futures-executor-0.3.5/src/local_pool.rs:317:23
[INFO] [stdout]   22:     0x56343b8472d2 - futures_executor::local_pool::run_executor::{{closure}}::h634373d1ec0768be
[INFO] [stdout]                                at /opt/rustwide/cargo-home/registry/src/github.com-1ecc6299db9ec823/futures-executor-0.3.5/src/local_pool.rs:87:37
[INFO] [stdout]   23:     0x56343b815dd3 - std::thread::local::LocalKey<T>::try_with::ha554510aa117f4da
[INFO] [stdout]                                at /rustc/84c898d65adf2f39a5a98507f1fe0ce10a2b8dbc/library/std/src/thread/local.rs:446:16
[INFO] [stdout]   24:     0x56343b813c83 - std::thread::local::LocalKey<T>::with::h4471cd4b12f00037
[INFO] [stdout]                                at /rustc/84c898d65adf2f39a5a98507f1fe0ce10a2b8dbc/library/std/src/thread/local.rs:422:9
[INFO] [stdout]   25:     0x56343b845f67 - futures_executor::local_pool::run_executor::h560e452f4307dd79
[INFO] [stdout]                                at /opt/rustwide/cargo-home/registry/src/github.com-1ecc6299db9ec823/futures-executor-0.3.5/src/local_pool.rs:83:5
[INFO] [stdout]   26:     0x56343b847e1e - futures_executor::local_pool::block_on::h69a8ce370c7a0a62
[INFO] [stdout]                                at /opt/rustwide/cargo-home/registry/src/github.com-1ecc6299db9ec823/futures-executor-0.3.5/src/local_pool.rs:317:5
[INFO] [stdout]   27:     0x56343b84bb51 - tensor_compute::tensors::gpu_tensor::gpu_ops::bmm::tests::simple_rank_2_mm_different_dims::hacabb4daf660d819
[INFO] [stdout]                                at /opt/rustwide/workdir/src/tensors/gpu_tensor/gpu_ops/bmm/tests.rs:28:5
[INFO] [stdout]   28:     0x56343b84baf7 - tensor_compute::tensors::gpu_tensor::gpu_ops::bmm::tests::simple_rank_2_mm_different_dims::{{closure}}::h34a2967d7199406a
[INFO] [stdout]                                at /opt/rustwide/workdir/src/tensors/gpu_tensor/gpu_ops/bmm/tests.rs:18:38
[INFO] [stdout]   29:     0x56343b82bc55 - core::ops::function::FnOnce::call_once::he2fa46c1a38af1be
[INFO] [stdout]                                at /rustc/84c898d65adf2f39a5a98507f1fe0ce10a2b8dbc/library/core/src/ops/function.rs:250:5
[INFO] [stdout]   30:     0x56343b896bdf - core::ops::function::FnOnce::call_once::h7d969581be7d0075
[INFO] [stdout]                                at /rustc/84c898d65adf2f39a5a98507f1fe0ce10a2b8dbc/library/core/src/ops/function.rs:250:5
[INFO] [stdout]   31:     0x56343b896bdf - test::__rust_begin_short_backtrace::hca25a52684e56655
[INFO] [stdout]                                at /rustc/84c898d65adf2f39a5a98507f1fe0ce10a2b8dbc/library/test/src/lib.rs:656:18
[INFO] [stdout]   32:     0x56343b8681fc - test::run_test::{{closure}}::ha8ac744c4af1a4bb
[INFO] [stdout]                                at /rustc/84c898d65adf2f39a5a98507f1fe0ce10a2b8dbc/library/test/src/lib.rs:647:30
[INFO] [stdout]   33:     0x56343b8681fc - core::ops::function::FnOnce::call_once{{vtable.shim}}::h7b411a9ed45bdecf
[INFO] [stdout]                                at /rustc/84c898d65adf2f39a5a98507f1fe0ce10a2b8dbc/library/core/src/ops/function.rs:250:5
[INFO] [stdout]   34:     0x56343b895ba6 - <alloc::boxed::Box<F,A> as core::ops::function::FnOnce<Args>>::call_once::hd05328869a8ed200
[INFO] [stdout]                                at /rustc/84c898d65adf2f39a5a98507f1fe0ce10a2b8dbc/library/alloc/src/boxed.rs:1987:9
[INFO] [stdout]   35:     0x56343b895ba6 - <core::panic::unwind_safe::AssertUnwindSafe<F> as core::ops::function::FnOnce<()>>::call_once::h0c601ce20bd5b2be
[INFO] [stdout]                                at /rustc/84c898d65adf2f39a5a98507f1fe0ce10a2b8dbc/library/core/src/panic/unwind_safe.rs:271:9
[INFO] [stdout]   36:     0x56343b895ba6 - std::panicking::try::do_call::ha4be5c164fe30854
[INFO] [stdout]                                at /rustc/84c898d65adf2f39a5a98507f1fe0ce10a2b8dbc/library/std/src/panicking.rs:487:40
[INFO] [stdout]   37:     0x56343b895ba6 - std::panicking::try::h604546f3609af05f
[INFO] [stdout]                                at /rustc/84c898d65adf2f39a5a98507f1fe0ce10a2b8dbc/library/std/src/panicking.rs:451:19
[INFO] [stdout]   38:     0x56343b895ba6 - std::panic::catch_unwind::h5bfa8afe44c9c2f9
[INFO] [stdout]                                at /rustc/84c898d65adf2f39a5a98507f1fe0ce10a2b8dbc/library/std/src/panic.rs:140:14
[INFO] [stdout]   39:     0x56343b895ba6 - test::run_test_in_process::hd50dee55dd63e6aa
[INFO] [stdout]                                at /rustc/84c898d65adf2f39a5a98507f1fe0ce10a2b8dbc/library/test/src/lib.rs:679:27
[INFO] [stdout]   40:     0x56343b895ba6 - test::run_test::run_test_inner::{{closure}}::h4aa0f433aa85cea8
[INFO] [stdout]                                at /rustc/84c898d65adf2f39a5a98507f1fe0ce10a2b8dbc/library/test/src/lib.rs:573:39
[INFO] [stdout]   41:     0x56343b862871 - test::run_test::run_test_inner::{{closure}}::had56431adf24b4d6
[INFO] [stdout]                                at /rustc/84c898d65adf2f39a5a98507f1fe0ce10a2b8dbc/library/test/src/lib.rs:600:37
[INFO] [stdout]   42:     0x56343b862871 - std::sys_common::backtrace::__rust_begin_short_backtrace::ha8d9890e0c73bf13
[INFO] [stdout]                                at /rustc/84c898d65adf2f39a5a98507f1fe0ce10a2b8dbc/library/std/src/sys_common/backtrace.rs:134:18
[INFO] [stdout]   43:     0x56343b86828b - std::thread::Builder::spawn_unchecked_::{{closure}}::{{closure}}::h251832bcb4a95327
[INFO] [stdout]                                at /rustc/84c898d65adf2f39a5a98507f1fe0ce10a2b8dbc/library/std/src/thread/mod.rs:560:17
[INFO] [stdout]   44:     0x56343b86828b - <core::panic::unwind_safe::AssertUnwindSafe<F> as core::ops::function::FnOnce<()>>::call_once::h8fdff598fa414831
[INFO] [stdout]                                at /rustc/84c898d65adf2f39a5a98507f1fe0ce10a2b8dbc/library/core/src/panic/unwind_safe.rs:271:9
[INFO] [stdout]   45:     0x56343b86828b - std::panicking::try::do_call::h455dd2f7764a950f
[INFO] [stdout]                                at /rustc/84c898d65adf2f39a5a98507f1fe0ce10a2b8dbc/library/std/src/panicking.rs:487:40
[INFO] [stdout]   46:     0x56343b86828b - std::panicking::try::had6f23b7b73ae72a
[INFO] [stdout]                                at /rustc/84c898d65adf2f39a5a98507f1fe0ce10a2b8dbc/library/std/src/panicking.rs:451:19
[INFO] [stdout]   47:     0x56343b86828b - std::panic::catch_unwind::ha6a5ca3915b4dad0
[INFO] [stdout]                                at /rustc/84c898d65adf2f39a5a98507f1fe0ce10a2b8dbc/library/std/src/panic.rs:140:14
[INFO] [stdout]   48:     0x56343b86828b - std::thread::Builder::spawn_unchecked_::{{closure}}::h883b72ef75da6231
[INFO] [stdout]                                at /rustc/84c898d65adf2f39a5a98507f1fe0ce10a2b8dbc/library/std/src/thread/mod.rs:559:30
[INFO] [stdout]   49:     0x56343b86828b - core::ops::function::FnOnce::call_once{{vtable.shim}}::hb7dff73dc8bd2ccb
[INFO] [stdout]                                at /rustc/84c898d65adf2f39a5a98507f1fe0ce10a2b8dbc/library/core/src/ops/function.rs:250:5
[INFO] [stdout]   50:     0x56343bcb5c03 - <alloc::boxed::Box<F,A> as core::ops::function::FnOnce<Args>>::call_once::h39990b24eedef2ab
[INFO] [stdout]                                at /rustc/84c898d65adf2f39a5a98507f1fe0ce10a2b8dbc/library/alloc/src/boxed.rs:1987:9
[INFO] [stdout]   51:     0x56343bcb5c03 - <alloc::boxed::Box<F,A> as core::ops::function::FnOnce<Args>>::call_once::h01a027258444143b
[INFO] [stdout]                                at /rustc/84c898d65adf2f39a5a98507f1fe0ce10a2b8dbc/library/alloc/src/boxed.rs:1987:9
[INFO] [stdout]   52:     0x56343bcb5c03 - std::sys::unix::thread::Thread::new::thread_start::ha4f1cdd9c25884ba
[INFO] [stdout]                                at /rustc/84c898d65adf2f39a5a98507f1fe0ce10a2b8dbc/library/std/src/sys/unix/thread.rs:108:17
[INFO] [stdout]   53:     0x7f2683a1cb43 - <unknown>
[INFO] [stdout]   54:     0x7f2683aadbb4 - __clone
[INFO] [stdout]   55:                0x0 - <unknown>
[INFO] [stdout] 
[INFO] [stdout] 
[INFO] [stdout] failures:
[INFO] [stdout]     tensors::gpu_tensor::gpu_ops::bmm::tests::big_rank_2_mm_different_dims
[INFO] [stdout]     tensors::gpu_tensor::gpu_ops::bmm::tests::simple_rank_2_mm
[INFO] [stdout]     tensors::gpu_tensor::gpu_ops::bmm::tests::simple_rank_2_mm_different_dims
[INFO] [stdout] 
[INFO] [stdout] test result: FAILED. 27 passed; 3 failed; 0 ignored; 0 measured; 0 filtered out; finished in 0.79s
[INFO] [stdout] 
[INFO] [stderr] error: test failed, to rerun pass `--lib`
[INFO] running `Command { std: "docker" "inspect" "e8eb5cee2c7cb6689d27a01052755e71fad476c57a20e1a0dd8cd7ebcda5ea70", kill_on_drop: false }`
[INFO] running `Command { std: "docker" "rm" "-f" "e8eb5cee2c7cb6689d27a01052755e71fad476c57a20e1a0dd8cd7ebcda5ea70", kill_on_drop: false }`
[INFO] [stdout] e8eb5cee2c7cb6689d27a01052755e71fad476c57a20e1a0dd8cd7ebcda5ea70
