[INFO] cloning repository https://github.com/thallada/skyrim-cell-dump
[INFO] running `Command { std: "git" "-c" "credential.helper=" "-c" "credential.helper=/workspace/cargo-home/bin/git-credential-null" "clone" "--bare" "https://github.com/thallada/skyrim-cell-dump" "/workspace/cache/git-repos/https%3A%2F%2Fgithub.com%2Fthallada%2Fskyrim-cell-dump", kill_on_drop: false }`
[INFO] [stderr] Cloning into bare repository '/workspace/cache/git-repos/https%3A%2F%2Fgithub.com%2Fthallada%2Fskyrim-cell-dump'...
[INFO] running `Command { std: "git" "rev-parse" "HEAD", kill_on_drop: false }`
[INFO] [stdout] 66ca50650b86cd954f09612f08114a54c99eac0e
[INFO] testing thallada/skyrim-cell-dump against 1.69.0 for beta-1.70-1
[INFO] running `Command { std: "git" "clone" "/workspace/cache/git-repos/https%3A%2F%2Fgithub.com%2Fthallada%2Fskyrim-cell-dump" "/workspace/builds/worker-0-tc1/source", kill_on_drop: false }`
[INFO] [stderr] Cloning into '/workspace/builds/worker-0-tc1/source'...
[INFO] [stderr] done.
[INFO] validating manifest of git repo https://github.com/thallada/skyrim-cell-dump on toolchain 1.69.0
[INFO] running `Command { std: CARGO_HOME="/workspace/cargo-home" RUSTUP_HOME="/workspace/rustup-home" "/workspace/cargo-home/bin/cargo" "+1.69.0" "metadata" "--manifest-path" "Cargo.toml" "--no-deps", kill_on_drop: false }`
[INFO] started tweaking git repo https://github.com/thallada/skyrim-cell-dump
[INFO] finished tweaking git repo https://github.com/thallada/skyrim-cell-dump
[INFO] tweaked toml for git repo https://github.com/thallada/skyrim-cell-dump written to /workspace/builds/worker-0-tc1/source/Cargo.toml
[INFO] crate git repo https://github.com/thallada/skyrim-cell-dump already has a lockfile, it will not be regenerated
[INFO] running `Command { std: CARGO_HOME="/workspace/cargo-home" RUSTUP_HOME="/workspace/rustup-home" "/workspace/cargo-home/bin/cargo" "+1.69.0" "fetch" "--manifest-path" "Cargo.toml", kill_on_drop: false }`
[INFO] running `Command { std: "docker" "create" "-v" "/var/lib/crater-agent-workspace/builds/worker-0-tc1/target:/opt/rustwide/target:rw,Z" "-v" "/var/lib/crater-agent-workspace/builds/worker-0-tc1/source:/opt/rustwide/workdir:ro,Z" "-v" "/var/lib/crater-agent-workspace/cargo-home:/opt/rustwide/cargo-home:ro,Z" "-v" "/var/lib/crater-agent-workspace/rustup-home:/opt/rustwide/rustup-home:ro,Z" "-e" "SOURCE_DIR=/opt/rustwide/workdir" "-e" "CARGO_TARGET_DIR=/opt/rustwide/target" "-e" "CARGO_HOME=/opt/rustwide/cargo-home" "-e" "RUSTUP_HOME=/opt/rustwide/rustup-home" "-w" "/opt/rustwide/workdir" "-m" "1610612736" "--user" "0:0" "--network" "none" "ghcr.io/rust-lang/crates-build-env/linux@sha256:5ff2268d62e97bff2cde7d5815dd6ed5b47097566f13b8d0ca110b04b60e07ed" "/opt/rustwide/cargo-home/bin/cargo" "+1.69.0" "metadata" "--no-deps" "--format-version=1", kill_on_drop: false }`
[INFO] [stdout] 5a6720c224c21c52560259577604fc14d26d9908f27d012f29f35c6adece09f4
[INFO] running `Command { std: "docker" "start" "-a" "5a6720c224c21c52560259577604fc14d26d9908f27d012f29f35c6adece09f4", kill_on_drop: false }`
[INFO] running `Command { std: "docker" "inspect" "5a6720c224c21c52560259577604fc14d26d9908f27d012f29f35c6adece09f4", kill_on_drop: false }`
[INFO] running `Command { std: "docker" "rm" "-f" "5a6720c224c21c52560259577604fc14d26d9908f27d012f29f35c6adece09f4", kill_on_drop: false }`
[INFO] [stdout] 5a6720c224c21c52560259577604fc14d26d9908f27d012f29f35c6adece09f4
[INFO] running `Command { std: "docker" "create" "-v" "/var/lib/crater-agent-workspace/builds/worker-0-tc1/target:/opt/rustwide/target:rw,Z" "-v" "/var/lib/crater-agent-workspace/builds/worker-0-tc1/source:/opt/rustwide/workdir:ro,Z" "-v" "/var/lib/crater-agent-workspace/cargo-home:/opt/rustwide/cargo-home:ro,Z" "-v" "/var/lib/crater-agent-workspace/rustup-home:/opt/rustwide/rustup-home:ro,Z" "-e" "SOURCE_DIR=/opt/rustwide/workdir" "-e" "CARGO_TARGET_DIR=/opt/rustwide/target" "-e" "CARGO_INCREMENTAL=0" "-e" "RUST_BACKTRACE=full" "-e" "RUSTFLAGS=--cap-lints=warn" "-e" "RUSTDOCFLAGS=--cap-lints=warn" "-e" "CARGO_HOME=/opt/rustwide/cargo-home" "-e" "RUSTUP_HOME=/opt/rustwide/rustup-home" "-w" "/opt/rustwide/workdir" "-m" "1610612736" "--user" "0:0" "--network" "none" "ghcr.io/rust-lang/crates-build-env/linux@sha256:5ff2268d62e97bff2cde7d5815dd6ed5b47097566f13b8d0ca110b04b60e07ed" "/opt/rustwide/cargo-home/bin/cargo" "+1.69.0" "build" "--frozen" "--message-format=json", kill_on_drop: false }`
[INFO] [stdout] cb99a5af01c1bff2bd0336428019711cb7d35617c762c9dd0ddd5de3b7c9369a
[INFO] running `Command { std: "docker" "start" "-a" "cb99a5af01c1bff2bd0336428019711cb7d35617c762c9dd0ddd5de3b7c9369a", kill_on_drop: false }`
[INFO] [stderr]    Compiling proc-macro2 v1.0.27
[INFO] [stderr]    Compiling unicode-xid v0.2.2
[INFO] [stderr]    Compiling cfg-if v1.0.0
[INFO] [stderr]    Compiling radium v0.5.3
[INFO] [stderr]    Compiling bitflags v1.2.1
[INFO] [stderr]    Compiling autocfg v1.0.1
[INFO] [stderr]    Compiling ryu v1.0.5
[INFO] [stderr]    Compiling syn v1.0.72
[INFO] [stderr]    Compiling serde_derive v1.0.126
[INFO] [stderr]    Compiling libc v0.2.87
[INFO] [stderr]    Compiling version_check v0.9.2
[INFO] [stderr]    Compiling lexical-core v0.7.5
[INFO] [stderr]    Compiling memchr v2.3.4
[INFO] [stderr]    Compiling crc32fast v1.2.1
[INFO] [stderr]    Compiling serde v1.0.126
[INFO] [stderr]    Compiling funty v1.1.0
[INFO] [stderr]    Compiling arrayvec v0.5.2
[INFO] [stderr]    Compiling anyhow v1.0.38
[INFO] [stderr]    Compiling static_assertions v1.1.0
[INFO] [stderr]    Compiling adler v1.0.2
[INFO] [stderr]    Compiling encoding_rs v0.8.28
[INFO] [stderr]    Compiling nom v6.1.2
[INFO] [stderr]    Compiling tap v1.0.1
[INFO] [stderr]    Compiling wyz v0.2.0
[INFO] [stderr]    Compiling miniz_oxide v0.4.4
[INFO] [stderr]    Compiling bitvec v0.19.4
[INFO] [stderr]    Compiling quote v1.0.9
[INFO] [stderr]    Compiling flate2 v1.0.20
[INFO] [stderr]    Compiling skyrim-cell-dump v0.4.1 (/opt/rustwide/workdir)
[INFO] [stdout] warning: unused import: `std::iter::FromIterator`
[INFO] [stdout]  --> src/parser.rs:4:5
[INFO] [stdout]   |
[INFO] [stdout] 4 | use std::iter::FromIterator;
[INFO] [stdout]   |     ^^^^^^^^^^^^^^^^^^^^^^^
[INFO] [stdout]   |
[INFO] [stdout]   = note: `#[warn(unused_imports)]` on by default
[INFO] [stdout] 
[INFO] [stdout] 
[INFO] [stdout] warning: unused import: `nom::error::ParseError`
[INFO] [stdout]   --> src/parser.rs:11:5
[INFO] [stdout]    |
[INFO] [stdout] 11 | use nom::error::ParseError;
[INFO] [stdout]    |     ^^^^^^^^^^^^^^^^^^^^^^
[INFO] [stdout] 
[INFO] [stdout] 
[INFO] [stdout] warning: fields `timestamp` and `version_control_info` are never read
[INFO] [stdout]    --> src/parser.rs:101:5
[INFO] [stdout]     |
[INFO] [stdout] 97  | struct GroupHeader<'a> {
[INFO] [stdout]     |        ----------- fields in this struct
[INFO] [stdout] ...
[INFO] [stdout] 101 |     timestamp: u16,
[INFO] [stdout]     |     ^^^^^^^^^
[INFO] [stdout] 102 |     version_control_info: u16,
[INFO] [stdout]     |     ^^^^^^^^^^^^^^^^^^^^
[INFO] [stdout]     |
[INFO] [stdout]     = note: `GroupHeader` has a derived impl for the trait `Debug`, but this is intentionally ignored during dead code analysis
[INFO] [stdout]     = note: `#[warn(dead_code)]` on by default
[INFO] [stdout] 
[INFO] [stdout] 
[INFO] [stdout] warning: fields `timestamp`, `version_control_info`, and `version` are never read
[INFO] [stdout]    --> src/parser.rs:111:5
[INFO] [stdout]     |
[INFO] [stdout] 106 | struct RecordHeader<'a> {
[INFO] [stdout]     |        ------------ fields in this struct
[INFO] [stdout] ...
[INFO] [stdout] 111 |     timestamp: u16,
[INFO] [stdout]     |     ^^^^^^^^^
[INFO] [stdout] 112 |     version_control_info: u16,
[INFO] [stdout]     |     ^^^^^^^^^^^^^^^^^^^^
[INFO] [stdout] 113 |     version: u16,
[INFO] [stdout]     |     ^^^^^^^
[INFO] [stdout]     |
[INFO] [stdout]     = note: `RecordHeader` has a derived impl for the trait `Debug`, but this is intentionally ignored during dead code analysis
[INFO] [stdout] 
[INFO] [stdout] 
[INFO] [stdout] warning: 4 warnings emitted
[INFO] [stdout] 
[INFO] [stdout] 
[INFO] [stderr]     Finished dev [unoptimized + debuginfo] target(s) in 12.16s
[INFO] [stderr] warning: the following packages contain code that will be rejected by a future version of Rust: nom v6.1.2
[INFO] [stderr] note: to see what the problems were, use the option `--future-incompat-report`, or run `cargo report future-incompatibilities --id 1`
[INFO] running `Command { std: "docker" "inspect" "cb99a5af01c1bff2bd0336428019711cb7d35617c762c9dd0ddd5de3b7c9369a", kill_on_drop: false }`
[INFO] running `Command { std: "docker" "rm" "-f" "cb99a5af01c1bff2bd0336428019711cb7d35617c762c9dd0ddd5de3b7c9369a", kill_on_drop: false }`
[INFO] [stdout] cb99a5af01c1bff2bd0336428019711cb7d35617c762c9dd0ddd5de3b7c9369a
[INFO] running `Command { std: "docker" "create" "-v" "/var/lib/crater-agent-workspace/builds/worker-0-tc1/target:/opt/rustwide/target:rw,Z" "-v" "/var/lib/crater-agent-workspace/builds/worker-0-tc1/source:/opt/rustwide/workdir:ro,Z" "-v" "/var/lib/crater-agent-workspace/cargo-home:/opt/rustwide/cargo-home:ro,Z" "-v" "/var/lib/crater-agent-workspace/rustup-home:/opt/rustwide/rustup-home:ro,Z" "-e" "SOURCE_DIR=/opt/rustwide/workdir" "-e" "CARGO_TARGET_DIR=/opt/rustwide/target" "-e" "CARGO_INCREMENTAL=0" "-e" "RUST_BACKTRACE=full" "-e" "RUSTFLAGS=--cap-lints=warn" "-e" "RUSTDOCFLAGS=--cap-lints=warn" "-e" "CARGO_HOME=/opt/rustwide/cargo-home" "-e" "RUSTUP_HOME=/opt/rustwide/rustup-home" "-w" "/opt/rustwide/workdir" "-m" "1610612736" "--user" "0:0" "--network" "none" "ghcr.io/rust-lang/crates-build-env/linux@sha256:5ff2268d62e97bff2cde7d5815dd6ed5b47097566f13b8d0ca110b04b60e07ed" "/opt/rustwide/cargo-home/bin/cargo" "+1.69.0" "test" "--frozen" "--no-run" "--message-format=json", kill_on_drop: false }`
[INFO] [stdout] 2e50789b2af59d8ec3e020bc4d2e5cc6561b98f933efa8dfb9d64aa9f8b32e1c
[INFO] running `Command { std: "docker" "start" "-a" "2e50789b2af59d8ec3e020bc4d2e5cc6561b98f933efa8dfb9d64aa9f8b32e1c", kill_on_drop: false }`
[INFO] [stdout] warning: unused import: `std::iter::FromIterator`
[INFO] [stdout]  --> src/parser.rs:4:5
[INFO] [stdout]   |
[INFO] [stdout] 4 | use std::iter::FromIterator;
[INFO] [stdout]   |     ^^^^^^^^^^^^^^^^^^^^^^^
[INFO] [stdout]   |
[INFO] [stdout]   = note: `#[warn(unused_imports)]` on by default
[INFO] [stdout] 
[INFO] [stdout] 
[INFO] [stdout] warning: unused import: `nom::error::ParseError`
[INFO] [stdout]   --> src/parser.rs:11:5
[INFO] [stdout]    |
[INFO] [stdout] 11 | use nom::error::ParseError;
[INFO] [stdout]    |     ^^^^^^^^^^^^^^^^^^^^^^
[INFO] [stdout] 
[INFO] [stdout] 
[INFO] [stdout] warning: fields `timestamp` and `version_control_info` are never read
[INFO] [stdout]    --> src/parser.rs:101:5
[INFO] [stdout]     |
[INFO] [stdout] 97  | struct GroupHeader<'a> {
[INFO] [stdout]     |        ----------- fields in this struct
[INFO] [stdout] ...
[INFO] [stdout] 101 |     timestamp: u16,
[INFO] [stdout]     |     ^^^^^^^^^
[INFO] [stdout] 102 |     version_control_info: u16,
[INFO] [stdout]     |     ^^^^^^^^^^^^^^^^^^^^
[INFO] [stdout]     |
[INFO] [stdout]     = note: `GroupHeader` has a derived impl for the trait `Debug`, but this is intentionally ignored during dead code analysis
[INFO] [stdout]     = note: `#[warn(dead_code)]` on by default
[INFO] [stdout] 
[INFO] [stdout] 
[INFO] [stdout] warning: fields `timestamp`, `version_control_info`, and `version` are never read
[INFO] [stdout]    --> src/parser.rs:111:5
[INFO] [stdout]     |
[INFO] [stdout] 106 | struct RecordHeader<'a> {
[INFO] [stdout]     |        ------------ fields in this struct
[INFO] [stdout] ...
[INFO] [stdout] 111 |     timestamp: u16,
[INFO] [stdout]     |     ^^^^^^^^^
[INFO] [stdout] 112 |     version_control_info: u16,
[INFO] [stdout]     |     ^^^^^^^^^^^^^^^^^^^^
[INFO] [stdout] 113 |     version: u16,
[INFO] [stdout]     |     ^^^^^^^
[INFO] [stdout]     |
[INFO] [stdout]     = note: `RecordHeader` has a derived impl for the trait `Debug`, but this is intentionally ignored during dead code analysis
[INFO] [stdout] 
[INFO] [stdout] 
[INFO] [stdout] warning: 4 warnings emitted
[INFO] [stdout] 
[INFO] [stdout] 
[INFO] [stderr]    Compiling skyrim-cell-dump v0.4.1 (/opt/rustwide/workdir)
[INFO] [stdout] warning: unused import: `std::iter::FromIterator`
[INFO] [stdout]  --> src/parser.rs:4:5
[INFO] [stdout]   |
[INFO] [stdout] 4 | use std::iter::FromIterator;
[INFO] [stdout]   |     ^^^^^^^^^^^^^^^^^^^^^^^
[INFO] [stdout]   |
[INFO] [stdout]   = note: `#[warn(unused_imports)]` on by default
[INFO] [stdout] 
[INFO] [stdout] 
[INFO] [stdout] warning: unused import: `nom::error::ParseError`
[INFO] [stdout]   --> src/parser.rs:11:5
[INFO] [stdout]    |
[INFO] [stdout] 11 | use nom::error::ParseError;
[INFO] [stdout]    |     ^^^^^^^^^^^^^^^^^^^^^^
[INFO] [stdout] 
[INFO] [stdout] 
[INFO] [stdout] warning: fields `timestamp` and `version_control_info` are never read
[INFO] [stdout]    --> src/parser.rs:101:5
[INFO] [stdout]     |
[INFO] [stdout] 97  | struct GroupHeader<'a> {
[INFO] [stdout]     |        ----------- fields in this struct
[INFO] [stdout] ...
[INFO] [stdout] 101 |     timestamp: u16,
[INFO] [stdout]     |     ^^^^^^^^^
[INFO] [stdout] 102 |     version_control_info: u16,
[INFO] [stdout]     |     ^^^^^^^^^^^^^^^^^^^^
[INFO] [stdout]     |
[INFO] [stdout]     = note: `GroupHeader` has a derived impl for the trait `Debug`, but this is intentionally ignored during dead code analysis
[INFO] [stdout]     = note: `#[warn(dead_code)]` on by default
[INFO] [stdout] 
[INFO] [stdout] 
[INFO] [stdout] warning: fields `timestamp`, `version_control_info`, and `version` are never read
[INFO] [stdout]    --> src/parser.rs:111:5
[INFO] [stdout]     |
[INFO] [stdout] 106 | struct RecordHeader<'a> {
[INFO] [stdout]     |        ------------ fields in this struct
[INFO] [stdout] ...
[INFO] [stdout] 111 |     timestamp: u16,
[INFO] [stdout]     |     ^^^^^^^^^
[INFO] [stdout] 112 |     version_control_info: u16,
[INFO] [stdout]     |     ^^^^^^^^^^^^^^^^^^^^
[INFO] [stdout] 113 |     version: u16,
[INFO] [stdout]     |     ^^^^^^^
[INFO] [stdout]     |
[INFO] [stdout]     = note: `RecordHeader` has a derived impl for the trait `Debug`, but this is intentionally ignored during dead code analysis
[INFO] [stdout] 
[INFO] [stdout] 
[INFO] [stdout] warning: 4 warnings emitted
[INFO] [stdout] 
[INFO] [stdout] 
[INFO] [stderr]     Finished test [unoptimized + debuginfo] target(s) in 0.39s
[INFO] [stderr] warning: the following packages contain code that will be rejected by a future version of Rust: nom v6.1.2
[INFO] [stderr] note: to see what the problems were, use the option `--future-incompat-report`, or run `cargo report future-incompatibilities --id 1`
[INFO] running `Command { std: "docker" "inspect" "2e50789b2af59d8ec3e020bc4d2e5cc6561b98f933efa8dfb9d64aa9f8b32e1c", kill_on_drop: false }`
[INFO] running `Command { std: "docker" "rm" "-f" "2e50789b2af59d8ec3e020bc4d2e5cc6561b98f933efa8dfb9d64aa9f8b32e1c", kill_on_drop: false }`
[INFO] [stdout] 2e50789b2af59d8ec3e020bc4d2e5cc6561b98f933efa8dfb9d64aa9f8b32e1c
[INFO] running `Command { std: "docker" "create" "-v" "/var/lib/crater-agent-workspace/builds/worker-0-tc1/target:/opt/rustwide/target:rw,Z" "-v" "/var/lib/crater-agent-workspace/builds/worker-0-tc1/source:/opt/rustwide/workdir:ro,Z" "-v" "/var/lib/crater-agent-workspace/cargo-home:/opt/rustwide/cargo-home:ro,Z" "-v" "/var/lib/crater-agent-workspace/rustup-home:/opt/rustwide/rustup-home:ro,Z" "-e" "SOURCE_DIR=/opt/rustwide/workdir" "-e" "CARGO_TARGET_DIR=/opt/rustwide/target" "-e" "CARGO_INCREMENTAL=0" "-e" "RUST_BACKTRACE=full" "-e" "RUSTFLAGS=--cap-lints=warn" "-e" "RUSTDOCFLAGS=--cap-lints=warn" "-e" "CARGO_HOME=/opt/rustwide/cargo-home" "-e" "RUSTUP_HOME=/opt/rustwide/rustup-home" "-w" "/opt/rustwide/workdir" "-m" "1610612736" "--user" "0:0" "--network" "none" "ghcr.io/rust-lang/crates-build-env/linux@sha256:5ff2268d62e97bff2cde7d5815dd6ed5b47097566f13b8d0ca110b04b60e07ed" "/opt/rustwide/cargo-home/bin/cargo" "+1.69.0" "test" "--frozen", kill_on_drop: false }`
[INFO] [stdout] e8871e337bedeb542530743dd20b987129a97691494925b571065989de16657d
[INFO] running `Command { std: "docker" "start" "-a" "e8871e337bedeb542530743dd20b987129a97691494925b571065989de16657d", kill_on_drop: false }`
[INFO] [stderr] warning: unused import: `std::iter::FromIterator`
[INFO] [stderr]  --> src/parser.rs:4:5
[INFO] [stderr]   |
[INFO] [stderr] 4 | use std::iter::FromIterator;
[INFO] [stderr]   |     ^^^^^^^^^^^^^^^^^^^^^^^
[INFO] [stderr]   |
[INFO] [stderr]   = note: `#[warn(unused_imports)]` on by default
[INFO] [stderr] 
[INFO] [stderr] warning: unused import: `nom::error::ParseError`
[INFO] [stderr]   --> src/parser.rs:11:5
[INFO] [stderr]    |
[INFO] [stderr] 11 | use nom::error::ParseError;
[INFO] [stderr]    |     ^^^^^^^^^^^^^^^^^^^^^^
[INFO] [stderr] 
[INFO] [stderr] warning: fields `timestamp` and `version_control_info` are never read
[INFO] [stderr]    --> src/parser.rs:101:5
[INFO] [stderr]     |
[INFO] [stderr] 97  | struct GroupHeader<'a> {
[INFO] [stderr]     |        ----------- fields in this struct
[INFO] [stderr] ...
[INFO] [stderr] 101 |     timestamp: u16,
[INFO] [stderr]     |     ^^^^^^^^^
[INFO] [stderr] 102 |     version_control_info: u16,
[INFO] [stderr]     |     ^^^^^^^^^^^^^^^^^^^^
[INFO] [stderr]     |
[INFO] [stderr]     = note: `GroupHeader` has a derived impl for the trait `Debug`, but this is intentionally ignored during dead code analysis
[INFO] [stderr]     = note: `#[warn(dead_code)]` on by default
[INFO] [stderr] 
[INFO] [stderr] warning: fields `timestamp`, `version_control_info`, and `version` are never read
[INFO] [stderr]    --> src/parser.rs:111:5
[INFO] [stderr]     |
[INFO] [stderr] 106 | struct RecordHeader<'a> {
[INFO] [stderr]     |        ------------ fields in this struct
[INFO] [stderr] ...
[INFO] [stderr] 111 |     timestamp: u16,
[INFO] [stderr]     |     ^^^^^^^^^
[INFO] [stderr] 112 |     version_control_info: u16,
[INFO] [stderr]     |     ^^^^^^^^^^^^^^^^^^^^
[INFO] [stderr] 113 |     version: u16,
[INFO] [stderr]     |     ^^^^^^^
[INFO] [stderr]     |
[INFO] [stderr]     = note: `RecordHeader` has a derived impl for the trait `Debug`, but this is intentionally ignored during dead code analysis
[INFO] [stderr] 
[INFO] [stderr] warning: `skyrim-cell-dump` (lib) generated 4 warnings (run `cargo fix --lib -p skyrim-cell-dump` to apply 1 suggestion)
[INFO] [stderr] warning: `skyrim-cell-dump` (lib test) generated 4 warnings (4 duplicates)
[INFO] [stderr]     Finished test [unoptimized + debuginfo] target(s) in 0.02s
[INFO] [stderr] warning: the following packages contain code that will be rejected by a future version of Rust: nom v6.1.2
[INFO] [stderr] note: to see what the problems were, use the option `--future-incompat-report`, or run `cargo report future-incompatibilities --id 1`
[INFO] [stderr]      Running unittests src/lib.rs (/opt/rustwide/target/debug/deps/skyrim_cell_dump-1b1ebc596426f9e5)
[INFO] [stdout] 
[INFO] [stdout] running 0 tests
[INFO] [stdout] 
[INFO] [stdout] test result: ok. 0 passed; 0 failed; 0 ignored; 0 measured; 0 filtered out; finished in 0.00s
[INFO] [stdout] 
[INFO] [stderr]    Doc-tests skyrim-cell-dump
[INFO] [stdout] 
[INFO] [stdout] running 1 test
[INFO] [stdout] test src/parser.rs - parser::parse_plugin (line 217) ... FAILED
[INFO] [stdout] 
[INFO] [stdout] failures:
[INFO] [stdout] 
[INFO] [stdout] ---- src/parser.rs - parser::parse_plugin (line 217) stdout ----
[INFO] [stdout] Test executable failed (exit status: 101).
[INFO] [stdout] 
[INFO] [stdout] stderr:
[INFO] [stdout] thread 'main' panicked at 'called `Result::unwrap()` on an `Err` value: Os { code: 2, kind: NotFound, message: "No such file or directory" }', src/parser.rs:6:51
[INFO] [stdout] stack backtrace:
[INFO] [stdout]    0:     0x55752a33d79a - std::backtrace_rs::backtrace::libunwind::trace::ha9053a9a07ca49cb
[INFO] [stdout]                                at /rustc/84c898d65adf2f39a5a98507f1fe0ce10a2b8dbc/library/std/src/../../backtrace/src/backtrace/libunwind.rs:93:5
[INFO] [stdout]    1:     0x55752a33d79a - std::backtrace_rs::backtrace::trace_unsynchronized::h9c2852a457ad564e
[INFO] [stdout]                                at /rustc/84c898d65adf2f39a5a98507f1fe0ce10a2b8dbc/library/std/src/../../backtrace/src/backtrace/mod.rs:66:5
[INFO] [stdout]    2:     0x55752a33d79a - std::sys_common::backtrace::_print_fmt::h457936fbfaa0070f
[INFO] [stdout]                                at /rustc/84c898d65adf2f39a5a98507f1fe0ce10a2b8dbc/library/std/src/sys_common/backtrace.rs:65:5
[INFO] [stdout]    3:     0x55752a33d79a - <std::sys_common::backtrace::_print::DisplayBacktrace as core::fmt::Display>::fmt::h5779d7bf7f70cb0c
[INFO] [stdout]                                at /rustc/84c898d65adf2f39a5a98507f1fe0ce10a2b8dbc/library/std/src/sys_common/backtrace.rs:44:22
[INFO] [stdout]    4:     0x55752a35790e - core::fmt::write::h5a4baaff1bcd3eb5
[INFO] [stdout]                                at /rustc/84c898d65adf2f39a5a98507f1fe0ce10a2b8dbc/library/core/src/fmt/mod.rs:1232:17
[INFO] [stdout]    5:     0x55752a33b915 - std::io::Write::write_fmt::h4bc1f301cb9e9cce
[INFO] [stdout]                                at /rustc/84c898d65adf2f39a5a98507f1fe0ce10a2b8dbc/library/std/src/io/mod.rs:1684:15
[INFO] [stdout]    6:     0x55752a33d565 - std::sys_common::backtrace::_print::h5fcdc36060f177e8
[INFO] [stdout]                                at /rustc/84c898d65adf2f39a5a98507f1fe0ce10a2b8dbc/library/std/src/sys_common/backtrace.rs:47:5
[INFO] [stdout]    7:     0x55752a33d565 - std::sys_common::backtrace::print::h54ca9458b876c8bf
[INFO] [stdout]                                at /rustc/84c898d65adf2f39a5a98507f1fe0ce10a2b8dbc/library/std/src/sys_common/backtrace.rs:34:9
[INFO] [stdout]    8:     0x55752a33ebbf - std::panicking::default_hook::{{closure}}::hbe471161c7664ed6
[INFO] [stdout]                                at /rustc/84c898d65adf2f39a5a98507f1fe0ce10a2b8dbc/library/std/src/panicking.rs:271:22
[INFO] [stdout]    9:     0x55752a33e8fb - std::panicking::default_hook::ha3500da57aa4ac4f
[INFO] [stdout]                                at /rustc/84c898d65adf2f39a5a98507f1fe0ce10a2b8dbc/library/std/src/panicking.rs:290:9
[INFO] [stdout]   10:     0x55752a33f168 - std::panicking::rust_panic_with_hook::h50c09d000dc561d2
[INFO] [stdout]                                at /rustc/84c898d65adf2f39a5a98507f1fe0ce10a2b8dbc/library/std/src/panicking.rs:692:13
[INFO] [stdout]   11:     0x55752a33f069 - std::panicking::begin_panic_handler::{{closure}}::h9e2b2176e00e0d9c
[INFO] [stdout]                                at /rustc/84c898d65adf2f39a5a98507f1fe0ce10a2b8dbc/library/std/src/panicking.rs:583:13
[INFO] [stdout]   12:     0x55752a33dc06 - std::sys_common::backtrace::__rust_end_short_backtrace::h5739b8e512c09d02
[INFO] [stdout]                                at /rustc/84c898d65adf2f39a5a98507f1fe0ce10a2b8dbc/library/std/src/sys_common/backtrace.rs:150:18
[INFO] [stdout]   13:     0x55752a33ed72 - rust_begin_unwind
[INFO] [stdout]                                at /rustc/84c898d65adf2f39a5a98507f1fe0ce10a2b8dbc/library/std/src/panicking.rs:579:5
[INFO] [stdout]   14:     0x55752a2a2f33 - core::panicking::panic_fmt::hf33a1475b4dc5c3e
[INFO] [stdout]                                at /rustc/84c898d65adf2f39a5a98507f1fe0ce10a2b8dbc/library/core/src/panicking.rs:64:14
[INFO] [stdout]   15:     0x55752a2a3323 - core::result::unwrap_failed::hdff5465d74574b44
[INFO] [stdout]                                at /rustc/84c898d65adf2f39a5a98507f1fe0ce10a2b8dbc/library/core/src/result.rs:1750:5
[INFO] [stdout]   16:     0x55752a2a38cc - core::result::Result<T,E>::unwrap::hbf4bf649b2128649
[INFO] [stdout]   17:     0x55752a2a398d - rust_out::main::_doctest_main_src_parser_rs_217_0::h9f6720805449fa00
[INFO] [stdout]   18:     0x55752a2a3946 - rust_out::main::h045d0fd74ed7290e
[INFO] [stdout]   19:     0x55752a2a3673 - core::ops::function::FnOnce::call_once::h5b89dea722ea21ad
[INFO] [stdout]   20:     0x55752a2a3539 - std::sys_common::backtrace::__rust_begin_short_backtrace::hc178e4cfacf1803d
[INFO] [stdout]   21:     0x55752a2a35f9 - std::rt::lang_start::{{closure}}::he8c5d60628d06093
[INFO] [stdout]   22:     0x55752a3392dc - core::ops::function::impls::<impl core::ops::function::FnOnce<A> for &F>::call_once::hd6efcd3bec896f2c
[INFO] [stdout]                                at /rustc/84c898d65adf2f39a5a98507f1fe0ce10a2b8dbc/library/core/src/ops/function.rs:287:13
[INFO] [stdout]   23:     0x55752a3392dc - std::panicking::try::do_call::hce04e543bb1f4cbb
[INFO] [stdout]                                at /rustc/84c898d65adf2f39a5a98507f1fe0ce10a2b8dbc/library/std/src/panicking.rs:487:40
[INFO] [stdout]   24:     0x55752a3392dc - std::panicking::try::h3342dd4e1f680968
[INFO] [stdout]                                at /rustc/84c898d65adf2f39a5a98507f1fe0ce10a2b8dbc/library/std/src/panicking.rs:451:19
[INFO] [stdout]   25:     0x55752a3392dc - std::panic::catch_unwind::h148ce1e59ac0cee7
[INFO] [stdout]                                at /rustc/84c898d65adf2f39a5a98507f1fe0ce10a2b8dbc/library/std/src/panic.rs:140:14
[INFO] [stdout]   26:     0x55752a3392dc - std::rt::lang_start_internal::{{closure}}::h25f9dda2057a67fe
[INFO] [stdout]                                at /rustc/84c898d65adf2f39a5a98507f1fe0ce10a2b8dbc/library/std/src/rt.rs:148:48
[INFO] [stdout]   27:     0x55752a3392dc - std::panicking::try::do_call::h7caaaeaf9401650b
[INFO] [stdout]                                at /rustc/84c898d65adf2f39a5a98507f1fe0ce10a2b8dbc/library/std/src/panicking.rs:487:40
[INFO] [stdout]   28:     0x55752a3392dc - std::panicking::try::he7d15285746cbbc2
[INFO] [stdout]                                at /rustc/84c898d65adf2f39a5a98507f1fe0ce10a2b8dbc/library/std/src/panicking.rs:451:19
[INFO] [stdout]   29:     0x55752a3392dc - std::panic::catch_unwind::h89fb4f50c0301fe0
[INFO] [stdout]                                at /rustc/84c898d65adf2f39a5a98507f1fe0ce10a2b8dbc/library/std/src/panic.rs:140:14
[INFO] [stdout]   30:     0x55752a3392dc - std::rt::lang_start_internal::h078acd489417d3c1
[INFO] [stdout]                                at /rustc/84c898d65adf2f39a5a98507f1fe0ce10a2b8dbc/library/std/src/rt.rs:148:20
[INFO] [stdout]   31:     0x55752a2a35d7 - std::rt::lang_start::h335d6166ecad8ac7
[INFO] [stdout]   32:     0x55752a2a3a55 - main
[INFO] [stdout]   33:     0x7f1dfba7ed90 - <unknown>
[INFO] [stdout]   34:     0x7f1dfba7ee40 - __libc_start_main
[INFO] [stdout]   35:     0x55752a2a3465 - _start
[INFO] [stdout]   36:                0x0 - <unknown>
[INFO] [stdout] 
[INFO] [stdout] 
[INFO] [stdout] 
[INFO] [stdout] failures:
[INFO] [stdout]     src/parser.rs - parser::parse_plugin (line 217)
[INFO] [stdout] 
[INFO] [stdout] test result: FAILED. 0 passed; 1 failed; 0 ignored; 0 measured; 0 filtered out; finished in 0.27s
[INFO] [stdout] 
[INFO] [stderr] error: doctest failed, to rerun pass `--doc`
[INFO] running `Command { std: "docker" "inspect" "e8871e337bedeb542530743dd20b987129a97691494925b571065989de16657d", kill_on_drop: false }`
[INFO] running `Command { std: "docker" "rm" "-f" "e8871e337bedeb542530743dd20b987129a97691494925b571065989de16657d", kill_on_drop: false }`
[INFO] [stdout] e8871e337bedeb542530743dd20b987129a97691494925b571065989de16657d
