[INFO] cloning repository https://github.com/tdbgamer/Tail
[INFO] running `Command { std: "git" "-c" "credential.helper=" "-c" "credential.helper=/workspace/cargo-home/bin/git-credential-null" "clone" "--bare" "https://github.com/tdbgamer/Tail" "/workspace/cache/git-repos/https%3A%2F%2Fgithub.com%2Ftdbgamer%2FTail", kill_on_drop: false }`
[INFO] [stderr] Cloning into bare repository '/workspace/cache/git-repos/https%3A%2F%2Fgithub.com%2Ftdbgamer%2FTail'...
[INFO] running `Command { std: "git" "rev-parse" "HEAD", kill_on_drop: false }`
[INFO] [stdout] 1069726689b1a085d4addbd7e10ce803059b20b5
[INFO] testing tdbgamer/Tail against 1.69.0 for beta-1.70-1
[INFO] running `Command { std: "git" "clone" "/workspace/cache/git-repos/https%3A%2F%2Fgithub.com%2Ftdbgamer%2FTail" "/workspace/builds/worker-2-tc1/source", kill_on_drop: false }`
[INFO] [stderr] Cloning into '/workspace/builds/worker-2-tc1/source'...
[INFO] [stderr] done.
[INFO] validating manifest of git repo https://github.com/tdbgamer/Tail on toolchain 1.69.0
[INFO] running `Command { std: CARGO_HOME="/workspace/cargo-home" RUSTUP_HOME="/workspace/rustup-home" "/workspace/cargo-home/bin/cargo" "+1.69.0" "metadata" "--manifest-path" "Cargo.toml" "--no-deps", kill_on_drop: false }`
[INFO] started tweaking git repo https://github.com/tdbgamer/Tail
[INFO] finished tweaking git repo https://github.com/tdbgamer/Tail
[INFO] tweaked toml for git repo https://github.com/tdbgamer/Tail written to /workspace/builds/worker-2-tc1/source/Cargo.toml
[INFO] crate git repo https://github.com/tdbgamer/Tail already has a lockfile, it will not be regenerated
[INFO] running `Command { std: CARGO_HOME="/workspace/cargo-home" RUSTUP_HOME="/workspace/rustup-home" "/workspace/cargo-home/bin/cargo" "+1.69.0" "fetch" "--manifest-path" "Cargo.toml", kill_on_drop: false }`
[INFO] [stderr]  Downloading crates ...
[INFO] [stderr]   Downloaded inotify v0.5.0
[INFO] [stderr]   Downloaded inotify-sys v0.1.2
[INFO] running `Command { std: "docker" "create" "-v" "/var/lib/crater-agent-workspace/builds/worker-2-tc1/target:/opt/rustwide/target:rw,Z" "-v" "/var/lib/crater-agent-workspace/builds/worker-2-tc1/source:/opt/rustwide/workdir:ro,Z" "-v" "/var/lib/crater-agent-workspace/cargo-home:/opt/rustwide/cargo-home:ro,Z" "-v" "/var/lib/crater-agent-workspace/rustup-home:/opt/rustwide/rustup-home:ro,Z" "-e" "SOURCE_DIR=/opt/rustwide/workdir" "-e" "CARGO_TARGET_DIR=/opt/rustwide/target" "-e" "CARGO_HOME=/opt/rustwide/cargo-home" "-e" "RUSTUP_HOME=/opt/rustwide/rustup-home" "-w" "/opt/rustwide/workdir" "-m" "1610612736" "--user" "0:0" "--network" "none" "ghcr.io/rust-lang/crates-build-env/linux@sha256:5ff2268d62e97bff2cde7d5815dd6ed5b47097566f13b8d0ca110b04b60e07ed" "/opt/rustwide/cargo-home/bin/cargo" "+1.69.0" "metadata" "--no-deps" "--format-version=1", kill_on_drop: false }`
[INFO] [stdout] 3d601a593c1d9e630cd10ad1c6b02ed524c70e0f83fda0c4ab437f868574d7bb
[INFO] running `Command { std: "docker" "start" "-a" "3d601a593c1d9e630cd10ad1c6b02ed524c70e0f83fda0c4ab437f868574d7bb", kill_on_drop: false }`
[INFO] running `Command { std: "docker" "inspect" "3d601a593c1d9e630cd10ad1c6b02ed524c70e0f83fda0c4ab437f868574d7bb", kill_on_drop: false }`
[INFO] running `Command { std: "docker" "rm" "-f" "3d601a593c1d9e630cd10ad1c6b02ed524c70e0f83fda0c4ab437f868574d7bb", kill_on_drop: false }`
[INFO] [stdout] 3d601a593c1d9e630cd10ad1c6b02ed524c70e0f83fda0c4ab437f868574d7bb
[INFO] running `Command { std: "docker" "create" "-v" "/var/lib/crater-agent-workspace/builds/worker-2-tc1/target:/opt/rustwide/target:rw,Z" "-v" "/var/lib/crater-agent-workspace/builds/worker-2-tc1/source:/opt/rustwide/workdir:ro,Z" "-v" "/var/lib/crater-agent-workspace/cargo-home:/opt/rustwide/cargo-home:ro,Z" "-v" "/var/lib/crater-agent-workspace/rustup-home:/opt/rustwide/rustup-home:ro,Z" "-e" "SOURCE_DIR=/opt/rustwide/workdir" "-e" "CARGO_TARGET_DIR=/opt/rustwide/target" "-e" "CARGO_INCREMENTAL=0" "-e" "RUST_BACKTRACE=full" "-e" "RUSTFLAGS=--cap-lints=warn" "-e" "RUSTDOCFLAGS=--cap-lints=warn" "-e" "CARGO_HOME=/opt/rustwide/cargo-home" "-e" "RUSTUP_HOME=/opt/rustwide/rustup-home" "-w" "/opt/rustwide/workdir" "-m" "1610612736" "--user" "0:0" "--network" "none" "ghcr.io/rust-lang/crates-build-env/linux@sha256:5ff2268d62e97bff2cde7d5815dd6ed5b47097566f13b8d0ca110b04b60e07ed" "/opt/rustwide/cargo-home/bin/cargo" "+1.69.0" "build" "--frozen" "--message-format=json", kill_on_drop: false }`
[INFO] [stdout] 7e1cc6ac7e03b70dc5477f68540c85364914dc0dce94a6069643d26991a0d2a9
[INFO] running `Command { std: "docker" "start" "-a" "7e1cc6ac7e03b70dc5477f68540c85364914dc0dce94a6069643d26991a0d2a9", kill_on_drop: false }`
[INFO] [stderr]    Compiling libc v0.2.36
[INFO] [stderr]    Compiling bitflags v1.0.1
[INFO] [stderr]    Compiling getopts v0.2.17
[INFO] [stderr]    Compiling inotify-sys v0.1.2
[INFO] [stderr]    Compiling inotify v0.5.0
[INFO] [stderr]    Compiling tail v0.3.0 (/opt/rustwide/workdir)
[INFO] [stdout] warning: variable does not need to be mutable
[INFO] [stdout]   --> src/main.rs:88:13
[INFO] [stdout]    |
[INFO] [stdout] 88 |         let mut wd = watcher.add_watch(Path::new(&file_name), WatchMask::MODIFY)
[INFO] [stdout]    |             ----^^
[INFO] [stdout]    |             |
[INFO] [stdout]    |             help: remove this `mut`
[INFO] [stdout]    |
[INFO] [stdout]    = note: `#[warn(unused_mut)]` on by default
[INFO] [stdout] 
[INFO] [stdout] 
[INFO] [stdout] warning: variable does not need to be mutable
[INFO] [stdout]   --> src/main.rs:90:13
[INFO] [stdout]    |
[INFO] [stdout] 90 |         let mut fd = File::open(&file_name)
[INFO] [stdout]    |             ----^^
[INFO] [stdout]    |             |
[INFO] [stdout]    |             help: remove this `mut`
[INFO] [stdout] 
[INFO] [stdout] 
[INFO] [stdout] warning: panic message is not a string literal
[INFO] [stdout]   --> src/main.rs:64:28
[INFO] [stdout]    |
[INFO] [stdout] 64 |         Err(f) => { panic!(f.to_string()) }
[INFO] [stdout]    |                            ^^^^^^^^^^^^^
[INFO] [stdout]    |
[INFO] [stdout]    = note: this usage of `panic!()` is deprecated; it will be a hard error in Rust 2021
[INFO] [stdout]    = note: for more information, see <https://doc.rust-lang.org/nightly/edition-guide/rust-2021/panic-macro-consistency.html>
[INFO] [stdout]    = note: `#[warn(non_fmt_panics)]` on by default
[INFO] [stdout] help: add a "{}" format string to `Display` the message
[INFO] [stdout]    |
[INFO] [stdout] 64 |         Err(f) => { panic!("{}", f.to_string()) }
[INFO] [stdout]    |                            +++++
[INFO] [stdout] 
[INFO] [stdout] 
[INFO] [stdout] warning: 3 warnings emitted
[INFO] [stdout] 
[INFO] [stdout] 
[INFO] [stderr]     Finished dev [unoptimized + debuginfo] target(s) in 2.89s
[INFO] running `Command { std: "docker" "inspect" "7e1cc6ac7e03b70dc5477f68540c85364914dc0dce94a6069643d26991a0d2a9", kill_on_drop: false }`
[INFO] running `Command { std: "docker" "rm" "-f" "7e1cc6ac7e03b70dc5477f68540c85364914dc0dce94a6069643d26991a0d2a9", kill_on_drop: false }`
[INFO] [stdout] 7e1cc6ac7e03b70dc5477f68540c85364914dc0dce94a6069643d26991a0d2a9
[INFO] running `Command { std: "docker" "create" "-v" "/var/lib/crater-agent-workspace/builds/worker-2-tc1/target:/opt/rustwide/target:rw,Z" "-v" "/var/lib/crater-agent-workspace/builds/worker-2-tc1/source:/opt/rustwide/workdir:ro,Z" "-v" "/var/lib/crater-agent-workspace/cargo-home:/opt/rustwide/cargo-home:ro,Z" "-v" "/var/lib/crater-agent-workspace/rustup-home:/opt/rustwide/rustup-home:ro,Z" "-e" "SOURCE_DIR=/opt/rustwide/workdir" "-e" "CARGO_TARGET_DIR=/opt/rustwide/target" "-e" "CARGO_INCREMENTAL=0" "-e" "RUST_BACKTRACE=full" "-e" "RUSTFLAGS=--cap-lints=warn" "-e" "RUSTDOCFLAGS=--cap-lints=warn" "-e" "CARGO_HOME=/opt/rustwide/cargo-home" "-e" "RUSTUP_HOME=/opt/rustwide/rustup-home" "-w" "/opt/rustwide/workdir" "-m" "1610612736" "--user" "0:0" "--network" "none" "ghcr.io/rust-lang/crates-build-env/linux@sha256:5ff2268d62e97bff2cde7d5815dd6ed5b47097566f13b8d0ca110b04b60e07ed" "/opt/rustwide/cargo-home/bin/cargo" "+1.69.0" "test" "--frozen" "--no-run" "--message-format=json", kill_on_drop: false }`
[INFO] [stdout] ffb266809b179f70bb076495c45d81a5d52f3af83a6aa7cf64b6b2387b449414
[INFO] running `Command { std: "docker" "start" "-a" "ffb266809b179f70bb076495c45d81a5d52f3af83a6aa7cf64b6b2387b449414", kill_on_drop: false }`
[INFO] [stderr]    Compiling tail v0.3.0 (/opt/rustwide/workdir)
[INFO] [stdout] warning: variable does not need to be mutable
[INFO] [stdout]   --> src/main.rs:88:13
[INFO] [stdout]    |
[INFO] [stdout] 88 |         let mut wd = watcher.add_watch(Path::new(&file_name), WatchMask::MODIFY)
[INFO] [stdout]    |             ----^^
[INFO] [stdout]    |             |
[INFO] [stdout]    |             help: remove this `mut`
[INFO] [stdout]    |
[INFO] [stdout]    = note: `#[warn(unused_mut)]` on by default
[INFO] [stdout] 
[INFO] [stdout] 
[INFO] [stdout] warning: variable does not need to be mutable
[INFO] [stdout]   --> src/main.rs:90:13
[INFO] [stdout]    |
[INFO] [stdout] 90 |         let mut fd = File::open(&file_name)
[INFO] [stdout]    |             ----^^
[INFO] [stdout]    |             |
[INFO] [stdout]    |             help: remove this `mut`
[INFO] [stdout] 
[INFO] [stdout] 
[INFO] [stdout] warning: panic message is not a string literal
[INFO] [stdout]   --> src/main.rs:64:28
[INFO] [stdout]    |
[INFO] [stdout] 64 |         Err(f) => { panic!(f.to_string()) }
[INFO] [stdout]    |                            ^^^^^^^^^^^^^
[INFO] [stdout]    |
[INFO] [stdout]    = note: this usage of `panic!()` is deprecated; it will be a hard error in Rust 2021
[INFO] [stdout]    = note: for more information, see <https://doc.rust-lang.org/nightly/edition-guide/rust-2021/panic-macro-consistency.html>
[INFO] [stdout]    = note: `#[warn(non_fmt_panics)]` on by default
[INFO] [stdout] help: add a "{}" format string to `Display` the message
[INFO] [stdout]    |
[INFO] [stdout] 64 |         Err(f) => { panic!("{}", f.to_string()) }
[INFO] [stdout]    |                            +++++
[INFO] [stdout] 
[INFO] [stdout] 
[INFO] [stdout] warning: 3 warnings emitted
[INFO] [stdout] 
[INFO] [stdout] 
[INFO] [stderr]     Finished test [unoptimized + debuginfo] target(s) in 0.86s
[INFO] running `Command { std: "docker" "inspect" "ffb266809b179f70bb076495c45d81a5d52f3af83a6aa7cf64b6b2387b449414", kill_on_drop: false }`
[INFO] running `Command { std: "docker" "rm" "-f" "ffb266809b179f70bb076495c45d81a5d52f3af83a6aa7cf64b6b2387b449414", kill_on_drop: false }`
[INFO] [stdout] ffb266809b179f70bb076495c45d81a5d52f3af83a6aa7cf64b6b2387b449414
[INFO] running `Command { std: "docker" "create" "-v" "/var/lib/crater-agent-workspace/builds/worker-2-tc1/target:/opt/rustwide/target:rw,Z" "-v" "/var/lib/crater-agent-workspace/builds/worker-2-tc1/source:/opt/rustwide/workdir:ro,Z" "-v" "/var/lib/crater-agent-workspace/cargo-home:/opt/rustwide/cargo-home:ro,Z" "-v" "/var/lib/crater-agent-workspace/rustup-home:/opt/rustwide/rustup-home:ro,Z" "-e" "SOURCE_DIR=/opt/rustwide/workdir" "-e" "CARGO_TARGET_DIR=/opt/rustwide/target" "-e" "CARGO_INCREMENTAL=0" "-e" "RUST_BACKTRACE=full" "-e" "RUSTFLAGS=--cap-lints=warn" "-e" "RUSTDOCFLAGS=--cap-lints=warn" "-e" "CARGO_HOME=/opt/rustwide/cargo-home" "-e" "RUSTUP_HOME=/opt/rustwide/rustup-home" "-w" "/opt/rustwide/workdir" "-m" "1610612736" "--user" "0:0" "--network" "none" "ghcr.io/rust-lang/crates-build-env/linux@sha256:5ff2268d62e97bff2cde7d5815dd6ed5b47097566f13b8d0ca110b04b60e07ed" "/opt/rustwide/cargo-home/bin/cargo" "+1.69.0" "test" "--frozen", kill_on_drop: false }`
[INFO] [stdout] 3ec1e08b21798c42460ed91873836305391738f03e47f03d7012c159d419f8a5
[INFO] running `Command { std: "docker" "start" "-a" "3ec1e08b21798c42460ed91873836305391738f03e47f03d7012c159d419f8a5", kill_on_drop: false }`
[INFO] [stderr] warning: variable does not need to be mutable
[INFO] [stderr]   --> src/main.rs:88:13
[INFO] [stderr]    |
[INFO] [stderr] 88 |         let mut wd = watcher.add_watch(Path::new(&file_name), WatchMask::MODIFY)
[INFO] [stderr]    |             ----^^
[INFO] [stderr]    |             |
[INFO] [stderr]    |             help: remove this `mut`
[INFO] [stderr]    |
[INFO] [stderr]    = note: `#[warn(unused_mut)]` on by default
[INFO] [stderr] 
[INFO] [stderr] warning: variable does not need to be mutable
[INFO] [stderr]   --> src/main.rs:90:13
[INFO] [stderr]    |
[INFO] [stderr] 90 |         let mut fd = File::open(&file_name)
[INFO] [stderr]    |             ----^^
[INFO] [stderr]    |             |
[INFO] [stderr]    |             help: remove this `mut`
[INFO] [stderr] 
[INFO] [stderr] warning: panic message is not a string literal
[INFO] [stderr]   --> src/main.rs:64:28
[INFO] [stderr]    |
[INFO] [stderr] 64 |         Err(f) => { panic!(f.to_string()) }
[INFO] [stderr]    |                            ^^^^^^^^^^^^^
[INFO] [stderr]    |
[INFO] [stderr]    = note: this usage of `panic!()` is deprecated; it will be a hard error in Rust 2021
[INFO] [stderr]    = note: for more information, see <https://doc.rust-lang.org/nightly/edition-guide/rust-2021/panic-macro-consistency.html>
[INFO] [stderr]    = note: `#[warn(non_fmt_panics)]` on by default
[INFO] [stderr] help: add a "{}" format string to `Display` the message
[INFO] [stderr]    |
[INFO] [stderr] 64 |         Err(f) => { panic!("{}", f.to_string()) }
[INFO] [stderr]    |                            +++++
[INFO] [stderr] 
[INFO] [stderr] warning: `tail` (bin "tail" test) generated 3 warnings (run `cargo fix --bin "tail" --tests` to apply 3 suggestions)
[INFO] [stderr]     Finished test [unoptimized + debuginfo] target(s) in 0.01s
[INFO] [stderr]      Running unittests src/lib.rs (/opt/rustwide/target/debug/deps/tail-0c4f5e12f8d7d688)
[INFO] [stdout] 
[INFO] [stderr]      Running unittests src/main.rs (/opt/rustwide/target/debug/deps/tail-f40e43ca9f7b0235)
[INFO] [stdout] running 0 tests
[INFO] [stdout] 
[INFO] [stdout] test result: ok. 0 passed; 0 failed; 0 ignored; 0 measured; 0 filtered out; finished in 0.00s
[INFO] [stdout] 
[INFO] [stderr]    Doc-tests tail
[INFO] [stdout] 
[INFO] [stdout] running 0 tests
[INFO] [stdout] 
[INFO] [stdout] test result: ok. 0 passed; 0 failed; 0 ignored; 0 measured; 0 filtered out; finished in 0.00s
[INFO] [stdout] 
[INFO] [stdout] 
[INFO] [stdout] running 1 test
[INFO] [stdout] test src/lib.rs - BackwardsReader (line 23) ... FAILED
[INFO] [stdout] 
[INFO] [stdout] failures:
[INFO] [stdout] 
[INFO] [stdout] ---- src/lib.rs - BackwardsReader (line 23) stdout ----
[INFO] [stdout] error[E0433]: failed to resolve: use of undeclared type `BufWriter`
[INFO] [stdout]  --> src/lib.rs:24:18
[INFO] [stdout]   |
[INFO] [stdout] 3 | let mut writer = BufWriter::new(std::io::stdout());
[INFO] [stdout]   |                  ^^^^^^^^^ use of undeclared type `BufWriter`
[INFO] [stdout]   |
[INFO] [stdout] help: consider importing this struct
[INFO] [stdout]   |
[INFO] [stdout] 2 | use std::io::BufWriter;
[INFO] [stdout]   |
[INFO] [stdout] 
[INFO] [stdout] error[E0433]: failed to resolve: use of undeclared type `BackwardsReader`
[INFO] [stdout]  --> src/lib.rs:25:18
[INFO] [stdout]   |
[INFO] [stdout] 4 | let mut reader = BackwardsReader::new(10, &mut writer);
[INFO] [stdout]   |                  ^^^^^^^^^^^^^^^ use of undeclared type `BackwardsReader`
[INFO] [stdout] 
[INFO] [stdout] error: aborting due to 2 previous errors
[INFO] [stdout] 
[INFO] [stdout] For more information about this error, try `rustc --explain E0433`.
[INFO] [stdout] Couldn't compile the test.
[INFO] [stdout] 
[INFO] [stdout] failures:
[INFO] [stdout]     src/lib.rs - BackwardsReader (line 23)
[INFO] [stdout] 
[INFO] [stdout] test result: FAILED. 0 passed; 1 failed; 0 ignored; 0 measured; 0 filtered out; finished in 0.05s
[INFO] [stdout] 
[INFO] [stderr] error: doctest failed, to rerun pass `--doc`
[INFO] running `Command { std: "docker" "inspect" "3ec1e08b21798c42460ed91873836305391738f03e47f03d7012c159d419f8a5", kill_on_drop: false }`
[INFO] running `Command { std: "docker" "rm" "-f" "3ec1e08b21798c42460ed91873836305391738f03e47f03d7012c159d419f8a5", kill_on_drop: false }`
[INFO] [stdout] 3ec1e08b21798c42460ed91873836305391738f03e47f03d7012c159d419f8a5
