[INFO] cloning repository https://github.com/tbangase/rust-atcoder-starter
[INFO] running `Command { std: "git" "-c" "credential.helper=" "-c" "credential.helper=/workspace/cargo-home/bin/git-credential-null" "clone" "--bare" "https://github.com/tbangase/rust-atcoder-starter" "/workspace/cache/git-repos/https%3A%2F%2Fgithub.com%2Ftbangase%2Frust-atcoder-starter", kill_on_drop: false }`
[INFO] [stderr] Cloning into bare repository '/workspace/cache/git-repos/https%3A%2F%2Fgithub.com%2Ftbangase%2Frust-atcoder-starter'...
[INFO] running `Command { std: "git" "rev-parse" "HEAD", kill_on_drop: false }`
[INFO] [stdout] 08c1dc0d5bdc196e63bad226f229fdc174bcc638
[INFO] testing tbangase/rust-atcoder-starter against beta-2023-04-20 for beta-1.70-1
[INFO] running `Command { std: "git" "clone" "/workspace/cache/git-repos/https%3A%2F%2Fgithub.com%2Ftbangase%2Frust-atcoder-starter" "/workspace/builds/worker-1-tc2/source", kill_on_drop: false }`
[INFO] [stderr] Cloning into '/workspace/builds/worker-1-tc2/source'...
[INFO] [stderr] done.
[INFO] validating manifest of git repo https://github.com/tbangase/rust-atcoder-starter on toolchain beta-2023-04-20
[INFO] running `Command { std: CARGO_HOME="/workspace/cargo-home" RUSTUP_HOME="/workspace/rustup-home" "/workspace/cargo-home/bin/cargo" "+beta-2023-04-20" "metadata" "--manifest-path" "Cargo.toml" "--no-deps", kill_on_drop: false }`
[INFO] removed /workspace/builds/worker-1-tc2/source/rust-toolchain
[INFO] started tweaking git repo https://github.com/tbangase/rust-atcoder-starter
[INFO] finished tweaking git repo https://github.com/tbangase/rust-atcoder-starter
[INFO] tweaked toml for git repo https://github.com/tbangase/rust-atcoder-starter written to /workspace/builds/worker-1-tc2/source/Cargo.toml
[INFO] crate git repo https://github.com/tbangase/rust-atcoder-starter already has a lockfile, it will not be regenerated
[INFO] running `Command { std: CARGO_HOME="/workspace/cargo-home" RUSTUP_HOME="/workspace/rustup-home" "/workspace/cargo-home/bin/cargo" "+beta-2023-04-20" "fetch" "--manifest-path" "Cargo.toml", kill_on_drop: false }`
[INFO] [stderr]  Downloading crates ...
[INFO] [stderr]   Downloaded proconio-derive v0.1.5
[INFO] running `Command { std: "docker" "create" "-v" "/var/lib/crater-agent-workspace/builds/worker-1-tc2/target:/opt/rustwide/target:rw,Z" "-v" "/var/lib/crater-agent-workspace/builds/worker-1-tc2/source:/opt/rustwide/workdir:ro,Z" "-v" "/var/lib/crater-agent-workspace/cargo-home:/opt/rustwide/cargo-home:ro,Z" "-v" "/var/lib/crater-agent-workspace/rustup-home:/opt/rustwide/rustup-home:ro,Z" "-e" "SOURCE_DIR=/opt/rustwide/workdir" "-e" "CARGO_TARGET_DIR=/opt/rustwide/target" "-e" "CARGO_HOME=/opt/rustwide/cargo-home" "-e" "RUSTUP_HOME=/opt/rustwide/rustup-home" "-w" "/opt/rustwide/workdir" "-m" "1610612736" "--user" "0:0" "--network" "none" "ghcr.io/rust-lang/crates-build-env/linux@sha256:5ff2268d62e97bff2cde7d5815dd6ed5b47097566f13b8d0ca110b04b60e07ed" "/opt/rustwide/cargo-home/bin/cargo" "+beta-2023-04-20" "metadata" "--no-deps" "--format-version=1", kill_on_drop: false }`
[INFO] [stdout] 31fbe68789bb4ed7b63d800b5a4fa69abef00691c8adaace67986b8eb3578c96
[INFO] running `Command { std: "docker" "start" "-a" "31fbe68789bb4ed7b63d800b5a4fa69abef00691c8adaace67986b8eb3578c96", kill_on_drop: false }`
[INFO] running `Command { std: "docker" "inspect" "31fbe68789bb4ed7b63d800b5a4fa69abef00691c8adaace67986b8eb3578c96", kill_on_drop: false }`
[INFO] running `Command { std: "docker" "rm" "-f" "31fbe68789bb4ed7b63d800b5a4fa69abef00691c8adaace67986b8eb3578c96", kill_on_drop: false }`
[INFO] [stdout] 31fbe68789bb4ed7b63d800b5a4fa69abef00691c8adaace67986b8eb3578c96
[INFO] running `Command { std: "docker" "create" "-v" "/var/lib/crater-agent-workspace/builds/worker-1-tc2/target:/opt/rustwide/target:rw,Z" "-v" "/var/lib/crater-agent-workspace/builds/worker-1-tc2/source:/opt/rustwide/workdir:ro,Z" "-v" "/var/lib/crater-agent-workspace/cargo-home:/opt/rustwide/cargo-home:ro,Z" "-v" "/var/lib/crater-agent-workspace/rustup-home:/opt/rustwide/rustup-home:ro,Z" "-e" "SOURCE_DIR=/opt/rustwide/workdir" "-e" "CARGO_TARGET_DIR=/opt/rustwide/target" "-e" "CARGO_INCREMENTAL=0" "-e" "RUST_BACKTRACE=full" "-e" "RUSTFLAGS=--cap-lints=warn" "-e" "RUSTDOCFLAGS=--cap-lints=warn" "-e" "CARGO_HOME=/opt/rustwide/cargo-home" "-e" "RUSTUP_HOME=/opt/rustwide/rustup-home" "-w" "/opt/rustwide/workdir" "-m" "1610612736" "--user" "0:0" "--network" "none" "ghcr.io/rust-lang/crates-build-env/linux@sha256:5ff2268d62e97bff2cde7d5815dd6ed5b47097566f13b8d0ca110b04b60e07ed" "/opt/rustwide/cargo-home/bin/cargo" "+beta-2023-04-20" "build" "--frozen" "--message-format=json", kill_on_drop: false }`
[INFO] [stdout] 116aa0582d248f21f53faaea32ea73e05c26cb1c07f7868856594e6808ba12de
[INFO] running `Command { std: "docker" "start" "-a" "116aa0582d248f21f53faaea32ea73e05c26cb1c07f7868856594e6808ba12de", kill_on_drop: false }`
[INFO] [stderr]    Compiling libc v0.2.106
[INFO] [stderr]    Compiling proc-macro2 v0.4.30
[INFO] [stderr]    Compiling getrandom v0.1.16
[INFO] [stderr]    Compiling unicode-xid v0.1.0
[INFO] [stderr]    Compiling cfg-if v1.0.0
[INFO] [stderr]    Compiling syn v0.15.39
[INFO] [stderr]    Compiling ppv-lite86 v0.2.15
[INFO] [stderr]    Compiling lazy_static v1.3.0
[INFO] [stderr]    Compiling quote v0.6.12
[INFO] [stderr]    Compiling rand_core v0.5.1
[INFO] [stderr]    Compiling rand_chacha v0.2.2
[INFO] [stderr]    Compiling rand_pcg v0.2.1
[INFO] [stderr]    Compiling rand v0.7.3
[INFO] [stderr]    Compiling proconio-derive v0.1.5
[INFO] [stderr]    Compiling proconio v0.3.6
[INFO] [stderr]    Compiling abc-work v0.1.0 (/opt/rustwide/workdir)
[INFO] [stdout] warning: unused import: `marker::*`
[INFO] [stdout]  --> src/bin/main.rs:1:32
[INFO] [stdout]   |
[INFO] [stdout] 1 | use proconio::{input, fastout, marker::*};
[INFO] [stdout]   |                                ^^^^^^^^^
[INFO] [stdout]   |
[INFO] [stdout]   = note: `#[warn(unused_imports)]` on by default
[INFO] [stdout] 
[INFO] [stdout] 
[INFO] [stdout] warning: 1 warning emitted
[INFO] [stdout] 
[INFO] [stdout] 
[INFO] [stderr]     Finished dev [unoptimized + debuginfo] target(s) in 5.40s
[INFO] running `Command { std: "docker" "inspect" "116aa0582d248f21f53faaea32ea73e05c26cb1c07f7868856594e6808ba12de", kill_on_drop: false }`
[INFO] running `Command { std: "docker" "rm" "-f" "116aa0582d248f21f53faaea32ea73e05c26cb1c07f7868856594e6808ba12de", kill_on_drop: false }`
[INFO] [stdout] 116aa0582d248f21f53faaea32ea73e05c26cb1c07f7868856594e6808ba12de
[INFO] running `Command { std: "docker" "create" "-v" "/var/lib/crater-agent-workspace/builds/worker-1-tc2/target:/opt/rustwide/target:rw,Z" "-v" "/var/lib/crater-agent-workspace/builds/worker-1-tc2/source:/opt/rustwide/workdir:ro,Z" "-v" "/var/lib/crater-agent-workspace/cargo-home:/opt/rustwide/cargo-home:ro,Z" "-v" "/var/lib/crater-agent-workspace/rustup-home:/opt/rustwide/rustup-home:ro,Z" "-e" "SOURCE_DIR=/opt/rustwide/workdir" "-e" "CARGO_TARGET_DIR=/opt/rustwide/target" "-e" "CARGO_INCREMENTAL=0" "-e" "RUST_BACKTRACE=full" "-e" "RUSTFLAGS=--cap-lints=warn" "-e" "RUSTDOCFLAGS=--cap-lints=warn" "-e" "CARGO_HOME=/opt/rustwide/cargo-home" "-e" "RUSTUP_HOME=/opt/rustwide/rustup-home" "-w" "/opt/rustwide/workdir" "-m" "1610612736" "--user" "0:0" "--network" "none" "ghcr.io/rust-lang/crates-build-env/linux@sha256:5ff2268d62e97bff2cde7d5815dd6ed5b47097566f13b8d0ca110b04b60e07ed" "/opt/rustwide/cargo-home/bin/cargo" "+beta-2023-04-20" "test" "--frozen" "--no-run" "--message-format=json", kill_on_drop: false }`
[INFO] [stdout] 4fe7383e25f4d118f78acc51b165c79a1ed335a23ec97288db04673c22a5b5b5
[INFO] running `Command { std: "docker" "start" "-a" "4fe7383e25f4d118f78acc51b165c79a1ed335a23ec97288db04673c22a5b5b5", kill_on_drop: false }`
[INFO] [stderr]    Compiling cli_test_dir v0.1.7
[INFO] [stdout] warning: unused import: `marker::*`
[INFO] [stdout]  --> src/bin/main.rs:1:32
[INFO] [stdout]   |
[INFO] [stdout] 1 | use proconio::{input, fastout, marker::*};
[INFO] [stdout]   |                                ^^^^^^^^^
[INFO] [stdout]   |
[INFO] [stdout]   = note: `#[warn(unused_imports)]` on by default
[INFO] [stdout] 
[INFO] [stdout] 
[INFO] [stdout] warning: 1 warning emitted
[INFO] [stdout] 
[INFO] [stdout] 
[INFO] [stderr]    Compiling abc-work v0.1.0 (/opt/rustwide/workdir)
[INFO] [stdout] warning: unused import: `marker::*`
[INFO] [stdout]  --> src/bin/main.rs:1:32
[INFO] [stdout]   |
[INFO] [stdout] 1 | use proconio::{input, fastout, marker::*};
[INFO] [stdout]   |                                ^^^^^^^^^
[INFO] [stdout]   |
[INFO] [stdout]   = note: `#[warn(unused_imports)]` on by default
[INFO] [stdout] 
[INFO] [stdout] 
[INFO] [stdout] warning: 1 warning emitted
[INFO] [stdout] 
[INFO] [stdout] 
[INFO] [stderr]     Finished test [unoptimized + debuginfo] target(s) in 0.49s
[INFO] running `Command { std: "docker" "inspect" "4fe7383e25f4d118f78acc51b165c79a1ed335a23ec97288db04673c22a5b5b5", kill_on_drop: false }`
[INFO] running `Command { std: "docker" "rm" "-f" "4fe7383e25f4d118f78acc51b165c79a1ed335a23ec97288db04673c22a5b5b5", kill_on_drop: false }`
[INFO] [stdout] 4fe7383e25f4d118f78acc51b165c79a1ed335a23ec97288db04673c22a5b5b5
[INFO] running `Command { std: "docker" "create" "-v" "/var/lib/crater-agent-workspace/builds/worker-1-tc2/target:/opt/rustwide/target:rw,Z" "-v" "/var/lib/crater-agent-workspace/builds/worker-1-tc2/source:/opt/rustwide/workdir:ro,Z" "-v" "/var/lib/crater-agent-workspace/cargo-home:/opt/rustwide/cargo-home:ro,Z" "-v" "/var/lib/crater-agent-workspace/rustup-home:/opt/rustwide/rustup-home:ro,Z" "-e" "SOURCE_DIR=/opt/rustwide/workdir" "-e" "CARGO_TARGET_DIR=/opt/rustwide/target" "-e" "CARGO_INCREMENTAL=0" "-e" "RUST_BACKTRACE=full" "-e" "RUSTFLAGS=--cap-lints=warn" "-e" "RUSTDOCFLAGS=--cap-lints=warn" "-e" "CARGO_HOME=/opt/rustwide/cargo-home" "-e" "RUSTUP_HOME=/opt/rustwide/rustup-home" "-w" "/opt/rustwide/workdir" "-m" "1610612736" "--user" "0:0" "--network" "none" "ghcr.io/rust-lang/crates-build-env/linux@sha256:5ff2268d62e97bff2cde7d5815dd6ed5b47097566f13b8d0ca110b04b60e07ed" "/opt/rustwide/cargo-home/bin/cargo" "+beta-2023-04-20" "test" "--frozen", kill_on_drop: false }`
[INFO] [stdout] 7fa726555596753d732d89beb005c1e1fe8b7a74d7d5c5c6e3c923d1009fc93b
[INFO] running `Command { std: "docker" "start" "-a" "7fa726555596753d732d89beb005c1e1fe8b7a74d7d5c5c6e3c923d1009fc93b", kill_on_drop: false }`
[INFO] [stderr] warning: unused import: `marker::*`
[INFO] [stderr]  --> src/bin/main.rs:1:32
[INFO] [stderr]   |
[INFO] [stderr] 1 | use proconio::{input, fastout, marker::*};
[INFO] [stderr]   |                                ^^^^^^^^^
[INFO] [stderr]   |
[INFO] [stderr]   = note: `#[warn(unused_imports)]` on by default
[INFO] [stderr] 
[INFO] [stderr] warning: `abc-work` (bin "main") generated 1 warning (run `cargo fix --bin "main"` to apply 1 suggestion)
[INFO] [stderr] warning: `abc-work` (bin "main" test) generated 1 warning (1 duplicate)
[INFO] [stderr]     Finished test [unoptimized + debuginfo] target(s) in 0.01s
[INFO] [stderr]      Running unittests src/bin/main.rs (/opt/rustwide/target/debug/deps/main-ba7d981cdd787cd7)
[INFO] [stdout] 
[INFO] [stderr]      Running tests/test_template.rs (/opt/rustwide/target/debug/deps/test_template-168a61dcad466d24)
[INFO] [stdout] running 0 tests
[INFO] [stdout] 
[INFO] [stdout] test result: ok. 0 passed; 0 failed; 0 ignored; 0 measured; 0 filtered out; finished in 0.00s
[INFO] [stdout] 
[INFO] [stdout] 
[INFO] [stdout] running 1 test
[INFO] [stderr] thread 'main' panicked at 'failed to get the next token; maybe reader reached an end of input. ensure that arguments for `input!` macro is correctly specified to match the problem input.', /opt/rustwide/cargo-home/registry/src/index.crates.io-6f17d22bba15001f/proconio-0.3.6/src/source/mod.rs:81:27
[INFO] [stderr] stack backtrace:
[INFO] [stderr]    0:     0x555e326e982a - std::backtrace_rs::backtrace::libunwind::trace::h2f05d0192276a8f6
[INFO] [stderr]                                at /rustc/1b7dd2252b99671ce5d1cb9664c5f8636329436d/library/std/src/../../backtrace/src/backtrace/libunwind.rs:93:5
[INFO] [stderr]    1:     0x555e326e982a - std::backtrace_rs::backtrace::trace_unsynchronized::hedc23dff7a1af150
[INFO] [stderr]                                at /rustc/1b7dd2252b99671ce5d1cb9664c5f8636329436d/library/std/src/../../backtrace/src/backtrace/mod.rs:66:5
[INFO] [stderr]    2:     0x555e326e982a - std::sys_common::backtrace::_print_fmt::h17541ef7592f3ce2
[INFO] [stderr]                                at /rustc/1b7dd2252b99671ce5d1cb9664c5f8636329436d/library/std/src/sys_common/backtrace.rs:65:5
[INFO] [stderr]    3:     0x555e326e982a - <std::sys_common::backtrace::_print::DisplayBacktrace as core::fmt::Display>::fmt::h20f75df5ab0c0792
[INFO] [stderr]                                at /rustc/1b7dd2252b99671ce5d1cb9664c5f8636329436d/library/std/src/sys_common/backtrace.rs:44:22
[INFO] [stderr]    4:     0x555e32703dff - core::fmt::write::h78109e6f466b3af6
[INFO] [stderr]                                at /rustc/1b7dd2252b99671ce5d1cb9664c5f8636329436d/library/core/src/fmt/mod.rs:1254:17
[INFO] [stderr]    5:     0x555e326e7605 - std::io::Write::write_fmt::hc59e1b02dd273c8a
[INFO] [stderr]                                at /rustc/1b7dd2252b99671ce5d1cb9664c5f8636329436d/library/std/src/io/mod.rs:1698:15
[INFO] [stderr]    6:     0x555e326e95f5 - std::sys_common::backtrace::_print::h8dac57a9f8fbf9a5
[INFO] [stderr]                                at /rustc/1b7dd2252b99671ce5d1cb9664c5f8636329436d/library/std/src/sys_common/backtrace.rs:47:5
[INFO] [stderr]    7:     0x555e326e95f5 - std::sys_common::backtrace::print::hf9ecbf41d1aa712f
[INFO] [stderr]                                at /rustc/1b7dd2252b99671ce5d1cb9664c5f8636329436d/library/std/src/sys_common/backtrace.rs:34:9
[INFO] [stderr]    8:     0x555e326eab7e - std::panicking::default_hook::{{closure}}::h04c07acfc84ca028
[INFO] [stderr]                                at /rustc/1b7dd2252b99671ce5d1cb9664c5f8636329436d/library/std/src/panicking.rs:269:22
[INFO] [stderr]    9:     0x555e326ea925 - std::panicking::default_hook::h01f6bb23e1eceb2c
[INFO] [stderr]                                at /rustc/1b7dd2252b99671ce5d1cb9664c5f8636329436d/library/std/src/panicking.rs:288:9
[INFO] [stderr]   10:     0x555e326eb0de - std::panicking::rust_panic_with_hook::h2bb3722bbaf2f6df
[INFO] [stderr]                                at /rustc/1b7dd2252b99671ce5d1cb9664c5f8636329436d/library/std/src/panicking.rs:691:13
[INFO] [stderr]   11:     0x555e326eafd9 - std::panicking::begin_panic_handler::{{closure}}::h91bc7f36a4be011b
[INFO] [stderr]                                at /rustc/1b7dd2252b99671ce5d1cb9664c5f8636329436d/library/std/src/panicking.rs:582:13
[INFO] [stderr]   12:     0x555e326e9c96 - std::sys_common::backtrace::__rust_end_short_backtrace::h8b3d3717114f9e59
[INFO] [stderr]                                at /rustc/1b7dd2252b99671ce5d1cb9664c5f8636329436d/library/std/src/sys_common/backtrace.rs:150:18
[INFO] [stderr]   13:     0x555e326ead32 - rust_begin_unwind
[INFO] [stderr]                                at /rustc/1b7dd2252b99671ce5d1cb9664c5f8636329436d/library/std/src/panicking.rs:578:5
[INFO] [stderr]   14:     0x555e326c46e3 - core::panicking::panic_fmt::hfd368e3fbdabea26
[INFO] [stderr]                                at /rustc/1b7dd2252b99671ce5d1cb9664c5f8636329436d/library/core/src/panicking.rs:67:14
[INFO] [stderr]   15:     0x555e326c46a3 - core::panicking::panic_display::h6a6fc60a178acd86
[INFO] [stderr]                                at /rustc/1b7dd2252b99671ce5d1cb9664c5f8636329436d/library/core/src/panicking.rs:150:5
[INFO] [stderr]   16:     0x555e326c46a3 - core::panicking::panic_str::h8ce4cc97de8b14bf
[INFO] [stderr]                                at /rustc/1b7dd2252b99671ce5d1cb9664c5f8636329436d/library/core/src/panicking.rs:134:5
[INFO] [stderr]   17:     0x555e326c46a3 - core::option::expect_failed::hc18eca070520249e
[INFO] [stderr]                                at /rustc/1b7dd2252b99671ce5d1cb9664c5f8636329436d/library/core/src/option.rs:2025:5
[INFO] [stderr]   18:     0x555e326c6807 - core::option::Option<T>::expect::hc6fef73124575970
[INFO] [stderr]                                at /rustc/1b7dd2252b99671ce5d1cb9664c5f8636329436d/library/core/src/option.rs:913:21
[INFO] [stderr]   19:     0x555e326c6868 - proconio::source::Source::next_token_unwrap::he10778df771b3cf0
[INFO] [stderr]                                at /opt/rustwide/cargo-home/registry/src/index.crates.io-6f17d22bba15001f/proconio-0.3.6/src/source/mod.rs:81:9
[INFO] [stderr]   20:     0x555e326c9014 - proconio::read::<impl proconio::source::Readable for T>::read::h932255932dbbfe72
[INFO] [stderr]                                at /opt/rustwide/cargo-home/registry/src/index.crates.io-6f17d22bba15001f/proconio-0.3.6/src/read.rs:25:21
[INFO] [stderr]   21:     0x555e326c6ccd - main::main::{{closure}}::h5a76f8d9ffe41b9c
[INFO] [stderr]                                at /opt/rustwide/cargo-home/registry/src/index.crates.io-6f17d22bba15001f/proconio-0.3.6/src/lib.rs:628:22
[INFO] [stderr]   22:     0x555e326c6f06 - core::iter::adapters::map::map_fold::{{closure}}::h32288f239d3176fc
[INFO] [stderr]                                at /rustc/1b7dd2252b99671ce5d1cb9664c5f8636329436d/library/core/src/iter/adapters/map.rs:84:28
[INFO] [stderr]   23:     0x555e326c85cd - core::iter::traits::iterator::Iterator::fold::hc5d0cfbfe5c46ba0
[INFO] [stderr]                                at /rustc/1b7dd2252b99671ce5d1cb9664c5f8636329436d/library/core/src/iter/traits/iterator.rs:2482:21
[INFO] [stderr]   24:     0x555e326c6db9 - <core::iter::adapters::map::Map<I,F> as core::iter::traits::iterator::Iterator>::fold::h8d7ac841bbc95ea6
[INFO] [stderr]                                at /rustc/1b7dd2252b99671ce5d1cb9664c5f8636329436d/library/core/src/iter/adapters/map.rs:124:9
[INFO] [stderr]   25:     0x555e326c6e52 - core::iter::traits::iterator::Iterator::for_each::hcec38a796126d430
[INFO] [stderr]                                at /rustc/1b7dd2252b99671ce5d1cb9664c5f8636329436d/library/core/src/iter/traits/iterator.rs:857:9
[INFO] [stderr]   26:     0x555e326c80cb - alloc::vec::Vec<T,A>::extend_trusted::h3cd1dc8d60dd60e6
[INFO] [stderr]                                at /rustc/1b7dd2252b99671ce5d1cb9664c5f8636329436d/library/alloc/src/vec/mod.rs:2844:17
[INFO] [stderr]   27:     0x555e326c82ca - <alloc::vec::Vec<T,A> as alloc::vec::spec_extend::SpecExtend<T,I>>::spec_extend::h0c4005d413eb509c
[INFO] [stderr]                                at /rustc/1b7dd2252b99671ce5d1cb9664c5f8636329436d/library/alloc/src/vec/spec_extend.rs:26:9
[INFO] [stderr]   28:     0x555e326c7f19 - <alloc::vec::Vec<T> as alloc::vec::spec_from_iter_nested::SpecFromIterNested<T,I>>::from_iter::h1faaed03876a2d14
[INFO] [stderr]                                at /rustc/1b7dd2252b99671ce5d1cb9664c5f8636329436d/library/alloc/src/vec/spec_from_iter_nested.rs:62:9
[INFO] [stderr]   29:     0x555e326c82dd - <alloc::vec::Vec<T> as alloc::vec::spec_from_iter::SpecFromIter<T,I>>::from_iter::h5b30df82db442abc
[INFO] [stderr]                                at /rustc/1b7dd2252b99671ce5d1cb9664c5f8636329436d/library/alloc/src/vec/spec_from_iter.rs:33:9
[INFO] [stderr]   30:     0x555e326c82b5 - <alloc::vec::Vec<T> as core::iter::traits::collect::FromIterator<T>>::from_iter::h623a609d3419c48e
[INFO] [stderr]                                at /rustc/1b7dd2252b99671ce5d1cb9664c5f8636329436d/library/alloc/src/vec/mod.rs:2712:9
[INFO] [stderr]   31:     0x555e326c6e0d - core::iter::traits::iterator::Iterator::collect::hc9d363d73fef9587
[INFO] [stderr]                                at /rustc/1b7dd2252b99671ce5d1cb9664c5f8636329436d/library/core/src/iter/traits/iterator.rs:1896:9
[INFO] [stderr]   32:     0x555e326c6a54 - main::main::h7b34200b10d980db
[INFO] [stderr]                                at /opt/rustwide/workdir/src/bin/main.rs:7:5
[INFO] [stderr]   33:     0x555e326c626b - core::ops::function::FnOnce::call_once::h51a43c46643a0ec2
[INFO] [stderr]                                at /rustc/1b7dd2252b99671ce5d1cb9664c5f8636329436d/library/core/src/ops/function.rs:250:5
[INFO] [stderr]   34:     0x555e326c8ace - std::sys_common::backtrace::__rust_begin_short_backtrace::h71abd7fd902cf90f
[INFO] [stderr]                                at /rustc/1b7dd2252b99671ce5d1cb9664c5f8636329436d/library/std/src/sys_common/backtrace.rs:134:18
[INFO] [stderr]   35:     0x555e326c8e21 - std::rt::lang_start::{{closure}}::hbef8a7124ad809e5
[INFO] [stderr]                                at /rustc/1b7dd2252b99671ce5d1cb9664c5f8636329436d/library/std/src/rt.rs:166:18
[INFO] [stderr]   36:     0x555e326e4dce - core::ops::function::impls::<impl core::ops::function::FnOnce<A> for &F>::call_once::h2eb19b8ce4148df4
[INFO] [stderr]                                at /rustc/1b7dd2252b99671ce5d1cb9664c5f8636329436d/library/core/src/ops/function.rs:287:13
[INFO] [stderr]   37:     0x555e326e4dce - std::panicking::try::do_call::h2e900feff5d504c5
[INFO] [stderr]                                at /rustc/1b7dd2252b99671ce5d1cb9664c5f8636329436d/library/std/src/panicking.rs:485:40
[INFO] [stderr]   38:     0x555e326e4dce - std::panicking::try::h8854836cb85aa9f2
[INFO] [stderr]                                at /rustc/1b7dd2252b99671ce5d1cb9664c5f8636329436d/library/std/src/panicking.rs:449:19
[INFO] [stderr]   39:     0x555e326e4dce - std::panic::catch_unwind::h706025dd4c48f64b
[INFO] [stderr]                                at /rustc/1b7dd2252b99671ce5d1cb9664c5f8636329436d/library/std/src/panic.rs:140:14
[INFO] [stderr]   40:     0x555e326e4dce - std::rt::lang_start_internal::{{closure}}::h7be5b97f4a07a91a
[INFO] [stderr]                                at /rustc/1b7dd2252b99671ce5d1cb9664c5f8636329436d/library/std/src/rt.rs:148:48
[INFO] [stderr]   41:     0x555e326e4dce - std::panicking::try::do_call::h59847e9d0a176965
[INFO] [stderr]                                at /rustc/1b7dd2252b99671ce5d1cb9664c5f8636329436d/library/std/src/panicking.rs:485:40
[INFO] [stderr]   42:     0x555e326e4dce - std::panicking::try::h399a918ba8522823
[INFO] [stderr]                                at /rustc/1b7dd2252b99671ce5d1cb9664c5f8636329436d/library/std/src/panicking.rs:449:19
[INFO] [stderr]   43:     0x555e326e4dce - std::panic::catch_unwind::hca7ca6c55b2a2e26
[INFO] [stderr]                                at /rustc/1b7dd2252b99671ce5d1cb9664c5f8636329436d/library/std/src/panic.rs:140:14
[INFO] [stderr]   44:     0x555e326e4dce - std::rt::lang_start_internal::h2c807a81560459eb
[INFO] [stderr]                                at /rustc/1b7dd2252b99671ce5d1cb9664c5f8636329436d/library/std/src/rt.rs:148:20
[INFO] [stderr]   45:     0x555e326c8dfa - std::rt::lang_start::h38502950c643258d
[INFO] [stderr]                                at /rustc/1b7dd2252b99671ce5d1cb9664c5f8636329436d/library/std/src/rt.rs:165:17
[INFO] [stderr]   46:     0x555e326c6d4e - main
[INFO] [stderr]   47:     0x7fcbe5c2bd90 - <unknown>
[INFO] [stderr]   48:     0x7fcbe5c2be40 - __libc_start_main
[INFO] [stderr]   49:     0x555e326c4d55 - _start
[INFO] [stderr]   50:                0x0 - <unknown>
[INFO] [stderr] thread 'main' panicked at 'failed to get the next token; maybe reader reached an end of input. ensure that arguments for `input!` macro is correctly specified to match the problem input.', /opt/rustwide/cargo-home/registry/src/index.crates.io-6f17d22bba15001f/proconio-0.3.6/src/source/mod.rs:81:27
[INFO] [stderr] stack backtrace:
[INFO] [stderr]    0:     0x555e326e982a - std::backtrace_rs::backtrace::libunwind::trace::h2f05d0192276a8f6
[INFO] [stderr]                                at /rustc/1b7dd2252b99671ce5d1cb9664c5f8636329436d/library/std/src/../../backtrace/src/backtrace/libunwind.rs:93:5
[INFO] [stderr]    1:     0x555e326e982a - std::backtrace_rs::backtrace::trace_unsynchronized::hedc23dff7a1af150
[INFO] [stderr]                                at /rustc/1b7dd2252b99671ce5d1cb9664c5f8636329436d/library/std/src/../../backtrace/src/backtrace/mod.rs:66:5
[INFO] [stderr]    2:     0x555e326e982a - std::sys_common::backtrace::_print_fmt::h17541ef7592f3ce2
[INFO] [stderr]                                at /rustc/1b7dd2252b99671ce5d1cb9664c5f8636329436d/library/std/src/sys_common/backtrace.rs:65:5
[INFO] [stderr]    3:     0x555e326e982a - <std::sys_common::backtrace::_print::DisplayBacktrace as core::fmt::Display>::fmt::h20f75df5ab0c0792
[INFO] [stderr]                                at /rustc/1b7dd2252b99671ce5d1cb9664c5f8636329436d/library/std/src/sys_common/backtrace.rs:44:22
[INFO] [stderr]    4:     0x555e32703dff - core::fmt::write::h78109e6f466b3af6
[INFO] [stderr]                                at /rustc/1b7dd2252b99671ce5d1cb9664c5f8636329436d/library/core/src/fmt/mod.rs:1254:17
[INFO] [stderr]    5:     0x555e326e7605 - std::io::Write::write_fmt::hc59e1b02dd273c8a
[INFO] [stderr]                                at /rustc/1b7dd2252b99671ce5d1cb9664c5f8636329436d/library/std/src/io/mod.rs:1698:15
[INFO] [stderr]    6:     0x555e326e95f5 - std::sys_common::backtrace::_print::h8dac57a9f8fbf9a5
[INFO] [stderr]                                at /rustc/1b7dd2252b99671ce5d1cb9664c5f8636329436d/library/std/src/sys_common/backtrace.rs:47:5
[INFO] [stderr]    7:     0x555e326e95f5 - std::sys_common::backtrace::print::hf9ecbf41d1aa712f
[INFO] [stderr]                                at /rustc/1b7dd2252b99671ce5d1cb9664c5f8636329436d/library/std/src/sys_common/backtrace.rs:34:9
[INFO] [stderr]    8:     0x555e326eab7e - std::panicking::default_hook::{{closure}}::h04c07acfc84ca028
[INFO] [stderr]                                at /rustc/1b7dd2252b99671ce5d1cb9664c5f8636329436d/library/std/src/panicking.rs:269:22
[INFO] [stderr]    9:     0x555e326ea925 - std::panicking::default_hook::h01f6bb23e1eceb2c
[INFO] [stderr]                                at /rustc/1b7dd2252b99671ce5d1cb9664c5f8636329436d/library/std/src/panicking.rs:288:9
[INFO] [stderr]   10:     0x555e326eb0de - std::panicking::rust_panic_with_hook::h2bb3722bbaf2f6df
[INFO] [stderr]                                at /rustc/1b7dd2252b99671ce5d1cb9664c5f8636329436d/library/std/src/panicking.rs:691:13
[INFO] [stderr]   11:     0x555e326eafd9 - std::panicking::begin_panic_handler::{{closure}}::h91bc7f36a4be011b
[INFO] [stderr]                                at /rustc/1b7dd2252b99671ce5d1cb9664c5f8636329436d/library/std/src/panicking.rs:582:13
[INFO] [stderr]   12:     0x555e326e9c96 - std::sys_common::backtrace::__rust_end_short_backtrace::h8b3d3717114f9e59
[INFO] [stderr]                                at /rustc/1b7dd2252b99671ce5d1cb9664c5f8636329436d/library/std/src/sys_common/backtrace.rs:150:18
[INFO] [stderr]   13:     0x555e326ead32 - rust_begin_unwind
[INFO] [stderr]                                at /rustc/1b7dd2252b99671ce5d1cb9664c5f8636329436d/library/std/src/panicking.rs:578:5
[INFO] [stderr]   14:     0x555e326c46e3 - core::panicking::panic_fmt::hfd368e3fbdabea26
[INFO] [stderr]                                at /rustc/1b7dd2252b99671ce5d1cb9664c5f8636329436d/library/core/src/panicking.rs:67:14
[INFO] [stderr]   15:     0x555e326c46a3 - core::panicking::panic_display::h6a6fc60a178acd86
[INFO] [stderr]                                at /rustc/1b7dd2252b99671ce5d1cb9664c5f8636329436d/library/core/src/panicking.rs:150:5
[INFO] [stderr]   16:     0x555e326c46a3 - core::panicking::panic_str::h8ce4cc97de8b14bf
[INFO] [stderr]                                at /rustc/1b7dd2252b99671ce5d1cb9664c5f8636329436d/library/core/src/panicking.rs:134:5
[INFO] [stderr]   17:     0x555e326c46a3 - core::option::expect_failed::hc18eca070520249e
[INFO] [stderr]                                at /rustc/1b7dd2252b99671ce5d1cb9664c5f8636329436d/library/core/src/option.rs:2025:5
[INFO] [stderr]   18:     0x555e326c6807 - core::option::Option<T>::expect::hc6fef73124575970
[INFO] [stderr]                                at /rustc/1b7dd2252b99671ce5d1cb9664c5f8636329436d/library/core/src/option.rs:913:21
[INFO] [stderr]   19:     0x555e326c6868 - proconio::source::Source::next_token_unwrap::he10778df771b3cf0
[INFO] [stderr]                                at /opt/rustwide/cargo-home/registry/src/index.crates.io-6f17d22bba15001f/proconio-0.3.6/src/source/mod.rs:81:9
[INFO] [stderr]   20:     0x555e326c9014 - proconio::read::<impl proconio::source::Readable for T>::read::h932255932dbbfe72
[INFO] [stderr]                                at /opt/rustwide/cargo-home/registry/src/index.crates.io-6f17d22bba15001f/proconio-0.3.6/src/read.rs:25:21
[INFO] [stderr]   21:     0x555e326c6ccd - main::main::{{closure}}::h5a76f8d9ffe41b9c
[INFO] [stderr]                                at /opt/rustwide/cargo-home/registry/src/index.crates.io-6f17d22bba15001f/proconio-0.3.6/src/lib.rs:628:22
[INFO] [stderr]   22:     0x555e326c6f06 - core::iter::adapters::map::map_fold::{{closure}}::h32288f239d3176fc
[INFO] [stderr]                                at /rustc/1b7dd2252b99671ce5d1cb9664c5f8636329436d/library/core/src/iter/adapters/map.rs:84:28
[INFO] [stderr]   23:     0x555e326c85cd - core::iter::traits::iterator::Iterator::fold::hc5d0cfbfe5c46ba0
[INFO] [stderr]                                at /rustc/1b7dd2252b99671ce5d1cb9664c5f8636329436d/library/core/src/iter/traits/iterator.rs:2482:21
[INFO] [stderr]   24:     0x555e326c6db9 - <core::iter::adapters::map::Map<I,F> as core::iter::traits::iterator::Iterator>::fold::h8d7ac841bbc95ea6
[INFO] [stderr]                                at /rustc/1b7dd2252b99671ce5d1cb9664c5f8636329436d/library/core/src/iter/adapters/map.rs:124:9
[INFO] [stderr]   25:     0x555e326c6e52 - core::iter::traits::iterator::Iterator::for_each::hcec38a796126d430
[INFO] [stderr]                                at /rustc/1b7dd2252b99671ce5d1cb9664c5f8636329436d/library/core/src/iter/traits/iterator.rs:857:9
[INFO] [stderr]   26:     0x555e326c80cb - alloc::vec::Vec<T,A>::extend_trusted::h3cd1dc8d60dd60e6
[INFO] [stderr]                                at /rustc/1b7dd2252b99671ce5d1cb9664c5f8636329436d/library/alloc/src/vec/mod.rs:2844:17
[INFO] [stderr]   27:     0x555e326c82ca - <alloc::vec::Vec<T,A> as alloc::vec::spec_extend::SpecExtend<T,I>>::spec_extend::h0c4005d413eb509c
[INFO] [stderr]                                at /rustc/1b7dd2252b99671ce5d1cb9664c5f8636329436d/library/alloc/src/vec/spec_extend.rs:26:9
[INFO] [stderr]   28:     0x555e326c7f19 - <alloc::vec::Vec<T> as alloc::vec::spec_from_iter_nested::SpecFromIterNested<T,I>>::from_iter::h1faaed03876a2d14
[INFO] [stderr]                                at /rustc/1b7dd2252b99671ce5d1cb9664c5f8636329436d/library/alloc/src/vec/spec_from_iter_nested.rs:62:9
[INFO] [stderr]   29:     0x555e326c82dd - <alloc::vec::Vec<T> as alloc::vec::spec_from_iter::SpecFromIter<T,I>>::from_iter::h5b30df82db442abc
[INFO] [stderr]                                at /rustc/1b7dd2252b99671ce5d1cb9664c5f8636329436d/library/alloc/src/vec/spec_from_iter.rs:33:9
[INFO] [stderr]   30:     0x555e326c82b5 - <alloc::vec::Vec<T> as core::iter::traits::collect::FromIterator<T>>::from_iter::h623a609d3419c48e
[INFO] [stderr]                                at /rustc/1b7dd2252b99671ce5d1cb9664c5f8636329436d/library/alloc/src/vec/mod.rs:2712:9
[INFO] [stderr]   31:     0x555e326c6e0d - core::iter::traits::iterator::Iterator::collect::hc9d363d73fef9587
[INFO] [stderr]                                at /rustc/1b7dd2252b99671ce5d1cb9664c5f8636329436d/library/core/src/iter/traits/iterator.rs:1896:9
[INFO] [stderr]   32:     0x555e326c6a54 - main::main::h7b34200b10d980db
[INFO] [stderr]                                at /opt/rustwide/workdir/src/bin/main.rs:7:5
[INFO] [stderr]   33:     0x555e326c626b - core::ops::function::FnOnce::call_once::h51a43c46643a0ec2
[INFO] [stderr]                                at /rustc/1b7dd2252b99671ce5d1cb9664c5f8636329436d/library/core/src/ops/function.rs:250:5
[INFO] [stderr]   34:     0x555e326c8ace - std::sys_common::backtrace::__rust_begin_short_backtrace::h71abd7fd902cf90f
[INFO] [stderr]                                at /rustc/1b7dd2252b99671ce5d1cb9664c5f8636329436d/library/std/src/sys_common/backtrace.rs:134:18
[INFO] [stderr]   35:     0x555e326c8e21 - std::rt::lang_start::{{closure}}::hbef8a7124ad809e5
[INFO] [stderr]                                at /rustc/1b7dd2252b99671ce5d1cb9664c5f8636329436d/library/std/src/rt.rs:166:18
[INFO] [stderr]   36:     0x555e326e4dce - core::ops::function::impls::<impl core::ops::function::FnOnce<A> for &F>::call_once::h2eb19b8ce4148df4
[INFO] [stderr]                                at /rustc/1b7dd2252b99671ce5d1cb9664c5f8636329436d/library/core/src/ops/function.rs:287:13
[INFO] [stderr]   37:     0x555e326e4dce - std::panicking::try::do_call::h2e900feff5d504c5
[INFO] [stderr]                                at /rustc/1b7dd2252b99671ce5d1cb9664c5f8636329436d/library/std/src/panicking.rs:485:40
[INFO] [stderr]   38:     0x555e326e4dce - std::panicking::try::h8854836cb85aa9f2
[INFO] [stderr]                                at /rustc/1b7dd2252b99671ce5d1cb9664c5f8636329436d/library/std/src/panicking.rs:449:19
[INFO] [stderr]   39:     0x555e326e4dce - std::panic::catch_unwind::h706025dd4c48f64b
[INFO] [stderr]                                at /rustc/1b7dd2252b99671ce5d1cb9664c5f8636329436d/library/std/src/panic.rs:140:14
[INFO] [stderr]   40:     0x555e326e4dce - std::rt::lang_start_internal::{{closure}}::h7be5b97f4a07a91a
[INFO] [stderr]                                at /rustc/1b7dd2252b99671ce5d1cb9664c5f8636329436d/library/std/src/rt.rs:148:48
[INFO] [stderr]   41:     0x555e326e4dce - std::panicking::try::do_call::h59847e9d0a176965
[INFO] [stderr]                                at /rustc/1b7dd2252b99671ce5d1cb9664c5f8636329436d/library/std/src/panicking.rs:485:40
[INFO] [stderr]   42:     0x555e326e4dce - std::panicking::try::h399a918ba8522823
[INFO] [stderr]                                at /rustc/1b7dd2252b99671ce5d1cb9664c5f8636329436d/library/std/src/panicking.rs:449:19
[INFO] [stderr]   43:     0x555e326e4dce - std::panic::catch_unwind::hca7ca6c55b2a2e26
[INFO] [stderr]                                at /rustc/1b7dd2252b99671ce5d1cb9664c5f8636329436d/library/std/src/panic.rs:140:14
[INFO] [stderr]   44:     0x555e326e4dce - std::rt::lang_start_internal::h2c807a81560459eb
[INFO] [stderr]                                at /rustc/1b7dd2252b99671ce5d1cb9664c5f8636329436d/library/std/src/rt.rs:148:20
[INFO] [stderr]   45:     0x555e326c8dfa - std::rt::lang_start::h38502950c643258d
[INFO] [stderr]                                at /rustc/1b7dd2252b99671ce5d1cb9664c5f8636329436d/library/std/src/rt.rs:165:17
[INFO] [stderr]   46:     0x555e326c6d4e - main
[INFO] [stderr]   47:     0x7fcbe5c2bd90 - <unknown>
[INFO] [stderr]   48:     0x7fcbe5c2be40 - __libc_start_main
[INFO] [stderr]   49:     0x555e326c4d55 - _start
[INFO] [stderr]   50:                0x0 - <unknown>
[INFO] [stdout] test testcase_1 ... FAILED
[INFO] [stdout] 
[INFO] [stdout] failures:
[INFO] [stdout] 
[INFO] [stdout] ---- testcase_1 stdout ----
[INFO] [stdout] thread 'testcase_1' panicked at 'expected command to succeed, got exit status: 101', /opt/rustwide/cargo-home/registry/src/index.crates.io-6f17d22bba15001f/cli_test_dir-0.1.7/src/lib.rs:535:13
[INFO] [stdout] stack backtrace:
[INFO] [stdout]    0:     0x56232bdf67ba - std::backtrace_rs::backtrace::libunwind::trace::h2f05d0192276a8f6
[INFO] [stdout]                                at /rustc/1b7dd2252b99671ce5d1cb9664c5f8636329436d/library/std/src/../../backtrace/src/backtrace/libunwind.rs:93:5
[INFO] [stdout]    1:     0x56232bdf67ba - std::backtrace_rs::backtrace::trace_unsynchronized::hedc23dff7a1af150
[INFO] [stdout]                                at /rustc/1b7dd2252b99671ce5d1cb9664c5f8636329436d/library/std/src/../../backtrace/src/backtrace/mod.rs:66:5
[INFO] [stdout]    2:     0x56232bdf67ba - std::sys_common::backtrace::_print_fmt::h17541ef7592f3ce2
[INFO] [stdout]                                at /rustc/1b7dd2252b99671ce5d1cb9664c5f8636329436d/library/std/src/sys_common/backtrace.rs:65:5
[INFO] [stdout]    3:     0x56232bdf67ba - <std::sys_common::backtrace::_print::DisplayBacktrace as core::fmt::Display>::fmt::h20f75df5ab0c0792
[INFO] [stdout]                                at /rustc/1b7dd2252b99671ce5d1cb9664c5f8636329436d/library/std/src/sys_common/backtrace.rs:44:22
[INFO] [stdout]    4:     0x56232be1b12f - core::fmt::write::h78109e6f466b3af6
[INFO] [stdout]                                at /rustc/1b7dd2252b99671ce5d1cb9664c5f8636329436d/library/core/src/fmt/mod.rs:1254:17
[INFO] [stdout]    5:     0x56232bdf2fc5 - std::io::Write::write_fmt::hd24bfb68a1b35a25
[INFO] [stdout]                                at /rustc/1b7dd2252b99671ce5d1cb9664c5f8636329436d/library/std/src/io/mod.rs:1698:15
[INFO] [stdout]    6:     0x56232bdf6585 - std::sys_common::backtrace::_print::h8dac57a9f8fbf9a5
[INFO] [stdout]                                at /rustc/1b7dd2252b99671ce5d1cb9664c5f8636329436d/library/std/src/sys_common/backtrace.rs:47:5
[INFO] [stdout]    7:     0x56232bdf6585 - std::sys_common::backtrace::print::hf9ecbf41d1aa712f
[INFO] [stdout]                                at /rustc/1b7dd2252b99671ce5d1cb9664c5f8636329436d/library/std/src/sys_common/backtrace.rs:34:9
[INFO] [stdout]    8:     0x56232bdf823e - std::panicking::default_hook::{{closure}}::h04c07acfc84ca028
[INFO] [stdout]                                at /rustc/1b7dd2252b99671ce5d1cb9664c5f8636329436d/library/std/src/panicking.rs:269:22
[INFO] [stdout]    9:     0x56232bdf7f71 - std::panicking::default_hook::h01f6bb23e1eceb2c
[INFO] [stdout]                                at /rustc/1b7dd2252b99671ce5d1cb9664c5f8636329436d/library/std/src/panicking.rs:285:9
[INFO] [stdout]   10:     0x56232bdc319b - <alloc::boxed::Box<F,A> as core::ops::function::Fn<Args>>::call::h87fe9f7b2fd49e4c
[INFO] [stdout]                                at /rustc/1b7dd2252b99671ce5d1cb9664c5f8636329436d/library/alloc/src/boxed.rs:1987:9
[INFO] [stdout]   11:     0x56232bdc319b - test::test_main::{{closure}}::he94d679243a7531b
[INFO] [stdout]                                at /rustc/1b7dd2252b99671ce5d1cb9664c5f8636329436d/library/test/src/lib.rs:134:21
[INFO] [stdout]   12:     0x56232bdf8924 - <alloc::boxed::Box<F,A> as core::ops::function::Fn<Args>>::call::h3f2d6d8b14c4769f
[INFO] [stdout]                                at /rustc/1b7dd2252b99671ce5d1cb9664c5f8636329436d/library/alloc/src/boxed.rs:1987:9
[INFO] [stdout]   13:     0x56232bdf8924 - std::panicking::rust_panic_with_hook::h2bb3722bbaf2f6df
[INFO] [stdout]                                at /rustc/1b7dd2252b99671ce5d1cb9664c5f8636329436d/library/std/src/panicking.rs:695:13
[INFO] [stdout]   14:     0x56232bdf8699 - std::panicking::begin_panic_handler::{{closure}}::h91bc7f36a4be011b
[INFO] [stdout]                                at /rustc/1b7dd2252b99671ce5d1cb9664c5f8636329436d/library/std/src/panicking.rs:582:13
[INFO] [stdout]   15:     0x56232bdf6c26 - std::sys_common::backtrace::__rust_end_short_backtrace::h8b3d3717114f9e59
[INFO] [stdout]                                at /rustc/1b7dd2252b99671ce5d1cb9664c5f8636329436d/library/std/src/sys_common/backtrace.rs:150:18
[INFO] [stdout]   16:     0x56232bdf83f2 - rust_begin_unwind
[INFO] [stdout]                                at /rustc/1b7dd2252b99671ce5d1cb9664c5f8636329436d/library/std/src/panicking.rs:578:5
[INFO] [stdout]   17:     0x56232bd80f43 - core::panicking::panic_fmt::hfd368e3fbdabea26
[INFO] [stdout]                                at /rustc/1b7dd2252b99671ce5d1cb9664c5f8636329436d/library/core/src/panicking.rs:67:14
[INFO] [stdout]   18:     0x56232bdd02d2 - <std::process::Output as cli_test_dir::ExpectStatus>::expect_success::h80a30170418e4c66
[INFO] [stdout]                                at /opt/rustwide/cargo-home/registry/src/index.crates.io-6f17d22bba15001f/cli_test_dir-0.1.7/src/lib.rs:535:13
[INFO] [stdout]   19:     0x56232bdccdc3 - <core::result::Result<ES,E> as cli_test_dir::ExpectStatus>::expect_success::h07df8d370e288d7f
[INFO] [stdout]                                at /opt/rustwide/cargo-home/registry/src/index.crates.io-6f17d22bba15001f/cli_test_dir-0.1.7/src/lib.rs:558:23
[INFO] [stdout]   20:     0x56232bd87fab - test_template::test_function::h7b12165684bf1b18
[INFO] [stdout]                                at /opt/rustwide/workdir/tests/test_template.rs:28:18
[INFO] [stdout]   21:     0x56232bd88557 - test_template::testcase_1::hcef67909bb046c1a
[INFO] [stdout]                                at /opt/rustwide/workdir/tests/test_template.rs:11:5
[INFO] [stdout]   22:     0x56232bd883e7 - test_template::testcase_1::{{closure}}::hd3f77080081868e3
[INFO] [stdout]                                at /opt/rustwide/workdir/tests/test_template.rs:7:17
[INFO] [stdout]   23:     0x56232bd853e5 - core::ops::function::FnOnce::call_once::h309588ad25eb674e
[INFO] [stdout]                                at /rustc/1b7dd2252b99671ce5d1cb9664c5f8636329436d/library/core/src/ops/function.rs:250:5
[INFO] [stdout]   24:     0x56232bdc806f - core::ops::function::FnOnce::call_once::ha6a70e79f7481a7e
[INFO] [stdout]                                at /rustc/1b7dd2252b99671ce5d1cb9664c5f8636329436d/library/core/src/ops/function.rs:250:5
[INFO] [stdout]   25:     0x56232bdc806f - test::__rust_begin_short_backtrace::hce33033019b61e69
[INFO] [stdout]                                at /rustc/1b7dd2252b99671ce5d1cb9664c5f8636329436d/library/test/src/lib.rs:655:18
[INFO] [stdout]   26:     0x56232bd9585c - test::run_test::{{closure}}::h858d3528838ae3e5
[INFO] [stdout]                                at /rustc/1b7dd2252b99671ce5d1cb9664c5f8636329436d/library/test/src/lib.rs:646:30
[INFO] [stdout]   27:     0x56232bd9585c - core::ops::function::FnOnce::call_once{{vtable.shim}}::he8ac2b00f01ae79e
[INFO] [stdout]                                at /rustc/1b7dd2252b99671ce5d1cb9664c5f8636329436d/library/core/src/ops/function.rs:250:5
[INFO] [stdout]   28:     0x56232bdc7146 - <alloc::boxed::Box<F,A> as core::ops::function::FnOnce<Args>>::call_once::h8093d25b522725ef
[INFO] [stdout]                                at /rustc/1b7dd2252b99671ce5d1cb9664c5f8636329436d/library/alloc/src/boxed.rs:1973:9
[INFO] [stdout]   29:     0x56232bdc7146 - <core::panic::unwind_safe::AssertUnwindSafe<F> as core::ops::function::FnOnce<()>>::call_once::h5c334c204e4a3913
[INFO] [stdout]                                at /rustc/1b7dd2252b99671ce5d1cb9664c5f8636329436d/library/core/src/panic/unwind_safe.rs:271:9
[INFO] [stdout]   30:     0x56232bdc7146 - std::panicking::try::do_call::ha8b740c7b9478074
[INFO] [stdout]                                at /rustc/1b7dd2252b99671ce5d1cb9664c5f8636329436d/library/std/src/panicking.rs:485:40
[INFO] [stdout]   31:     0x56232bdc7146 - std::panicking::try::h5d34f63d0e41b64e
[INFO] [stdout]                                at /rustc/1b7dd2252b99671ce5d1cb9664c5f8636329436d/library/std/src/panicking.rs:449:19
[INFO] [stdout]   32:     0x56232bdc7146 - std::panic::catch_unwind::hcfbb511e1aa7fc67
[INFO] [stdout]                                at /rustc/1b7dd2252b99671ce5d1cb9664c5f8636329436d/library/std/src/panic.rs:140:14
[INFO] [stdout]   33:     0x56232bdc7146 - test::run_test_in_process::h9abda90f802eaf21
[INFO] [stdout]                                at /rustc/1b7dd2252b99671ce5d1cb9664c5f8636329436d/library/test/src/lib.rs:678:27
[INFO] [stdout]   34:     0x56232bdc7146 - test::run_test::run_test_inner::{{closure}}::h0f058de91f6c6edf
[INFO] [stdout]                                at /rustc/1b7dd2252b99671ce5d1cb9664c5f8636329436d/library/test/src/lib.rs:572:39
[INFO] [stdout]   35:     0x56232bd90065 - test::run_test::run_test_inner::{{closure}}::h5ca48a4c59c6c1fb
[INFO] [stdout]                                at /rustc/1b7dd2252b99671ce5d1cb9664c5f8636329436d/library/test/src/lib.rs:599:37
[INFO] [stdout]   36:     0x56232bd90065 - std::sys_common::backtrace::__rust_begin_short_backtrace::h32bd51e1495d4a33
[INFO] [stdout]                                at /rustc/1b7dd2252b99671ce5d1cb9664c5f8636329436d/library/std/src/sys_common/backtrace.rs:134:18
[INFO] [stdout]   37:     0x56232bd955a1 - std::thread::Builder::spawn_unchecked_::{{closure}}::{{closure}}::hc086fae9b128b2db
[INFO] [stdout]                                at /rustc/1b7dd2252b99671ce5d1cb9664c5f8636329436d/library/std/src/thread/mod.rs:526:17
[INFO] [stdout]   38:     0x56232bd955a1 - <core::panic::unwind_safe::AssertUnwindSafe<F> as core::ops::function::FnOnce<()>>::call_once::hb66571888d270d43
[INFO] [stdout]                                at /rustc/1b7dd2252b99671ce5d1cb9664c5f8636329436d/library/core/src/panic/unwind_safe.rs:271:9
[INFO] [stdout]   39:     0x56232bd955a1 - std::panicking::try::do_call::h4fa2ef4f6e51fecf
[INFO] [stdout]                                at /rustc/1b7dd2252b99671ce5d1cb9664c5f8636329436d/library/std/src/panicking.rs:485:40
[INFO] [stdout]   40:     0x56232bd955a1 - std::panicking::try::h1e9e22b8584489b5
[INFO] [stdout]                                at /rustc/1b7dd2252b99671ce5d1cb9664c5f8636329436d/library/std/src/panicking.rs:449:19
[INFO] [stdout]   41:     0x56232bd955a1 - std::panic::catch_unwind::h44698a3de0e0769e
[INFO] [stdout]                                at /rustc/1b7dd2252b99671ce5d1cb9664c5f8636329436d/library/std/src/panic.rs:140:14
[INFO] [stdout]   42:     0x56232bd955a1 - std::thread::Builder::spawn_unchecked_::{{closure}}::h50153abde3fe239e
[INFO] [stdout]                                at /rustc/1b7dd2252b99671ce5d1cb9664c5f8636329436d/library/std/src/thread/mod.rs:525:30
[INFO] [stdout]   43:     0x56232bd955a1 - core::ops::function::FnOnce::call_once{{vtable.shim}}::hbe5bbf6f38394364
[INFO] [stdout]                                at /rustc/1b7dd2252b99671ce5d1cb9664c5f8636329436d/library/core/src/ops/function.rs:250:5
[INFO] [stdout]   44:     0x56232bdfd6f5 - <alloc::boxed::Box<F,A> as core::ops::function::FnOnce<Args>>::call_once::h0d83cb2920a49046
[INFO] [stdout]                                at /rustc/1b7dd2252b99671ce5d1cb9664c5f8636329436d/library/alloc/src/boxed.rs:1973:9
[INFO] [stdout]   45:     0x56232bdfd6f5 - <alloc::boxed::Box<F,A> as core::ops::function::FnOnce<Args>>::call_once::hbe0a008aa7d9ef59
[INFO] [stdout]                                at /rustc/1b7dd2252b99671ce5d1cb9664c5f8636329436d/library/alloc/src/boxed.rs:1973:9
[INFO] [stdout]   46:     0x56232bdfd6f5 - std::sys::unix::thread::Thread::new::thread_start::h3a466996bdf6b1f9
[INFO] [stdout]                                at /rustc/1b7dd2252b99671ce5d1cb9664c5f8636329436d/library/std/src/sys/unix/thread.rs:108:17
[INFO] [stdout]   47:     0x7f30a0101b43 - <unknown>
[INFO] [stdout]   48:     0x7f30a0192bb4 - __clone
[INFO] [stdout]   49:                0x0 - <unknown>
[INFO] [stdout] 
[INFO] [stdout] 
[INFO] [stdout] failures:
[INFO] [stdout]     testcase_1
[INFO] [stdout] 
[INFO] [stdout] test result: FAILED. 0 passed; 1 failed; 0 ignored; 0 measured; 0 filtered out; finished in 0.02s
[INFO] [stdout] 
[INFO] [stderr] error: test failed, to rerun pass `--test test_template`
[INFO] running `Command { std: "docker" "inspect" "7fa726555596753d732d89beb005c1e1fe8b7a74d7d5c5c6e3c923d1009fc93b", kill_on_drop: false }`
[INFO] running `Command { std: "docker" "rm" "-f" "7fa726555596753d732d89beb005c1e1fe8b7a74d7d5c5c6e3c923d1009fc93b", kill_on_drop: false }`
[INFO] [stdout] 7fa726555596753d732d89beb005c1e1fe8b7a74d7d5c5c6e3c923d1009fc93b
