[INFO] cloning repository https://github.com/tawashichan/prop-lk
[INFO] running `Command { std: "git" "-c" "credential.helper=" "-c" "credential.helper=/workspace/cargo-home/bin/git-credential-null" "clone" "--bare" "https://github.com/tawashichan/prop-lk" "/workspace/cache/git-repos/https%3A%2F%2Fgithub.com%2Ftawashichan%2Fprop-lk", kill_on_drop: false }`
[INFO] [stderr] Cloning into bare repository '/workspace/cache/git-repos/https%3A%2F%2Fgithub.com%2Ftawashichan%2Fprop-lk'...
[INFO] running `Command { std: "git" "rev-parse" "HEAD", kill_on_drop: false }`
[INFO] [stdout] ad6d0bc261f8f3d7bf82549bf883a4068a694a89
[INFO] testing tawashichan/prop-lk against beta-2023-04-20 for beta-1.70-1
[INFO] running `Command { std: "git" "clone" "/workspace/cache/git-repos/https%3A%2F%2Fgithub.com%2Ftawashichan%2Fprop-lk" "/workspace/builds/worker-4-tc2/source", kill_on_drop: false }`
[INFO] [stderr] Cloning into '/workspace/builds/worker-4-tc2/source'...
[INFO] [stderr] done.
[INFO] validating manifest of git repo https://github.com/tawashichan/prop-lk on toolchain beta-2023-04-20
[INFO] running `Command { std: CARGO_HOME="/workspace/cargo-home" RUSTUP_HOME="/workspace/rustup-home" "/workspace/cargo-home/bin/cargo" "+beta-2023-04-20" "metadata" "--manifest-path" "Cargo.toml" "--no-deps", kill_on_drop: false }`
[INFO] started tweaking git repo https://github.com/tawashichan/prop-lk
[INFO] finished tweaking git repo https://github.com/tawashichan/prop-lk
[INFO] tweaked toml for git repo https://github.com/tawashichan/prop-lk written to /workspace/builds/worker-4-tc2/source/Cargo.toml
[INFO] crate git repo https://github.com/tawashichan/prop-lk already has a lockfile, it will not be regenerated
[INFO] running `Command { std: CARGO_HOME="/workspace/cargo-home" RUSTUP_HOME="/workspace/rustup-home" "/workspace/cargo-home/bin/cargo" "+beta-2023-04-20" "fetch" "--manifest-path" "Cargo.toml", kill_on_drop: false }`
[INFO] running `Command { std: "docker" "create" "-v" "/var/lib/crater-agent-workspace/builds/worker-4-tc2/target:/opt/rustwide/target:rw,Z" "-v" "/var/lib/crater-agent-workspace/builds/worker-4-tc2/source:/opt/rustwide/workdir:ro,Z" "-v" "/var/lib/crater-agent-workspace/cargo-home:/opt/rustwide/cargo-home:ro,Z" "-v" "/var/lib/crater-agent-workspace/rustup-home:/opt/rustwide/rustup-home:ro,Z" "-e" "SOURCE_DIR=/opt/rustwide/workdir" "-e" "CARGO_TARGET_DIR=/opt/rustwide/target" "-e" "CARGO_HOME=/opt/rustwide/cargo-home" "-e" "RUSTUP_HOME=/opt/rustwide/rustup-home" "-w" "/opt/rustwide/workdir" "-m" "1610612736" "--user" "0:0" "--network" "none" "ghcr.io/rust-lang/crates-build-env/linux@sha256:5ff2268d62e97bff2cde7d5815dd6ed5b47097566f13b8d0ca110b04b60e07ed" "/opt/rustwide/cargo-home/bin/cargo" "+beta-2023-04-20" "metadata" "--no-deps" "--format-version=1", kill_on_drop: false }`
[INFO] [stdout] 8367f79953f57fd943a6dcc6610a459f37315d0477bd42a1ed00a42b33dd116a
[INFO] running `Command { std: "docker" "start" "-a" "8367f79953f57fd943a6dcc6610a459f37315d0477bd42a1ed00a42b33dd116a", kill_on_drop: false }`
[INFO] running `Command { std: "docker" "inspect" "8367f79953f57fd943a6dcc6610a459f37315d0477bd42a1ed00a42b33dd116a", kill_on_drop: false }`
[INFO] running `Command { std: "docker" "rm" "-f" "8367f79953f57fd943a6dcc6610a459f37315d0477bd42a1ed00a42b33dd116a", kill_on_drop: false }`
[INFO] [stdout] 8367f79953f57fd943a6dcc6610a459f37315d0477bd42a1ed00a42b33dd116a
[INFO] running `Command { std: "docker" "create" "-v" "/var/lib/crater-agent-workspace/builds/worker-4-tc2/target:/opt/rustwide/target:rw,Z" "-v" "/var/lib/crater-agent-workspace/builds/worker-4-tc2/source:/opt/rustwide/workdir:ro,Z" "-v" "/var/lib/crater-agent-workspace/cargo-home:/opt/rustwide/cargo-home:ro,Z" "-v" "/var/lib/crater-agent-workspace/rustup-home:/opt/rustwide/rustup-home:ro,Z" "-e" "SOURCE_DIR=/opt/rustwide/workdir" "-e" "CARGO_TARGET_DIR=/opt/rustwide/target" "-e" "CARGO_INCREMENTAL=0" "-e" "RUST_BACKTRACE=full" "-e" "RUSTFLAGS=--cap-lints=warn" "-e" "RUSTDOCFLAGS=--cap-lints=warn" "-e" "CARGO_HOME=/opt/rustwide/cargo-home" "-e" "RUSTUP_HOME=/opt/rustwide/rustup-home" "-w" "/opt/rustwide/workdir" "-m" "1610612736" "--user" "0:0" "--network" "none" "ghcr.io/rust-lang/crates-build-env/linux@sha256:5ff2268d62e97bff2cde7d5815dd6ed5b47097566f13b8d0ca110b04b60e07ed" "/opt/rustwide/cargo-home/bin/cargo" "+beta-2023-04-20" "build" "--frozen" "--message-format=json", kill_on_drop: false }`
[INFO] [stdout] 8e71c8d80058e35f5a74251d236102011953a3a56b47be5f73b90257a9c0dcf9
[INFO] running `Command { std: "docker" "start" "-a" "8e71c8d80058e35f5a74251d236102011953a3a56b47be5f73b90257a9c0dcf9", kill_on_drop: false }`
[INFO] [stderr]    Compiling prop-logic-checker v0.1.0 (/opt/rustwide/workdir)
[INFO] [stdout] warning: unused import: `Formula`
[INFO] [stdout]  --> src/parser.rs:2:20
[INFO] [stdout]   |
[INFO] [stdout] 2 | use crate::logic::{Formula,Sequent};
[INFO] [stdout]   |                    ^^^^^^^
[INFO] [stdout]   |
[INFO] [stdout]   = note: `#[warn(unused_imports)]` on by default
[INFO] [stdout] 
[INFO] [stdout] 
[INFO] [stdout] warning: unused variable: `tokens`
[INFO] [stdout]   --> src/parser.rs:21:17
[INFO] [stdout]    |
[INFO] [stdout] 21 | fn parse_tokens(tokens: &[Token]) -> Vec<Sequent> {
[INFO] [stdout]    |                 ^^^^^^ help: if this is intentional, prefix it with an underscore: `_tokens`
[INFO] [stdout]    |
[INFO] [stdout]    = note: `#[warn(unused_variables)]` on by default
[INFO] [stdout] 
[INFO] [stdout] 
[INFO] [stdout] warning: variants `Atom`, `And`, `Not`, and `Or` are never constructed
[INFO] [stdout]   --> src/logic.rs:8:5
[INFO] [stdout]    |
[INFO] [stdout] 7  | pub enum Formula {
[INFO] [stdout]    |          ------- variants in this enum
[INFO] [stdout] 8  |     Atom(&'static str), //原始式
[INFO] [stdout]    |     ^^^^
[INFO] [stdout] 9  |     And(Box<Formula>, Box<Formula>),
[INFO] [stdout]    |     ^^^
[INFO] [stdout] 10 |     Not(Box<Formula>),
[INFO] [stdout]    |     ^^^
[INFO] [stdout] 11 |     Or(Box<Formula>, Box<Formula>),
[INFO] [stdout]    |     ^^
[INFO] [stdout]    |
[INFO] [stdout]    = note: `Formula` has a derived impl for the trait `Clone`, but this is intentionally ignored during dead code analysis
[INFO] [stdout]    = note: `#[warn(dead_code)]` on by default
[INFO] [stdout] 
[INFO] [stdout] 
[INFO] [stdout] warning: enum `Rule` is never used
[INFO] [stdout]   --> src/logic.rs:14:6
[INFO] [stdout]    |
[INFO] [stdout] 14 | enum Rule {
[INFO] [stdout]    |      ^^^^
[INFO] [stdout] 
[INFO] [stdout] 
[INFO] [stdout] warning: enum `ProofTree` is never used
[INFO] [stdout]   --> src/logic.rs:23:6
[INFO] [stdout]    |
[INFO] [stdout] 23 | enum ProofTree {
[INFO] [stdout]    |      ^^^^^^^^^
[INFO] [stdout] 
[INFO] [stdout] 
[INFO] [stdout] warning: method `is_reachable` is never used
[INFO] [stdout]   --> src/logic.rs:29:8
[INFO] [stdout]    |
[INFO] [stdout] 28 | impl Sequent {
[INFO] [stdout]    | ------------ method in this implementation
[INFO] [stdout] 29 |     fn is_reachable(&self, rule: &Rule, another: &Sequent) -> bool {
[INFO] [stdout]    |        ^^^^^^^^^^^^
[INFO] [stdout] 
[INFO] [stdout] 
[INFO] [stdout] warning: method `is_valid` is never used
[INFO] [stdout]   --> src/logic.rs:52:8
[INFO] [stdout]    |
[INFO] [stdout] 51 | impl ProofTree {
[INFO] [stdout]    | -------------- method in this implementation
[INFO] [stdout] 52 |     fn is_valid(&self) -> bool {
[INFO] [stdout]    |        ^^^^^^^^
[INFO] [stdout] 
[INFO] [stdout] 
[INFO] [stdout] warning: enum `Token` is never used
[INFO] [stdout]  --> src/parser.rs:4:6
[INFO] [stdout]   |
[INFO] [stdout] 4 | enum Token {
[INFO] [stdout]   |      ^^^^^
[INFO] [stdout] 
[INFO] [stdout] 
[INFO] [stdout] warning: function `parse` is never used
[INFO] [stdout]   --> src/parser.rs:14:4
[INFO] [stdout]    |
[INFO] [stdout] 14 | fn parse(chars: &[char]) -> Vec<Token> {
[INFO] [stdout]    |    ^^^^^
[INFO] [stdout] 
[INFO] [stdout] 
[INFO] [stdout] warning: function `parse_tokens` is never used
[INFO] [stdout]   --> src/parser.rs:21:4
[INFO] [stdout]    |
[INFO] [stdout] 21 | fn parse_tokens(tokens: &[Token]) -> Vec<Sequent> {
[INFO] [stdout]    |    ^^^^^^^^^^^^
[INFO] [stdout] 
[INFO] [stdout] 
[INFO] [stdout] warning: 10 warnings emitted
[INFO] [stdout] 
[INFO] [stdout] 
[INFO] [stderr]     Finished dev [unoptimized + debuginfo] target(s) in 0.27s
[INFO] running `Command { std: "docker" "inspect" "8e71c8d80058e35f5a74251d236102011953a3a56b47be5f73b90257a9c0dcf9", kill_on_drop: false }`
[INFO] running `Command { std: "docker" "rm" "-f" "8e71c8d80058e35f5a74251d236102011953a3a56b47be5f73b90257a9c0dcf9", kill_on_drop: false }`
[INFO] [stdout] 8e71c8d80058e35f5a74251d236102011953a3a56b47be5f73b90257a9c0dcf9
[INFO] running `Command { std: "docker" "create" "-v" "/var/lib/crater-agent-workspace/builds/worker-4-tc2/target:/opt/rustwide/target:rw,Z" "-v" "/var/lib/crater-agent-workspace/builds/worker-4-tc2/source:/opt/rustwide/workdir:ro,Z" "-v" "/var/lib/crater-agent-workspace/cargo-home:/opt/rustwide/cargo-home:ro,Z" "-v" "/var/lib/crater-agent-workspace/rustup-home:/opt/rustwide/rustup-home:ro,Z" "-e" "SOURCE_DIR=/opt/rustwide/workdir" "-e" "CARGO_TARGET_DIR=/opt/rustwide/target" "-e" "CARGO_INCREMENTAL=0" "-e" "RUST_BACKTRACE=full" "-e" "RUSTFLAGS=--cap-lints=warn" "-e" "RUSTDOCFLAGS=--cap-lints=warn" "-e" "CARGO_HOME=/opt/rustwide/cargo-home" "-e" "RUSTUP_HOME=/opt/rustwide/rustup-home" "-w" "/opt/rustwide/workdir" "-m" "1610612736" "--user" "0:0" "--network" "none" "ghcr.io/rust-lang/crates-build-env/linux@sha256:5ff2268d62e97bff2cde7d5815dd6ed5b47097566f13b8d0ca110b04b60e07ed" "/opt/rustwide/cargo-home/bin/cargo" "+beta-2023-04-20" "test" "--frozen" "--no-run" "--message-format=json", kill_on_drop: false }`
[INFO] [stdout] b4e57f5aa071a2b401afbd886b0ece6025d494cb8bcba400e945bdcac9c00cb6
[INFO] running `Command { std: "docker" "start" "-a" "b4e57f5aa071a2b401afbd886b0ece6025d494cb8bcba400e945bdcac9c00cb6", kill_on_drop: false }`
[INFO] [stderr]    Compiling prop-logic-checker v0.1.0 (/opt/rustwide/workdir)
[INFO] [stdout] warning: unused import: `Formula`
[INFO] [stdout]  --> src/parser.rs:2:20
[INFO] [stdout]   |
[INFO] [stdout] 2 | use crate::logic::{Formula,Sequent};
[INFO] [stdout]   |                    ^^^^^^^
[INFO] [stdout]   |
[INFO] [stdout]   = note: `#[warn(unused_imports)]` on by default
[INFO] [stdout] 
[INFO] [stdout] 
[INFO] [stdout] warning: unused variable: `tokens`
[INFO] [stdout]   --> src/parser.rs:21:17
[INFO] [stdout]    |
[INFO] [stdout] 21 | fn parse_tokens(tokens: &[Token]) -> Vec<Sequent> {
[INFO] [stdout]    |                 ^^^^^^ help: if this is intentional, prefix it with an underscore: `_tokens`
[INFO] [stdout]    |
[INFO] [stdout]    = note: `#[warn(unused_variables)]` on by default
[INFO] [stdout] 
[INFO] [stdout] 
[INFO] [stdout] warning: variant `And` is never constructed
[INFO] [stdout]  --> src/logic.rs:9:5
[INFO] [stdout]   |
[INFO] [stdout] 7 | pub enum Formula {
[INFO] [stdout]   |          ------- variant in this enum
[INFO] [stdout] 8 |     Atom(&'static str), //原始式
[INFO] [stdout] 9 |     And(Box<Formula>, Box<Formula>),
[INFO] [stdout]   |     ^^^
[INFO] [stdout]   |
[INFO] [stdout]   = note: `Formula` has a derived impl for the trait `Clone`, but this is intentionally ignored during dead code analysis
[INFO] [stdout]   = note: `#[warn(dead_code)]` on by default
[INFO] [stdout] 
[INFO] [stdout] 
[INFO] [stdout] warning: enum `Token` is never used
[INFO] [stdout]  --> src/parser.rs:4:6
[INFO] [stdout]   |
[INFO] [stdout] 4 | enum Token {
[INFO] [stdout]   |      ^^^^^
[INFO] [stdout] 
[INFO] [stdout] 
[INFO] [stdout] warning: function `parse` is never used
[INFO] [stdout]   --> src/parser.rs:14:4
[INFO] [stdout]    |
[INFO] [stdout] 14 | fn parse(chars: &[char]) -> Vec<Token> {
[INFO] [stdout]    |    ^^^^^
[INFO] [stdout] 
[INFO] [stdout] 
[INFO] [stdout] warning: function `parse_tokens` is never used
[INFO] [stdout]   --> src/parser.rs:21:4
[INFO] [stdout]    |
[INFO] [stdout] 21 | fn parse_tokens(tokens: &[Token]) -> Vec<Sequent> {
[INFO] [stdout]    |    ^^^^^^^^^^^^
[INFO] [stdout] 
[INFO] [stdout] 
[INFO] [stdout] warning: 6 warnings emitted
[INFO] [stdout] 
[INFO] [stdout] 
[INFO] [stderr]     Finished test [unoptimized + debuginfo] target(s) in 0.44s
[INFO] running `Command { std: "docker" "inspect" "b4e57f5aa071a2b401afbd886b0ece6025d494cb8bcba400e945bdcac9c00cb6", kill_on_drop: false }`
[INFO] running `Command { std: "docker" "rm" "-f" "b4e57f5aa071a2b401afbd886b0ece6025d494cb8bcba400e945bdcac9c00cb6", kill_on_drop: false }`
[INFO] [stdout] b4e57f5aa071a2b401afbd886b0ece6025d494cb8bcba400e945bdcac9c00cb6
[INFO] running `Command { std: "docker" "create" "-v" "/var/lib/crater-agent-workspace/builds/worker-4-tc2/target:/opt/rustwide/target:rw,Z" "-v" "/var/lib/crater-agent-workspace/builds/worker-4-tc2/source:/opt/rustwide/workdir:ro,Z" "-v" "/var/lib/crater-agent-workspace/cargo-home:/opt/rustwide/cargo-home:ro,Z" "-v" "/var/lib/crater-agent-workspace/rustup-home:/opt/rustwide/rustup-home:ro,Z" "-e" "SOURCE_DIR=/opt/rustwide/workdir" "-e" "CARGO_TARGET_DIR=/opt/rustwide/target" "-e" "CARGO_INCREMENTAL=0" "-e" "RUST_BACKTRACE=full" "-e" "RUSTFLAGS=--cap-lints=warn" "-e" "RUSTDOCFLAGS=--cap-lints=warn" "-e" "CARGO_HOME=/opt/rustwide/cargo-home" "-e" "RUSTUP_HOME=/opt/rustwide/rustup-home" "-w" "/opt/rustwide/workdir" "-m" "1610612736" "--user" "0:0" "--network" "none" "ghcr.io/rust-lang/crates-build-env/linux@sha256:5ff2268d62e97bff2cde7d5815dd6ed5b47097566f13b8d0ca110b04b60e07ed" "/opt/rustwide/cargo-home/bin/cargo" "+beta-2023-04-20" "test" "--frozen", kill_on_drop: false }`
[INFO] [stdout] 4cc2a3e95e1a64f989da8267556144d93efdf90e5955ba9147cd4fd71ed3c889
[INFO] running `Command { std: "docker" "start" "-a" "4cc2a3e95e1a64f989da8267556144d93efdf90e5955ba9147cd4fd71ed3c889", kill_on_drop: false }`
[INFO] [stderr] warning: unused import: `Formula`
[INFO] [stderr]  --> src/parser.rs:2:20
[INFO] [stderr]   |
[INFO] [stderr] 2 | use crate::logic::{Formula,Sequent};
[INFO] [stderr]   |                    ^^^^^^^
[INFO] [stderr]   |
[INFO] [stderr]   = note: `#[warn(unused_imports)]` on by default
[INFO] [stderr] 
[INFO] [stderr] warning: unused variable: `tokens`
[INFO] [stderr]   --> src/parser.rs:21:17
[INFO] [stderr]    |
[INFO] [stderr] 21 | fn parse_tokens(tokens: &[Token]) -> Vec<Sequent> {
[INFO] [stderr]    |                 ^^^^^^ help: if this is intentional, prefix it with an underscore: `_tokens`
[INFO] [stderr]    |
[INFO] [stderr]    = note: `#[warn(unused_variables)]` on by default
[INFO] [stderr] 
[INFO] [stderr] warning: variant `And` is never constructed
[INFO] [stderr]  --> src/logic.rs:9:5
[INFO] [stderr]   |
[INFO] [stderr] 7 | pub enum Formula {
[INFO] [stderr]   |          ------- variant in this enum
[INFO] [stderr] 8 |     Atom(&'static str), //原始式
[INFO] [stderr] 9 |     And(Box<Formula>, Box<Formula>),
[INFO] [stderr]   |     ^^^
[INFO] [stderr]   |
[INFO] [stderr]   = note: `Formula` has a derived impl for the trait `Clone`, but this is intentionally ignored during dead code analysis
[INFO] [stderr]   = note: `#[warn(dead_code)]` on by default
[INFO] [stderr] 
[INFO] [stderr] warning: enum `Token` is never used
[INFO] [stderr]  --> src/parser.rs:4:6
[INFO] [stderr]   |
[INFO] [stderr] 4 | enum Token {
[INFO] [stderr]   |      ^^^^^
[INFO] [stderr] 
[INFO] [stderr] warning: function `parse` is never used
[INFO] [stderr]   --> src/parser.rs:14:4
[INFO] [stderr]    |
[INFO] [stderr] 14 | fn parse(chars: &[char]) -> Vec<Token> {
[INFO] [stderr]    |    ^^^^^
[INFO] [stderr] 
[INFO] [stderr] warning: function `parse_tokens` is never used
[INFO] [stderr]   --> src/parser.rs:21:4
[INFO] [stderr]    |
[INFO] [stderr] 21 | fn parse_tokens(tokens: &[Token]) -> Vec<Sequent> {
[INFO] [stderr]    |    ^^^^^^^^^^^^
[INFO] [stderr] 
[INFO] [stderr] warning: `prop-logic-checker` (bin "prop-logic-checker" test) generated 6 warnings (run `cargo fix --bin "prop-logic-checker" --tests` to apply 2 suggestions)
[INFO] [stderr]     Finished test [unoptimized + debuginfo] target(s) in 0.00s
[INFO] [stderr]      Running unittests src/main.rs (/opt/rustwide/target/debug/deps/prop_logic_checker-e4cefecec4b33a40)
[INFO] [stdout] 
[INFO] [stdout] running 1 test
[INFO] [stdout] test logic::sample_proof ... FAILED
[INFO] [stdout] 
[INFO] [stdout] failures:
[INFO] [stdout] 
[INFO] [stdout] ---- logic::sample_proof stdout ----
[INFO] [stdout] thread 'logic::sample_proof' panicked at 'not implemented', src/logic.rs:46:18
[INFO] [stdout] stack backtrace:
[INFO] [stdout]    0:     0x55cc3e31befa - std::backtrace_rs::backtrace::libunwind::trace::h2f05d0192276a8f6
[INFO] [stdout]                                at /rustc/1b7dd2252b99671ce5d1cb9664c5f8636329436d/library/std/src/../../backtrace/src/backtrace/libunwind.rs:93:5
[INFO] [stdout]    1:     0x55cc3e31befa - std::backtrace_rs::backtrace::trace_unsynchronized::hedc23dff7a1af150
[INFO] [stdout]                                at /rustc/1b7dd2252b99671ce5d1cb9664c5f8636329436d/library/std/src/../../backtrace/src/backtrace/mod.rs:66:5
[INFO] [stdout]    2:     0x55cc3e31befa - std::sys_common::backtrace::_print_fmt::h17541ef7592f3ce2
[INFO] [stdout]                                at /rustc/1b7dd2252b99671ce5d1cb9664c5f8636329436d/library/std/src/sys_common/backtrace.rs:65:5
[INFO] [stdout]    3:     0x55cc3e31befa - <std::sys_common::backtrace::_print::DisplayBacktrace as core::fmt::Display>::fmt::h20f75df5ab0c0792
[INFO] [stdout]                                at /rustc/1b7dd2252b99671ce5d1cb9664c5f8636329436d/library/std/src/sys_common/backtrace.rs:44:22
[INFO] [stdout]    4:     0x55cc3e33fb4f - core::fmt::write::h78109e6f466b3af6
[INFO] [stdout]                                at /rustc/1b7dd2252b99671ce5d1cb9664c5f8636329436d/library/core/src/fmt/mod.rs:1254:17
[INFO] [stdout]    5:     0x55cc3e319245 - std::io::Write::write_fmt::hd24bfb68a1b35a25
[INFO] [stdout]                                at /rustc/1b7dd2252b99671ce5d1cb9664c5f8636329436d/library/std/src/io/mod.rs:1698:15
[INFO] [stdout]    6:     0x55cc3e31bcc5 - std::sys_common::backtrace::_print::h8dac57a9f8fbf9a5
[INFO] [stdout]                                at /rustc/1b7dd2252b99671ce5d1cb9664c5f8636329436d/library/std/src/sys_common/backtrace.rs:47:5
[INFO] [stdout]    7:     0x55cc3e31bcc5 - std::sys_common::backtrace::print::hf9ecbf41d1aa712f
[INFO] [stdout]                                at /rustc/1b7dd2252b99671ce5d1cb9664c5f8636329436d/library/std/src/sys_common/backtrace.rs:34:9
[INFO] [stdout]    8:     0x55cc3e31d97e - std::panicking::default_hook::{{closure}}::h04c07acfc84ca028
[INFO] [stdout]                                at /rustc/1b7dd2252b99671ce5d1cb9664c5f8636329436d/library/std/src/panicking.rs:269:22
[INFO] [stdout]    9:     0x55cc3e31d6b1 - std::panicking::default_hook::h01f6bb23e1eceb2c
[INFO] [stdout]                                at /rustc/1b7dd2252b99671ce5d1cb9664c5f8636329436d/library/std/src/panicking.rs:285:9
[INFO] [stdout]   10:     0x55cc3e2f104b - <alloc::boxed::Box<F,A> as core::ops::function::Fn<Args>>::call::h87fe9f7b2fd49e4c
[INFO] [stdout]                                at /rustc/1b7dd2252b99671ce5d1cb9664c5f8636329436d/library/alloc/src/boxed.rs:1987:9
[INFO] [stdout]   11:     0x55cc3e2f104b - test::test_main::{{closure}}::he94d679243a7531b
[INFO] [stdout]                                at /rustc/1b7dd2252b99671ce5d1cb9664c5f8636329436d/library/test/src/lib.rs:134:21
[INFO] [stdout]   12:     0x55cc3e31e064 - <alloc::boxed::Box<F,A> as core::ops::function::Fn<Args>>::call::h3f2d6d8b14c4769f
[INFO] [stdout]                                at /rustc/1b7dd2252b99671ce5d1cb9664c5f8636329436d/library/alloc/src/boxed.rs:1987:9
[INFO] [stdout]   13:     0x55cc3e31e064 - std::panicking::rust_panic_with_hook::h2bb3722bbaf2f6df
[INFO] [stdout]                                at /rustc/1b7dd2252b99671ce5d1cb9664c5f8636329436d/library/std/src/panicking.rs:695:13
[INFO] [stdout]   14:     0x55cc3e31dd92 - std::panicking::begin_panic_handler::{{closure}}::h91bc7f36a4be011b
[INFO] [stdout]                                at /rustc/1b7dd2252b99671ce5d1cb9664c5f8636329436d/library/std/src/panicking.rs:580:13
[INFO] [stdout]   15:     0x55cc3e31c366 - std::sys_common::backtrace::__rust_end_short_backtrace::h8b3d3717114f9e59
[INFO] [stdout]                                at /rustc/1b7dd2252b99671ce5d1cb9664c5f8636329436d/library/std/src/sys_common/backtrace.rs:150:18
[INFO] [stdout]   16:     0x55cc3e31db32 - rust_begin_unwind
[INFO] [stdout]                                at /rustc/1b7dd2252b99671ce5d1cb9664c5f8636329436d/library/std/src/panicking.rs:578:5
[INFO] [stdout]   17:     0x55cc3e2b7b93 - core::panicking::panic_fmt::hfd368e3fbdabea26
[INFO] [stdout]                                at /rustc/1b7dd2252b99671ce5d1cb9664c5f8636329436d/library/core/src/panicking.rs:67:14
[INFO] [stdout]   18:     0x55cc3e2b7c2d - core::panicking::panic::h3f9042d09bd0bf2e
[INFO] [stdout]                                at /rustc/1b7dd2252b99671ce5d1cb9664c5f8636329436d/library/core/src/panicking.rs:117:5
[INFO] [stdout]   19:     0x55cc3e2b8ff4 - prop_logic_checker::logic::Sequent::is_reachable::h8dc0beb43d060ee5
[INFO] [stdout]                                at /opt/rustwide/workdir/src/logic.rs:46:18
[INFO] [stdout]   20:     0x55cc3e2b915a - prop_logic_checker::logic::ProofTree::is_valid::hddaa78f21c7bd972
[INFO] [stdout]                                at /opt/rustwide/workdir/src/logic.rs:58:21
[INFO] [stdout]   21:     0x55cc3e2bb916 - prop_logic_checker::logic::sample_proof::h0bea4cbf327f493b
[INFO] [stdout]                                at /opt/rustwide/workdir/src/logic.rs:123:13
[INFO] [stdout]   22:     0x55cc3e2b9427 - prop_logic_checker::logic::sample_proof::{{closure}}::h5bee1e4feecd8e79
[INFO] [stdout]                                at /opt/rustwide/workdir/src/logic.rs:67:19
[INFO] [stdout]   23:     0x55cc3e2bd5a5 - core::ops::function::FnOnce::call_once::h588af4835ace33fd
[INFO] [stdout]                                at /rustc/1b7dd2252b99671ce5d1cb9664c5f8636329436d/library/core/src/ops/function.rs:250:5
[INFO] [stdout]   24:     0x55cc3e2f5f1f - core::ops::function::FnOnce::call_once::ha6a70e79f7481a7e
[INFO] [stdout]                                at /rustc/1b7dd2252b99671ce5d1cb9664c5f8636329436d/library/core/src/ops/function.rs:250:5
[INFO] [stdout]   25:     0x55cc3e2f5f1f - test::__rust_begin_short_backtrace::hce33033019b61e69
[INFO] [stdout]                                at /rustc/1b7dd2252b99671ce5d1cb9664c5f8636329436d/library/test/src/lib.rs:655:18
[INFO] [stdout]   26:     0x55cc3e2c370c - test::run_test::{{closure}}::h858d3528838ae3e5
[INFO] [stdout]                                at /rustc/1b7dd2252b99671ce5d1cb9664c5f8636329436d/library/test/src/lib.rs:646:30
[INFO] [stdout]   27:     0x55cc3e2c370c - core::ops::function::FnOnce::call_once{{vtable.shim}}::he8ac2b00f01ae79e
[INFO] [stdout]                                at /rustc/1b7dd2252b99671ce5d1cb9664c5f8636329436d/library/core/src/ops/function.rs:250:5
[INFO] [stdout]   28:     0x55cc3e2f4ff6 - <alloc::boxed::Box<F,A> as core::ops::function::FnOnce<Args>>::call_once::h8093d25b522725ef
[INFO] [stdout]                                at /rustc/1b7dd2252b99671ce5d1cb9664c5f8636329436d/library/alloc/src/boxed.rs:1973:9
[INFO] [stdout]   29:     0x55cc3e2f4ff6 - <core::panic::unwind_safe::AssertUnwindSafe<F> as core::ops::function::FnOnce<()>>::call_once::h5c334c204e4a3913
[INFO] [stdout]                                at /rustc/1b7dd2252b99671ce5d1cb9664c5f8636329436d/library/core/src/panic/unwind_safe.rs:271:9
[INFO] [stdout]   30:     0x55cc3e2f4ff6 - std::panicking::try::do_call::ha8b740c7b9478074
[INFO] [stdout]                                at /rustc/1b7dd2252b99671ce5d1cb9664c5f8636329436d/library/std/src/panicking.rs:485:40
[INFO] [stdout]   31:     0x55cc3e2f4ff6 - std::panicking::try::h5d34f63d0e41b64e
[INFO] [stdout]                                at /rustc/1b7dd2252b99671ce5d1cb9664c5f8636329436d/library/std/src/panicking.rs:449:19
[INFO] [stdout]   32:     0x55cc3e2f4ff6 - std::panic::catch_unwind::hcfbb511e1aa7fc67
[INFO] [stdout]                                at /rustc/1b7dd2252b99671ce5d1cb9664c5f8636329436d/library/std/src/panic.rs:140:14
[INFO] [stdout]   33:     0x55cc3e2f4ff6 - test::run_test_in_process::h9abda90f802eaf21
[INFO] [stdout]                                at /rustc/1b7dd2252b99671ce5d1cb9664c5f8636329436d/library/test/src/lib.rs:678:27
[INFO] [stdout]   34:     0x55cc3e2f4ff6 - test::run_test::run_test_inner::{{closure}}::h0f058de91f6c6edf
[INFO] [stdout]                                at /rustc/1b7dd2252b99671ce5d1cb9664c5f8636329436d/library/test/src/lib.rs:572:39
[INFO] [stdout]   35:     0x55cc3e2bdf15 - test::run_test::run_test_inner::{{closure}}::h5ca48a4c59c6c1fb
[INFO] [stdout]                                at /rustc/1b7dd2252b99671ce5d1cb9664c5f8636329436d/library/test/src/lib.rs:599:37
[INFO] [stdout]   36:     0x55cc3e2bdf15 - std::sys_common::backtrace::__rust_begin_short_backtrace::h32bd51e1495d4a33
[INFO] [stdout]                                at /rustc/1b7dd2252b99671ce5d1cb9664c5f8636329436d/library/std/src/sys_common/backtrace.rs:134:18
[INFO] [stdout]   37:     0x55cc3e2c3451 - std::thread::Builder::spawn_unchecked_::{{closure}}::{{closure}}::hc086fae9b128b2db
[INFO] [stdout]                                at /rustc/1b7dd2252b99671ce5d1cb9664c5f8636329436d/library/std/src/thread/mod.rs:526:17
[INFO] [stdout]   38:     0x55cc3e2c3451 - <core::panic::unwind_safe::AssertUnwindSafe<F> as core::ops::function::FnOnce<()>>::call_once::hb66571888d270d43
[INFO] [stdout]                                at /rustc/1b7dd2252b99671ce5d1cb9664c5f8636329436d/library/core/src/panic/unwind_safe.rs:271:9
[INFO] [stdout]   39:     0x55cc3e2c3451 - std::panicking::try::do_call::h4fa2ef4f6e51fecf
[INFO] [stdout]                                at /rustc/1b7dd2252b99671ce5d1cb9664c5f8636329436d/library/std/src/panicking.rs:485:40
[INFO] [stdout]   40:     0x55cc3e2c3451 - std::panicking::try::h1e9e22b8584489b5
[INFO] [stdout]                                at /rustc/1b7dd2252b99671ce5d1cb9664c5f8636329436d/library/std/src/panicking.rs:449:19
[INFO] [stdout]   41:     0x55cc3e2c3451 - std::panic::catch_unwind::h44698a3de0e0769e
[INFO] [stdout]                                at /rustc/1b7dd2252b99671ce5d1cb9664c5f8636329436d/library/std/src/panic.rs:140:14
[INFO] [stdout]   42:     0x55cc3e2c3451 - std::thread::Builder::spawn_unchecked_::{{closure}}::h50153abde3fe239e
[INFO] [stdout]                                at /rustc/1b7dd2252b99671ce5d1cb9664c5f8636329436d/library/std/src/thread/mod.rs:525:30
[INFO] [stdout]   43:     0x55cc3e2c3451 - core::ops::function::FnOnce::call_once{{vtable.shim}}::hbe5bbf6f38394364
[INFO] [stdout]                                at /rustc/1b7dd2252b99671ce5d1cb9664c5f8636329436d/library/core/src/ops/function.rs:250:5
[INFO] [stdout]   44:     0x55cc3e322535 - <alloc::boxed::Box<F,A> as core::ops::function::FnOnce<Args>>::call_once::h0d83cb2920a49046
[INFO] [stdout]                                at /rustc/1b7dd2252b99671ce5d1cb9664c5f8636329436d/library/alloc/src/boxed.rs:1973:9
[INFO] [stdout]   45:     0x55cc3e322535 - <alloc::boxed::Box<F,A> as core::ops::function::FnOnce<Args>>::call_once::hbe0a008aa7d9ef59
[INFO] [stdout]                                at /rustc/1b7dd2252b99671ce5d1cb9664c5f8636329436d/library/alloc/src/boxed.rs:1973:9
[INFO] [stdout]   46:     0x55cc3e322535 - std::sys::unix::thread::Thread::new::thread_start::h3a466996bdf6b1f9
[INFO] [stdout]                                at /rustc/1b7dd2252b99671ce5d1cb9664c5f8636329436d/library/std/src/sys/unix/thread.rs:108:17
[INFO] [stdout]   47:     0x7f6e5fa19b43 - <unknown>
[INFO] [stdout]   48:     0x7f6e5faaabb4 - __clone
[INFO] [stdout]   49:                0x0 - <unknown>
[INFO] [stdout] 
[INFO] [stdout] 
[INFO] [stdout] failures:
[INFO] [stdout]     logic::sample_proof
[INFO] [stdout] 
[INFO] [stdout] test result: FAILED. 0 passed; 1 failed; 0 ignored; 0 measured; 0 filtered out; finished in 0.01s
[INFO] [stdout] 
[INFO] [stderr] error: test failed, to rerun pass `--bin prop-logic-checker`
[INFO] running `Command { std: "docker" "inspect" "4cc2a3e95e1a64f989da8267556144d93efdf90e5955ba9147cd4fd71ed3c889", kill_on_drop: false }`
[INFO] running `Command { std: "docker" "rm" "-f" "4cc2a3e95e1a64f989da8267556144d93efdf90e5955ba9147cd4fd71ed3c889", kill_on_drop: false }`
[INFO] [stdout] 4cc2a3e95e1a64f989da8267556144d93efdf90e5955ba9147cd4fd71ed3c889
