[INFO] cloning repository https://github.com/tarka/xcp
[INFO] running `Command { std: "git" "-c" "credential.helper=" "-c" "credential.helper=/workspace/cargo-home/bin/git-credential-null" "clone" "--bare" "https://github.com/tarka/xcp" "/workspace/cache/git-repos/https%3A%2F%2Fgithub.com%2Ftarka%2Fxcp", kill_on_drop: false }`
[INFO] [stderr] Cloning into bare repository '/workspace/cache/git-repos/https%3A%2F%2Fgithub.com%2Ftarka%2Fxcp'...
[INFO] running `Command { std: "git" "rev-parse" "HEAD", kill_on_drop: false }`
[INFO] [stdout] 4b84eeb92bd37c93f2d7323df0476f4b67d2cee4
[INFO] testing tarka/xcp against 1.69.0 for beta-1.70-1
[INFO] running `Command { std: "git" "clone" "/workspace/cache/git-repos/https%3A%2F%2Fgithub.com%2Ftarka%2Fxcp" "/workspace/builds/worker-6-tc1/source", kill_on_drop: false }`
[INFO] [stderr] Cloning into '/workspace/builds/worker-6-tc1/source'...
[INFO] [stderr] done.
[INFO] validating manifest of git repo https://github.com/tarka/xcp on toolchain 1.69.0
[INFO] running `Command { std: CARGO_HOME="/workspace/cargo-home" RUSTUP_HOME="/workspace/rustup-home" "/workspace/cargo-home/bin/cargo" "+1.69.0" "metadata" "--manifest-path" "Cargo.toml" "--no-deps", kill_on_drop: false }`
[INFO] started tweaking git repo https://github.com/tarka/xcp
[INFO] finished tweaking git repo https://github.com/tarka/xcp
[INFO] tweaked toml for git repo https://github.com/tarka/xcp written to /workspace/builds/worker-6-tc1/source/Cargo.toml
[INFO] crate git repo https://github.com/tarka/xcp already has a lockfile, it will not be regenerated
[INFO] running `Command { std: CARGO_HOME="/workspace/cargo-home" RUSTUP_HOME="/workspace/rustup-home" "/workspace/cargo-home/bin/cargo" "+1.69.0" "fetch" "--manifest-path" "Cargo.toml", kill_on_drop: false }`
[INFO] [stderr]  Downloading crates ...
[INFO] [stderr]   Downloaded xattr v1.0.0
[INFO] [stderr]   Downloaded test-case v3.0.0
[INFO] [stderr]   Downloaded test-case-macros v3.0.0
[INFO] [stderr]   Downloaded unbytify v0.2.0
[INFO] [stderr]   Downloaded test-case-core v3.0.0
[INFO] running `Command { std: "docker" "create" "-v" "/var/lib/crater-agent-workspace/builds/worker-6-tc1/target:/opt/rustwide/target:rw,Z" "-v" "/var/lib/crater-agent-workspace/builds/worker-6-tc1/source:/opt/rustwide/workdir:ro,Z" "-v" "/var/lib/crater-agent-workspace/cargo-home:/opt/rustwide/cargo-home:ro,Z" "-v" "/var/lib/crater-agent-workspace/rustup-home:/opt/rustwide/rustup-home:ro,Z" "-e" "SOURCE_DIR=/opt/rustwide/workdir" "-e" "CARGO_TARGET_DIR=/opt/rustwide/target" "-e" "CARGO_HOME=/opt/rustwide/cargo-home" "-e" "RUSTUP_HOME=/opt/rustwide/rustup-home" "-w" "/opt/rustwide/workdir" "-m" "1610612736" "--user" "0:0" "--network" "none" "ghcr.io/rust-lang/crates-build-env/linux@sha256:5ff2268d62e97bff2cde7d5815dd6ed5b47097566f13b8d0ca110b04b60e07ed" "/opt/rustwide/cargo-home/bin/cargo" "+1.69.0" "metadata" "--no-deps" "--format-version=1", kill_on_drop: false }`
[INFO] [stdout] 20cece1af4ba84833834f99df4cfe02cbec51e4930f7a825bd7c920bcaa0dbdc
[INFO] running `Command { std: "docker" "start" "-a" "20cece1af4ba84833834f99df4cfe02cbec51e4930f7a825bd7c920bcaa0dbdc", kill_on_drop: false }`
[INFO] running `Command { std: "docker" "inspect" "20cece1af4ba84833834f99df4cfe02cbec51e4930f7a825bd7c920bcaa0dbdc", kill_on_drop: false }`
[INFO] running `Command { std: "docker" "rm" "-f" "20cece1af4ba84833834f99df4cfe02cbec51e4930f7a825bd7c920bcaa0dbdc", kill_on_drop: false }`
[INFO] [stdout] 20cece1af4ba84833834f99df4cfe02cbec51e4930f7a825bd7c920bcaa0dbdc
[INFO] running `Command { std: "docker" "create" "-v" "/var/lib/crater-agent-workspace/builds/worker-6-tc1/target:/opt/rustwide/target:rw,Z" "-v" "/var/lib/crater-agent-workspace/builds/worker-6-tc1/source:/opt/rustwide/workdir:ro,Z" "-v" "/var/lib/crater-agent-workspace/cargo-home:/opt/rustwide/cargo-home:ro,Z" "-v" "/var/lib/crater-agent-workspace/rustup-home:/opt/rustwide/rustup-home:ro,Z" "-e" "SOURCE_DIR=/opt/rustwide/workdir" "-e" "CARGO_TARGET_DIR=/opt/rustwide/target" "-e" "CARGO_INCREMENTAL=0" "-e" "RUST_BACKTRACE=full" "-e" "RUSTFLAGS=--cap-lints=warn" "-e" "RUSTDOCFLAGS=--cap-lints=warn" "-e" "CARGO_HOME=/opt/rustwide/cargo-home" "-e" "RUSTUP_HOME=/opt/rustwide/rustup-home" "-w" "/opt/rustwide/workdir" "-m" "1610612736" "--user" "0:0" "--network" "none" "ghcr.io/rust-lang/crates-build-env/linux@sha256:5ff2268d62e97bff2cde7d5815dd6ed5b47097566f13b8d0ca110b04b60e07ed" "/opt/rustwide/cargo-home/bin/cargo" "+1.69.0" "build" "--frozen" "--message-format=json", kill_on_drop: false }`
[INFO] [stdout] 3a2530c3ec120ca18e072c03fa927b64ade9f28b53a9ddd73614513fdc2084b5
[INFO] running `Command { std: "docker" "start" "-a" "3a2530c3ec120ca18e072c03fa927b64ade9f28b53a9ddd73614513fdc2084b5", kill_on_drop: false }`
[INFO] [stderr]    Compiling libc v0.2.139
[INFO] [stderr]    Compiling proc-macro2 v1.0.51
[INFO] [stderr]    Compiling quote v1.0.23
[INFO] [stderr]    Compiling unicode-ident v1.0.6
[INFO] [stderr]    Compiling version_check v0.9.4
[INFO] [stderr]    Compiling cfg-if v1.0.0
[INFO] [stderr]    Compiling syn v1.0.109
[INFO] [stderr]    Compiling memchr v2.5.0
[INFO] [stderr]    Compiling log v0.4.17
[INFO] [stderr]    Compiling io-lifetimes v1.0.5
[INFO] [stderr]    Compiling rustix v0.36.8
[INFO] [stderr]    Compiling once_cell v1.17.1
[INFO] [stderr]    Compiling linux-raw-sys v0.1.4
[INFO] [stderr]    Compiling lazy_static v1.4.0
[INFO] [stderr]    Compiling bitflags v1.3.2
[INFO] [stderr]    Compiling regex-syntax v0.6.28
[INFO] [stderr]    Compiling time-core v0.1.0
[INFO] [stderr]    Compiling crossbeam-utils v0.8.14
[INFO] [stderr]    Compiling portable-atomic v0.3.19
[INFO] [stderr]    Compiling same-file v1.0.6
[INFO] [stderr]    Compiling time-macros v0.2.8
[INFO] [stderr]    Compiling anyhow v1.0.69
[INFO] [stderr]    Compiling os_str_bytes v6.4.1
[INFO] [stderr]    Compiling thiserror v1.0.38
[INFO] [stderr]    Compiling heck v0.4.1
[INFO] [stderr]    Compiling proc-macro-error-attr v1.0.4
[INFO] [stderr]    Compiling proc-macro-error v1.0.4
[INFO] [stderr]    Compiling fnv v1.0.7
[INFO] [stderr]    Compiling termcolor v1.1.3
[INFO] [stderr]    Compiling itoa v1.0.5
[INFO] [stderr]    Compiling num_threads v0.1.6
[INFO] [stderr]    Compiling unicode-width v0.1.10
[INFO] [stderr]    Compiling clap_lex v0.3.2
[INFO] [stderr]    Compiling aho-corasick v0.7.20
[INFO] [stderr]    Compiling bstr v1.3.0
[INFO] [stderr]    Compiling walkdir v2.3.2
[INFO] [stderr]    Compiling thread_local v1.1.7
[INFO] [stderr]    Compiling strsim v0.10.0
[INFO] [stderr]    Compiling number_prefix v0.4.0
[INFO] [stderr]    Compiling lazy_static v0.2.11
[INFO] [stderr]    Compiling unbytify v0.2.0
[INFO] [stderr]    Compiling glob v0.3.1
[INFO] [stderr]    Compiling crossbeam-channel v0.5.6
[INFO] [stderr]    Compiling console v0.15.5
[INFO] [stderr]    Compiling time v0.3.20
[INFO] [stderr]    Compiling num_cpus v1.15.0
[INFO] [stderr]    Compiling xattr v1.0.0
[INFO] [stderr]    Compiling regex v1.7.1
[INFO] [stderr]    Compiling indicatif v0.17.3
[INFO] [stderr]    Compiling simplelog v0.12.0
[INFO] [stderr]    Compiling is-terminal v0.4.4
[INFO] [stderr]    Compiling globset v0.4.10
[INFO] [stderr]    Compiling ignore v0.4.20
[INFO] [stderr]    Compiling clap_derive v4.1.0
[INFO] [stderr]    Compiling thiserror-impl v1.0.38
[INFO] [stderr]    Compiling clap v4.1.6
[INFO] [stderr]    Compiling xcp v0.9.4 (/opt/rustwide/workdir)
[INFO] [stderr]     Finished dev [unoptimized + debuginfo] target(s) in 12.92s
[INFO] running `Command { std: "docker" "inspect" "3a2530c3ec120ca18e072c03fa927b64ade9f28b53a9ddd73614513fdc2084b5", kill_on_drop: false }`
[INFO] running `Command { std: "docker" "rm" "-f" "3a2530c3ec120ca18e072c03fa927b64ade9f28b53a9ddd73614513fdc2084b5", kill_on_drop: false }`
[INFO] [stdout] 3a2530c3ec120ca18e072c03fa927b64ade9f28b53a9ddd73614513fdc2084b5
[INFO] running `Command { std: "docker" "create" "-v" "/var/lib/crater-agent-workspace/builds/worker-6-tc1/target:/opt/rustwide/target:rw,Z" "-v" "/var/lib/crater-agent-workspace/builds/worker-6-tc1/source:/opt/rustwide/workdir:ro,Z" "-v" "/var/lib/crater-agent-workspace/cargo-home:/opt/rustwide/cargo-home:ro,Z" "-v" "/var/lib/crater-agent-workspace/rustup-home:/opt/rustwide/rustup-home:ro,Z" "-e" "SOURCE_DIR=/opt/rustwide/workdir" "-e" "CARGO_TARGET_DIR=/opt/rustwide/target" "-e" "CARGO_INCREMENTAL=0" "-e" "RUST_BACKTRACE=full" "-e" "RUSTFLAGS=--cap-lints=warn" "-e" "RUSTDOCFLAGS=--cap-lints=warn" "-e" "CARGO_HOME=/opt/rustwide/cargo-home" "-e" "RUSTUP_HOME=/opt/rustwide/rustup-home" "-w" "/opt/rustwide/workdir" "-m" "1610612736" "--user" "0:0" "--network" "none" "ghcr.io/rust-lang/crates-build-env/linux@sha256:5ff2268d62e97bff2cde7d5815dd6ed5b47097566f13b8d0ca110b04b60e07ed" "/opt/rustwide/cargo-home/bin/cargo" "+1.69.0" "test" "--frozen" "--no-run" "--message-format=json", kill_on_drop: false }`
[INFO] [stdout] 7516208ed6cd55388d63cfc00225773555755b32be872c711f5b57587186e0e1
[INFO] running `Command { std: "docker" "start" "-a" "7516208ed6cd55388d63cfc00225773555755b32be872c711f5b57587186e0e1", kill_on_drop: false }`
[INFO] [stderr]    Compiling syn v1.0.109
[INFO] [stderr]    Compiling rustix v0.36.8
[INFO] [stderr]    Compiling libm v0.2.6
[INFO] [stderr]    Compiling autocfg v1.1.0
[INFO] [stderr]    Compiling getrandom v0.2.8
[INFO] [stderr]    Compiling ppv-lite86 v0.2.17
[INFO] [stderr]    Compiling fastrand v1.9.0
[INFO] [stderr]    Compiling rand_core v0.6.4
[INFO] [stderr]    Compiling uuid v1.3.0
[INFO] [stderr]    Compiling num-traits v0.2.15
[INFO] [stderr]    Compiling rand_xorshift v0.3.0
[INFO] [stderr]    Compiling rand_chacha v0.3.1
[INFO] [stderr]    Compiling rand v0.8.5
[INFO] [stderr]    Compiling rand_distr v0.4.3
[INFO] [stderr]    Compiling is-terminal v0.4.4
[INFO] [stderr]    Compiling tempfile v3.4.0
[INFO] [stderr]    Compiling proc-macro-error v1.0.4
[INFO] [stderr]    Compiling test-case-core v3.0.0
[INFO] [stderr]    Compiling thiserror-impl v1.0.38
[INFO] [stderr]    Compiling clap_derive v4.1.0
[INFO] [stderr]    Compiling test-case-macros v3.0.0
[INFO] [stderr]    Compiling test-case v3.0.0
[INFO] [stderr]    Compiling thiserror v1.0.38
[INFO] [stderr]    Compiling clap v4.1.6
[INFO] [stderr]    Compiling xcp v0.9.4 (/opt/rustwide/workdir)
[INFO] [stderr]     Finished test [unoptimized + debuginfo] target(s) in 16.53s
[INFO] running `Command { std: "docker" "inspect" "7516208ed6cd55388d63cfc00225773555755b32be872c711f5b57587186e0e1", kill_on_drop: false }`
[INFO] running `Command { std: "docker" "rm" "-f" "7516208ed6cd55388d63cfc00225773555755b32be872c711f5b57587186e0e1", kill_on_drop: false }`
[INFO] [stdout] 7516208ed6cd55388d63cfc00225773555755b32be872c711f5b57587186e0e1
[INFO] running `Command { std: "docker" "create" "-v" "/var/lib/crater-agent-workspace/builds/worker-6-tc1/target:/opt/rustwide/target:rw,Z" "-v" "/var/lib/crater-agent-workspace/builds/worker-6-tc1/source:/opt/rustwide/workdir:ro,Z" "-v" "/var/lib/crater-agent-workspace/cargo-home:/opt/rustwide/cargo-home:ro,Z" "-v" "/var/lib/crater-agent-workspace/rustup-home:/opt/rustwide/rustup-home:ro,Z" "-e" "SOURCE_DIR=/opt/rustwide/workdir" "-e" "CARGO_TARGET_DIR=/opt/rustwide/target" "-e" "CARGO_INCREMENTAL=0" "-e" "RUST_BACKTRACE=full" "-e" "RUSTFLAGS=--cap-lints=warn" "-e" "RUSTDOCFLAGS=--cap-lints=warn" "-e" "CARGO_HOME=/opt/rustwide/cargo-home" "-e" "RUSTUP_HOME=/opt/rustwide/rustup-home" "-w" "/opt/rustwide/workdir" "-m" "1610612736" "--user" "0:0" "--network" "none" "ghcr.io/rust-lang/crates-build-env/linux@sha256:5ff2268d62e97bff2cde7d5815dd6ed5b47097566f13b8d0ca110b04b60e07ed" "/opt/rustwide/cargo-home/bin/cargo" "+1.69.0" "test" "--frozen", kill_on_drop: false }`
[INFO] [stdout] 7df793e8a33806b84726f27f3742668b0c5de75a14540b4cf92b2c1797606308
[INFO] running `Command { std: "docker" "start" "-a" "7df793e8a33806b84726f27f3742668b0c5de75a14540b4cf92b2c1797606308", kill_on_drop: false }`
[INFO] [stderr]     Finished test [unoptimized + debuginfo] target(s) in 0.05s
[INFO] [stderr]      Running unittests src/main.rs (/opt/rustwide/target/debug/deps/xcp-c861e5096b4d9d4f)
[INFO] [stdout] 
[INFO] [stdout] running 35 tests
[INFO] [stdout] test os::linux::tests::test_allocate_file_is_sparse ... FAILED
[INFO] [stdout] test os::common::tests::test_extent_merge ... ok
[INFO] [stdout] test os::linux::tests::test_copy_bytes_sparse ... FAILED
[INFO] [stdout] test os::linux::tests::test_copy_range_middle ... FAILED
[INFO] [stdout] test os::linux::tests::test_empty_extent ... FAILED
[INFO] [stdout] test os::linux::tests::test_extent_fetch ... FAILED
[INFO] [stdout] test os::linux::tests::test_extent_fetch_many ... FAILED
[INFO] [stdout] test os::linux::tests::test_lseek_no_data ... FAILED
[INFO] [stdout] test os::linux::tests::test_lseek_data ... FAILED
[INFO] [stdout] test os::linux::tests::test_sparse_copy_middle ... FAILED
[INFO] [stdout] test vendor::threadpool::test::test_active_count ... ignored
[INFO] [stdout] test vendor::threadpool::test::test_clone ... ignored
[INFO] [stdout] test os::linux::tests::test_sparse_detection ... FAILED
[INFO] [stdout] test vendor::threadpool::test::test_cloned_eq ... ignored
[INFO] [stdout] test os::linux::tests::test_sparse_rust_seek ... FAILED
[INFO] [stdout] test vendor::threadpool::test::test_debug ... ignored
[INFO] [stdout] test vendor::threadpool::test::test_empty_pool ... ignored
[INFO] [stdout] test vendor::threadpool::test::test_join_wavesurfer ... ignored
[INFO] [stdout] test vendor::threadpool::test::test_massive_task_creation ... ignored
[INFO] [stdout] test vendor::threadpool::test::test_multi_join ... ignored
[INFO] [stdout] test vendor::threadpool::test::test_name ... ignored
[INFO] [stdout] test vendor::threadpool::test::test_no_fun_or_joy ... ignored
[INFO] [stdout] test vendor::threadpool::test::test_recovery_from_subtask_panic ... ignored
[INFO] [stdout] test vendor::threadpool::test::test_repeate_join ... ignored
[INFO] [stdout] test vendor::threadpool::test::test_send ... ignored
[INFO] [stdout] test vendor::threadpool::test::test_send_shared_data ... ignored
[INFO] [stdout] test vendor::threadpool::test::test_set_num_threads_decreasing ... ignored
[INFO] [stdout] test vendor::threadpool::test::test_set_num_threads_increasing ... ignored
[INFO] [stdout] test vendor::threadpool::test::test_should_not_panic_on_drop_if_subtasks_panic_after_drop ... ignored
[INFO] [stdout] test vendor::threadpool::test::test_shrink ... ignored
[INFO] [stdout] test vendor::threadpool::test::test_sync_shared_data ... ignored
[INFO] [stdout] test vendor::threadpool::test::test_works ... ignored
[INFO] [stdout] test vendor::threadpool::test::test_zero_tasks_panic ... ignored
[INFO] [stdout] test os::common::tests::test_copy_range_uspace_large ... ok
[INFO] [stdout] test os::common::tests::test_copy_bytes_uspace_large ... ok
[INFO] [stdout] 
[INFO] [stdout] failures:
[INFO] [stdout] 
[INFO] [stdout] ---- os::linux::tests::test_allocate_file_is_sparse stdout ----
[INFO] [stdout] Error: No such file or directory (os error 2) at path "/opt/rustwide/workdir/target/.tmpsXzfWp"
[INFO] [stdout] 
[INFO] [stdout] ---- os::linux::tests::test_copy_bytes_sparse stdout ----
[INFO] [stdout] Error: No such file or directory (os error 2) at path "/opt/rustwide/workdir/target/.tmpgoTNM3"
[INFO] [stdout] 
[INFO] [stdout] ---- os::linux::tests::test_copy_range_middle stdout ----
[INFO] [stdout] Error: No such file or directory (os error 2) at path "/opt/rustwide/workdir/target/.tmpldfkOO"
[INFO] [stdout] 
[INFO] [stdout] ---- os::linux::tests::test_empty_extent stdout ----
[INFO] [stdout] Error: No such file or directory (os error 2) at path "/opt/rustwide/workdir/target/.tmpNIeEL2"
[INFO] [stdout] 
[INFO] [stdout] ---- os::linux::tests::test_extent_fetch stdout ----
[INFO] [stdout] Error: No such file or directory (os error 2) at path "/opt/rustwide/workdir/target/.tmpvhBBoA"
[INFO] [stdout] 
[INFO] [stdout] ---- os::linux::tests::test_extent_fetch_many stdout ----
[INFO] [stdout] Error: No such file or directory (os error 2) at path "/opt/rustwide/workdir/target/.tmpYtNwkQ"
[INFO] [stdout] 
[INFO] [stdout] ---- os::linux::tests::test_lseek_no_data stdout ----
[INFO] [stdout] Error: No such file or directory (os error 2) at path "/opt/rustwide/workdir/target/.tmpB4MifG"
[INFO] [stdout] 
[INFO] [stdout] ---- os::linux::tests::test_lseek_data stdout ----
[INFO] [stdout] Error: No such file or directory (os error 2) at path "/opt/rustwide/workdir/target/.tmpNj8dxA"
[INFO] [stdout] 
[INFO] [stdout] ---- os::linux::tests::test_sparse_copy_middle stdout ----
[INFO] [stdout] Error: No such file or directory (os error 2) at path "/opt/rustwide/workdir/target/.tmpVKGNCs"
[INFO] [stdout] 
[INFO] [stdout] ---- os::linux::tests::test_sparse_detection stdout ----
[INFO] [stdout] Error: No such file or directory (os error 2) at path "/opt/rustwide/workdir/target/.tmp5biexD"
[INFO] [stdout] 
[INFO] [stdout] ---- os::linux::tests::test_sparse_rust_seek stdout ----
[INFO] [stdout] Error: No such file or directory (os error 2)
[INFO] [stdout] 
[INFO] [stdout] 
[INFO] [stdout] failures:
[INFO] [stdout]     os::linux::tests::test_allocate_file_is_sparse
[INFO] [stdout]     os::linux::tests::test_copy_bytes_sparse
[INFO] [stdout]     os::linux::tests::test_copy_range_middle
[INFO] [stdout]     os::linux::tests::test_empty_extent
[INFO] [stdout]     os::linux::tests::test_extent_fetch
[INFO] [stdout]     os::linux::tests::test_extent_fetch_many
[INFO] [stdout]     os::linux::tests::test_lseek_data
[INFO] [stdout]     os::linux::tests::test_lseek_no_data
[INFO] [stdout]     os::linux::tests::test_sparse_copy_middle
[INFO] [stdout]     os::linux::tests::test_sparse_detection
[INFO] [stdout]     os::linux::tests::test_sparse_rust_seek
[INFO] [stdout] 
[INFO] [stdout] test result: FAILED. 3 passed; 11 failed; 21 ignored; 0 measured; 0 filtered out; finished in 0.01s
[INFO] [stdout] 
[INFO] [stderr] error: test failed, to rerun pass `--bin xcp`
[INFO] running `Command { std: "docker" "inspect" "7df793e8a33806b84726f27f3742668b0c5de75a14540b4cf92b2c1797606308", kill_on_drop: false }`
[INFO] running `Command { std: "docker" "rm" "-f" "7df793e8a33806b84726f27f3742668b0c5de75a14540b4cf92b2c1797606308", kill_on_drop: false }`
[INFO] [stdout] 7df793e8a33806b84726f27f3742668b0c5de75a14540b4cf92b2c1797606308
