[INFO] cloning repository https://github.com/tami5/build-server-protocol
[INFO] running `Command { std: "git" "-c" "credential.helper=" "-c" "credential.helper=/workspace/cargo-home/bin/git-credential-null" "clone" "--bare" "https://github.com/tami5/build-server-protocol" "/workspace/cache/git-repos/https%3A%2F%2Fgithub.com%2Ftami5%2Fbuild-server-protocol", kill_on_drop: false }`
[INFO] [stderr] Cloning into bare repository '/workspace/cache/git-repos/https%3A%2F%2Fgithub.com%2Ftami5%2Fbuild-server-protocol'...
[INFO] running `Command { std: "git" "rev-parse" "HEAD", kill_on_drop: false }`
[INFO] [stdout] 5dd150f6215908eeb61e06ca311c8c71d0f3d86c
[INFO] testing tami5/build-server-protocol against beta-2023-04-20 for beta-1.70-1
[INFO] running `Command { std: "git" "clone" "/workspace/cache/git-repos/https%3A%2F%2Fgithub.com%2Ftami5%2Fbuild-server-protocol" "/workspace/builds/worker-1-tc2/source", kill_on_drop: false }`
[INFO] [stderr] Cloning into '/workspace/builds/worker-1-tc2/source'...
[INFO] [stderr] done.
[INFO] validating manifest of git repo https://github.com/tami5/build-server-protocol on toolchain beta-2023-04-20
[INFO] running `Command { std: CARGO_HOME="/workspace/cargo-home" RUSTUP_HOME="/workspace/rustup-home" "/workspace/cargo-home/bin/cargo" "+beta-2023-04-20" "metadata" "--manifest-path" "Cargo.toml" "--no-deps", kill_on_drop: false }`
[INFO] removed /workspace/builds/worker-1-tc2/source/rust-toolchain.toml
[INFO] started tweaking git repo https://github.com/tami5/build-server-protocol
[INFO] finished tweaking git repo https://github.com/tami5/build-server-protocol
[INFO] tweaked toml for git repo https://github.com/tami5/build-server-protocol written to /workspace/builds/worker-1-tc2/source/Cargo.toml
[INFO] crate git repo https://github.com/tami5/build-server-protocol already has a lockfile, it will not be regenerated
[INFO] running `Command { std: CARGO_HOME="/workspace/cargo-home" RUSTUP_HOME="/workspace/rustup-home" "/workspace/cargo-home/bin/cargo" "+beta-2023-04-20" "fetch" "--manifest-path" "Cargo.toml", kill_on_drop: false }`
[INFO] running `Command { std: "docker" "create" "-v" "/var/lib/crater-agent-workspace/builds/worker-1-tc2/target:/opt/rustwide/target:rw,Z" "-v" "/var/lib/crater-agent-workspace/builds/worker-1-tc2/source:/opt/rustwide/workdir:ro,Z" "-v" "/var/lib/crater-agent-workspace/cargo-home:/opt/rustwide/cargo-home:ro,Z" "-v" "/var/lib/crater-agent-workspace/rustup-home:/opt/rustwide/rustup-home:ro,Z" "-e" "SOURCE_DIR=/opt/rustwide/workdir" "-e" "CARGO_TARGET_DIR=/opt/rustwide/target" "-e" "CARGO_HOME=/opt/rustwide/cargo-home" "-e" "RUSTUP_HOME=/opt/rustwide/rustup-home" "-w" "/opt/rustwide/workdir" "-m" "1610612736" "--user" "0:0" "--network" "none" "ghcr.io/rust-lang/crates-build-env/linux@sha256:5ff2268d62e97bff2cde7d5815dd6ed5b47097566f13b8d0ca110b04b60e07ed" "/opt/rustwide/cargo-home/bin/cargo" "+beta-2023-04-20" "metadata" "--no-deps" "--format-version=1", kill_on_drop: false }`
[INFO] [stdout] a11810e855f6326af12be3229b0b338d133cb44981a29f0042c75c2acbee7d2f
[INFO] running `Command { std: "docker" "start" "-a" "a11810e855f6326af12be3229b0b338d133cb44981a29f0042c75c2acbee7d2f", kill_on_drop: false }`
[INFO] running `Command { std: "docker" "inspect" "a11810e855f6326af12be3229b0b338d133cb44981a29f0042c75c2acbee7d2f", kill_on_drop: false }`
[INFO] running `Command { std: "docker" "rm" "-f" "a11810e855f6326af12be3229b0b338d133cb44981a29f0042c75c2acbee7d2f", kill_on_drop: false }`
[INFO] [stdout] a11810e855f6326af12be3229b0b338d133cb44981a29f0042c75c2acbee7d2f
[INFO] running `Command { std: "docker" "create" "-v" "/var/lib/crater-agent-workspace/builds/worker-1-tc2/target:/opt/rustwide/target:rw,Z" "-v" "/var/lib/crater-agent-workspace/builds/worker-1-tc2/source:/opt/rustwide/workdir:ro,Z" "-v" "/var/lib/crater-agent-workspace/cargo-home:/opt/rustwide/cargo-home:ro,Z" "-v" "/var/lib/crater-agent-workspace/rustup-home:/opt/rustwide/rustup-home:ro,Z" "-e" "SOURCE_DIR=/opt/rustwide/workdir" "-e" "CARGO_TARGET_DIR=/opt/rustwide/target" "-e" "CARGO_INCREMENTAL=0" "-e" "RUST_BACKTRACE=full" "-e" "RUSTFLAGS=--cap-lints=warn" "-e" "RUSTDOCFLAGS=--cap-lints=warn" "-e" "CARGO_HOME=/opt/rustwide/cargo-home" "-e" "RUSTUP_HOME=/opt/rustwide/rustup-home" "-w" "/opt/rustwide/workdir" "-m" "1610612736" "--user" "0:0" "--network" "none" "ghcr.io/rust-lang/crates-build-env/linux@sha256:5ff2268d62e97bff2cde7d5815dd6ed5b47097566f13b8d0ca110b04b60e07ed" "/opt/rustwide/cargo-home/bin/cargo" "+beta-2023-04-20" "build" "--frozen" "--message-format=json", kill_on_drop: false }`
[INFO] [stdout] 030825057b8d4bed18e98f8f47dcb6a7497bf64f8b5bb2a79ed6cac495bdafb3
[INFO] running `Command { std: "docker" "start" "-a" "030825057b8d4bed18e98f8f47dcb6a7497bf64f8b5bb2a79ed6cac495bdafb3", kill_on_drop: false }`
[INFO] [stderr]    Compiling proc-macro2 v1.0.37
[INFO] [stderr]    Compiling unicode-xid v0.2.2
[INFO] [stderr]    Compiling syn v1.0.91
[INFO] [stderr]    Compiling serde_derive v1.0.136
[INFO] [stderr]    Compiling serde v1.0.136
[INFO] [stderr]    Compiling tinyvec_macros v0.1.0
[INFO] [stderr]    Compiling matches v0.1.9
[INFO] [stderr]    Compiling lazy_static v1.4.0
[INFO] [stderr]    Compiling serde_json v1.0.79
[INFO] [stderr]    Compiling unicode-bidi v0.3.7
[INFO] [stderr]    Compiling percent-encoding v2.1.0
[INFO] [stderr]    Compiling itoa v1.0.1
[INFO] [stderr]    Compiling cfg-if v1.0.0
[INFO] [stderr]    Compiling crossbeam-utils v0.8.8
[INFO] [stderr]    Compiling anyhow v1.0.57
[INFO] [stderr]    Compiling ryu v1.0.9
[INFO] [stderr]    Compiling bitflags v1.3.2
[INFO] [stderr]    Compiling tinyvec v1.5.1
[INFO] [stderr]    Compiling tracing-core v0.1.26
[INFO] [stderr]    Compiling pin-project-lite v0.2.8
[INFO] [stderr]    Compiling form_urlencoded v1.0.1
[INFO] [stderr]    Compiling crossbeam-channel v0.5.4
[INFO] [stderr]    Compiling quote v1.0.18
[INFO] [stderr]    Compiling unicode-normalization v0.1.19
[INFO] [stderr]    Compiling idna v0.2.3
[INFO] [stderr]    Compiling serde_repr v0.1.7
[INFO] [stderr]    Compiling tracing-attributes v0.1.20
[INFO] [stderr]    Compiling tracing v0.1.34
[INFO] [stderr]    Compiling url v2.2.2
[INFO] [stderr]    Compiling lsp-types v0.93.0
[INFO] [stderr]    Compiling bsp-types v0.1.3 (/opt/rustwide/workdir/bsp-types)
[INFO] [stderr]    Compiling bsp-server v0.1.3 (/opt/rustwide/workdir/bsp-server)
[INFO] [stderr]     Finished dev [unoptimized + debuginfo] target(s) in 18.48s
[INFO] running `Command { std: "docker" "inspect" "030825057b8d4bed18e98f8f47dcb6a7497bf64f8b5bb2a79ed6cac495bdafb3", kill_on_drop: false }`
[INFO] running `Command { std: "docker" "rm" "-f" "030825057b8d4bed18e98f8f47dcb6a7497bf64f8b5bb2a79ed6cac495bdafb3", kill_on_drop: false }`
[INFO] [stdout] 030825057b8d4bed18e98f8f47dcb6a7497bf64f8b5bb2a79ed6cac495bdafb3
[INFO] running `Command { std: "docker" "create" "-v" "/var/lib/crater-agent-workspace/builds/worker-1-tc2/target:/opt/rustwide/target:rw,Z" "-v" "/var/lib/crater-agent-workspace/builds/worker-1-tc2/source:/opt/rustwide/workdir:ro,Z" "-v" "/var/lib/crater-agent-workspace/cargo-home:/opt/rustwide/cargo-home:ro,Z" "-v" "/var/lib/crater-agent-workspace/rustup-home:/opt/rustwide/rustup-home:ro,Z" "-e" "SOURCE_DIR=/opt/rustwide/workdir" "-e" "CARGO_TARGET_DIR=/opt/rustwide/target" "-e" "CARGO_INCREMENTAL=0" "-e" "RUST_BACKTRACE=full" "-e" "RUSTFLAGS=--cap-lints=warn" "-e" "RUSTDOCFLAGS=--cap-lints=warn" "-e" "CARGO_HOME=/opt/rustwide/cargo-home" "-e" "RUSTUP_HOME=/opt/rustwide/rustup-home" "-w" "/opt/rustwide/workdir" "-m" "1610612736" "--user" "0:0" "--network" "none" "ghcr.io/rust-lang/crates-build-env/linux@sha256:5ff2268d62e97bff2cde7d5815dd6ed5b47097566f13b8d0ca110b04b60e07ed" "/opt/rustwide/cargo-home/bin/cargo" "+beta-2023-04-20" "test" "--frozen" "--no-run" "--message-format=json", kill_on_drop: false }`
[INFO] [stdout] 2dabe88b3b2cc03ad1dfe275c711f236ab78c951d399bf04927677a7043b018e
[INFO] running `Command { std: "docker" "start" "-a" "2dabe88b3b2cc03ad1dfe275c711f236ab78c951d399bf04927677a7043b018e", kill_on_drop: false }`
[INFO] [stderr]    Compiling bsp-types v0.1.3 (/opt/rustwide/workdir/bsp-types)
[INFO] [stderr]    Compiling bsp-server v0.1.3 (/opt/rustwide/workdir/bsp-server)
[INFO] [stderr]     Finished test [unoptimized + debuginfo] target(s) in 1.34s
[INFO] running `Command { std: "docker" "inspect" "2dabe88b3b2cc03ad1dfe275c711f236ab78c951d399bf04927677a7043b018e", kill_on_drop: false }`
[INFO] running `Command { std: "docker" "rm" "-f" "2dabe88b3b2cc03ad1dfe275c711f236ab78c951d399bf04927677a7043b018e", kill_on_drop: false }`
[INFO] [stdout] 2dabe88b3b2cc03ad1dfe275c711f236ab78c951d399bf04927677a7043b018e
[INFO] running `Command { std: "docker" "create" "-v" "/var/lib/crater-agent-workspace/builds/worker-1-tc2/target:/opt/rustwide/target:rw,Z" "-v" "/var/lib/crater-agent-workspace/builds/worker-1-tc2/source:/opt/rustwide/workdir:ro,Z" "-v" "/var/lib/crater-agent-workspace/cargo-home:/opt/rustwide/cargo-home:ro,Z" "-v" "/var/lib/crater-agent-workspace/rustup-home:/opt/rustwide/rustup-home:ro,Z" "-e" "SOURCE_DIR=/opt/rustwide/workdir" "-e" "CARGO_TARGET_DIR=/opt/rustwide/target" "-e" "CARGO_INCREMENTAL=0" "-e" "RUST_BACKTRACE=full" "-e" "RUSTFLAGS=--cap-lints=warn" "-e" "RUSTDOCFLAGS=--cap-lints=warn" "-e" "CARGO_HOME=/opt/rustwide/cargo-home" "-e" "RUSTUP_HOME=/opt/rustwide/rustup-home" "-w" "/opt/rustwide/workdir" "-m" "1610612736" "--user" "0:0" "--network" "none" "ghcr.io/rust-lang/crates-build-env/linux@sha256:5ff2268d62e97bff2cde7d5815dd6ed5b47097566f13b8d0ca110b04b60e07ed" "/opt/rustwide/cargo-home/bin/cargo" "+beta-2023-04-20" "test" "--frozen", kill_on_drop: false }`
[INFO] [stdout] 0335ae682cb8df7d99c8b849e3795a3543b4adc946a902a86a6db4b80a9e2062
[INFO] running `Command { std: "docker" "start" "-a" "0335ae682cb8df7d99c8b849e3795a3543b4adc946a902a86a6db4b80a9e2062", kill_on_drop: false }`
[INFO] [stderr]     Finished test [unoptimized + debuginfo] target(s) in 0.03s
[INFO] [stderr]      Running unittests src/lib.rs (/opt/rustwide/target/debug/deps/bsp_server-ed4fbaa1f3cfde02)
[INFO] [stdout] 
[INFO] [stdout] running 15 tests
[INFO] [stdout] test notification::se::custom ... ok
[INFO] [stdout] test notification::de::initialized_without_params ... ok
[INFO] [stdout] test notification::de::initialized_with_params ... ok
[INFO] [stdout] test notification::se::exit ... ok
[INFO] [stdout] test notification::de::show_message ... ok
[INFO] [stdout] test notification::se::initialized ... ok
[INFO] [stdout] test notification::se::show_message ... ok
[INFO] [stdout] test request::se::custom ... ok
[INFO] [stdout] test request::de::initialize ... ok
[INFO] [stdout] test request::se::debug_session_start ... ok
[INFO] [stdout] test request::se::initialize ... ok
[INFO] [stdout] test request::se::shutdown ... ok
[INFO] [stdout] test tests::serialize_request_with_null_params ... ok
[INFO] [stdout] test tests::shutdown_with_no_params ... ignored, requires implementation of response or figuring out a way to ignore params in custom serde::de
[INFO] [stdout] test tests::shutdown_with_explicit_null ... ok
[INFO] [stdout] 
[INFO] [stdout] test result: ok. 14 passed; 0 failed; 1 ignored; 0 measured; 0 filtered out; finished in 0.00s
[INFO] [stdout] 
[INFO] [stderr]      Running unittests src/lib.rs (/opt/rustwide/target/debug/deps/bsp_types-96edcc318896fdf2)
[INFO] [stdout] 
[INFO] [stdout] running 0 tests
[INFO] [stdout] 
[INFO] [stdout] test result: ok. 0 passed; 0 failed; 0 ignored; 0 measured; 0 filtered out; finished in 0.00s
[INFO] [stdout] 
[INFO] [stderr]    Doc-tests bsp-server
[INFO] [stdout] 
[INFO] [stdout] running 1 test
[INFO] [stdout] test src/lib.rs - Connection::initialize (line 90) - compile ... FAILED
[INFO] [stdout] 
[INFO] [stdout] failures:
[INFO] [stdout] 
[INFO] [stdout] ---- src/lib.rs - Connection::initialize (line 90) stdout ----
[INFO] [stdout] error[E0433]: failed to resolve: use of undeclared crate or module `build_server_protocol`
[INFO] [stdout]  --> src/lib.rs:92:5
[INFO] [stdout]   |
[INFO] [stdout] 3 | use build_server_protocol::types::InitializeBuildResult;
[INFO] [stdout]   |     ^^^^^^^^^^^^^^^^^^^^^ use of undeclared crate or module `build_server_protocol`
[INFO] [stdout] 
[INFO] [stdout] error[E0433]: failed to resolve: use of undeclared crate or module `build_server_protocol`
[INFO] [stdout]  --> src/lib.rs:93:5
[INFO] [stdout]   |
[INFO] [stdout] 4 | use build_server_protocol::server::{Connection, Message, Request, RequestId, Response};
[INFO] [stdout]   |     ^^^^^^^^^^^^^^^^^^^^^ use of undeclared crate or module `build_server_protocol`
[INFO] [stdout] 
[INFO] [stdout] error[E0433]: failed to resolve: use of undeclared type `ServerCapabilities`
[INFO] [stdout]   --> src/lib.rs:105:9
[INFO] [stdout]    |
[INFO] [stdout] 16 |         ServerCapabilities::default()))
[INFO] [stdout]    |         ^^^^^^^^^^^^^^^^^^ use of undeclared type `ServerCapabilities`
[INFO] [stdout]    |
[INFO] [stdout] help: consider importing this struct
[INFO] [stdout]    |
[INFO] [stdout] 2  + use bsp_types::ServerCapabilities;
[INFO] [stdout]    |
[INFO] [stdout] 
[INFO] [stdout] error: aborting due to 3 previous errors
[INFO] [stdout] 
[INFO] [stdout] For more information about this error, try `rustc --explain E0433`.
[INFO] [stdout] Couldn't compile the test.
[INFO] [stdout] 
[INFO] [stdout] failures:
[INFO] [stdout]     src/lib.rs - Connection::initialize (line 90)
[INFO] [stdout] 
[INFO] [stdout] test result: FAILED. 0 passed; 1 failed; 0 ignored; 0 measured; 0 filtered out; finished in 0.04s
[INFO] [stdout] 
[INFO] [stderr] error: doctest failed, to rerun pass `-p bsp-server --doc`
[INFO] running `Command { std: "docker" "inspect" "0335ae682cb8df7d99c8b849e3795a3543b4adc946a902a86a6db4b80a9e2062", kill_on_drop: false }`
[INFO] running `Command { std: "docker" "rm" "-f" "0335ae682cb8df7d99c8b849e3795a3543b4adc946a902a86a6db4b80a9e2062", kill_on_drop: false }`
[INFO] [stdout] 0335ae682cb8df7d99c8b849e3795a3543b4adc946a902a86a6db4b80a9e2062
