[INFO] cloning repository https://github.com/swordsmanluke/decker
[INFO] running `Command { std: "git" "-c" "credential.helper=" "-c" "credential.helper=/workspace/cargo-home/bin/git-credential-null" "clone" "--bare" "https://github.com/swordsmanluke/decker" "/workspace/cache/git-repos/https%3A%2F%2Fgithub.com%2Fswordsmanluke%2Fdecker", kill_on_drop: false }`
[INFO] [stderr] Cloning into bare repository '/workspace/cache/git-repos/https%3A%2F%2Fgithub.com%2Fswordsmanluke%2Fdecker'...
[INFO] running `Command { std: "git" "rev-parse" "HEAD", kill_on_drop: false }`
[INFO] [stdout] 7c08e29b6318e01a9f3126912d8c4be39d4e60d8
[INFO] testing swordsmanluke/decker against beta-2023-04-20 for beta-1.70-1
[INFO] running `Command { std: "git" "clone" "/workspace/cache/git-repos/https%3A%2F%2Fgithub.com%2Fswordsmanluke%2Fdecker" "/workspace/builds/worker-7-tc2/source", kill_on_drop: false }`
[INFO] [stderr] Cloning into '/workspace/builds/worker-7-tc2/source'...
[INFO] [stderr] done.
[INFO] validating manifest of git repo https://github.com/swordsmanluke/decker on toolchain beta-2023-04-20
[INFO] running `Command { std: CARGO_HOME="/workspace/cargo-home" RUSTUP_HOME="/workspace/rustup-home" "/workspace/cargo-home/bin/cargo" "+beta-2023-04-20" "metadata" "--manifest-path" "Cargo.toml" "--no-deps", kill_on_drop: false }`
[INFO] started tweaking git repo https://github.com/swordsmanluke/decker
[INFO] finished tweaking git repo https://github.com/swordsmanluke/decker
[INFO] tweaked toml for git repo https://github.com/swordsmanluke/decker written to /workspace/builds/worker-7-tc2/source/Cargo.toml
[INFO] crate git repo https://github.com/swordsmanluke/decker already has a lockfile, it will not be regenerated
[INFO] running `Command { std: CARGO_HOME="/workspace/cargo-home" RUSTUP_HOME="/workspace/rustup-home" "/workspace/cargo-home/bin/cargo" "+beta-2023-04-20" "fetch" "--manifest-path" "Cargo.toml", kill_on_drop: false }`
[INFO] [stderr]     Updating crates.io index
[INFO] [stderr]  Downloading crates ...
[INFO] [stderr]   Downloaded simple-error v0.2.3
[INFO] [stderr]   Downloaded shell-words v1.0.0
[INFO] [stderr]   Downloaded serial-core v0.4.0
[INFO] [stderr]   Downloaded serial-windows v0.4.0
[INFO] [stderr]   Downloaded ioctl-rs v0.1.6
[INFO] [stderr]   Downloaded filedescriptor v0.7.3
[INFO] [stderr]   Downloaded anyhow v1.0.43
[INFO] [stderr]   Downloaded term v0.6.1
[INFO] [stderr]   Downloaded termios v0.2.2
[INFO] [stderr]   Downloaded serial-unix v0.4.0
[INFO] [stderr]   Downloaded simplelog v0.7.6
[INFO] [stderr]   Downloaded uuid v0.4.0
[INFO] [stderr]   Downloaded serial v0.4.0
[INFO] [stderr]   Downloaded portable-pty v0.4.0
[INFO] [stderr]   Downloaded libc v0.2.99
[INFO] running `Command { std: "docker" "create" "-v" "/var/lib/crater-agent-workspace/builds/worker-7-tc2/target:/opt/rustwide/target:rw,Z" "-v" "/var/lib/crater-agent-workspace/builds/worker-7-tc2/source:/opt/rustwide/workdir:ro,Z" "-v" "/var/lib/crater-agent-workspace/cargo-home:/opt/rustwide/cargo-home:ro,Z" "-v" "/var/lib/crater-agent-workspace/rustup-home:/opt/rustwide/rustup-home:ro,Z" "-e" "SOURCE_DIR=/opt/rustwide/workdir" "-e" "CARGO_TARGET_DIR=/opt/rustwide/target" "-e" "CARGO_HOME=/opt/rustwide/cargo-home" "-e" "RUSTUP_HOME=/opt/rustwide/rustup-home" "-w" "/opt/rustwide/workdir" "-m" "1610612736" "--user" "0:0" "--network" "none" "ghcr.io/rust-lang/crates-build-env/linux@sha256:5ff2268d62e97bff2cde7d5815dd6ed5b47097566f13b8d0ca110b04b60e07ed" "/opt/rustwide/cargo-home/bin/cargo" "+beta-2023-04-20" "metadata" "--no-deps" "--format-version=1", kill_on_drop: false }`
[INFO] [stdout] 73203b1d67a73f3ae7f6ddd1e37378139a2cbf24e83f09bfdcaf37a697dda5f2
[INFO] running `Command { std: "docker" "start" "-a" "73203b1d67a73f3ae7f6ddd1e37378139a2cbf24e83f09bfdcaf37a697dda5f2", kill_on_drop: false }`
[INFO] running `Command { std: "docker" "inspect" "73203b1d67a73f3ae7f6ddd1e37378139a2cbf24e83f09bfdcaf37a697dda5f2", kill_on_drop: false }`
[INFO] running `Command { std: "docker" "rm" "-f" "73203b1d67a73f3ae7f6ddd1e37378139a2cbf24e83f09bfdcaf37a697dda5f2", kill_on_drop: false }`
[INFO] [stdout] 73203b1d67a73f3ae7f6ddd1e37378139a2cbf24e83f09bfdcaf37a697dda5f2
[INFO] running `Command { std: "docker" "create" "-v" "/var/lib/crater-agent-workspace/builds/worker-7-tc2/target:/opt/rustwide/target:rw,Z" "-v" "/var/lib/crater-agent-workspace/builds/worker-7-tc2/source:/opt/rustwide/workdir:ro,Z" "-v" "/var/lib/crater-agent-workspace/cargo-home:/opt/rustwide/cargo-home:ro,Z" "-v" "/var/lib/crater-agent-workspace/rustup-home:/opt/rustwide/rustup-home:ro,Z" "-e" "SOURCE_DIR=/opt/rustwide/workdir" "-e" "CARGO_TARGET_DIR=/opt/rustwide/target" "-e" "CARGO_INCREMENTAL=0" "-e" "RUST_BACKTRACE=full" "-e" "RUSTFLAGS=--cap-lints=warn" "-e" "RUSTDOCFLAGS=--cap-lints=warn" "-e" "CARGO_HOME=/opt/rustwide/cargo-home" "-e" "RUSTUP_HOME=/opt/rustwide/rustup-home" "-w" "/opt/rustwide/workdir" "-m" "1610612736" "--user" "0:0" "--network" "none" "ghcr.io/rust-lang/crates-build-env/linux@sha256:5ff2268d62e97bff2cde7d5815dd6ed5b47097566f13b8d0ca110b04b60e07ed" "/opt/rustwide/cargo-home/bin/cargo" "+beta-2023-04-20" "build" "--frozen" "--message-format=json", kill_on_drop: false }`
[INFO] [stdout] fc2547825816edacad628b0d14032e594c15a0d4b53d136f49482da83343a624
[INFO] running `Command { std: "docker" "start" "-a" "fc2547825816edacad628b0d14032e594c15a0d4b53d136f49482da83343a624", kill_on_drop: false }`
[INFO] [stderr]    Compiling libc v0.2.99
[INFO] [stderr]    Compiling proc-macro2 v1.0.28
[INFO] [stderr]    Compiling syn v1.0.74
[INFO] [stderr]    Compiling serde_derive v1.0.127
[INFO] [stderr]    Compiling log v0.4.14
[INFO] [stderr]    Compiling serde v1.0.127
[INFO] [stderr]    Compiling memchr v2.4.0
[INFO] [stderr]    Compiling anyhow v1.0.43
[INFO] [stderr]    Compiling crossbeam-utils v0.8.5
[INFO] [stderr]    Compiling serde_json v1.0.66
[INFO] [stderr]    Compiling itoa v0.4.7
[INFO] [stderr]    Compiling serde v0.9.15
[INFO] [stderr]    Compiling shell-words v1.0.0
[INFO] [stderr]    Compiling numtoa v0.1.0
[INFO] [stderr]    Compiling bytes v1.0.1
[INFO] [stderr]    Compiling simple-error v0.2.3
[INFO] [stderr]    Compiling crossbeam-channel v0.5.1
[INFO] [stderr]    Compiling aho-corasick v0.7.18
[INFO] [stderr]    Compiling quote v1.0.9
[INFO] [stderr]    Compiling dirs-sys v0.3.6
[INFO] [stderr]    Compiling serial-core v0.4.0
[INFO] [stderr]    Compiling ioctl-rs v0.1.6
[INFO] [stderr]    Compiling termios v0.2.2
[INFO] [stderr]    Compiling rand v0.4.6
[INFO] [stderr]    Compiling time v0.1.43
[INFO] [stderr]    Compiling filedescriptor v0.7.3
[INFO] [stderr]    Compiling termion v1.5.6
[INFO] [stderr]    Compiling serial-unix v0.4.0
[INFO] [stderr]    Compiling dirs v2.0.2
[INFO] [stderr]    Compiling term v0.6.1
[INFO] [stderr]    Compiling serial v0.4.0
[INFO] [stderr]    Compiling portable-pty v0.4.0
[INFO] [stderr]    Compiling chrono v0.4.19
[INFO] [stderr]    Compiling rand v0.3.23
[INFO] [stderr]    Compiling regex v1.5.4
[INFO] [stderr]    Compiling simplelog v0.7.6
[INFO] [stderr]    Compiling uuid v0.4.0
[INFO] [stderr]    Compiling toml v0.5.8
[INFO] [stderr]    Compiling decker v0.1.0 (/opt/rustwide/workdir)
[INFO] [stdout] warning: unused import: `Stdout`
[INFO] [stdout]  --> src/main.rs:1:36
[INFO] [stdout]   |
[INFO] [stdout] 1 | use std::io::{Read, Write, stdout, Stdout, stdin, Stdin};
[INFO] [stdout]   |                                    ^^^^^^
[INFO] [stdout]   |
[INFO] [stdout]   = note: `#[warn(unused_imports)]` on by default
[INFO] [stdout] 
[INFO] [stdout] 
[INFO] [stdout] warning: unused import: `RawTerminal`
[INFO] [stdout]  --> src/main.rs:5:33
[INFO] [stdout]   |
[INFO] [stdout] 5 | use termion::raw::{IntoRawMode, RawTerminal};
[INFO] [stdout]   |                                 ^^^^^^^^^^^
[INFO] [stdout] 
[INFO] [stdout] 
[INFO] [stdout] warning: unused import: `termion::AsyncReader`
[INFO] [stdout]   --> src/main.rs:12:5
[INFO] [stdout]    |
[INFO] [stdout] 12 | use termion::AsyncReader;
[INFO] [stdout]    |     ^^^^^^^^^^^^^^^^^^^^
[INFO] [stdout] 
[INFO] [stdout] 
[INFO] [stdout] warning: unused import: `Task`
[INFO] [stdout]  --> src/decker/process_orchestrator.rs:1:62
[INFO] [stdout]   |
[INFO] [stdout] 1 | use crate::decker::{ProcessOrchestrator, ProcOutput, TaskId, Task};
[INFO] [stdout]   |                                                              ^^^^
[INFO] [stdout] 
[INFO] [stdout] 
[INFO] [stdout] warning: unused import: `error`
[INFO] [stdout]  --> src/decker/process_orchestrator.rs:5:24
[INFO] [stdout]   |
[INFO] [stdout] 5 | use log::{debug, info, error};
[INFO] [stdout]   |                        ^^^^^
[INFO] [stdout] 
[INFO] [stdout] 
[INFO] [stdout] warning: unused import: `LockResult`
[INFO] [stdout]   --> src/decker/process_orchestrator.rs:13:30
[INFO] [stdout]    |
[INFO] [stdout] 13 | use std::sync::{Arc, RwLock, LockResult};
[INFO] [stdout]    |                              ^^^^^^^^^^
[INFO] [stdout] 
[INFO] [stdout] 
[INFO] [stdout] warning: unused import: `VirtualCoord`
[INFO] [stdout]  --> src/decker/terminal/pane.rs:9:95
[INFO] [stdout]   |
[INFO] [stdout] 9 | use crate::decker::terminal::{ScrollMode, Pane, Color, PrintStyle, DeletionType, ScreenCoord, VirtualCoord};
[INFO] [stdout]   |                                                                                               ^^^^^^^^^^^^
[INFO] [stdout] 
[INFO] [stdout] 
[INFO] [stdout] warning: unnecessary parentheses around `for` iterator expression
[INFO] [stdout]    --> src/decker/terminal/internal/view_port.rs:116:22
[INFO] [stdout]     |
[INFO] [stdout] 116 |             for _ in (0..lines_to_pop) {
[INFO] [stdout]     |                      ^               ^
[INFO] [stdout]     |
[INFO] [stdout]     = note: `#[warn(unused_parens)]` on by default
[INFO] [stdout] help: remove these parentheses
[INFO] [stdout]     |
[INFO] [stdout] 116 -             for _ in (0..lines_to_pop) {
[INFO] [stdout] 116 +             for _ in 0..lines_to_pop {
[INFO] [stdout]     |
[INFO] [stdout] 
[INFO] [stdout] 
[INFO] [stdout] warning: unused import: `log::info`
[INFO] [stdout]  --> src/decker/terminal/internal/cursor.rs:3:5
[INFO] [stdout]   |
[INFO] [stdout] 3 | use log::info;
[INFO] [stdout]   |     ^^^^^^^^^
[INFO] [stdout] 
[INFO] [stdout] 
[INFO] [stdout] warning: unused variable: `stdout`
[INFO] [stdout]   --> src/main.rs:22:9
[INFO] [stdout]    |
[INFO] [stdout] 22 |     let stdout = stdout().into_raw_mode()?;
[INFO] [stdout]    |         ^^^^^^ help: if this is intentional, prefix it with an underscore: `_stdout`
[INFO] [stdout]    |
[INFO] [stdout]    = note: `#[warn(unused_variables)]` on by default
[INFO] [stdout] 
[INFO] [stdout] 
[INFO] [stdout] warning: unused variable: `e`
[INFO] [stdout]    --> src/main.rs:110:17
[INFO] [stdout]     |
[INFO] [stdout] 110 |             Err(e) => {
[INFO] [stdout]     |                 ^ help: if this is intentional, prefix it with an underscore: `_e`
[INFO] [stdout] 
[INFO] [stdout] 
[INFO] [stdout] warning: method `resize` is never used
[INFO] [stdout]   --> src/decker/master_control.rs:47:12
[INFO] [stdout]    |
[INFO] [stdout] 24 | impl MasterControl {
[INFO] [stdout]    | ------------------ method in this implementation
[INFO] [stdout] ...
[INFO] [stdout] 47 |     pub fn resize(&mut self, task_id: &TaskId, size: PaneSize) -> anyhow::Result<()> {
[INFO] [stdout]    |            ^^^^^^
[INFO] [stdout]    |
[INFO] [stdout]    = note: `#[warn(dead_code)]` on by default
[INFO] [stdout] 
[INFO] [stdout] 
[INFO] [stdout] warning: method `to_str` is never used
[INFO] [stdout]    --> src/decker/terminal/pane.rs:109:12
[INFO] [stdout]     |
[INFO] [stdout] 75  | impl PrintStyle {
[INFO] [stdout]     | --------------- method in this implementation
[INFO] [stdout] ...
[INFO] [stdout] 109 |     pub fn to_str(&self) -> String {
[INFO] [stdout]     |            ^^^^^^
[INFO] [stdout] 
[INFO] [stdout] 
[INFO] [stdout] warning: method `plaintext` is never used
[INFO] [stdout]    --> src/decker/terminal/pane.rs:527:8
[INFO] [stdout]     |
[INFO] [stdout] 241 | impl Pane {
[INFO] [stdout]     | --------- method in this implementation
[INFO] [stdout] ...
[INFO] [stdout] 527 |     fn plaintext(&mut self) -> String {
[INFO] [stdout]     |        ^^^^^^^^^
[INFO] [stdout] 
[INFO] [stdout] 
[INFO] [stdout] warning: variants `EnterAltKeypadMode` and `ExitAltKeypadMode` are never constructed
[INFO] [stdout]   --> src/decker/terminal/internal/mod.rs:60:5
[INFO] [stdout]    |
[INFO] [stdout] 45 | pub enum VT100 {
[INFO] [stdout]    |          ----- variants in this enum
[INFO] [stdout] ...
[INFO] [stdout] 60 |     EnterAltKeypadMode(String),
[INFO] [stdout]    |     ^^^^^^^^^^^^^^^^^^
[INFO] [stdout] 61 |     ExitAltKeypadMode(String),
[INFO] [stdout]    |     ^^^^^^^^^^^^^^^^^
[INFO] [stdout]    |
[INFO] [stdout]    = note: `VT100` has derived impls for the traits `Debug` and `Clone`, but these are intentionally ignored during dead code analysis
[INFO] [stdout] 
[INFO] [stdout] 
[INFO] [stdout] warning: method `to_string` is never used
[INFO] [stdout]    --> src/decker/terminal/internal/mod.rs:148:12
[INFO] [stdout]     |
[INFO] [stdout] 147 | impl TerminalOutput {
[INFO] [stdout]     | ------------------- method in this implementation
[INFO] [stdout] 148 |     pub fn to_string(&self) -> String {
[INFO] [stdout]     |            ^^^^^^^^^
[INFO] [stdout] 
[INFO] [stdout] 
[INFO] [stdout] warning: field `string_rep` is never read
[INFO] [stdout]   --> src/decker/terminal/internal/glyph_string.rs:10:5
[INFO] [stdout]    |
[INFO] [stdout] 8  | pub struct GlyphString {
[INFO] [stdout]    |            ----------- field in this struct
[INFO] [stdout] 9  |     pub glyphs: Vec<Glyph>,
[INFO] [stdout] 10 |     string_rep: String,
[INFO] [stdout]    |     ^^^^^^^^^^
[INFO] [stdout]    |
[INFO] [stdout]    = note: `GlyphString` has a derived impl for the trait `Clone`, but this is intentionally ignored during dead code analysis
[INFO] [stdout] 
[INFO] [stdout] 
[INFO] [stdout] warning: methods `delete_to` and `to_str` are never used
[INFO] [stdout]    --> src/decker/terminal/internal/glyph_string.rs:92:12
[INFO] [stdout]     |
[INFO] [stdout] 39  | impl GlyphString {
[INFO] [stdout]     | ---------------- methods in this implementation
[INFO] [stdout] ...
[INFO] [stdout] 92  |     pub fn delete_to(&mut self, idx: usize) {
[INFO] [stdout]     |            ^^^^^^^^^
[INFO] [stdout] ...
[INFO] [stdout] 173 |     pub fn to_str(&self, current_state: &PrintStyle) -> String {
[INFO] [stdout]     |            ^^^^^^
[INFO] [stdout] 
[INFO] [stdout] 
[INFO] [stdout] warning: method `is_complete` is never used
[INFO] [stdout]   --> src/decker/terminal/internal/stream_state.rs:85:12
[INFO] [stdout]    |
[INFO] [stdout] 15 | impl StreamState {
[INFO] [stdout]    | ---------------- method in this implementation
[INFO] [stdout] ...
[INFO] [stdout] 85 |     pub fn is_complete(&self) -> bool {
[INFO] [stdout]    |            ^^^^^^^^^^^
[INFO] [stdout] 
[INFO] [stdout] 
[INFO] [stdout] warning: 19 warnings emitted
[INFO] [stdout] 
[INFO] [stdout] 
[INFO] [stderr]     Finished dev [unoptimized + debuginfo] target(s) in 10.03s
[INFO] running `Command { std: "docker" "inspect" "fc2547825816edacad628b0d14032e594c15a0d4b53d136f49482da83343a624", kill_on_drop: false }`
[INFO] running `Command { std: "docker" "rm" "-f" "fc2547825816edacad628b0d14032e594c15a0d4b53d136f49482da83343a624", kill_on_drop: false }`
[INFO] [stdout] fc2547825816edacad628b0d14032e594c15a0d4b53d136f49482da83343a624
[INFO] running `Command { std: "docker" "create" "-v" "/var/lib/crater-agent-workspace/builds/worker-7-tc2/target:/opt/rustwide/target:rw,Z" "-v" "/var/lib/crater-agent-workspace/builds/worker-7-tc2/source:/opt/rustwide/workdir:ro,Z" "-v" "/var/lib/crater-agent-workspace/cargo-home:/opt/rustwide/cargo-home:ro,Z" "-v" "/var/lib/crater-agent-workspace/rustup-home:/opt/rustwide/rustup-home:ro,Z" "-e" "SOURCE_DIR=/opt/rustwide/workdir" "-e" "CARGO_TARGET_DIR=/opt/rustwide/target" "-e" "CARGO_INCREMENTAL=0" "-e" "RUST_BACKTRACE=full" "-e" "RUSTFLAGS=--cap-lints=warn" "-e" "RUSTDOCFLAGS=--cap-lints=warn" "-e" "CARGO_HOME=/opt/rustwide/cargo-home" "-e" "RUSTUP_HOME=/opt/rustwide/rustup-home" "-w" "/opt/rustwide/workdir" "-m" "1610612736" "--user" "0:0" "--network" "none" "ghcr.io/rust-lang/crates-build-env/linux@sha256:5ff2268d62e97bff2cde7d5815dd6ed5b47097566f13b8d0ca110b04b60e07ed" "/opt/rustwide/cargo-home/bin/cargo" "+beta-2023-04-20" "test" "--frozen" "--no-run" "--message-format=json", kill_on_drop: false }`
[INFO] [stdout] 07951ebb31a484146a2424aba7d51b9e87fbc3ad0fb985a304a40b05d68b7562
[INFO] running `Command { std: "docker" "start" "-a" "07951ebb31a484146a2424aba7d51b9e87fbc3ad0fb985a304a40b05d68b7562", kill_on_drop: false }`
[INFO] [stderr]    Compiling decker v0.1.0 (/opt/rustwide/workdir)
[INFO] [stdout] warning: unused import: `Stdout`
[INFO] [stdout]  --> src/main.rs:1:36
[INFO] [stdout]   |
[INFO] [stdout] 1 | use std::io::{Read, Write, stdout, Stdout, stdin, Stdin};
[INFO] [stdout]   |                                    ^^^^^^
[INFO] [stdout]   |
[INFO] [stdout]   = note: `#[warn(unused_imports)]` on by default
[INFO] [stdout] 
[INFO] [stdout] 
[INFO] [stdout] warning: unused import: `RawTerminal`
[INFO] [stdout]  --> src/main.rs:5:33
[INFO] [stdout]   |
[INFO] [stdout] 5 | use termion::raw::{IntoRawMode, RawTerminal};
[INFO] [stdout]   |                                 ^^^^^^^^^^^
[INFO] [stdout] 
[INFO] [stdout] 
[INFO] [stdout] warning: unused import: `termion::AsyncReader`
[INFO] [stdout]   --> src/main.rs:12:5
[INFO] [stdout]    |
[INFO] [stdout] 12 | use termion::AsyncReader;
[INFO] [stdout]    |     ^^^^^^^^^^^^^^^^^^^^
[INFO] [stdout] 
[INFO] [stdout] 
[INFO] [stdout] warning: unused import: `Task`
[INFO] [stdout]  --> src/decker/process_orchestrator.rs:1:62
[INFO] [stdout]   |
[INFO] [stdout] 1 | use crate::decker::{ProcessOrchestrator, ProcOutput, TaskId, Task};
[INFO] [stdout]   |                                                              ^^^^
[INFO] [stdout] 
[INFO] [stdout] 
[INFO] [stdout] warning: unused import: `error`
[INFO] [stdout]  --> src/decker/process_orchestrator.rs:5:24
[INFO] [stdout]   |
[INFO] [stdout] 5 | use log::{debug, info, error};
[INFO] [stdout]   |                        ^^^^^
[INFO] [stdout] 
[INFO] [stdout] 
[INFO] [stdout] warning: unused import: `LockResult`
[INFO] [stdout]   --> src/decker/process_orchestrator.rs:13:30
[INFO] [stdout]    |
[INFO] [stdout] 13 | use std::sync::{Arc, RwLock, LockResult};
[INFO] [stdout]    |                              ^^^^^^^^^^
[INFO] [stdout] 
[INFO] [stdout] 
[INFO] [stdout] warning: unused import: `VirtualCoord`
[INFO] [stdout]  --> src/decker/terminal/pane.rs:9:95
[INFO] [stdout]   |
[INFO] [stdout] 9 | use crate::decker::terminal::{ScrollMode, Pane, Color, PrintStyle, DeletionType, ScreenCoord, VirtualCoord};
[INFO] [stdout]   |                                                                                               ^^^^^^^^^^^^
[INFO] [stdout] 
[INFO] [stdout] 
[INFO] [stdout] warning: unnecessary parentheses around `for` iterator expression
[INFO] [stdout]    --> src/decker/terminal/internal/view_port.rs:116:22
[INFO] [stdout]     |
[INFO] [stdout] 116 |             for _ in (0..lines_to_pop) {
[INFO] [stdout]     |                      ^               ^
[INFO] [stdout]     |
[INFO] [stdout]     = note: `#[warn(unused_parens)]` on by default
[INFO] [stdout] help: remove these parentheses
[INFO] [stdout]     |
[INFO] [stdout] 116 -             for _ in (0..lines_to_pop) {
[INFO] [stdout] 116 +             for _ in 0..lines_to_pop {
[INFO] [stdout]     |
[INFO] [stdout] 
[INFO] [stdout] 
[INFO] [stdout] warning: unused import: `log::info`
[INFO] [stdout]  --> src/decker/terminal/internal/cursor.rs:3:5
[INFO] [stdout]   |
[INFO] [stdout] 3 | use log::info;
[INFO] [stdout]   |     ^^^^^^^^^
[INFO] [stdout] 
[INFO] [stdout] 
[INFO] [stdout] warning: unused variable: `stdout`
[INFO] [stdout]   --> src/main.rs:22:9
[INFO] [stdout]    |
[INFO] [stdout] 22 |     let stdout = stdout().into_raw_mode()?;
[INFO] [stdout]    |         ^^^^^^ help: if this is intentional, prefix it with an underscore: `_stdout`
[INFO] [stdout]    |
[INFO] [stdout]    = note: `#[warn(unused_variables)]` on by default
[INFO] [stdout] 
[INFO] [stdout] 
[INFO] [stdout] warning: unused variable: `e`
[INFO] [stdout]    --> src/main.rs:110:17
[INFO] [stdout]     |
[INFO] [stdout] 110 |             Err(e) => {
[INFO] [stdout]     |                 ^ help: if this is intentional, prefix it with an underscore: `_e`
[INFO] [stdout] 
[INFO] [stdout] 
[INFO] [stdout] warning: method `resize` is never used
[INFO] [stdout]   --> src/decker/master_control.rs:47:12
[INFO] [stdout]    |
[INFO] [stdout] 24 | impl MasterControl {
[INFO] [stdout]    | ------------------ method in this implementation
[INFO] [stdout] ...
[INFO] [stdout] 47 |     pub fn resize(&mut self, task_id: &TaskId, size: PaneSize) -> anyhow::Result<()> {
[INFO] [stdout]    |            ^^^^^^
[INFO] [stdout]    |
[INFO] [stdout]    = note: `#[warn(dead_code)]` on by default
[INFO] [stdout] 
[INFO] [stdout] 
[INFO] [stdout] warning: variants `EnterAltKeypadMode` and `ExitAltKeypadMode` are never constructed
[INFO] [stdout]   --> src/decker/terminal/internal/mod.rs:60:5
[INFO] [stdout]    |
[INFO] [stdout] 45 | pub enum VT100 {
[INFO] [stdout]    |          ----- variants in this enum
[INFO] [stdout] ...
[INFO] [stdout] 60 |     EnterAltKeypadMode(String),
[INFO] [stdout]    |     ^^^^^^^^^^^^^^^^^^
[INFO] [stdout] 61 |     ExitAltKeypadMode(String),
[INFO] [stdout]    |     ^^^^^^^^^^^^^^^^^
[INFO] [stdout]    |
[INFO] [stdout]    = note: `VT100` has derived impls for the traits `Debug` and `Clone`, but these are intentionally ignored during dead code analysis
[INFO] [stdout] 
[INFO] [stdout] 
[INFO] [stdout] warning: field `string_rep` is never read
[INFO] [stdout]   --> src/decker/terminal/internal/glyph_string.rs:10:5
[INFO] [stdout]    |
[INFO] [stdout] 8  | pub struct GlyphString {
[INFO] [stdout]    |            ----------- field in this struct
[INFO] [stdout] 9  |     pub glyphs: Vec<Glyph>,
[INFO] [stdout] 10 |     string_rep: String,
[INFO] [stdout]    |     ^^^^^^^^^^
[INFO] [stdout]    |
[INFO] [stdout]    = note: `GlyphString` has a derived impl for the trait `Clone`, but this is intentionally ignored during dead code analysis
[INFO] [stdout] 
[INFO] [stdout] 
[INFO] [stdout] warning: 14 warnings emitted
[INFO] [stdout] 
[INFO] [stdout] 
[INFO] [stderr]     Finished test [unoptimized + debuginfo] target(s) in 1.30s
[INFO] running `Command { std: "docker" "inspect" "07951ebb31a484146a2424aba7d51b9e87fbc3ad0fb985a304a40b05d68b7562", kill_on_drop: false }`
[INFO] running `Command { std: "docker" "rm" "-f" "07951ebb31a484146a2424aba7d51b9e87fbc3ad0fb985a304a40b05d68b7562", kill_on_drop: false }`
[INFO] [stdout] 07951ebb31a484146a2424aba7d51b9e87fbc3ad0fb985a304a40b05d68b7562
[INFO] running `Command { std: "docker" "create" "-v" "/var/lib/crater-agent-workspace/builds/worker-7-tc2/target:/opt/rustwide/target:rw,Z" "-v" "/var/lib/crater-agent-workspace/builds/worker-7-tc2/source:/opt/rustwide/workdir:ro,Z" "-v" "/var/lib/crater-agent-workspace/cargo-home:/opt/rustwide/cargo-home:ro,Z" "-v" "/var/lib/crater-agent-workspace/rustup-home:/opt/rustwide/rustup-home:ro,Z" "-e" "SOURCE_DIR=/opt/rustwide/workdir" "-e" "CARGO_TARGET_DIR=/opt/rustwide/target" "-e" "CARGO_INCREMENTAL=0" "-e" "RUST_BACKTRACE=full" "-e" "RUSTFLAGS=--cap-lints=warn" "-e" "RUSTDOCFLAGS=--cap-lints=warn" "-e" "CARGO_HOME=/opt/rustwide/cargo-home" "-e" "RUSTUP_HOME=/opt/rustwide/rustup-home" "-w" "/opt/rustwide/workdir" "-m" "1610612736" "--user" "0:0" "--network" "none" "ghcr.io/rust-lang/crates-build-env/linux@sha256:5ff2268d62e97bff2cde7d5815dd6ed5b47097566f13b8d0ca110b04b60e07ed" "/opt/rustwide/cargo-home/bin/cargo" "+beta-2023-04-20" "test" "--frozen", kill_on_drop: false }`
[INFO] [stdout] 7a0f3f0c956b2908e6ac68cbd1a6acb22c1f0358a3b6ce6bd1043fbe662ef5b7
[INFO] running `Command { std: "docker" "start" "-a" "7a0f3f0c956b2908e6ac68cbd1a6acb22c1f0358a3b6ce6bd1043fbe662ef5b7", kill_on_drop: false }`
[INFO] [stderr] warning: unused import: `Stdout`
[INFO] [stderr]  --> src/main.rs:1:36
[INFO] [stderr]   |
[INFO] [stderr] 1 | use std::io::{Read, Write, stdout, Stdout, stdin, Stdin};
[INFO] [stderr]   |                                    ^^^^^^
[INFO] [stderr]   |
[INFO] [stderr]   = note: `#[warn(unused_imports)]` on by default
[INFO] [stderr] 
[INFO] [stderr] warning: unused import: `RawTerminal`
[INFO] [stderr]  --> src/main.rs:5:33
[INFO] [stderr]   |
[INFO] [stderr] 5 | use termion::raw::{IntoRawMode, RawTerminal};
[INFO] [stderr]   |                                 ^^^^^^^^^^^
[INFO] [stderr] 
[INFO] [stderr] warning: unused import: `termion::AsyncReader`
[INFO] [stderr]   --> src/main.rs:12:5
[INFO] [stderr]    |
[INFO] [stderr] 12 | use termion::AsyncReader;
[INFO] [stderr]    |     ^^^^^^^^^^^^^^^^^^^^
[INFO] [stderr] 
[INFO] [stderr] warning: unused import: `Task`
[INFO] [stderr]  --> src/decker/process_orchestrator.rs:1:62
[INFO] [stderr]   |
[INFO] [stderr] 1 | use crate::decker::{ProcessOrchestrator, ProcOutput, TaskId, Task};
[INFO] [stderr]   |                                                              ^^^^
[INFO] [stderr] 
[INFO] [stderr] warning: unused import: `error`
[INFO] [stderr]  --> src/decker/process_orchestrator.rs:5:24
[INFO] [stderr]   |
[INFO] [stderr] 5 | use log::{debug, info, error};
[INFO] [stderr]   |                        ^^^^^
[INFO] [stderr] 
[INFO] [stderr] warning: unused import: `LockResult`
[INFO] [stderr]   --> src/decker/process_orchestrator.rs:13:30
[INFO] [stderr]    |
[INFO] [stderr] 13 | use std::sync::{Arc, RwLock, LockResult};
[INFO] [stderr]    |                              ^^^^^^^^^^
[INFO] [stderr] 
[INFO] [stderr] warning: unused import: `VirtualCoord`
[INFO] [stderr]  --> src/decker/terminal/pane.rs:9:95
[INFO] [stderr]   |
[INFO] [stderr] 9 | use crate::decker::terminal::{ScrollMode, Pane, Color, PrintStyle, DeletionType, ScreenCoord, VirtualCoord};
[INFO] [stderr]   |                                                                                               ^^^^^^^^^^^^
[INFO] [stderr] 
[INFO] [stderr] warning: unnecessary parentheses around `for` iterator expression
[INFO] [stderr]    --> src/decker/terminal/internal/view_port.rs:116:22
[INFO] [stderr]     |
[INFO] [stderr] 116 |             for _ in (0..lines_to_pop) {
[INFO] [stderr]     |                      ^               ^
[INFO] [stderr]     |
[INFO] [stderr]     = note: `#[warn(unused_parens)]` on by default
[INFO] [stderr] help: remove these parentheses
[INFO] [stderr]     |
[INFO] [stderr] 116 -             for _ in (0..lines_to_pop) {
[INFO] [stderr] 116 +             for _ in 0..lines_to_pop {
[INFO] [stderr]     |
[INFO] [stderr] 
[INFO] [stderr] warning: unused import: `log::info`
[INFO] [stderr]  --> src/decker/terminal/internal/cursor.rs:3:5
[INFO] [stderr]   |
[INFO] [stderr] 3 | use log::info;
[INFO] [stderr]   |     ^^^^^^^^^
[INFO] [stderr] 
[INFO] [stderr] warning: unused variable: `stdout`
[INFO] [stderr]   --> src/main.rs:22:9
[INFO] [stderr]    |
[INFO] [stderr] 22 |     let stdout = stdout().into_raw_mode()?;
[INFO] [stderr]    |         ^^^^^^ help: if this is intentional, prefix it with an underscore: `_stdout`
[INFO] [stderr]    |
[INFO] [stderr]    = note: `#[warn(unused_variables)]` on by default
[INFO] [stderr] 
[INFO] [stderr] warning: unused variable: `e`
[INFO] [stderr]    --> src/main.rs:110:17
[INFO] [stderr]     |
[INFO] [stderr] 110 |             Err(e) => {
[INFO] [stderr]     |                 ^ help: if this is intentional, prefix it with an underscore: `_e`
[INFO] [stderr] 
[INFO] [stderr] warning: method `resize` is never used
[INFO] [stderr]   --> src/decker/master_control.rs:47:12
[INFO] [stderr]    |
[INFO] [stderr] 24 | impl MasterControl {
[INFO] [stderr]    | ------------------ method in this implementation
[INFO] [stderr] ...
[INFO] [stderr] 47 |     pub fn resize(&mut self, task_id: &TaskId, size: PaneSize) -> anyhow::Result<()> {
[INFO] [stderr]    |            ^^^^^^
[INFO] [stderr]    |
[INFO] [stderr]    = note: `#[warn(dead_code)]` on by default
[INFO] [stderr] 
[INFO] [stderr] warning: variants `EnterAltKeypadMode` and `ExitAltKeypadMode` are never constructed
[INFO] [stderr]   --> src/decker/terminal/internal/mod.rs:60:5
[INFO] [stderr]    |
[INFO] [stderr] 45 | pub enum VT100 {
[INFO] [stderr]    |          ----- variants in this enum
[INFO] [stderr] ...
[INFO] [stderr] 60 |     EnterAltKeypadMode(String),
[INFO] [stderr]    |     ^^^^^^^^^^^^^^^^^^
[INFO] [stderr] 61 |     ExitAltKeypadMode(String),
[INFO] [stderr]    |     ^^^^^^^^^^^^^^^^^
[INFO] [stderr]    |
[INFO] [stderr]    = note: `VT100` has derived impls for the traits `Debug` and `Clone`, but these are intentionally ignored during dead code analysis
[INFO] [stderr] 
[INFO] [stderr] warning: field `string_rep` is never read
[INFO] [stderr]   --> src/decker/terminal/internal/glyph_string.rs:10:5
[INFO] [stderr]    |
[INFO] [stderr] 8  | pub struct GlyphString {
[INFO] [stderr]    |            ----------- field in this struct
[INFO] [stderr] 9  |     pub glyphs: Vec<Glyph>,
[INFO] [stderr] 10 |     string_rep: String,
[INFO] [stderr]    |     ^^^^^^^^^^
[INFO] [stderr]    |
[INFO] [stderr]    = note: `GlyphString` has a derived impl for the trait `Clone`, but this is intentionally ignored during dead code analysis
[INFO] [stderr] 
[INFO] [stderr] warning: `decker` (bin "decker" test) generated 14 warnings (run `cargo fix --bin "decker" --tests` to apply 11 suggestions)
[INFO] [stderr]     Finished test [unoptimized + debuginfo] target(s) in 0.03s
[INFO] [stderr]      Running unittests src/main.rs (/opt/rustwide/target/debug/deps/decker-de0c7b7ca664f6af)
[INFO] [stdout] 
[INFO] [stdout] running 34 tests
[INFO] [stdout] test decker::terminal::internal::glyph_string::tests::it_clears_following_chars ... ok
[INFO] [stdout] test decker::terminal::internal::glyph_string::tests::it_clears_all_chars ... ok
[INFO] [stdout] test decker::terminal::internal::glyph_string::tests::it_clears_leading_chars ... ok
[INFO] [stdout] test decker::terminal::internal::glyph_string::tests::it_writes_lines_at_offset ... ok
[INFO] [stdout] test decker::terminal::internal::glyph_string::tests::it_right_pads_with_spaces ... ok
[INFO] [stdout] test decker::terminal::internal::glyph_string::tests::it_deletes_leading_chars ... ok
[INFO] [stdout] test decker::terminal::internal::stream_state::tests::it_clears_data_when_consumed ... ok
[INFO] [stdout] test decker::terminal::internal::glyph_string::tests::it_respects_glyph_styles ... ok
[INFO] [stdout] test decker::terminal::pane::tests::it_applies_multiple_codes_at_once ... ok
[INFO] [stdout] test decker::terminal::internal::stream_state::tests::it_detects_plain_text ... ok
[INFO] [stdout] test decker::terminal::internal::stream_state::tests::it_does_not_detect_an_esc_seq_when_just_an_esc ... ok
[INFO] [stdout] test decker::terminal::internal::stream_state::tests::it_says_normal_text_is_complete ... ok
[INFO] [stdout] test decker::terminal::pane::tests::it_converts_bold_vt100_sgr_to_print_state ... ok
[INFO] [stdout] test decker::terminal::internal::stream_state::tests::it_releases_the_esc_when_it_is_alone ... ok
[INFO] [stdout] test decker::terminal::pane::tests::it_converts_256_color_vt100_sgr_to_print_state ... ok
[INFO] [stdout] test decker::terminal::pane::tests::it_converts_simple_vt100_sgr_to_print_state ... ok
[INFO] [stdout] test decker::terminal::pane::tests::it_converts_background_vt100_sgr_to_print_state ... ok
[INFO] [stdout] test decker::terminal::pane::tests::it_displays_blank_space_on_creation ... ok
[INFO] [stdout] test decker::terminal::pane::tests::it_converts_rgb_color_vt100_sgr_to_print_state ... ok
[INFO] [stdout] test decker::terminal::pane::tests::it_finds_diff_between_states ... ok
[INFO] [stdout] test decker::terminal::pane::tests::it_converts_state_back_into_vt100 ... ok
[INFO] [stdout] test decker::terminal::pane::tests::it_turns_off_blink ... ok
[INFO] [stdout] test decker::terminal::pane::tests::it_turns_off_italics ... ok
[INFO] [stdout] test decker::terminal::pane::tests::it_turns_off_underline ... ok
[INFO] [stdout] test decker::terminal::internal::stream_state::tests::it_buffers_the_esc_sequence_when_an_esc_seq_comes_in ... ok
[INFO] [stdout] test decker::terminal::internal::stream_state::tests::it_detects_an_esc_seq ... ok
[INFO] [stdout] test decker::terminal::internal::stream_state::tests::it_remains_complete_when_an_esc_sequence_comes_in ... ok
[INFO] [stdout] test decker::terminal::internal::stream_state::tests::it_recognizes_scroll_commands ... ok
[INFO] [stdout] test decker::terminal::internal::stream_state::tests::it_detects_when_esc_seq_is_complete ... ok
[INFO] [stdout] test decker::terminal::internal::stream_state::tests::it_recognizes_unusual_csis ... ok
[INFO] [stdout] test decker::terminal::pane::tests::it_displays_line_at_bottom_of_screen ... ok
[INFO] [stdout] test decker::process_orchestrator::tests::setting_active_proc_works ... FAILED
[INFO] [stdout] test decker::process_orchestrator::tests::no_active_proc_after_creation ... FAILED
[INFO] [stdout] test decker::terminal::pane::tests::it_displays_pushed_text ... FAILED
[INFO] [stdout] 
[INFO] [stdout] failures:
[INFO] [stdout] 
[INFO] [stdout] ---- decker::process_orchestrator::tests::setting_active_proc_works stdout ----
[INFO] [stdout] thread 'decker::process_orchestrator::tests::setting_active_proc_works' panicked at 'called `Result::unwrap()` on an `Err` value: Os { code: 25, kind: Uncategorized, message: "Inappropriate ioctl for device" }', src/decker/process_orchestrator.rs:29:64
[INFO] [stdout] stack backtrace:
[INFO] [stdout]    0:     0x5597d80b5dea - std::backtrace_rs::backtrace::libunwind::trace::h2f05d0192276a8f6
[INFO] [stdout]                                at /rustc/1b7dd2252b99671ce5d1cb9664c5f8636329436d/library/std/src/../../backtrace/src/backtrace/libunwind.rs:93:5
[INFO] [stdout]    1:     0x5597d80b5dea - std::backtrace_rs::backtrace::trace_unsynchronized::hedc23dff7a1af150
[INFO] [stdout]                                at /rustc/1b7dd2252b99671ce5d1cb9664c5f8636329436d/library/std/src/../../backtrace/src/backtrace/mod.rs:66:5
[INFO] [stdout]    2:     0x5597d80b5dea - std::sys_common::backtrace::_print_fmt::h17541ef7592f3ce2
[INFO] [stdout]                                at /rustc/1b7dd2252b99671ce5d1cb9664c5f8636329436d/library/std/src/sys_common/backtrace.rs:65:5
[INFO] [stdout]    3:     0x5597d80b5dea - <std::sys_common::backtrace::_print::DisplayBacktrace as core::fmt::Display>::fmt::h20f75df5ab0c0792
[INFO] [stdout]                                at /rustc/1b7dd2252b99671ce5d1cb9664c5f8636329436d/library/std/src/sys_common/backtrace.rs:44:22
[INFO] [stdout]    4:     0x5597d80da5cf - core::fmt::write::h78109e6f466b3af6
[INFO] [stdout]                                at /rustc/1b7dd2252b99671ce5d1cb9664c5f8636329436d/library/core/src/fmt/mod.rs:1254:17
[INFO] [stdout]    5:     0x5597d80b2e65 - std::io::Write::write_fmt::hd24bfb68a1b35a25
[INFO] [stdout]                                at /rustc/1b7dd2252b99671ce5d1cb9664c5f8636329436d/library/std/src/io/mod.rs:1698:15
[INFO] [stdout]    6:     0x5597d80b5bb5 - std::sys_common::backtrace::_print::h8dac57a9f8fbf9a5
[INFO] [stdout]                                at /rustc/1b7dd2252b99671ce5d1cb9664c5f8636329436d/library/std/src/sys_common/backtrace.rs:47:5
[INFO] [stdout]    7:     0x5597d80b5bb5 - std::sys_common::backtrace::print::hf9ecbf41d1aa712f
[INFO] [stdout]                                at /rustc/1b7dd2252b99671ce5d1cb9664c5f8636329436d/library/std/src/sys_common/backtrace.rs:34:9
[INFO] [stdout]    8:     0x5597d80b786e - std::panicking::default_hook::{{closure}}::h04c07acfc84ca028
[INFO] [stdout]                                at /rustc/1b7dd2252b99671ce5d1cb9664c5f8636329436d/library/std/src/panicking.rs:269:22
[INFO] [stdout]    9:     0x5597d80b75a1 - std::panicking::default_hook::h01f6bb23e1eceb2c
[INFO] [stdout]                                at /rustc/1b7dd2252b99671ce5d1cb9664c5f8636329436d/library/std/src/panicking.rs:285:9
[INFO] [stdout]   10:     0x5597d7ee0d5b - <alloc::boxed::Box<F,A> as core::ops::function::Fn<Args>>::call::h87fe9f7b2fd49e4c
[INFO] [stdout]                                at /rustc/1b7dd2252b99671ce5d1cb9664c5f8636329436d/library/alloc/src/boxed.rs:1987:9
[INFO] [stdout]   11:     0x5597d7ee0d5b - test::test_main::{{closure}}::he94d679243a7531b
[INFO] [stdout]                                at /rustc/1b7dd2252b99671ce5d1cb9664c5f8636329436d/library/test/src/lib.rs:134:21
[INFO] [stdout]   12:     0x5597d80b7f54 - <alloc::boxed::Box<F,A> as core::ops::function::Fn<Args>>::call::h3f2d6d8b14c4769f
[INFO] [stdout]                                at /rustc/1b7dd2252b99671ce5d1cb9664c5f8636329436d/library/alloc/src/boxed.rs:1987:9
[INFO] [stdout]   13:     0x5597d80b7f54 - std::panicking::rust_panic_with_hook::h2bb3722bbaf2f6df
[INFO] [stdout]                                at /rustc/1b7dd2252b99671ce5d1cb9664c5f8636329436d/library/std/src/panicking.rs:695:13
[INFO] [stdout]   14:     0x5597d80b7cc9 - std::panicking::begin_panic_handler::{{closure}}::h91bc7f36a4be011b
[INFO] [stdout]                                at /rustc/1b7dd2252b99671ce5d1cb9664c5f8636329436d/library/std/src/panicking.rs:582:13
[INFO] [stdout]   15:     0x5597d80b6256 - std::sys_common::backtrace::__rust_end_short_backtrace::h8b3d3717114f9e59
[INFO] [stdout]                                at /rustc/1b7dd2252b99671ce5d1cb9664c5f8636329436d/library/std/src/sys_common/backtrace.rs:150:18
[INFO] [stdout]   16:     0x5597d80b7a22 - rust_begin_unwind
[INFO] [stdout]                                at /rustc/1b7dd2252b99671ce5d1cb9664c5f8636329436d/library/std/src/panicking.rs:578:5
[INFO] [stdout]   17:     0x5597d7e7c0f3 - core::panicking::panic_fmt::hfd368e3fbdabea26
[INFO] [stdout]                                at /rustc/1b7dd2252b99671ce5d1cb9664c5f8636329436d/library/core/src/panicking.rs:67:14
[INFO] [stdout]   18:     0x5597d7e7c693 - core::result::unwrap_failed::he54eb4b2f125b26f
[INFO] [stdout]                                at /rustc/1b7dd2252b99671ce5d1cb9664c5f8636329436d/library/core/src/result.rs:1687:5
[INFO] [stdout]   19:     0x5597d7e95d50 - core::result::Result<T,E>::unwrap::h0fc9b57551e7892f
[INFO] [stdout]                                at /rustc/1b7dd2252b99671ce5d1cb9664c5f8636329436d/library/core/src/result.rs:1089:23
[INFO] [stdout]   20:     0x5597d7ea36b3 - decker::decker::process_orchestrator::<impl decker::decker::ProcessOrchestrator>::new::h31a70fef5ada8b48
[INFO] [stdout]                                at /opt/rustwide/workdir/src/decker/process_orchestrator.rs:29:9
[INFO] [stdout]   21:     0x5597d7ea3d4a - decker::decker::process_orchestrator::tests::instance::hd9116e705f2d2a92
[INFO] [stdout]                                at /opt/rustwide/workdir/src/decker/process_orchestrator.rs:312:18
[INFO] [stdout]   22:     0x5597d7ea4211 - decker::decker::process_orchestrator::tests::setting_active_proc_works::h7e01e659e91953dd
[INFO] [stdout]                                at /opt/rustwide/workdir/src/decker/process_orchestrator.rs:324:22
[INFO] [stdout]   23:     0x5597d7ea41e7 - decker::decker::process_orchestrator::tests::setting_active_proc_works::{{closure}}::hd23a759ac86f7e74
[INFO] [stdout]                                at /opt/rustwide/workdir/src/decker/process_orchestrator.rs:323:36
[INFO] [stdout]   24:     0x5597d7e8aa25 - core::ops::function::FnOnce::call_once::h64d877b358f6767a
[INFO] [stdout]                                at /rustc/1b7dd2252b99671ce5d1cb9664c5f8636329436d/library/core/src/ops/function.rs:250:5
[INFO] [stdout]   25:     0x5597d7ee5c2f - core::ops::function::FnOnce::call_once::ha6a70e79f7481a7e
[INFO] [stdout]                                at /rustc/1b7dd2252b99671ce5d1cb9664c5f8636329436d/library/core/src/ops/function.rs:250:5
[INFO] [stdout]   26:     0x5597d7ee5c2f - test::__rust_begin_short_backtrace::hce33033019b61e69
[INFO] [stdout]                                at /rustc/1b7dd2252b99671ce5d1cb9664c5f8636329436d/library/test/src/lib.rs:655:18
[INFO] [stdout]   27:     0x5597d7eb341c - test::run_test::{{closure}}::h858d3528838ae3e5
[INFO] [stdout]                                at /rustc/1b7dd2252b99671ce5d1cb9664c5f8636329436d/library/test/src/lib.rs:646:30
[INFO] [stdout]   28:     0x5597d7eb341c - core::ops::function::FnOnce::call_once{{vtable.shim}}::he8ac2b00f01ae79e
[INFO] [stdout]                                at /rustc/1b7dd2252b99671ce5d1cb9664c5f8636329436d/library/core/src/ops/function.rs:250:5
[INFO] [stdout]   29:     0x5597d7ee4d06 - <alloc::boxed::Box<F,A> as core::ops::function::FnOnce<Args>>::call_once::h8093d25b522725ef
[INFO] [stdout]                                at /rustc/1b7dd2252b99671ce5d1cb9664c5f8636329436d/library/alloc/src/boxed.rs:1973:9
[INFO] [stdout]   30:     0x5597d7ee4d06 - <core::panic::unwind_safe::AssertUnwindSafe<F> as core::ops::function::FnOnce<()>>::call_once::h5c334c204e4a3913
[INFO] [stdout]                                at /rustc/1b7dd2252b99671ce5d1cb9664c5f8636329436d/library/core/src/panic/unwind_safe.rs:271:9
[INFO] [stdout]   31:     0x5597d7ee4d06 - std::panicking::try::do_call::ha8b740c7b9478074
[INFO] [stdout]                                at /rustc/1b7dd2252b99671ce5d1cb9664c5f8636329436d/library/std/src/panicking.rs:485:40
[INFO] [stdout]   32:     0x5597d7ee4d06 - std::panicking::try::h5d34f63d0e41b64e
[INFO] [stdout]                                at /rustc/1b7dd2252b99671ce5d1cb9664c5f8636329436d/library/std/src/panicking.rs:449:19
[INFO] [stdout]   33:     0x5597d7ee4d06 - std::panic::catch_unwind::hcfbb511e1aa7fc67
[INFO] [stdout]                                at /rustc/1b7dd2252b99671ce5d1cb9664c5f8636329436d/library/std/src/panic.rs:140:14
[INFO] [stdout]   34:     0x5597d7ee4d06 - test::run_test_in_process::h9abda90f802eaf21
[INFO] [stdout]                                at /rustc/1b7dd2252b99671ce5d1cb9664c5f8636329436d/library/test/src/lib.rs:678:27
[INFO] [stdout]   35:     0x5597d7ee4d06 - test::run_test::run_test_inner::{{closure}}::h0f058de91f6c6edf
[INFO] [stdout]                                at /rustc/1b7dd2252b99671ce5d1cb9664c5f8636329436d/library/test/src/lib.rs:572:39
[INFO] [stdout]   36:     0x5597d7eadc25 - test::run_test::run_test_inner::{{closure}}::h5ca48a4c59c6c1fb
[INFO] [stdout]                                at /rustc/1b7dd2252b99671ce5d1cb9664c5f8636329436d/library/test/src/lib.rs:599:37
[INFO] [stdout]   37:     0x5597d7eadc25 - std::sys_common::backtrace::__rust_begin_short_backtrace::h32bd51e1495d4a33
[INFO] [stdout]                                at /rustc/1b7dd2252b99671ce5d1cb9664c5f8636329436d/library/std/src/sys_common/backtrace.rs:134:18
[INFO] [stdout]   38:     0x5597d7eb3161 - std::thread::Builder::spawn_unchecked_::{{closure}}::{{closure}}::hc086fae9b128b2db
[INFO] [stdout]                                at /rustc/1b7dd2252b99671ce5d1cb9664c5f8636329436d/library/std/src/thread/mod.rs:526:17
[INFO] [stdout]   39:     0x5597d7eb3161 - <core::panic::unwind_safe::AssertUnwindSafe<F> as core::ops::function::FnOnce<()>>::call_once::hb66571888d270d43
[INFO] [stdout]                                at /rustc/1b7dd2252b99671ce5d1cb9664c5f8636329436d/library/core/src/panic/unwind_safe.rs:271:9
[INFO] [stdout]   40:     0x5597d7eb3161 - std::panicking::try::do_call::h4fa2ef4f6e51fecf
[INFO] [stdout]                                at /rustc/1b7dd2252b99671ce5d1cb9664c5f8636329436d/library/std/src/panicking.rs:485:40
[INFO] [stdout]   41:     0x5597d7eb3161 - std::panicking::try::h1e9e22b8584489b5
[INFO] [stdout]                                at /rustc/1b7dd2252b99671ce5d1cb9664c5f8636329436d/library/std/src/panicking.rs:449:19
[INFO] [stdout]   42:     0x5597d7eb3161 - std::panic::catch_unwind::h44698a3de0e0769e
[INFO] [stdout]                                at /rustc/1b7dd2252b99671ce5d1cb9664c5f8636329436d/library/std/src/panic.rs:140:14
[INFO] [stdout]   43:     0x5597d7eb3161 - std::thread::Builder::spawn_unchecked_::{{closure}}::h50153abde3fe239e
[INFO] [stdout]                                at /rustc/1b7dd2252b99671ce5d1cb9664c5f8636329436d/library/std/src/thread/mod.rs:525:30
[INFO] [stdout]   44:     0x5597d7eb3161 - core::ops::function::FnOnce::call_once{{vtable.shim}}::hbe5bbf6f38394364
[INFO] [stdout]                                at /rustc/1b7dd2252b99671ce5d1cb9664c5f8636329436d/library/core/src/ops/function.rs:250:5
[INFO] [stdout]   45:     0x5597d80bcab5 - <alloc::boxed::Box<F,A> as core::ops::function::FnOnce<Args>>::call_once::h0d83cb2920a49046
[INFO] [stdout]                                at /rustc/1b7dd2252b99671ce5d1cb9664c5f8636329436d/library/alloc/src/boxed.rs:1973:9
[INFO] [stdout]   46:     0x5597d80bcab5 - <alloc::boxed::Box<F,A> as core::ops::function::FnOnce<Args>>::call_once::hbe0a008aa7d9ef59
[INFO] [stdout]                                at /rustc/1b7dd2252b99671ce5d1cb9664c5f8636329436d/library/alloc/src/boxed.rs:1973:9
[INFO] [stdout]   47:     0x5597d80bcab5 - std::sys::unix::thread::Thread::new::thread_start::h3a466996bdf6b1f9
[INFO] [stdout]                                at /rustc/1b7dd2252b99671ce5d1cb9664c5f8636329436d/library/std/src/sys/unix/thread.rs:108:17
[INFO] [stdout]   48:     0x7fd0e7d68b43 - <unknown>
[INFO] [stdout]   49:     0x7fd0e7df9bb4 - __clone
[INFO] [stdout]   50:                0x0 - <unknown>
[INFO] [stdout] 
[INFO] [stdout] ---- decker::process_orchestrator::tests::no_active_proc_after_creation stdout ----
[INFO] [stdout] thread 'decker::process_orchestrator::tests::no_active_proc_after_creation' panicked at 'called `Result::unwrap()` on an `Err` value: Os { code: 25, kind: Uncategorized, message: "Inappropriate ioctl for device" }', src/decker/process_orchestrator.rs:29:64
[INFO] [stdout] stack backtrace:
[INFO] [stdout]    0:     0x5597d80b5dea - std::backtrace_rs::backtrace::libunwind::trace::h2f05d0192276a8f6
[INFO] [stdout]                                at /rustc/1b7dd2252b99671ce5d1cb9664c5f8636329436d/library/std/src/../../backtrace/src/backtrace/libunwind.rs:93:5
[INFO] [stdout]    1:     0x5597d80b5dea - std::backtrace_rs::backtrace::trace_unsynchronized::hedc23dff7a1af150
[INFO] [stdout]                                at /rustc/1b7dd2252b99671ce5d1cb9664c5f8636329436d/library/std/src/../../backtrace/src/backtrace/mod.rs:66:5
[INFO] [stdout]    2:     0x5597d80b5dea - std::sys_common::backtrace::_print_fmt::h17541ef7592f3ce2
[INFO] [stdout]                                at /rustc/1b7dd2252b99671ce5d1cb9664c5f8636329436d/library/std/src/sys_common/backtrace.rs:65:5
[INFO] [stdout]    3:     0x5597d80b5dea - <std::sys_common::backtrace::_print::DisplayBacktrace as core::fmt::Display>::fmt::h20f75df5ab0c0792
[INFO] [stdout]                                at /rustc/1b7dd2252b99671ce5d1cb9664c5f8636329436d/library/std/src/sys_common/backtrace.rs:44:22
[INFO] [stdout]    4:     0x5597d80da5cf - core::fmt::write::h78109e6f466b3af6
[INFO] [stdout]                                at /rustc/1b7dd2252b99671ce5d1cb9664c5f8636329436d/library/core/src/fmt/mod.rs:1254:17
[INFO] [stdout]    5:     0x5597d80b2e65 - std::io::Write::write_fmt::hd24bfb68a1b35a25
[INFO] [stdout]                                at /rustc/1b7dd2252b99671ce5d1cb9664c5f8636329436d/library/std/src/io/mod.rs:1698:15
[INFO] [stdout]    6:     0x5597d80b5bb5 - std::sys_common::backtrace::_print::h8dac57a9f8fbf9a5
[INFO] [stdout]                                at /rustc/1b7dd2252b99671ce5d1cb9664c5f8636329436d/library/std/src/sys_common/backtrace.rs:47:5
[INFO] [stdout]    7:     0x5597d80b5bb5 - std::sys_common::backtrace::print::hf9ecbf41d1aa712f
[INFO] [stdout]                                at /rustc/1b7dd2252b99671ce5d1cb9664c5f8636329436d/library/std/src/sys_common/backtrace.rs:34:9
[INFO] [stdout]    8:     0x5597d80b786e - std::panicking::default_hook::{{closure}}::h04c07acfc84ca028
[INFO] [stdout]                                at /rustc/1b7dd2252b99671ce5d1cb9664c5f8636329436d/library/std/src/panicking.rs:269:22
[INFO] [stdout]    9:     0x5597d80b75a1 - std::panicking::default_hook::h01f6bb23e1eceb2c
[INFO] [stdout]                                at /rustc/1b7dd2252b99671ce5d1cb9664c5f8636329436d/library/std/src/panicking.rs:285:9
[INFO] [stdout]   10:     0x5597d7ee0d5b - <alloc::boxed::Box<F,A> as core::ops::function::Fn<Args>>::call::h87fe9f7b2fd49e4c
[INFO] [stdout]                                at /rustc/1b7dd2252b99671ce5d1cb9664c5f8636329436d/library/alloc/src/boxed.rs:1987:9
[INFO] [stdout]   11:     0x5597d7ee0d5b - test::test_main::{{closure}}::he94d679243a7531b
[INFO] [stdout]                                at /rustc/1b7dd2252b99671ce5d1cb9664c5f8636329436d/library/test/src/lib.rs:134:21
[INFO] [stdout]   12:     0x5597d80b7f54 - <alloc::boxed::Box<F,A> as core::ops::function::Fn<Args>>::call::h3f2d6d8b14c4769f
[INFO] [stdout]                                at /rustc/1b7dd2252b99671ce5d1cb9664c5f8636329436d/library/alloc/src/boxed.rs:1987:9
[INFO] [stdout]   13:     0x5597d80b7f54 - std::panicking::rust_panic_with_hook::h2bb3722bbaf2f6df
[INFO] [stdout]                                at /rustc/1b7dd2252b99671ce5d1cb9664c5f8636329436d/library/std/src/panicking.rs:695:13
[INFO] [stdout]   14:     0x5597d80b7cc9 - std::panicking::begin_panic_handler::{{closure}}::h91bc7f36a4be011b
[INFO] [stdout]                                at /rustc/1b7dd2252b99671ce5d1cb9664c5f8636329436d/library/std/src/panicking.rs:582:13
[INFO] [stdout]   15:     0x5597d80b6256 - std::sys_common::backtrace::__rust_end_short_backtrace::h8b3d3717114f9e59
[INFO] [stdout]                                at /rustc/1b7dd2252b99671ce5d1cb9664c5f8636329436d/library/std/src/sys_common/backtrace.rs:150:18
[INFO] [stdout]   16:     0x5597d80b7a22 - rust_begin_unwind
[INFO] [stdout]                                at /rustc/1b7dd2252b99671ce5d1cb9664c5f8636329436d/library/std/src/panicking.rs:578:5
[INFO] [stdout]   17:     0x5597d7e7c0f3 - core::panicking::panic_fmt::hfd368e3fbdabea26
[INFO] [stdout]                                at /rustc/1b7dd2252b99671ce5d1cb9664c5f8636329436d/library/core/src/panicking.rs:67:14
[INFO] [stdout]   18:     0x5597d7e7c693 - core::result::unwrap_failed::he54eb4b2f125b26f
[INFO] [stdout]                                at /rustc/1b7dd2252b99671ce5d1cb9664c5f8636329436d/library/core/src/result.rs:1687:5
[INFO] [stdout]   19:     0x5597d7e95d50 - core::result::Result<T,E>::unwrap::h0fc9b57551e7892f
[INFO] [stdout]                                at /rustc/1b7dd2252b99671ce5d1cb9664c5f8636329436d/library/core/src/result.rs:1089:23
[INFO] [stdout]   20:     0x5597d7ea36b3 - decker::decker::process_orchestrator::<impl decker::decker::ProcessOrchestrator>::new::h31a70fef5ada8b48
[INFO] [stdout]                                at /opt/rustwide/workdir/src/decker/process_orchestrator.rs:29:9
[INFO] [stdout]   21:     0x5597d7ea3d4a - decker::decker::process_orchestrator::tests::instance::hd9116e705f2d2a92
[INFO] [stdout]                                at /opt/rustwide/workdir/src/decker/process_orchestrator.rs:312:18
[INFO] [stdout]   22:     0x5597d7ea40e1 - decker::decker::process_orchestrator::tests::no_active_proc_after_creation::h0934051a497721c5
[INFO] [stdout]                                at /opt/rustwide/workdir/src/decker/process_orchestrator.rs:318:18
[INFO] [stdout]   23:     0x5597d7ea40b7 - decker::decker::process_orchestrator::tests::no_active_proc_after_creation::{{closure}}::h0484defb2d70bf06
[INFO] [stdout]                                at /opt/rustwide/workdir/src/decker/process_orchestrator.rs:317:40
[INFO] [stdout]   24:     0x5597d7e8aaa5 - core::ops::function::FnOnce::call_once::h753198589760862a
[INFO] [stdout]                                at /rustc/1b7dd2252b99671ce5d1cb9664c5f8636329436d/library/core/src/ops/function.rs:250:5
[INFO] [stdout]   25:     0x5597d7ee5c2f - core::ops::function::FnOnce::call_once::ha6a70e79f7481a7e
[INFO] [stdout]                                at /rustc/1b7dd2252b99671ce5d1cb9664c5f8636329436d/library/core/src/ops/function.rs:250:5
[INFO] [stdout]   26:     0x5597d7ee5c2f - test::__rust_begin_short_backtrace::hce33033019b61e69
[INFO] [stdout]                                at /rustc/1b7dd2252b99671ce5d1cb9664c5f8636329436d/library/test/src/lib.rs:655:18
[INFO] [stdout]   27:     0x5597d7eb341c - test::run_test::{{closure}}::h858d3528838ae3e5
[INFO] [stdout]                                at /rustc/1b7dd2252b99671ce5d1cb9664c5f8636329436d/library/test/src/lib.rs:646:30
[INFO] [stdout]   28:     0x5597d7eb341c - core::ops::function::FnOnce::call_once{{vtable.shim}}::he8ac2b00f01ae79e
[INFO] [stdout]                                at /rustc/1b7dd2252b99671ce5d1cb9664c5f8636329436d/library/core/src/ops/function.rs:250:5
[INFO] [stdout]   29:     0x5597d7ee4d06 - <alloc::boxed::Box<F,A> as core::ops::function::FnOnce<Args>>::call_once::h8093d25b522725ef
[INFO] [stdout]                                at /rustc/1b7dd2252b99671ce5d1cb9664c5f8636329436d/library/alloc/src/boxed.rs:1973:9
[INFO] [stdout]   30:     0x5597d7ee4d06 - <core::panic::unwind_safe::AssertUnwindSafe<F> as core::ops::function::FnOnce<()>>::call_once::h5c334c204e4a3913
[INFO] [stdout]                                at /rustc/1b7dd2252b99671ce5d1cb9664c5f8636329436d/library/core/src/panic/unwind_safe.rs:271:9
[INFO] [stdout]   31:     0x5597d7ee4d06 - std::panicking::try::do_call::ha8b740c7b9478074
[INFO] [stdout]                                at /rustc/1b7dd2252b99671ce5d1cb9664c5f8636329436d/library/std/src/panicking.rs:485:40
[INFO] [stdout]   32:     0x5597d7ee4d06 - std::panicking::try::h5d34f63d0e41b64e
[INFO] [stdout]                                at /rustc/1b7dd2252b99671ce5d1cb9664c5f8636329436d/library/std/src/panicking.rs:449:19
[INFO] [stdout]   33:     0x5597d7ee4d06 - std::panic::catch_unwind::hcfbb511e1aa7fc67
[INFO] [stdout]                                at /rustc/1b7dd2252b99671ce5d1cb9664c5f8636329436d/library/std/src/panic.rs:140:14
[INFO] [stdout]   34:     0x5597d7ee4d06 - test::run_test_in_process::h9abda90f802eaf21
[INFO] [stdout]                                at /rustc/1b7dd2252b99671ce5d1cb9664c5f8636329436d/library/test/src/lib.rs:678:27
[INFO] [stdout]   35:     0x5597d7ee4d06 - test::run_test::run_test_inner::{{closure}}::h0f058de91f6c6edf
[INFO] [stdout]                                at /rustc/1b7dd2252b99671ce5d1cb9664c5f8636329436d/library/test/src/lib.rs:572:39
[INFO] [stdout]   36:     0x5597d7eadc25 - test::run_test::run_test_inner::{{closure}}::h5ca48a4c59c6c1fb
[INFO] [stdout]                                at /rustc/1b7dd2252b99671ce5d1cb9664c5f8636329436d/library/test/src/lib.rs:599:37
[INFO] [stdout]   37:     0x5597d7eadc25 - std::sys_common::backtrace::__rust_begin_short_backtrace::h32bd51e1495d4a33
[INFO] [stdout]                                at /rustc/1b7dd2252b99671ce5d1cb9664c5f8636329436d/library/std/src/sys_common/backtrace.rs:134:18
[INFO] [stdout]   38:     0x5597d7eb3161 - std::thread::Builder::spawn_unchecked_::{{closure}}::{{closure}}::hc086fae9b128b2db
[INFO] [stdout]                                at /rustc/1b7dd2252b99671ce5d1cb9664c5f8636329436d/library/std/src/thread/mod.rs:526:17
[INFO] [stdout]   39:     0x5597d7eb3161 - <core::panic::unwind_safe::AssertUnwindSafe<F> as core::ops::function::FnOnce<()>>::call_once::hb66571888d270d43
[INFO] [stdout]                                at /rustc/1b7dd2252b99671ce5d1cb9664c5f8636329436d/library/core/src/panic/unwind_safe.rs:271:9
[INFO] [stdout]   40:     0x5597d7eb3161 - std::panicking::try::do_call::h4fa2ef4f6e51fecf
[INFO] [stdout]                                at /rustc/1b7dd2252b99671ce5d1cb9664c5f8636329436d/library/std/src/panicking.rs:485:40
[INFO] [stdout]   41:     0x5597d7eb3161 - std::panicking::try::h1e9e22b8584489b5
[INFO] [stdout]                                at /rustc/1b7dd2252b99671ce5d1cb9664c5f8636329436d/library/std/src/panicking.rs:449:19
[INFO] [stdout]   42:     0x5597d7eb3161 - std::panic::catch_unwind::h44698a3de0e0769e
[INFO] [stdout]                                at /rustc/1b7dd2252b99671ce5d1cb9664c5f8636329436d/library/std/src/panic.rs:140:14
[INFO] [stdout]   43:     0x5597d7eb3161 - std::thread::Builder::spawn_unchecked_::{{closure}}::h50153abde3fe239e
[INFO] [stdout]                                at /rustc/1b7dd2252b99671ce5d1cb9664c5f8636329436d/library/std/src/thread/mod.rs:525:30
[INFO] [stdout]   44:     0x5597d7eb3161 - core::ops::function::FnOnce::call_once{{vtable.shim}}::hbe5bbf6f38394364
[INFO] [stdout]                                at /rustc/1b7dd2252b99671ce5d1cb9664c5f8636329436d/library/core/src/ops/function.rs:250:5
[INFO] [stdout]   45:     0x5597d80bcab5 - <alloc::boxed::Box<F,A> as core::ops::function::FnOnce<Args>>::call_once::h0d83cb2920a49046
[INFO] [stdout]                                at /rustc/1b7dd2252b99671ce5d1cb9664c5f8636329436d/library/alloc/src/boxed.rs:1973:9
[INFO] [stdout]   46:     0x5597d80bcab5 - <alloc::boxed::Box<F,A> as core::ops::function::FnOnce<Args>>::call_once::hbe0a008aa7d9ef59
[INFO] [stdout]                                at /rustc/1b7dd2252b99671ce5d1cb9664c5f8636329436d/library/alloc/src/boxed.rs:1973:9
[INFO] [stdout]   47:     0x5597d80bcab5 - std::sys::unix::thread::Thread::new::thread_start::h3a466996bdf6b1f9
[INFO] [stdout]                                at /rustc/1b7dd2252b99671ce5d1cb9664c5f8636329436d/library/std/src/sys/unix/thread.rs:108:17
[INFO] [stdout]   48:     0x7fd0e7d68b43 - <unknown>
[INFO] [stdout]   49:     0x7fd0e7df9bb4 - __clone
[INFO] [stdout]   50:                0x0 - <unknown>
[INFO] [stdout] 
[INFO] [stdout] ---- decker::terminal::pane::tests::it_displays_pushed_text stdout ----
[INFO] [stdout] thread 'decker::terminal::pane::tests::it_displays_pushed_text' panicked at 'assertion failed: `(left == right)`
[INFO] [stdout]   left: `"a line of text\n\n\n\n\n\n\n\n\n"`,
[INFO] [stdout]  right: `"a line of text"`', src/decker/terminal/pane.rs:549:9
[INFO] [stdout] stack backtrace:
[INFO] [stdout]    0:     0x5597d80b5dea - std::backtrace_rs::backtrace::libunwind::trace::h2f05d0192276a8f6
[INFO] [stdout]                                at /rustc/1b7dd2252b99671ce5d1cb9664c5f8636329436d/library/std/src/../../backtrace/src/backtrace/libunwind.rs:93:5
[INFO] [stdout]    1:     0x5597d80b5dea - std::backtrace_rs::backtrace::trace_unsynchronized::hedc23dff7a1af150
[INFO] [stdout]                                at /rustc/1b7dd2252b99671ce5d1cb9664c5f8636329436d/library/std/src/../../backtrace/src/backtrace/mod.rs:66:5
[INFO] [stdout]    2:     0x5597d80b5dea - std::sys_common::backtrace::_print_fmt::h17541ef7592f3ce2
[INFO] [stdout]                                at /rustc/1b7dd2252b99671ce5d1cb9664c5f8636329436d/library/std/src/sys_common/backtrace.rs:65:5
[INFO] [stdout]    3:     0x5597d80b5dea - <std::sys_common::backtrace::_print::DisplayBacktrace as core::fmt::Display>::fmt::h20f75df5ab0c0792
[INFO] [stdout]                                at /rustc/1b7dd2252b99671ce5d1cb9664c5f8636329436d/library/std/src/sys_common/backtrace.rs:44:22
[INFO] [stdout]    4:     0x5597d80da5cf - core::fmt::write::h78109e6f466b3af6
[INFO] [stdout]                                at /rustc/1b7dd2252b99671ce5d1cb9664c5f8636329436d/library/core/src/fmt/mod.rs:1254:17
[INFO] [stdout]    5:     0x5597d80b2e65 - std::io::Write::write_fmt::hd24bfb68a1b35a25
[INFO] [stdout]                                at /rustc/1b7dd2252b99671ce5d1cb9664c5f8636329436d/library/std/src/io/mod.rs:1698:15
[INFO] [stdout]    6:     0x5597d80b5bb5 - std::sys_common::backtrace::_print::h8dac57a9f8fbf9a5
[INFO] [stdout]                                at /rustc/1b7dd2252b99671ce5d1cb9664c5f8636329436d/library/std/src/sys_common/backtrace.rs:47:5
[INFO] [stdout]    7:     0x5597d80b5bb5 - std::sys_common::backtrace::print::hf9ecbf41d1aa712f
[INFO] [stdout]                                at /rustc/1b7dd2252b99671ce5d1cb9664c5f8636329436d/library/std/src/sys_common/backtrace.rs:34:9
[INFO] [stdout]    8:     0x5597d80b786e - std::panicking::default_hook::{{closure}}::h04c07acfc84ca028
[INFO] [stdout]                                at /rustc/1b7dd2252b99671ce5d1cb9664c5f8636329436d/library/std/src/panicking.rs:269:22
[INFO] [stdout]    9:     0x5597d80b75a1 - std::panicking::default_hook::h01f6bb23e1eceb2c
[INFO] [stdout]                                at /rustc/1b7dd2252b99671ce5d1cb9664c5f8636329436d/library/std/src/panicking.rs:285:9
[INFO] [stdout]   10:     0x5597d7ee0d5b - <alloc::boxed::Box<F,A> as core::ops::function::Fn<Args>>::call::h87fe9f7b2fd49e4c
[INFO] [stdout]                                at /rustc/1b7dd2252b99671ce5d1cb9664c5f8636329436d/library/alloc/src/boxed.rs:1987:9
[INFO] [stdout]   11:     0x5597d7ee0d5b - test::test_main::{{closure}}::he94d679243a7531b
[INFO] [stdout]                                at /rustc/1b7dd2252b99671ce5d1cb9664c5f8636329436d/library/test/src/lib.rs:134:21
[INFO] [stdout]   12:     0x5597d80b7f54 - <alloc::boxed::Box<F,A> as core::ops::function::Fn<Args>>::call::h3f2d6d8b14c4769f
[INFO] [stdout]                                at /rustc/1b7dd2252b99671ce5d1cb9664c5f8636329436d/library/alloc/src/boxed.rs:1987:9
[INFO] [stdout]   13:     0x5597d80b7f54 - std::panicking::rust_panic_with_hook::h2bb3722bbaf2f6df
[INFO] [stdout]                                at /rustc/1b7dd2252b99671ce5d1cb9664c5f8636329436d/library/std/src/panicking.rs:695:13
[INFO] [stdout]   14:     0x5597d80b7cc9 - std::panicking::begin_panic_handler::{{closure}}::h91bc7f36a4be011b
[INFO] [stdout]                                at /rustc/1b7dd2252b99671ce5d1cb9664c5f8636329436d/library/std/src/panicking.rs:582:13
[INFO] [stdout]   15:     0x5597d80b6256 - std::sys_common::backtrace::__rust_end_short_backtrace::h8b3d3717114f9e59
[INFO] [stdout]                                at /rustc/1b7dd2252b99671ce5d1cb9664c5f8636329436d/library/std/src/sys_common/backtrace.rs:150:18
[INFO] [stdout]   16:     0x5597d80b7a22 - rust_begin_unwind
[INFO] [stdout]                                at /rustc/1b7dd2252b99671ce5d1cb9664c5f8636329436d/library/std/src/panicking.rs:578:5
[INFO] [stdout]   17:     0x5597d7e7c0f3 - core::panicking::panic_fmt::hfd368e3fbdabea26
[INFO] [stdout]                                at /rustc/1b7dd2252b99671ce5d1cb9664c5f8636329436d/library/core/src/panicking.rs:67:14
[INFO] [stdout]   18:     0x5597d7e7c51f - core::panicking::assert_failed_inner::haef49168e1798a91
[INFO] [stdout]   19:     0x5597d7e8f3de - core::panicking::assert_failed::h49495236699d3d63
[INFO] [stdout]                                at /rustc/1b7dd2252b99671ce5d1cb9664c5f8636329436d/library/core/src/panicking.rs:228:5
[INFO] [stdout]   20:     0x5597d7ea478a - decker::decker::terminal::pane::tests::it_displays_pushed_text::h5b7241dff4d0a246
[INFO] [stdout]                                at /opt/rustwide/workdir/src/decker/terminal/pane.rs:549:9
[INFO] [stdout]   21:     0x5597d7ea45f7 - decker::decker::terminal::pane::tests::it_displays_pushed_text::{{closure}}::h245462e0f65d2d25
[INFO] [stdout]                                at /opt/rustwide/workdir/src/decker/terminal/pane.rs:546:34
[INFO] [stdout]   22:     0x5597d7e8a925 - core::ops::function::FnOnce::call_once::h523ca1ea22bef1cf
[INFO] [stdout]                                at /rustc/1b7dd2252b99671ce5d1cb9664c5f8636329436d/library/core/src/ops/function.rs:250:5
[INFO] [stdout]   23:     0x5597d7ee5c2f - core::ops::function::FnOnce::call_once::ha6a70e79f7481a7e
[INFO] [stdout]                                at /rustc/1b7dd2252b99671ce5d1cb9664c5f8636329436d/library/core/src/ops/function.rs:250:5
[INFO] [stdout]   24:     0x5597d7ee5c2f - test::__rust_begin_short_backtrace::hce33033019b61e69
[INFO] [stdout]                                at /rustc/1b7dd2252b99671ce5d1cb9664c5f8636329436d/library/test/src/lib.rs:655:18
[INFO] [stdout]   25:     0x5597d7eb341c - test::run_test::{{closure}}::h858d3528838ae3e5
[INFO] [stdout]                                at /rustc/1b7dd2252b99671ce5d1cb9664c5f8636329436d/library/test/src/lib.rs:646:30
[INFO] [stdout]   26:     0x5597d7eb341c - core::ops::function::FnOnce::call_once{{vtable.shim}}::he8ac2b00f01ae79e
[INFO] [stdout]                                at /rustc/1b7dd2252b99671ce5d1cb9664c5f8636329436d/library/core/src/ops/function.rs:250:5
[INFO] [stdout]   27:     0x5597d7ee4d06 - <alloc::boxed::Box<F,A> as core::ops::function::FnOnce<Args>>::call_once::h8093d25b522725ef
[INFO] [stdout]                                at /rustc/1b7dd2252b99671ce5d1cb9664c5f8636329436d/library/alloc/src/boxed.rs:1973:9
[INFO] [stdout]   28:     0x5597d7ee4d06 - <core::panic::unwind_safe::AssertUnwindSafe<F> as core::ops::function::FnOnce<()>>::call_once::h5c334c204e4a3913
[INFO] [stdout]                                at /rustc/1b7dd2252b99671ce5d1cb9664c5f8636329436d/library/core/src/panic/unwind_safe.rs:271:9
[INFO] [stdout]   29:     0x5597d7ee4d06 - std::panicking::try::do_call::ha8b740c7b9478074
[INFO] [stdout]                                at /rustc/1b7dd2252b99671ce5d1cb9664c5f8636329436d/library/std/src/panicking.rs:485:40
[INFO] [stdout]   30:     0x5597d7ee4d06 - std::panicking::try::h5d34f63d0e41b64e
[INFO] [stdout]                                at /rustc/1b7dd2252b99671ce5d1cb9664c5f8636329436d/library/std/src/panicking.rs:449:19
[INFO] [stdout]   31:     0x5597d7ee4d06 - std::panic::catch_unwind::hcfbb511e1aa7fc67
[INFO] [stdout]                                at /rustc/1b7dd2252b99671ce5d1cb9664c5f8636329436d/library/std/src/panic.rs:140:14
[INFO] [stdout]   32:     0x5597d7ee4d06 - test::run_test_in_process::h9abda90f802eaf21
[INFO] [stdout]                                at /rustc/1b7dd2252b99671ce5d1cb9664c5f8636329436d/library/test/src/lib.rs:678:27
[INFO] [stdout]   33:     0x5597d7ee4d06 - test::run_test::run_test_inner::{{closure}}::h0f058de91f6c6edf
[INFO] [stdout]                                at /rustc/1b7dd2252b99671ce5d1cb9664c5f8636329436d/library/test/src/lib.rs:572:39
[INFO] [stdout]   34:     0x5597d7eadc25 - test::run_test::run_test_inner::{{closure}}::h5ca48a4c59c6c1fb
[INFO] [stdout]                                at /rustc/1b7dd2252b99671ce5d1cb9664c5f8636329436d/library/test/src/lib.rs:599:37
[INFO] [stdout]   35:     0x5597d7eadc25 - std::sys_common::backtrace::__rust_begin_short_backtrace::h32bd51e1495d4a33
[INFO] [stdout]                                at /rustc/1b7dd2252b99671ce5d1cb9664c5f8636329436d/library/std/src/sys_common/backtrace.rs:134:18
[INFO] [stdout]   36:     0x5597d7eb3161 - std::thread::Builder::spawn_unchecked_::{{closure}}::{{closure}}::hc086fae9b128b2db
[INFO] [stdout]                                at /rustc/1b7dd2252b99671ce5d1cb9664c5f8636329436d/library/std/src/thread/mod.rs:526:17
[INFO] [stdout]   37:     0x5597d7eb3161 - <core::panic::unwind_safe::AssertUnwindSafe<F> as core::ops::function::FnOnce<()>>::call_once::hb66571888d270d43
[INFO] [stdout]                                at /rustc/1b7dd2252b99671ce5d1cb9664c5f8636329436d/library/core/src/panic/unwind_safe.rs:271:9
[INFO] [stdout]   38:     0x5597d7eb3161 - std::panicking::try::do_call::h4fa2ef4f6e51fecf
[INFO] [stdout]                                at /rustc/1b7dd2252b99671ce5d1cb9664c5f8636329436d/library/std/src/panicking.rs:485:40
[INFO] [stdout]   39:     0x5597d7eb3161 - std::panicking::try::h1e9e22b8584489b5
[INFO] [stdout]                                at /rustc/1b7dd2252b99671ce5d1cb9664c5f8636329436d/library/std/src/panicking.rs:449:19
[INFO] [stdout]   40:     0x5597d7eb3161 - std::panic::catch_unwind::h44698a3de0e0769e
[INFO] [stdout]                                at /rustc/1b7dd2252b99671ce5d1cb9664c5f8636329436d/library/std/src/panic.rs:140:14
[INFO] [stdout]   41:     0x5597d7eb3161 - std::thread::Builder::spawn_unchecked_::{{closure}}::h50153abde3fe239e
[INFO] [stdout]                                at /rustc/1b7dd2252b99671ce5d1cb9664c5f8636329436d/library/std/src/thread/mod.rs:525:30
[INFO] [stdout]   42:     0x5597d7eb3161 - core::ops::function::FnOnce::call_once{{vtable.shim}}::hbe5bbf6f38394364
[INFO] [stdout]                                at /rustc/1b7dd2252b99671ce5d1cb9664c5f8636329436d/library/core/src/ops/function.rs:250:5
[INFO] [stdout]   43:     0x5597d80bcab5 - <alloc::boxed::Box<F,A> as core::ops::function::FnOnce<Args>>::call_once::h0d83cb2920a49046
[INFO] [stdout]                                at /rustc/1b7dd2252b99671ce5d1cb9664c5f8636329436d/library/alloc/src/boxed.rs:1973:9
[INFO] [stdout]   44:     0x5597d80bcab5 - <alloc::boxed::Box<F,A> as core::ops::function::FnOnce<Args>>::call_once::hbe0a008aa7d9ef59
[INFO] [stdout]                                at /rustc/1b7dd2252b99671ce5d1cb9664c5f8636329436d/library/alloc/src/boxed.rs:1973:9
[INFO] [stdout]   45:     0x5597d80bcab5 - std::sys::unix::thread::Thread::new::thread_start::h3a466996bdf6b1f9
[INFO] [stdout]                                at /rustc/1b7dd2252b99671ce5d1cb9664c5f8636329436d/library/std/src/sys/unix/thread.rs:108:17
[INFO] [stdout]   46:     0x7fd0e7d68b43 - <unknown>
[INFO] [stdout]   47:     0x7fd0e7df9bb4 - __clone
[INFO] [stdout]   48:                0x0 - <unknown>
[INFO] [stdout] 
[INFO] [stdout] 
[INFO] [stdout] failures:
[INFO] [stdout]     decker::process_orchestrator::tests::no_active_proc_after_creation
[INFO] [stdout]     decker::process_orchestrator::tests::setting_active_proc_works
[INFO] [stdout]     decker::terminal::pane::tests::it_displays_pushed_text
[INFO] [stdout] 
[INFO] [stdout] test result: FAILED. 31 passed; 3 failed; 0 ignored; 0 measured; 0 filtered out; finished in 0.02s
[INFO] [stdout] 
[INFO] [stderr] error: test failed, to rerun pass `--bin decker`
[INFO] running `Command { std: "docker" "inspect" "7a0f3f0c956b2908e6ac68cbd1a6acb22c1f0358a3b6ce6bd1043fbe662ef5b7", kill_on_drop: false }`
[INFO] running `Command { std: "docker" "rm" "-f" "7a0f3f0c956b2908e6ac68cbd1a6acb22c1f0358a3b6ce6bd1043fbe662ef5b7", kill_on_drop: false }`
[INFO] [stdout] 7a0f3f0c956b2908e6ac68cbd1a6acb22c1f0358a3b6ce6bd1043fbe662ef5b7
