[INFO] cloning repository https://github.com/strongs-de/bible-cli
[INFO] running `Command { std: "git" "-c" "credential.helper=" "-c" "credential.helper=/workspace/cargo-home/bin/git-credential-null" "clone" "--bare" "https://github.com/strongs-de/bible-cli" "/workspace/cache/git-repos/https%3A%2F%2Fgithub.com%2Fstrongs-de%2Fbible-cli", kill_on_drop: false }`
[INFO] [stderr] Cloning into bare repository '/workspace/cache/git-repos/https%3A%2F%2Fgithub.com%2Fstrongs-de%2Fbible-cli'...
[INFO] running `Command { std: "git" "rev-parse" "HEAD", kill_on_drop: false }`
[INFO] [stdout] a14e321b5c76bc6c3d88e29ba40cf4e94e6ff0ca
[INFO] testing strongs-de/bible-cli against 1.69.0 for beta-1.70-1
[INFO] running `Command { std: "git" "clone" "/workspace/cache/git-repos/https%3A%2F%2Fgithub.com%2Fstrongs-de%2Fbible-cli" "/workspace/builds/worker-0-tc1/source", kill_on_drop: false }`
[INFO] [stderr] Cloning into '/workspace/builds/worker-0-tc1/source'...
[INFO] [stderr] done.
[INFO] validating manifest of git repo https://github.com/strongs-de/bible-cli on toolchain 1.69.0
[INFO] running `Command { std: CARGO_HOME="/workspace/cargo-home" RUSTUP_HOME="/workspace/rustup-home" "/workspace/cargo-home/bin/cargo" "+1.69.0" "metadata" "--manifest-path" "Cargo.toml" "--no-deps", kill_on_drop: false }`
[INFO] started tweaking git repo https://github.com/strongs-de/bible-cli
[INFO] finished tweaking git repo https://github.com/strongs-de/bible-cli
[INFO] tweaked toml for git repo https://github.com/strongs-de/bible-cli written to /workspace/builds/worker-0-tc1/source/Cargo.toml
[INFO] crate git repo https://github.com/strongs-de/bible-cli already has a lockfile, it will not be regenerated
[INFO] running `Command { std: CARGO_HOME="/workspace/cargo-home" RUSTUP_HOME="/workspace/rustup-home" "/workspace/cargo-home/bin/cargo" "+1.69.0" "fetch" "--manifest-path" "Cargo.toml", kill_on_drop: false }`
[INFO] [stderr]     Blocking waiting for file lock on package cache
[INFO] [stderr]     Blocking waiting for file lock on package cache
[INFO] [stderr]  Downloading crates ...
[INFO] [stderr]   Downloaded actix-files v0.6.0
[INFO] running `Command { std: "docker" "create" "-v" "/var/lib/crater-agent-workspace/builds/worker-0-tc1/target:/opt/rustwide/target:rw,Z" "-v" "/var/lib/crater-agent-workspace/builds/worker-0-tc1/source:/opt/rustwide/workdir:ro,Z" "-v" "/var/lib/crater-agent-workspace/cargo-home:/opt/rustwide/cargo-home:ro,Z" "-v" "/var/lib/crater-agent-workspace/rustup-home:/opt/rustwide/rustup-home:ro,Z" "-e" "SOURCE_DIR=/opt/rustwide/workdir" "-e" "CARGO_TARGET_DIR=/opt/rustwide/target" "-e" "CARGO_HOME=/opt/rustwide/cargo-home" "-e" "RUSTUP_HOME=/opt/rustwide/rustup-home" "-w" "/opt/rustwide/workdir" "-m" "1610612736" "--user" "0:0" "--network" "none" "ghcr.io/rust-lang/crates-build-env/linux@sha256:5ff2268d62e97bff2cde7d5815dd6ed5b47097566f13b8d0ca110b04b60e07ed" "/opt/rustwide/cargo-home/bin/cargo" "+1.69.0" "metadata" "--no-deps" "--format-version=1", kill_on_drop: false }`
[INFO] [stdout] 2d1e9fd92a3680c6316b05730912a14546992f240d56c89b3ccd42e2fa1f57fc
[INFO] running `Command { std: "docker" "start" "-a" "2d1e9fd92a3680c6316b05730912a14546992f240d56c89b3ccd42e2fa1f57fc", kill_on_drop: false }`
[INFO] running `Command { std: "docker" "inspect" "2d1e9fd92a3680c6316b05730912a14546992f240d56c89b3ccd42e2fa1f57fc", kill_on_drop: false }`
[INFO] running `Command { std: "docker" "rm" "-f" "2d1e9fd92a3680c6316b05730912a14546992f240d56c89b3ccd42e2fa1f57fc", kill_on_drop: false }`
[INFO] [stdout] 2d1e9fd92a3680c6316b05730912a14546992f240d56c89b3ccd42e2fa1f57fc
[INFO] running `Command { std: "docker" "create" "-v" "/var/lib/crater-agent-workspace/builds/worker-0-tc1/target:/opt/rustwide/target:rw,Z" "-v" "/var/lib/crater-agent-workspace/builds/worker-0-tc1/source:/opt/rustwide/workdir:ro,Z" "-v" "/var/lib/crater-agent-workspace/cargo-home:/opt/rustwide/cargo-home:ro,Z" "-v" "/var/lib/crater-agent-workspace/rustup-home:/opt/rustwide/rustup-home:ro,Z" "-e" "SOURCE_DIR=/opt/rustwide/workdir" "-e" "CARGO_TARGET_DIR=/opt/rustwide/target" "-e" "CARGO_INCREMENTAL=0" "-e" "RUST_BACKTRACE=full" "-e" "RUSTFLAGS=--cap-lints=warn" "-e" "RUSTDOCFLAGS=--cap-lints=warn" "-e" "CARGO_HOME=/opt/rustwide/cargo-home" "-e" "RUSTUP_HOME=/opt/rustwide/rustup-home" "-w" "/opt/rustwide/workdir" "-m" "1610612736" "--user" "0:0" "--network" "none" "ghcr.io/rust-lang/crates-build-env/linux@sha256:5ff2268d62e97bff2cde7d5815dd6ed5b47097566f13b8d0ca110b04b60e07ed" "/opt/rustwide/cargo-home/bin/cargo" "+1.69.0" "build" "--frozen" "--message-format=json", kill_on_drop: false }`
[INFO] [stdout] 32fc79bbe15ac6690a37631171057ac257cb4ff70c7254f8127904bad833aba5
[INFO] running `Command { std: "docker" "start" "-a" "32fc79bbe15ac6690a37631171057ac257cb4ff70c7254f8127904bad833aba5", kill_on_drop: false }`
[INFO] [stderr]    Compiling autocfg v1.0.0
[INFO] [stderr]    Compiling proc-macro2 v1.0.36
[INFO] [stderr]    Compiling unicode-xid v0.2.1
[INFO] [stderr]    Compiling maybe-uninit v2.0.0
[INFO] [stderr]    Compiling lazy_static v1.4.0
[INFO] [stderr]    Compiling syn v1.0.91
[INFO] [stderr]    Compiling cfg-if v0.1.10
[INFO] [stderr]    Compiling memchr v2.4.1
[INFO] [stderr]    Compiling serde_derive v1.0.114
[INFO] [stderr]    Compiling libc v0.2.123
[INFO] [stderr]    Compiling ryu v1.0.5
[INFO] [stderr]    Compiling rayon-core v1.7.1
[INFO] [stderr]    Compiling serde v1.0.114
[INFO] [stderr]    Compiling scopeguard v1.1.0
[INFO] [stderr]    Compiling serde_json v1.0.56
[INFO] [stderr]    Compiling linked-hash-map v0.5.3
[INFO] [stderr]    Compiling hashbrown v0.11.2
[INFO] [stderr]    Compiling regex-syntax v0.6.25
[INFO] [stderr]    Compiling yaml-rust v0.4.5
[INFO] [stderr]    Compiling itoa v0.4.6
[INFO] [stderr]    Compiling either v1.5.3
[INFO] [stderr]    Compiling json v0.12.4
[INFO] [stderr]    Compiling glob v0.3.0
[INFO] [stderr]    Compiling num-traits v0.2.14
[INFO] [stderr]    Compiling crossbeam-utils v0.7.2
[INFO] [stderr]    Compiling memoffset v0.5.5
[INFO] [stderr]    Compiling num-integer v0.1.44
[INFO] [stderr]    Compiling crossbeam-epoch v0.8.2
[INFO] [stderr]    Compiling num-bigint v0.4.3
[INFO] [stderr]    Compiling num-iter v0.1.42
[INFO] [stderr]    Compiling num-rational v0.4.0
[INFO] [stderr]    Compiling indexmap v1.8.1
[INFO] [stderr]    Compiling rayon v1.3.1
[INFO] [stderr]    Compiling aho-corasick v0.7.18
[INFO] [stderr]    Compiling quick-xml v0.22.0
[INFO] [stderr]    Compiling quote v1.0.7
[INFO] [stderr]    Compiling num_cpus v1.13.0
[INFO] [stderr]    Compiling crossbeam-queue v0.2.3
[INFO] [stderr]    Compiling num-complex v0.4.0
[INFO] [stderr]    Compiling regex v1.5.5
[INFO] [stderr]    Compiling crossbeam-deque v0.7.3
[INFO] [stderr]    Compiling shellwords v1.1.0
[INFO] [stderr]    Compiling num-derive v0.3.0
[INFO] [stderr]    Compiling num v0.4.0
[INFO] [stderr]    Compiling serde_yaml v0.8.23
[INFO] [stderr]    Compiling bible v0.2.0 (/opt/rustwide/workdir)
[INFO] [stdout] warning: unused imports: `Arc`, `Mutex`
[INFO] [stdout]  --> src/bible/traits.rs:4:17
[INFO] [stdout]   |
[INFO] [stdout] 4 | use std::sync::{Arc, Mutex};
[INFO] [stdout]   |                 ^^^  ^^^^^
[INFO] [stdout]   |
[INFO] [stdout]   = note: `#[warn(unused_imports)]` on by default
[INFO] [stdout] 
[INFO] [stdout] 
[INFO] [stdout] warning: unused import: `std::iter::Flatten`
[INFO] [stdout]  --> src/bible/traits.rs:5:5
[INFO] [stdout]   |
[INFO] [stdout] 5 | use std::iter::Flatten;
[INFO] [stdout]   |     ^^^^^^^^^^^^^^^^^^
[INFO] [stdout] 
[INFO] [stdout] 
[INFO] [stdout] warning: unused import: `Serializer`
[INFO] [stdout]  --> src/bible.rs:6:24
[INFO] [stdout]   |
[INFO] [stdout] 6 | use serde::{Serialize, Serializer};
[INFO] [stdout]   |                        ^^^^^^^^^^
[INFO] [stdout] 
[INFO] [stdout] 
[INFO] [stdout] warning: unused import: `rayon::prelude`
[INFO] [stdout]  --> src/bible/traits.rs:3:5
[INFO] [stdout]   |
[INFO] [stdout] 3 | use rayon::prelude::*;
[INFO] [stdout]   |     ^^^^^^^^^^^^^^
[INFO] [stdout] 
[INFO] [stdout] 
[INFO] [stdout] warning: unused variable: `v`
[INFO] [stdout]    --> src/bible.rs:125:51
[INFO] [stdout]     |
[INFO] [stdout] 125 |         self.get_verse(book, chapter, verse).map(|v| VerseRef::new(book, chapter, verse))
[INFO] [stdout]     |                                                   ^ help: if this is intentional, prefix it with an underscore: `_v`
[INFO] [stdout]     |
[INFO] [stdout]     = note: `#[warn(unused_variables)]` on by default
[INFO] [stdout] 
[INFO] [stdout] 
[INFO] [stdout] warning: 5 warnings emitted
[INFO] [stdout] 
[INFO] [stdout] 
[INFO] [stderr]     Finished dev [unoptimized + debuginfo] target(s) in 13.00s
[INFO] [stderr] warning: the following packages contain code that will be rejected by a future version of Rust: quick-xml v0.22.0
[INFO] [stderr] note: to see what the problems were, use the option `--future-incompat-report`, or run `cargo report future-incompatibilities --id 1`
[INFO] running `Command { std: "docker" "inspect" "32fc79bbe15ac6690a37631171057ac257cb4ff70c7254f8127904bad833aba5", kill_on_drop: false }`
[INFO] running `Command { std: "docker" "rm" "-f" "32fc79bbe15ac6690a37631171057ac257cb4ff70c7254f8127904bad833aba5", kill_on_drop: false }`
[INFO] [stdout] 32fc79bbe15ac6690a37631171057ac257cb4ff70c7254f8127904bad833aba5
[INFO] running `Command { std: "docker" "create" "-v" "/var/lib/crater-agent-workspace/builds/worker-0-tc1/target:/opt/rustwide/target:rw,Z" "-v" "/var/lib/crater-agent-workspace/builds/worker-0-tc1/source:/opt/rustwide/workdir:ro,Z" "-v" "/var/lib/crater-agent-workspace/cargo-home:/opt/rustwide/cargo-home:ro,Z" "-v" "/var/lib/crater-agent-workspace/rustup-home:/opt/rustwide/rustup-home:ro,Z" "-e" "SOURCE_DIR=/opt/rustwide/workdir" "-e" "CARGO_TARGET_DIR=/opt/rustwide/target" "-e" "CARGO_INCREMENTAL=0" "-e" "RUST_BACKTRACE=full" "-e" "RUSTFLAGS=--cap-lints=warn" "-e" "RUSTDOCFLAGS=--cap-lints=warn" "-e" "CARGO_HOME=/opt/rustwide/cargo-home" "-e" "RUSTUP_HOME=/opt/rustwide/rustup-home" "-w" "/opt/rustwide/workdir" "-m" "1610612736" "--user" "0:0" "--network" "none" "ghcr.io/rust-lang/crates-build-env/linux@sha256:5ff2268d62e97bff2cde7d5815dd6ed5b47097566f13b8d0ca110b04b60e07ed" "/opt/rustwide/cargo-home/bin/cargo" "+1.69.0" "test" "--frozen" "--no-run" "--message-format=json", kill_on_drop: false }`
[INFO] [stdout] 98dcede85528591c17fc7bffae864371b77e8fbf447c81b6ee6ee02576a34ab4
[INFO] running `Command { std: "docker" "start" "-a" "98dcede85528591c17fc7bffae864371b77e8fbf447c81b6ee6ee02576a34ab4", kill_on_drop: false }`
[INFO] [stdout] warning: unused imports: `Arc`, `Mutex`
[INFO] [stdout]  --> src/bible/traits.rs:4:17
[INFO] [stdout]   |
[INFO] [stdout] 4 | use std::sync::{Arc, Mutex};
[INFO] [stdout]   |                 ^^^  ^^^^^
[INFO] [stdout]   |
[INFO] [stdout]   = note: `#[warn(unused_imports)]` on by default
[INFO] [stdout] 
[INFO] [stdout] 
[INFO] [stdout] warning: unused import: `std::iter::Flatten`
[INFO] [stdout]  --> src/bible/traits.rs:5:5
[INFO] [stdout]   |
[INFO] [stdout] 5 | use std::iter::Flatten;
[INFO] [stdout]   |     ^^^^^^^^^^^^^^^^^^
[INFO] [stdout] 
[INFO] [stdout] 
[INFO] [stdout] warning: unused import: `Serializer`
[INFO] [stdout]  --> src/bible.rs:6:24
[INFO] [stdout]   |
[INFO] [stdout] 6 | use serde::{Serialize, Serializer};
[INFO] [stdout]   |                        ^^^^^^^^^^
[INFO] [stdout] 
[INFO] [stdout] 
[INFO] [stdout] warning: unused import: `rayon::prelude`
[INFO] [stdout]  --> src/bible/traits.rs:3:5
[INFO] [stdout]   |
[INFO] [stdout] 3 | use rayon::prelude::*;
[INFO] [stdout]   |     ^^^^^^^^^^^^^^
[INFO] [stdout] 
[INFO] [stdout] 
[INFO] [stdout] warning: unused variable: `v`
[INFO] [stdout]    --> src/bible.rs:125:51
[INFO] [stdout]     |
[INFO] [stdout] 125 |         self.get_verse(book, chapter, verse).map(|v| VerseRef::new(book, chapter, verse))
[INFO] [stdout]     |                                                   ^ help: if this is intentional, prefix it with an underscore: `_v`
[INFO] [stdout]     |
[INFO] [stdout]     = note: `#[warn(unused_variables)]` on by default
[INFO] [stdout] 
[INFO] [stdout] 
[INFO] [stdout] warning: 5 warnings emitted
[INFO] [stdout] 
[INFO] [stdout] 
[INFO] [stderr]    Compiling bible v0.2.0 (/opt/rustwide/workdir)
[INFO] [stdout] warning: unused imports: `Arc`, `Mutex`
[INFO] [stdout]  --> src/bible/traits.rs:4:17
[INFO] [stdout]   |
[INFO] [stdout] 4 | use std::sync::{Arc, Mutex};
[INFO] [stdout]   |                 ^^^  ^^^^^
[INFO] [stdout]   |
[INFO] [stdout]   = note: `#[warn(unused_imports)]` on by default
[INFO] [stdout] 
[INFO] [stdout] 
[INFO] [stdout] warning: unused import: `std::iter::Flatten`
[INFO] [stdout]  --> src/bible/traits.rs:5:5
[INFO] [stdout]   |
[INFO] [stdout] 5 | use std::iter::Flatten;
[INFO] [stdout]   |     ^^^^^^^^^^^^^^^^^^
[INFO] [stdout] 
[INFO] [stdout] 
[INFO] [stdout] warning: unused import: `Serializer`
[INFO] [stdout]  --> src/bible.rs:6:24
[INFO] [stdout]   |
[INFO] [stdout] 6 | use serde::{Serialize, Serializer};
[INFO] [stdout]   |                        ^^^^^^^^^^
[INFO] [stdout] 
[INFO] [stdout] 
[INFO] [stdout] warning: unused import: `rayon::prelude`
[INFO] [stdout]  --> src/bible/traits.rs:3:5
[INFO] [stdout]   |
[INFO] [stdout] 3 | use rayon::prelude::*;
[INFO] [stdout]   |     ^^^^^^^^^^^^^^
[INFO] [stdout] 
[INFO] [stdout] 
[INFO] [stdout] warning: unused variable: `v`
[INFO] [stdout]    --> src/bible.rs:125:51
[INFO] [stdout]     |
[INFO] [stdout] 125 |         self.get_verse(book, chapter, verse).map(|v| VerseRef::new(book, chapter, verse))
[INFO] [stdout]     |                                                   ^ help: if this is intentional, prefix it with an underscore: `_v`
[INFO] [stdout]     |
[INFO] [stdout]     = note: `#[warn(unused_variables)]` on by default
[INFO] [stdout] 
[INFO] [stdout] 
[INFO] [stdout] warning: 5 warnings emitted
[INFO] [stdout] 
[INFO] [stdout] 
[INFO] [stderr]     Finished test [unoptimized + debuginfo] target(s) in 0.37s
[INFO] [stderr] warning: the following packages contain code that will be rejected by a future version of Rust: quick-xml v0.22.0
[INFO] [stderr] note: to see what the problems were, use the option `--future-incompat-report`, or run `cargo report future-incompatibilities --id 1`
[INFO] running `Command { std: "docker" "inspect" "98dcede85528591c17fc7bffae864371b77e8fbf447c81b6ee6ee02576a34ab4", kill_on_drop: false }`
[INFO] running `Command { std: "docker" "rm" "-f" "98dcede85528591c17fc7bffae864371b77e8fbf447c81b6ee6ee02576a34ab4", kill_on_drop: false }`
[INFO] [stdout] 98dcede85528591c17fc7bffae864371b77e8fbf447c81b6ee6ee02576a34ab4
[INFO] running `Command { std: "docker" "create" "-v" "/var/lib/crater-agent-workspace/builds/worker-0-tc1/target:/opt/rustwide/target:rw,Z" "-v" "/var/lib/crater-agent-workspace/builds/worker-0-tc1/source:/opt/rustwide/workdir:ro,Z" "-v" "/var/lib/crater-agent-workspace/cargo-home:/opt/rustwide/cargo-home:ro,Z" "-v" "/var/lib/crater-agent-workspace/rustup-home:/opt/rustwide/rustup-home:ro,Z" "-e" "SOURCE_DIR=/opt/rustwide/workdir" "-e" "CARGO_TARGET_DIR=/opt/rustwide/target" "-e" "CARGO_INCREMENTAL=0" "-e" "RUST_BACKTRACE=full" "-e" "RUSTFLAGS=--cap-lints=warn" "-e" "RUSTDOCFLAGS=--cap-lints=warn" "-e" "CARGO_HOME=/opt/rustwide/cargo-home" "-e" "RUSTUP_HOME=/opt/rustwide/rustup-home" "-w" "/opt/rustwide/workdir" "-m" "1610612736" "--user" "0:0" "--network" "none" "ghcr.io/rust-lang/crates-build-env/linux@sha256:5ff2268d62e97bff2cde7d5815dd6ed5b47097566f13b8d0ca110b04b60e07ed" "/opt/rustwide/cargo-home/bin/cargo" "+1.69.0" "test" "--frozen", kill_on_drop: false }`
[INFO] [stdout] de55a5224c8e6c9926eec14334f31361dcd0fb54d8ff16389aa605f0e8e551c4
[INFO] running `Command { std: "docker" "start" "-a" "de55a5224c8e6c9926eec14334f31361dcd0fb54d8ff16389aa605f0e8e551c4", kill_on_drop: false }`
[INFO] [stderr] warning: unused imports: `Arc`, `Mutex`
[INFO] [stderr]  --> src/bible/traits.rs:4:17
[INFO] [stderr]   |
[INFO] [stderr] 4 | use std::sync::{Arc, Mutex};
[INFO] [stderr]   |                 ^^^  ^^^^^
[INFO] [stderr]   |
[INFO] [stderr]   = note: `#[warn(unused_imports)]` on by default
[INFO] [stderr] 
[INFO] [stderr] warning: unused import: `std::iter::Flatten`
[INFO] [stderr]  --> src/bible/traits.rs:5:5
[INFO] [stderr]   |
[INFO] [stderr] 5 | use std::iter::Flatten;
[INFO] [stderr]   |     ^^^^^^^^^^^^^^^^^^
[INFO] [stderr] 
[INFO] [stderr] warning: unused import: `Serializer`
[INFO] [stderr]  --> src/bible.rs:6:24
[INFO] [stderr]   |
[INFO] [stderr] 6 | use serde::{Serialize, Serializer};
[INFO] [stderr]   |                        ^^^^^^^^^^
[INFO] [stderr] 
[INFO] [stderr] warning: unused import: `rayon::prelude`
[INFO] [stderr]  --> src/bible/traits.rs:3:5
[INFO] [stderr]   |
[INFO] [stderr] 3 | use rayon::prelude::*;
[INFO] [stderr]   |     ^^^^^^^^^^^^^^
[INFO] [stderr] 
[INFO] [stderr] warning: unused variable: `v`
[INFO] [stderr]    --> src/bible.rs:125:51
[INFO] [stderr]     |
[INFO] [stderr] 125 |         self.get_verse(book, chapter, verse).map(|v| VerseRef::new(book, chapter, verse))
[INFO] [stderr]     |                                                   ^ help: if this is intentional, prefix it with an underscore: `_v`
[INFO] [stderr]     |
[INFO] [stderr]     = note: `#[warn(unused_variables)]` on by default
[INFO] [stderr] 
[INFO] [stderr] warning: `bible` (lib) generated 5 warnings (run `cargo fix --lib -p bible` to apply 4 suggestions)
[INFO] [stderr] warning: `bible` (lib test) generated 5 warnings (5 duplicates)
[INFO] [stderr]     Finished test [unoptimized + debuginfo] target(s) in 0.06s
[INFO] [stderr] warning: the following packages contain code that will be rejected by a future version of Rust: quick-xml v0.22.0
[INFO] [stderr] note: to see what the problems were, use the option `--future-incompat-report`, or run `cargo report future-incompatibilities --id 1`
[INFO] [stderr]      Running unittests src/lib.rs (/opt/rustwide/target/debug/deps/bible-2147273a75f1e9be)
[INFO] [stdout] 
[INFO] [stdout] running 0 tests
[INFO] [stdout] 
[INFO] [stdout] test result: ok. 0 passed; 0 failed; 0 ignored; 0 measured; 0 filtered out; finished in 0.00s
[INFO] [stdout] 
[INFO] [stderr]    Doc-tests bible
[INFO] [stderr] error[E0659]: `bible` is ambiguous
[INFO] [stderr]  --> /opt/rustwide/workdir/src/lib.rs:5:9
[INFO] [stderr]   |
[INFO] [stderr] 5 | pub use bible::*;
[INFO] [stderr]   |         ^^^^^ ambiguous name
[INFO] [stderr]   |
[INFO] [stderr]   = note: ambiguous because of multiple potential import sources
[INFO] [stderr]   = note: `bible` could refer to a crate passed with `--extern`
[INFO] [stderr]   = help: use `::bible` to refer to this crate unambiguously
[INFO] [stderr] note: `bible` could also refer to the module defined here
[INFO] [stderr]  --> /opt/rustwide/workdir/src/lib.rs:3:1
[INFO] [stderr]   |
[INFO] [stderr] 3 | pub mod bible;
[INFO] [stderr]   | ^^^^^^^^^^^^^^
[INFO] [stderr]   = help: use `crate::bible` to refer to this module unambiguously
[INFO] [stderr] 
[INFO] [stderr] error[E0659]: `bible` is ambiguous
[INFO] [stderr]  --> /opt/rustwide/workdir/src/lib.rs:6:9
[INFO] [stderr]   |
[INFO] [stderr] 6 | pub use bible::constants::*;
[INFO] [stderr]   |         ^^^^^ ambiguous name
[INFO] [stderr]   |
[INFO] [stderr]   = note: ambiguous because of multiple potential import sources
[INFO] [stderr]   = note: `bible` could refer to a crate passed with `--extern`
[INFO] [stderr]   = help: use `::bible` to refer to this crate unambiguously
[INFO] [stderr] note: `bible` could also refer to the module defined here
[INFO] [stderr]  --> /opt/rustwide/workdir/src/lib.rs:3:1
[INFO] [stderr]   |
[INFO] [stderr] 3 | pub mod bible;
[INFO] [stderr]   | ^^^^^^^^^^^^^^
[INFO] [stderr]   = help: use `crate::bible` to refer to this module unambiguously
[INFO] [stderr] 
[INFO] [stderr] error[E0659]: `bible` is ambiguous
[INFO] [stderr]  --> /opt/rustwide/workdir/src/lib.rs:7:9
[INFO] [stderr]   |
[INFO] [stderr] 7 | pub use bible::traits::*;
[INFO] [stderr]   |         ^^^^^ ambiguous name
[INFO] [stderr]   |
[INFO] [stderr]   = note: ambiguous because of multiple potential import sources
[INFO] [stderr]   = note: `bible` could refer to a crate passed with `--extern`
[INFO] [stderr]   = help: use `::bible` to refer to this crate unambiguously
[INFO] [stderr] note: `bible` could also refer to the module defined here
[INFO] [stderr]  --> /opt/rustwide/workdir/src/lib.rs:3:1
[INFO] [stderr]   |
[INFO] [stderr] 3 | pub mod bible;
[INFO] [stderr]   | ^^^^^^^^^^^^^^
[INFO] [stderr]   = help: use `crate::bible` to refer to this module unambiguously
[INFO] [stderr] 
[INFO] [stderr] error[E0659]: `bible` is ambiguous
[INFO] [stderr]  --> /opt/rustwide/workdir/src/lib.rs:8:9
[INFO] [stderr]   |
[INFO] [stderr] 8 | pub use bible::zefania_impl::*;
[INFO] [stderr]   |         ^^^^^ ambiguous name
[INFO] [stderr]   |
[INFO] [stderr]   = note: ambiguous because of multiple potential import sources
[INFO] [stderr]   = note: `bible` could refer to a crate passed with `--extern`
[INFO] [stderr]   = help: use `::bible` to refer to this crate unambiguously
[INFO] [stderr] note: `bible` could also refer to the module defined here
[INFO] [stderr]  --> /opt/rustwide/workdir/src/lib.rs:3:1
[INFO] [stderr]   |
[INFO] [stderr] 3 | pub mod bible;
[INFO] [stderr]   | ^^^^^^^^^^^^^^
[INFO] [stderr]   = help: use `crate::bible` to refer to this module unambiguously
[INFO] [stderr] 
[INFO] [stderr] error: aborting due to 4 previous errors
[INFO] [stderr] 
[INFO] [stderr] For more information about this error, try `rustc --explain E0659`.
[INFO] [stderr] error: doctest failed, to rerun pass `--doc`
[INFO] [stderr] 
[INFO] [stderr] Caused by:
[INFO] [stderr]   process didn't exit successfully: `rustdoc --edition=2018 --crate-type lib --crate-name bible --test /opt/rustwide/workdir/src/lib.rs -L dependency=/opt/rustwide/target/debug/deps -L dependency=/opt/rustwide/target/debug/deps --extern bible=/opt/rustwide/target/debug/deps/libbible-acd89d27cd9dcc8e.rlib --extern glob=/opt/rustwide/target/debug/deps/libglob-c9e91c912ad5eb17.rlib --extern json=/opt/rustwide/target/debug/deps/libjson-8b4e0c3652b23305.rlib --extern num=/opt/rustwide/target/debug/deps/libnum-e06e873370397e55.rlib --extern num_derive=/opt/rustwide/target/debug/deps/libnum_derive-b0d3b38f46ebdf76.so --extern num_traits=/opt/rustwide/target/debug/deps/libnum_traits-13f079d0aa09bce1.rlib --extern quick_xml=/opt/rustwide/target/debug/deps/libquick_xml-cf5af8c914206134.rlib --extern rayon=/opt/rustwide/target/debug/deps/librayon-afcf89ccb212616a.rlib --extern regex=/opt/rustwide/target/debug/deps/libregex-32d00df17f780eda.rlib --extern serde=/opt/rustwide/target/debug/deps/libserde-6d1fb225a198d9bd.rlib --extern serde_json=/opt/rustwide/target/debug/deps/libserde_json-a0e4bdeffdf70d87.rlib --extern serde_yaml=/opt/rustwide/target/debug/deps/libserde_yaml-144235990c62e15e.rlib --extern shellwords=/opt/rustwide/target/debug/deps/libshellwords-315a3be63659fd80.rlib -C embed-bitcode=no --cap-lints=warn --error-format human` (exit status: 1)
[INFO] running `Command { std: "docker" "inspect" "de55a5224c8e6c9926eec14334f31361dcd0fb54d8ff16389aa605f0e8e551c4", kill_on_drop: false }`
[INFO] running `Command { std: "docker" "rm" "-f" "de55a5224c8e6c9926eec14334f31361dcd0fb54d8ff16389aa605f0e8e551c4", kill_on_drop: false }`
[INFO] [stdout] de55a5224c8e6c9926eec14334f31361dcd0fb54d8ff16389aa605f0e8e551c4
