[INFO] cloning repository https://github.com/stetterm/rust_sort
[INFO] running `Command { std: "git" "-c" "credential.helper=" "-c" "credential.helper=/workspace/cargo-home/bin/git-credential-null" "clone" "--bare" "https://github.com/stetterm/rust_sort" "/workspace/cache/git-repos/https%3A%2F%2Fgithub.com%2Fstetterm%2Frust_sort", kill_on_drop: false }`
[INFO] [stderr] Cloning into bare repository '/workspace/cache/git-repos/https%3A%2F%2Fgithub.com%2Fstetterm%2Frust_sort'...
[INFO] running `Command { std: "git" "rev-parse" "HEAD", kill_on_drop: false }`
[INFO] [stdout] b4cfe9d37c1b112dcd3cacd99a15cf567e2a0da1
[INFO] testing stetterm/rust_sort against beta-2023-04-20 for beta-1.70-1
[INFO] running `Command { std: "git" "clone" "/workspace/cache/git-repos/https%3A%2F%2Fgithub.com%2Fstetterm%2Frust_sort" "/workspace/builds/worker-4-tc2/source", kill_on_drop: false }`
[INFO] [stderr] Cloning into '/workspace/builds/worker-4-tc2/source'...
[INFO] [stderr] done.
[INFO] validating manifest of git repo https://github.com/stetterm/rust_sort on toolchain beta-2023-04-20
[INFO] running `Command { std: CARGO_HOME="/workspace/cargo-home" RUSTUP_HOME="/workspace/rustup-home" "/workspace/cargo-home/bin/cargo" "+beta-2023-04-20" "metadata" "--manifest-path" "Cargo.toml" "--no-deps", kill_on_drop: false }`
[INFO] started tweaking git repo https://github.com/stetterm/rust_sort
[INFO] finished tweaking git repo https://github.com/stetterm/rust_sort
[INFO] tweaked toml for git repo https://github.com/stetterm/rust_sort written to /workspace/builds/worker-4-tc2/source/Cargo.toml
[INFO] crate git repo https://github.com/stetterm/rust_sort already has a lockfile, it will not be regenerated
[INFO] running `Command { std: CARGO_HOME="/workspace/cargo-home" RUSTUP_HOME="/workspace/rustup-home" "/workspace/cargo-home/bin/cargo" "+beta-2023-04-20" "fetch" "--manifest-path" "Cargo.toml", kill_on_drop: false }`
[INFO] running `Command { std: "docker" "create" "-v" "/var/lib/crater-agent-workspace/builds/worker-4-tc2/target:/opt/rustwide/target:rw,Z" "-v" "/var/lib/crater-agent-workspace/builds/worker-4-tc2/source:/opt/rustwide/workdir:ro,Z" "-v" "/var/lib/crater-agent-workspace/cargo-home:/opt/rustwide/cargo-home:ro,Z" "-v" "/var/lib/crater-agent-workspace/rustup-home:/opt/rustwide/rustup-home:ro,Z" "-e" "SOURCE_DIR=/opt/rustwide/workdir" "-e" "CARGO_TARGET_DIR=/opt/rustwide/target" "-e" "CARGO_HOME=/opt/rustwide/cargo-home" "-e" "RUSTUP_HOME=/opt/rustwide/rustup-home" "-w" "/opt/rustwide/workdir" "-m" "1610612736" "--user" "0:0" "--network" "none" "ghcr.io/rust-lang/crates-build-env/linux@sha256:5ff2268d62e97bff2cde7d5815dd6ed5b47097566f13b8d0ca110b04b60e07ed" "/opt/rustwide/cargo-home/bin/cargo" "+beta-2023-04-20" "metadata" "--no-deps" "--format-version=1", kill_on_drop: false }`
[INFO] [stdout] 89b9af0a1db9b67a0493119af9750b2b35e18c1accb817c76fb8dc003484d64d
[INFO] running `Command { std: "docker" "start" "-a" "89b9af0a1db9b67a0493119af9750b2b35e18c1accb817c76fb8dc003484d64d", kill_on_drop: false }`
[INFO] running `Command { std: "docker" "inspect" "89b9af0a1db9b67a0493119af9750b2b35e18c1accb817c76fb8dc003484d64d", kill_on_drop: false }`
[INFO] running `Command { std: "docker" "rm" "-f" "89b9af0a1db9b67a0493119af9750b2b35e18c1accb817c76fb8dc003484d64d", kill_on_drop: false }`
[INFO] [stdout] 89b9af0a1db9b67a0493119af9750b2b35e18c1accb817c76fb8dc003484d64d
[INFO] running `Command { std: "docker" "create" "-v" "/var/lib/crater-agent-workspace/builds/worker-4-tc2/target:/opt/rustwide/target:rw,Z" "-v" "/var/lib/crater-agent-workspace/builds/worker-4-tc2/source:/opt/rustwide/workdir:ro,Z" "-v" "/var/lib/crater-agent-workspace/cargo-home:/opt/rustwide/cargo-home:ro,Z" "-v" "/var/lib/crater-agent-workspace/rustup-home:/opt/rustwide/rustup-home:ro,Z" "-e" "SOURCE_DIR=/opt/rustwide/workdir" "-e" "CARGO_TARGET_DIR=/opt/rustwide/target" "-e" "CARGO_INCREMENTAL=0" "-e" "RUST_BACKTRACE=full" "-e" "RUSTFLAGS=--cap-lints=warn" "-e" "RUSTDOCFLAGS=--cap-lints=warn" "-e" "CARGO_HOME=/opt/rustwide/cargo-home" "-e" "RUSTUP_HOME=/opt/rustwide/rustup-home" "-w" "/opt/rustwide/workdir" "-m" "1610612736" "--user" "0:0" "--network" "none" "ghcr.io/rust-lang/crates-build-env/linux@sha256:5ff2268d62e97bff2cde7d5815dd6ed5b47097566f13b8d0ca110b04b60e07ed" "/opt/rustwide/cargo-home/bin/cargo" "+beta-2023-04-20" "build" "--frozen" "--message-format=json", kill_on_drop: false }`
[INFO] [stdout] 2269e54b4fc662e2a9582ae961be21845a7b2de998f8ae383af9ba719dba4d15
[INFO] running `Command { std: "docker" "start" "-a" "2269e54b4fc662e2a9582ae961be21845a7b2de998f8ae383af9ba719dba4d15", kill_on_drop: false }`
[INFO] [stderr]    Compiling libc v0.2.112
[INFO] [stderr]    Compiling cfg-if v1.0.0
[INFO] [stderr]    Compiling ppv-lite86 v0.2.16
[INFO] [stderr]    Compiling getrandom v0.2.3
[INFO] [stderr]    Compiling rand_core v0.6.3
[INFO] [stderr]    Compiling rand_chacha v0.3.1
[INFO] [stderr]    Compiling rand v0.8.4
[INFO] [stderr]    Compiling rust_sort v0.1.0 (/opt/rustwide/workdir)
[INFO] [stdout] warning: value assigned to `swap_index` is never read
[INFO] [stdout]    --> src/lib.rs:279:17
[INFO] [stdout]     |
[INFO] [stdout] 279 |         let mut swap_index = index;
[INFO] [stdout]     |                 ^^^^^^^^^^
[INFO] [stdout]     |
[INFO] [stdout]     = help: maybe it is overwritten before being read?
[INFO] [stdout]     = note: `#[warn(unused_assignments)]` on by default
[INFO] [stdout] 
[INFO] [stdout] 
[INFO] [stdout] warning: value captured by `temp` is never read
[INFO] [stdout]    --> src/lib.rs:283:17
[INFO] [stdout]     |
[INFO] [stdout] 283 |                 temp = data[i1];
[INFO] [stdout]     |                 ^^^^
[INFO] [stdout]     |
[INFO] [stdout]     = help: did you mean to capture by reference instead?
[INFO] [stdout] 
[INFO] [stdout] 
[INFO] [stdout] warning: 2 warnings emitted
[INFO] [stdout] 
[INFO] [stdout] 
[INFO] [stdout] warning: unused macro definition: `linkd`
[INFO] [stdout]  --> src/link.rs:1:14
[INFO] [stdout]   |
[INFO] [stdout] 1 | macro_rules! linkd {
[INFO] [stdout]   |              ^^^^^
[INFO] [stdout]   |
[INFO] [stdout]   = note: `#[warn(unused_macros)]` on by default
[INFO] [stdout] 
[INFO] [stdout] 
[INFO] [stdout] warning: unused import: `linkd`
[INFO] [stdout]   --> src/link.rs:10:16
[INFO] [stdout]    |
[INFO] [stdout] 10 | pub(crate) use linkd;
[INFO] [stdout]    |                ^^^^^
[INFO] [stdout]    |
[INFO] [stdout]    = note: `#[warn(unused_imports)]` on by default
[INFO] [stdout] 
[INFO] [stdout] 
[INFO] [stdout] warning: variable does not need to be mutable
[INFO] [stdout]   --> src/main.rs:18:9
[INFO] [stdout]    |
[INFO] [stdout] 18 |     let mut sel_total: u128 = 0;
[INFO] [stdout]    |         ----^^^^^^^^^
[INFO] [stdout]    |         |
[INFO] [stdout]    |         help: remove this `mut`
[INFO] [stdout]    |
[INFO] [stdout]    = note: `#[warn(unused_mut)]` on by default
[INFO] [stdout] 
[INFO] [stdout] 
[INFO] [stdout] warning: 3 warnings emitted
[INFO] [stdout] 
[INFO] [stdout] 
[INFO] [stderr]     Finished dev [unoptimized + debuginfo] target(s) in 2.03s
[INFO] running `Command { std: "docker" "inspect" "2269e54b4fc662e2a9582ae961be21845a7b2de998f8ae383af9ba719dba4d15", kill_on_drop: false }`
[INFO] running `Command { std: "docker" "rm" "-f" "2269e54b4fc662e2a9582ae961be21845a7b2de998f8ae383af9ba719dba4d15", kill_on_drop: false }`
[INFO] [stdout] 2269e54b4fc662e2a9582ae961be21845a7b2de998f8ae383af9ba719dba4d15
[INFO] running `Command { std: "docker" "create" "-v" "/var/lib/crater-agent-workspace/builds/worker-4-tc2/target:/opt/rustwide/target:rw,Z" "-v" "/var/lib/crater-agent-workspace/builds/worker-4-tc2/source:/opt/rustwide/workdir:ro,Z" "-v" "/var/lib/crater-agent-workspace/cargo-home:/opt/rustwide/cargo-home:ro,Z" "-v" "/var/lib/crater-agent-workspace/rustup-home:/opt/rustwide/rustup-home:ro,Z" "-e" "SOURCE_DIR=/opt/rustwide/workdir" "-e" "CARGO_TARGET_DIR=/opt/rustwide/target" "-e" "CARGO_INCREMENTAL=0" "-e" "RUST_BACKTRACE=full" "-e" "RUSTFLAGS=--cap-lints=warn" "-e" "RUSTDOCFLAGS=--cap-lints=warn" "-e" "CARGO_HOME=/opt/rustwide/cargo-home" "-e" "RUSTUP_HOME=/opt/rustwide/rustup-home" "-w" "/opt/rustwide/workdir" "-m" "1610612736" "--user" "0:0" "--network" "none" "ghcr.io/rust-lang/crates-build-env/linux@sha256:5ff2268d62e97bff2cde7d5815dd6ed5b47097566f13b8d0ca110b04b60e07ed" "/opt/rustwide/cargo-home/bin/cargo" "+beta-2023-04-20" "test" "--frozen" "--no-run" "--message-format=json", kill_on_drop: false }`
[INFO] [stdout] f02b90a5d1300f83bb3acba13b4a5160ecc0b32548be692a683411c82dca02b9
[INFO] running `Command { std: "docker" "start" "-a" "f02b90a5d1300f83bb3acba13b4a5160ecc0b32548be692a683411c82dca02b9", kill_on_drop: false }`
[INFO] [stderr]    Compiling rust_sort v0.1.0 (/opt/rustwide/workdir)
[INFO] [stdout] warning: value assigned to `swap_index` is never read
[INFO] [stdout]    --> src/lib.rs:279:17
[INFO] [stdout]     |
[INFO] [stdout] 279 |         let mut swap_index = index;
[INFO] [stdout]     |                 ^^^^^^^^^^
[INFO] [stdout]     |
[INFO] [stdout]     = help: maybe it is overwritten before being read?
[INFO] [stdout]     = note: `#[warn(unused_assignments)]` on by default
[INFO] [stdout] 
[INFO] [stdout] 
[INFO] [stdout] warning: value captured by `temp` is never read
[INFO] [stdout]    --> src/lib.rs:283:17
[INFO] [stdout]     |
[INFO] [stdout] 283 |                 temp = data[i1];
[INFO] [stdout]     |                 ^^^^
[INFO] [stdout]     |
[INFO] [stdout]     = help: did you mean to capture by reference instead?
[INFO] [stdout] 
[INFO] [stdout] 
[INFO] [stdout] warning: 2 warnings emitted
[INFO] [stdout] 
[INFO] [stdout] 
[INFO] [stdout] warning: unused import: `linkd`
[INFO] [stdout]   --> src/link.rs:10:16
[INFO] [stdout]    |
[INFO] [stdout] 10 | pub(crate) use linkd;
[INFO] [stdout]    |                ^^^^^
[INFO] [stdout]    |
[INFO] [stdout]    = note: `#[warn(unused_imports)]` on by default
[INFO] [stdout] 
[INFO] [stdout] 
[INFO] [stdout] warning: unused imports: `heap_sort`, `heapify`
[INFO] [stdout]    --> src/lib.rs:367:33
[INFO] [stdout]     |
[INFO] [stdout] 367 |     use crate::alg::{sift_down, heap_sort, heapify};
[INFO] [stdout]     |                                 ^^^^^^^^^  ^^^^^^^
[INFO] [stdout]     |
[INFO] [stdout]     = note: `#[warn(unused_imports)]` on by default
[INFO] [stdout] 
[INFO] [stdout] 
[INFO] [stdout] warning: variable does not need to be mutable
[INFO] [stdout]   --> src/main.rs:18:9
[INFO] [stdout]    |
[INFO] [stdout] 18 |     let mut sel_total: u128 = 0;
[INFO] [stdout]    |         ----^^^^^^^^^
[INFO] [stdout]    |         |
[INFO] [stdout]    |         help: remove this `mut`
[INFO] [stdout]    |
[INFO] [stdout]    = note: `#[warn(unused_mut)]` on by default
[INFO] [stdout] 
[INFO] [stdout] 
[INFO] [stdout] warning: value assigned to `swap_index` is never read
[INFO] [stdout]    --> src/lib.rs:279:17
[INFO] [stdout]     |
[INFO] [stdout] 279 |         let mut swap_index = index;
[INFO] [stdout]     |                 ^^^^^^^^^^
[INFO] [stdout]     |
[INFO] [stdout]     = help: maybe it is overwritten before being read?
[INFO] [stdout]     = note: `#[warn(unused_assignments)]` on by default
[INFO] [stdout] 
[INFO] [stdout] 
[INFO] [stdout] warning: value captured by `temp` is never read
[INFO] [stdout]    --> src/lib.rs:283:17
[INFO] [stdout]     |
[INFO] [stdout] 283 |                 temp = data[i1];
[INFO] [stdout]     |                 ^^^^
[INFO] [stdout]     |
[INFO] [stdout]     = help: did you mean to capture by reference instead?
[INFO] [stdout] 
[INFO] [stdout] 
[INFO] [stdout] warning: 2 warnings emitted
[INFO] [stdout] 
[INFO] [stdout] 
[INFO] [stdout] warning: 3 warnings emitted
[INFO] [stdout] 
[INFO] [stdout] 
[INFO] [stderr]     Finished test [unoptimized + debuginfo] target(s) in 0.42s
[INFO] running `Command { std: "docker" "inspect" "f02b90a5d1300f83bb3acba13b4a5160ecc0b32548be692a683411c82dca02b9", kill_on_drop: false }`
[INFO] running `Command { std: "docker" "rm" "-f" "f02b90a5d1300f83bb3acba13b4a5160ecc0b32548be692a683411c82dca02b9", kill_on_drop: false }`
[INFO] [stdout] f02b90a5d1300f83bb3acba13b4a5160ecc0b32548be692a683411c82dca02b9
[INFO] running `Command { std: "docker" "create" "-v" "/var/lib/crater-agent-workspace/builds/worker-4-tc2/target:/opt/rustwide/target:rw,Z" "-v" "/var/lib/crater-agent-workspace/builds/worker-4-tc2/source:/opt/rustwide/workdir:ro,Z" "-v" "/var/lib/crater-agent-workspace/cargo-home:/opt/rustwide/cargo-home:ro,Z" "-v" "/var/lib/crater-agent-workspace/rustup-home:/opt/rustwide/rustup-home:ro,Z" "-e" "SOURCE_DIR=/opt/rustwide/workdir" "-e" "CARGO_TARGET_DIR=/opt/rustwide/target" "-e" "CARGO_INCREMENTAL=0" "-e" "RUST_BACKTRACE=full" "-e" "RUSTFLAGS=--cap-lints=warn" "-e" "RUSTDOCFLAGS=--cap-lints=warn" "-e" "CARGO_HOME=/opt/rustwide/cargo-home" "-e" "RUSTUP_HOME=/opt/rustwide/rustup-home" "-w" "/opt/rustwide/workdir" "-m" "1610612736" "--user" "0:0" "--network" "none" "ghcr.io/rust-lang/crates-build-env/linux@sha256:5ff2268d62e97bff2cde7d5815dd6ed5b47097566f13b8d0ca110b04b60e07ed" "/opt/rustwide/cargo-home/bin/cargo" "+beta-2023-04-20" "test" "--frozen", kill_on_drop: false }`
[INFO] [stdout] 1429039cd9a02e19940cebc722d14177eaf9cb25f18038d0075c0faa64358c24
[INFO] running `Command { std: "docker" "start" "-a" "1429039cd9a02e19940cebc722d14177eaf9cb25f18038d0075c0faa64358c24", kill_on_drop: false }`
[INFO] [stderr] warning: value assigned to `swap_index` is never read
[INFO] [stderr]    --> src/lib.rs:279:17
[INFO] [stderr]     |
[INFO] [stderr] 279 |         let mut swap_index = index;
[INFO] [stderr]     |                 ^^^^^^^^^^
[INFO] [stderr]     |
[INFO] [stderr]     = help: maybe it is overwritten before being read?
[INFO] [stderr]     = note: `#[warn(unused_assignments)]` on by default
[INFO] [stderr] 
[INFO] [stderr] warning: value captured by `temp` is never read
[INFO] [stderr]    --> src/lib.rs:283:17
[INFO] [stderr]     |
[INFO] [stderr] 283 |                 temp = data[i1];
[INFO] [stderr]     |                 ^^^^
[INFO] [stderr]     |
[INFO] [stderr]     = help: did you mean to capture by reference instead?
[INFO] [stderr] 
[INFO] [stderr] warning: unused imports: `heap_sort`, `heapify`
[INFO] [stderr]    --> src/lib.rs:367:33
[INFO] [stderr]     |
[INFO] [stderr] 367 |     use crate::alg::{sift_down, heap_sort, heapify};
[INFO] [stderr]     |                                 ^^^^^^^^^  ^^^^^^^
[INFO] [stderr]     |
[INFO] [stderr]     = note: `#[warn(unused_imports)]` on by default
[INFO] [stderr] 
[INFO] [stderr] warning: `rust_sort` (lib) generated 2 warnings
[INFO] [stderr] warning: `rust_sort` (lib test) generated 3 warnings (2 duplicates) (run `cargo fix --lib -p rust_sort --tests` to apply 1 suggestion)
[INFO] [stderr] warning: unused import: `linkd`
[INFO] [stderr]   --> src/link.rs:10:16
[INFO] [stderr]    |
[INFO] [stderr] 10 | pub(crate) use linkd;
[INFO] [stderr]    |                ^^^^^
[INFO] [stderr]    |
[INFO] [stderr]    = note: `#[warn(unused_imports)]` on by default
[INFO] [stderr] 
[INFO] [stderr] warning: variable does not need to be mutable
[INFO] [stderr]   --> src/main.rs:18:9
[INFO] [stderr]    |
[INFO] [stderr] 18 |     let mut sel_total: u128 = 0;
[INFO] [stderr]    |         ----^^^^^^^^^
[INFO] [stderr]    |         |
[INFO] [stderr]    |         help: remove this `mut`
[INFO] [stderr]    |
[INFO] [stderr]    = note: `#[warn(unused_mut)]` on by default
[INFO] [stderr] 
[INFO] [stderr] warning: `rust_sort` (bin "rust_sort" test) generated 2 warnings (run `cargo fix --bin "rust_sort" --tests` to apply 2 suggestions)
[INFO] [stderr]     Finished test [unoptimized + debuginfo] target(s) in 0.00s
[INFO] [stderr]      Running unittests src/lib.rs (/opt/rustwide/target/debug/deps/rust_sort-f6226470c933536a)
[INFO] [stdout] 
[INFO] [stdout] running 21 tests
[INFO] [stdout] test tests::heap_backwards_from_100 ... ok
[INFO] [stdout] test tests::backwards_from_100 ... ok
[INFO] [stdout] test tests::non_sorted_list ... ok
[INFO] [stdout] test tests::merge_backwards_from_100 ... ok
[INFO] [stdout] test tests::radix_backwards_from_100 ... ok
[INFO] [stdout] test tests::merge_random_100_elements ... ok
[INFO] [stdout] test tests::random_100_elements ... ok
[INFO] [stdout] test tests::radix_random_100_elements ... ok
[INFO] [stdout] test tests::selection_backwards_from_100 ... ok
[INFO] [stdout] test tests::sorted_list ... ok
[INFO] [stdout] test tests::sift_down_small ... ok
[INFO] [stdout] test tree::tests::make_tree ... ok
[INFO] [stdout] test tests::selection_random_100_elements ... ok
[INFO] [stdout] test tests::tree_random_100_elements ... ok
[INFO] [stdout] test tests::tree_backwards_from_100 ... ok
[INFO] [stdout] test tests::insert_backwards_from_100 ... FAILED
[INFO] [stdout] test tests::list_of_same_number ... ok
[INFO] [stdout] test tests::tree_random_1_000_000_elements ... ok
[INFO] [stdout] test tests::radix_random_1_000_000_elements ... ok
[INFO] [stdout] test tests::merge_random_1_000_000_elements ... ok
[INFO] [stdout] test tests::random_1_000_000_elements ... ok
[INFO] [stdout] 
[INFO] [stdout] failures:
[INFO] [stdout] 
[INFO] [stdout] ---- tests::insert_backwards_from_100 stdout ----
[INFO] [stdout] thread 'tests::insert_backwards_from_100' panicked at 'assertion failed: `(left == right)`
[INFO] [stdout]   left: `true`,
[INFO] [stdout]  right: `false`', src/lib.rs:503:9
[INFO] [stdout] stack backtrace:
[INFO] [stdout]    0:     0x556e8bbb974a - std::backtrace_rs::backtrace::libunwind::trace::h2f05d0192276a8f6
[INFO] [stdout]                                at /rustc/1b7dd2252b99671ce5d1cb9664c5f8636329436d/library/std/src/../../backtrace/src/backtrace/libunwind.rs:93:5
[INFO] [stdout]    1:     0x556e8bbb974a - std::backtrace_rs::backtrace::trace_unsynchronized::hedc23dff7a1af150
[INFO] [stdout]                                at /rustc/1b7dd2252b99671ce5d1cb9664c5f8636329436d/library/std/src/../../backtrace/src/backtrace/mod.rs:66:5
[INFO] [stdout]    2:     0x556e8bbb974a - std::sys_common::backtrace::_print_fmt::h17541ef7592f3ce2
[INFO] [stdout]                                at /rustc/1b7dd2252b99671ce5d1cb9664c5f8636329436d/library/std/src/sys_common/backtrace.rs:65:5
[INFO] [stdout]    3:     0x556e8bbb974a - <std::sys_common::backtrace::_print::DisplayBacktrace as core::fmt::Display>::fmt::h20f75df5ab0c0792
[INFO] [stdout]                                at /rustc/1b7dd2252b99671ce5d1cb9664c5f8636329436d/library/std/src/sys_common/backtrace.rs:44:22
[INFO] [stdout]    4:     0x556e8bbdd3df - core::fmt::write::h78109e6f466b3af6
[INFO] [stdout]                                at /rustc/1b7dd2252b99671ce5d1cb9664c5f8636329436d/library/core/src/fmt/mod.rs:1254:17
[INFO] [stdout]    5:     0x556e8bbb6a95 - std::io::Write::write_fmt::hd24bfb68a1b35a25
[INFO] [stdout]                                at /rustc/1b7dd2252b99671ce5d1cb9664c5f8636329436d/library/std/src/io/mod.rs:1698:15
[INFO] [stdout]    6:     0x556e8bbb9515 - std::sys_common::backtrace::_print::h8dac57a9f8fbf9a5
[INFO] [stdout]                                at /rustc/1b7dd2252b99671ce5d1cb9664c5f8636329436d/library/std/src/sys_common/backtrace.rs:47:5
[INFO] [stdout]    7:     0x556e8bbb9515 - std::sys_common::backtrace::print::hf9ecbf41d1aa712f
[INFO] [stdout]                                at /rustc/1b7dd2252b99671ce5d1cb9664c5f8636329436d/library/std/src/sys_common/backtrace.rs:34:9
[INFO] [stdout]    8:     0x556e8bbbb1ce - std::panicking::default_hook::{{closure}}::h04c07acfc84ca028
[INFO] [stdout]                                at /rustc/1b7dd2252b99671ce5d1cb9664c5f8636329436d/library/std/src/panicking.rs:269:22
[INFO] [stdout]    9:     0x556e8bbbaf01 - std::panicking::default_hook::h01f6bb23e1eceb2c
[INFO] [stdout]                                at /rustc/1b7dd2252b99671ce5d1cb9664c5f8636329436d/library/std/src/panicking.rs:285:9
[INFO] [stdout]   10:     0x556e8bb5441b - <alloc::boxed::Box<F,A> as core::ops::function::Fn<Args>>::call::h87fe9f7b2fd49e4c
[INFO] [stdout]                                at /rustc/1b7dd2252b99671ce5d1cb9664c5f8636329436d/library/alloc/src/boxed.rs:1987:9
[INFO] [stdout]   11:     0x556e8bb5441b - test::test_main::{{closure}}::he94d679243a7531b
[INFO] [stdout]                                at /rustc/1b7dd2252b99671ce5d1cb9664c5f8636329436d/library/test/src/lib.rs:134:21
[INFO] [stdout]   12:     0x556e8bbbb8b4 - <alloc::boxed::Box<F,A> as core::ops::function::Fn<Args>>::call::h3f2d6d8b14c4769f
[INFO] [stdout]                                at /rustc/1b7dd2252b99671ce5d1cb9664c5f8636329436d/library/alloc/src/boxed.rs:1987:9
[INFO] [stdout]   13:     0x556e8bbbb8b4 - std::panicking::rust_panic_with_hook::h2bb3722bbaf2f6df
[INFO] [stdout]                                at /rustc/1b7dd2252b99671ce5d1cb9664c5f8636329436d/library/std/src/panicking.rs:695:13
[INFO] [stdout]   14:     0x556e8bbbb629 - std::panicking::begin_panic_handler::{{closure}}::h91bc7f36a4be011b
[INFO] [stdout]                                at /rustc/1b7dd2252b99671ce5d1cb9664c5f8636329436d/library/std/src/panicking.rs:582:13
[INFO] [stdout]   15:     0x556e8bbb9bb6 - std::sys_common::backtrace::__rust_end_short_backtrace::h8b3d3717114f9e59
[INFO] [stdout]                                at /rustc/1b7dd2252b99671ce5d1cb9664c5f8636329436d/library/std/src/sys_common/backtrace.rs:150:18
[INFO] [stdout]   16:     0x556e8bbbb382 - rust_begin_unwind
[INFO] [stdout]                                at /rustc/1b7dd2252b99671ce5d1cb9664c5f8636329436d/library/std/src/panicking.rs:578:5
[INFO] [stdout]   17:     0x556e8bb10ff3 - core::panicking::panic_fmt::hfd368e3fbdabea26
[INFO] [stdout]                                at /rustc/1b7dd2252b99671ce5d1cb9664c5f8636329436d/library/core/src/panicking.rs:67:14
[INFO] [stdout]   18:     0x556e8bb113bf - core::panicking::assert_failed_inner::haef49168e1798a91
[INFO] [stdout]   19:     0x556e8bb20d5a - core::panicking::assert_failed::h1c51fd63953d92e8
[INFO] [stdout]                                at /rustc/1b7dd2252b99671ce5d1cb9664c5f8636329436d/library/core/src/panicking.rs:228:5
[INFO] [stdout]   20:     0x556e8bb152cb - rust_sort::tests::insert_backwards_from_100::ha77e3d9576f68a0c
[INFO] [stdout]                                at /opt/rustwide/workdir/src/lib.rs:503:9
[INFO] [stdout]   21:     0x556e8bb150b7 - rust_sort::tests::insert_backwards_from_100::{{closure}}::ha0d9e8f7d8df25ae
[INFO] [stdout]                                at /opt/rustwide/workdir/src/lib.rs:497:40
[INFO] [stdout]   22:     0x556e8bb18fb5 - core::ops::function::FnOnce::call_once::h5121a9d26dcf391e
[INFO] [stdout]                                at /rustc/1b7dd2252b99671ce5d1cb9664c5f8636329436d/library/core/src/ops/function.rs:250:5
[INFO] [stdout]   23:     0x556e8bb592ef - core::ops::function::FnOnce::call_once::ha6a70e79f7481a7e
[INFO] [stdout]                                at /rustc/1b7dd2252b99671ce5d1cb9664c5f8636329436d/library/core/src/ops/function.rs:250:5
[INFO] [stdout]   24:     0x556e8bb592ef - test::__rust_begin_short_backtrace::hce33033019b61e69
[INFO] [stdout]                                at /rustc/1b7dd2252b99671ce5d1cb9664c5f8636329436d/library/test/src/lib.rs:655:18
[INFO] [stdout]   25:     0x556e8bb26adc - test::run_test::{{closure}}::h858d3528838ae3e5
[INFO] [stdout]                                at /rustc/1b7dd2252b99671ce5d1cb9664c5f8636329436d/library/test/src/lib.rs:646:30
[INFO] [stdout]   26:     0x556e8bb26adc - core::ops::function::FnOnce::call_once{{vtable.shim}}::he8ac2b00f01ae79e
[INFO] [stdout]                                at /rustc/1b7dd2252b99671ce5d1cb9664c5f8636329436d/library/core/src/ops/function.rs:250:5
[INFO] [stdout]   27:     0x556e8bb583c6 - <alloc::boxed::Box<F,A> as core::ops::function::FnOnce<Args>>::call_once::h8093d25b522725ef
[INFO] [stdout]                                at /rustc/1b7dd2252b99671ce5d1cb9664c5f8636329436d/library/alloc/src/boxed.rs:1973:9
[INFO] [stdout]   28:     0x556e8bb583c6 - <core::panic::unwind_safe::AssertUnwindSafe<F> as core::ops::function::FnOnce<()>>::call_once::h5c334c204e4a3913
[INFO] [stdout]                                at /rustc/1b7dd2252b99671ce5d1cb9664c5f8636329436d/library/core/src/panic/unwind_safe.rs:271:9
[INFO] [stdout]   29:     0x556e8bb583c6 - std::panicking::try::do_call::ha8b740c7b9478074
[INFO] [stdout]                                at /rustc/1b7dd2252b99671ce5d1cb9664c5f8636329436d/library/std/src/panicking.rs:485:40
[INFO] [stdout]   30:     0x556e8bb583c6 - std::panicking::try::h5d34f63d0e41b64e
[INFO] [stdout]                                at /rustc/1b7dd2252b99671ce5d1cb9664c5f8636329436d/library/std/src/panicking.rs:449:19
[INFO] [stdout]   31:     0x556e8bb583c6 - std::panic::catch_unwind::hcfbb511e1aa7fc67
[INFO] [stdout]                                at /rustc/1b7dd2252b99671ce5d1cb9664c5f8636329436d/library/std/src/panic.rs:140:14
[INFO] [stdout]   32:     0x556e8bb583c6 - test::run_test_in_process::h9abda90f802eaf21
[INFO] [stdout]                                at /rustc/1b7dd2252b99671ce5d1cb9664c5f8636329436d/library/test/src/lib.rs:678:27
[INFO] [stdout]   33:     0x556e8bb583c6 - test::run_test::run_test_inner::{{closure}}::h0f058de91f6c6edf
[INFO] [stdout]                                at /rustc/1b7dd2252b99671ce5d1cb9664c5f8636329436d/library/test/src/lib.rs:572:39
[INFO] [stdout]   34:     0x556e8bb212e5 - test::run_test::run_test_inner::{{closure}}::h5ca48a4c59c6c1fb
[INFO] [stdout]                                at /rustc/1b7dd2252b99671ce5d1cb9664c5f8636329436d/library/test/src/lib.rs:599:37
[INFO] [stdout]   35:     0x556e8bb212e5 - std::sys_common::backtrace::__rust_begin_short_backtrace::h32bd51e1495d4a33
[INFO] [stdout]                                at /rustc/1b7dd2252b99671ce5d1cb9664c5f8636329436d/library/std/src/sys_common/backtrace.rs:134:18
[INFO] [stdout]   36:     0x556e8bb26821 - std::thread::Builder::spawn_unchecked_::{{closure}}::{{closure}}::hc086fae9b128b2db
[INFO] [stdout]                                at /rustc/1b7dd2252b99671ce5d1cb9664c5f8636329436d/library/std/src/thread/mod.rs:526:17
[INFO] [stdout]   37:     0x556e8bb26821 - <core::panic::unwind_safe::AssertUnwindSafe<F> as core::ops::function::FnOnce<()>>::call_once::hb66571888d270d43
[INFO] [stdout]                                at /rustc/1b7dd2252b99671ce5d1cb9664c5f8636329436d/library/core/src/panic/unwind_safe.rs:271:9
[INFO] [stdout]   38:     0x556e8bb26821 - std::panicking::try::do_call::h4fa2ef4f6e51fecf
[INFO] [stdout]                                at /rustc/1b7dd2252b99671ce5d1cb9664c5f8636329436d/library/std/src/panicking.rs:485:40
[INFO] [stdout]   39:     0x556e8bb26821 - std::panicking::try::h1e9e22b8584489b5
[INFO] [stdout]                                at /rustc/1b7dd2252b99671ce5d1cb9664c5f8636329436d/library/std/src/panicking.rs:449:19
[INFO] [stdout]   40:     0x556e8bb26821 - std::panic::catch_unwind::h44698a3de0e0769e
[INFO] [stdout]                                at /rustc/1b7dd2252b99671ce5d1cb9664c5f8636329436d/library/std/src/panic.rs:140:14
[INFO] [stdout]   41:     0x556e8bb26821 - std::thread::Builder::spawn_unchecked_::{{closure}}::h50153abde3fe239e
[INFO] [stdout]                                at /rustc/1b7dd2252b99671ce5d1cb9664c5f8636329436d/library/std/src/thread/mod.rs:525:30
[INFO] [stdout]   42:     0x556e8bb26821 - core::ops::function::FnOnce::call_once{{vtable.shim}}::hbe5bbf6f38394364
[INFO] [stdout]                                at /rustc/1b7dd2252b99671ce5d1cb9664c5f8636329436d/library/core/src/ops/function.rs:250:5
[INFO] [stdout]   43:     0x556e8bbbfd85 - <alloc::boxed::Box<F,A> as core::ops::function::FnOnce<Args>>::call_once::h0d83cb2920a49046
[INFO] [stdout]                                at /rustc/1b7dd2252b99671ce5d1cb9664c5f8636329436d/library/alloc/src/boxed.rs:1973:9
[INFO] [stdout]   44:     0x556e8bbbfd85 - <alloc::boxed::Box<F,A> as core::ops::function::FnOnce<Args>>::call_once::hbe0a008aa7d9ef59
[INFO] [stdout]                                at /rustc/1b7dd2252b99671ce5d1cb9664c5f8636329436d/library/alloc/src/boxed.rs:1973:9
[INFO] [stdout]   45:     0x556e8bbbfd85 - std::sys::unix::thread::Thread::new::thread_start::h3a466996bdf6b1f9
[INFO] [stdout]                                at /rustc/1b7dd2252b99671ce5d1cb9664c5f8636329436d/library/std/src/sys/unix/thread.rs:108:17
[INFO] [stdout]   46:     0x7f35af231b43 - <unknown>
[INFO] [stdout]   47:     0x7f35af2c2bb4 - __clone
[INFO] [stdout]   48:                0x0 - <unknown>
[INFO] [stdout] 
[INFO] [stdout] 
[INFO] [stdout] failures:
[INFO] [stdout]     tests::insert_backwards_from_100
[INFO] [stdout] 
[INFO] [stdout] test result: FAILED. 20 passed; 1 failed; 0 ignored; 0 measured; 0 filtered out; finished in 1.84s
[INFO] [stdout] 
[INFO] [stderr] error: test failed, to rerun pass `--lib`
[INFO] running `Command { std: "docker" "inspect" "1429039cd9a02e19940cebc722d14177eaf9cb25f18038d0075c0faa64358c24", kill_on_drop: false }`
[INFO] running `Command { std: "docker" "rm" "-f" "1429039cd9a02e19940cebc722d14177eaf9cb25f18038d0075c0faa64358c24", kill_on_drop: false }`
[INFO] [stdout] 1429039cd9a02e19940cebc722d14177eaf9cb25f18038d0075c0faa64358c24
