[INFO] cloning repository https://github.com/stencillogic/db-core
[INFO] running `Command { std: "git" "-c" "credential.helper=" "-c" "credential.helper=/workspace/cargo-home/bin/git-credential-null" "clone" "--bare" "https://github.com/stencillogic/db-core" "/workspace/cache/git-repos/https%3A%2F%2Fgithub.com%2Fstencillogic%2Fdb-core", kill_on_drop: false }`
[INFO] [stderr] Cloning into bare repository '/workspace/cache/git-repos/https%3A%2F%2Fgithub.com%2Fstencillogic%2Fdb-core'...
[INFO] running `Command { std: "git" "rev-parse" "HEAD", kill_on_drop: false }`
[INFO] [stdout] 98818e972d62db49ce0b5d8f53b3d933915bae71
[INFO] testing stencillogic/db-core against beta-2023-04-20 for beta-1.70-1
[INFO] running `Command { std: "git" "clone" "/workspace/cache/git-repos/https%3A%2F%2Fgithub.com%2Fstencillogic%2Fdb-core" "/workspace/builds/worker-5-tc2/source", kill_on_drop: false }`
[INFO] [stderr] Cloning into '/workspace/builds/worker-5-tc2/source'...
[INFO] [stderr] done.
[INFO] validating manifest of git repo https://github.com/stencillogic/db-core on toolchain beta-2023-04-20
[INFO] running `Command { std: CARGO_HOME="/workspace/cargo-home" RUSTUP_HOME="/workspace/rustup-home" "/workspace/cargo-home/bin/cargo" "+beta-2023-04-20" "metadata" "--manifest-path" "Cargo.toml" "--no-deps", kill_on_drop: false }`
[INFO] started tweaking git repo https://github.com/stencillogic/db-core
[INFO] finished tweaking git repo https://github.com/stencillogic/db-core
[INFO] tweaked toml for git repo https://github.com/stencillogic/db-core written to /workspace/builds/worker-5-tc2/source/Cargo.toml
[INFO] crate git repo https://github.com/stencillogic/db-core already has a lockfile, it will not be regenerated
[INFO] running `Command { std: CARGO_HOME="/workspace/cargo-home" RUSTUP_HOME="/workspace/rustup-home" "/workspace/cargo-home/bin/cargo" "+beta-2023-04-20" "fetch" "--manifest-path" "Cargo.toml", kill_on_drop: false }`
[INFO] running `Command { std: "docker" "create" "-v" "/var/lib/crater-agent-workspace/builds/worker-5-tc2/target:/opt/rustwide/target:rw,Z" "-v" "/var/lib/crater-agent-workspace/builds/worker-5-tc2/source:/opt/rustwide/workdir:ro,Z" "-v" "/var/lib/crater-agent-workspace/cargo-home:/opt/rustwide/cargo-home:ro,Z" "-v" "/var/lib/crater-agent-workspace/rustup-home:/opt/rustwide/rustup-home:ro,Z" "-e" "SOURCE_DIR=/opt/rustwide/workdir" "-e" "CARGO_TARGET_DIR=/opt/rustwide/target" "-e" "CARGO_HOME=/opt/rustwide/cargo-home" "-e" "RUSTUP_HOME=/opt/rustwide/rustup-home" "-w" "/opt/rustwide/workdir" "-m" "1610612736" "--user" "0:0" "--network" "none" "ghcr.io/rust-lang/crates-build-env/linux@sha256:5ff2268d62e97bff2cde7d5815dd6ed5b47097566f13b8d0ca110b04b60e07ed" "/opt/rustwide/cargo-home/bin/cargo" "+beta-2023-04-20" "metadata" "--no-deps" "--format-version=1", kill_on_drop: false }`
[INFO] [stdout] be010e75f72b0154b16eb7a406aa14d01f97aa84fad70a5be4bf35a7a401488b
[INFO] running `Command { std: "docker" "start" "-a" "be010e75f72b0154b16eb7a406aa14d01f97aa84fad70a5be4bf35a7a401488b", kill_on_drop: false }`
[INFO] running `Command { std: "docker" "inspect" "be010e75f72b0154b16eb7a406aa14d01f97aa84fad70a5be4bf35a7a401488b", kill_on_drop: false }`
[INFO] running `Command { std: "docker" "rm" "-f" "be010e75f72b0154b16eb7a406aa14d01f97aa84fad70a5be4bf35a7a401488b", kill_on_drop: false }`
[INFO] [stdout] be010e75f72b0154b16eb7a406aa14d01f97aa84fad70a5be4bf35a7a401488b
[INFO] running `Command { std: "docker" "create" "-v" "/var/lib/crater-agent-workspace/builds/worker-5-tc2/target:/opt/rustwide/target:rw,Z" "-v" "/var/lib/crater-agent-workspace/builds/worker-5-tc2/source:/opt/rustwide/workdir:ro,Z" "-v" "/var/lib/crater-agent-workspace/cargo-home:/opt/rustwide/cargo-home:ro,Z" "-v" "/var/lib/crater-agent-workspace/rustup-home:/opt/rustwide/rustup-home:ro,Z" "-e" "SOURCE_DIR=/opt/rustwide/workdir" "-e" "CARGO_TARGET_DIR=/opt/rustwide/target" "-e" "CARGO_INCREMENTAL=0" "-e" "RUST_BACKTRACE=full" "-e" "RUSTFLAGS=--cap-lints=warn" "-e" "RUSTDOCFLAGS=--cap-lints=warn" "-e" "CARGO_HOME=/opt/rustwide/cargo-home" "-e" "RUSTUP_HOME=/opt/rustwide/rustup-home" "-w" "/opt/rustwide/workdir" "-m" "1610612736" "--user" "0:0" "--network" "none" "ghcr.io/rust-lang/crates-build-env/linux@sha256:5ff2268d62e97bff2cde7d5815dd6ed5b47097566f13b8d0ca110b04b60e07ed" "/opt/rustwide/cargo-home/bin/cargo" "+beta-2023-04-20" "build" "--frozen" "--message-format=json", kill_on_drop: false }`
[INFO] [stdout] 14cdd005185fe6f698ac3fbc0d237c767cb44712530ef0cf2e61ad7e309140cf
[INFO] running `Command { std: "docker" "start" "-a" "14cdd005185fe6f698ac3fbc0d237c767cb44712530ef0cf2e61ad7e309140cf", kill_on_drop: false }`
[INFO] [stderr]    Compiling libc v0.2.66
[INFO] [stderr]    Compiling log v0.4.8
[INFO] [stderr]    Compiling cfg-if v0.1.10
[INFO] [stderr]    Compiling fs2 v0.4.3
[INFO] [stderr]    Compiling db-core v0.2.1 (/opt/rustwide/workdir)
[INFO] [stdout] warning: use of deprecated type alias `std::alloc::LayoutErr`: Name does not follow std convention, use LayoutError
[INFO] [stdout]    --> src/common/errors.rs:219:17
[INFO] [stdout]     |
[INFO] [stdout] 219 |     std::alloc::LayoutErr, IncorrectLayout, layout_err,
[INFO] [stdout]     |                 ^^^^^^^^^
[INFO] [stdout]     |
[INFO] [stdout]     = note: `#[warn(deprecated)]` on by default
[INFO] [stdout] 
[INFO] [stdout] 
[INFO] [stdout] warning: use of deprecated type alias `std::alloc::LayoutErr`: Name does not follow std convention, use LayoutError
[INFO] [stdout]    --> src/common/errors.rs:209:79
[INFO] [stdout]     |
[INFO] [stdout] 209 |     IncorrectLayout             , incorrect_layout              , std::alloc::LayoutErr,
[INFO] [stdout]     |                                                                               ^^^^^^^^^
[INFO] [stdout] 
[INFO] [stdout] 
[INFO] [stdout] warning: use of deprecated function `std::sync::atomic::spin_loop_hint`: use hint::spin_loop instead
[INFO] [stdout]    --> src/common/intercom.rs:202:33
[INFO] [stdout]     |
[INFO] [stdout] 202 |             core::sync::atomic::spin_loop_hint();
[INFO] [stdout]     |                                 ^^^^^^^^^^^^^^
[INFO] [stdout] 
[INFO] [stdout] 
[INFO] [stdout] warning: use of deprecated method `std::sync::atomic::AtomicUsize::compare_and_swap`: Use `compare_exchange` or `compare_exchange_weak` instead
[INFO] [stdout]    --> src/log_mgr/buf.rs:112:52
[INFO] [stdout]     |
[INFO] [stdout] 112 |             let cur_acq_size = self.acquire_size.0.compare_and_swap(
[INFO] [stdout]     |                                                    ^^^^^^^^^^^^^^^^
[INFO] [stdout] 
[INFO] [stdout] 
[INFO] [stdout] warning: use of deprecated method `std::sync::atomic::AtomicUsize::compare_and_swap`: Use `compare_exchange` or `compare_exchange_weak` instead
[INFO] [stdout]    --> src/log_mgr/buf.rs:182:52
[INFO] [stdout]     |
[INFO] [stdout] 182 |             let cur_acq_size = self.acquire_size.0.compare_and_swap(
[INFO] [stdout]     |                                                    ^^^^^^^^^^^^^^^^
[INFO] [stdout] 
[INFO] [stdout] 
[INFO] [stdout] warning: field `write_ready` is never read
[INFO] [stdout]   --> src/buf_mgr/buf_writer.rs:32:5
[INFO] [stdout]    |
[INFO] [stdout] 29 | pub struct BufWriter {
[INFO] [stdout]    |            --------- field in this struct
[INFO] [stdout] ...
[INFO] [stdout] 32 |     write_ready:        SyncNotification<usize>,
[INFO] [stdout]    |     ^^^^^^^^^^^
[INFO] [stdout]    |
[INFO] [stdout]    = note: `BufWriter` has a derived impl for the trait `Clone`, but this is intentionally ignored during dead code analysis
[INFO] [stdout]    = note: `#[warn(dead_code)]` on by default
[INFO] [stdout] 
[INFO] [stdout] 
[INFO] [stdout] warning: fields `wait_time` and `wait_count` are never read
[INFO] [stdout]    --> src/log_mgr/buf.rs:244:5
[INFO] [stdout]     |
[INFO] [stdout] 243 | pub struct Metrics {
[INFO] [stdout]     |            ------- fields in this struct
[INFO] [stdout] 244 |     wait_time:   u64,
[INFO] [stdout]     |     ^^^^^^^^^
[INFO] [stdout] 245 |     wait_count:  u64,
[INFO] [stdout]     |     ^^^^^^^^^^
[INFO] [stdout]     |
[INFO] [stdout]     = note: `Metrics` has a derived impl for the trait `Debug`, but this is intentionally ignored during dead code analysis
[INFO] [stdout] 
[INFO] [stdout] 
[INFO] [stdout] warning: method `set_extent_bit` is never used
[INFO] [stdout]    --> src/block_mgr/free_info.rs:121:12
[INFO] [stdout]     |
[INFO] [stdout] 36  | impl FreeInfo {
[INFO] [stdout]     | ------------- method in this implementation
[INFO] [stdout] ...
[INFO] [stdout] 121 |     pub fn set_extent_bit(&self, file_id: u16, extent_id: u16, set: bool) -> Result<(), Error> {
[INFO] [stdout]     |            ^^^^^^^^^^^^^^
[INFO] [stdout] 
[INFO] [stdout] 
[INFO] [stdout] warning: method `used_iter` is never used
[INFO] [stdout]    --> src/block_mgr/free_info.rs:321:12
[INFO] [stdout]     |
[INFO] [stdout] 305 | impl FiData {
[INFO] [stdout]     | ----------- method in this implementation
[INFO] [stdout] ...
[INFO] [stdout] 321 |     pub fn used_iter(&self) -> FiDataIter {
[INFO] [stdout]     |            ^^^^^^^^^
[INFO] [stdout] 
[INFO] [stdout] 
[INFO] [stdout] warning: method `delete_entry` is never used
[INFO] [stdout]    --> src/block_mgr/block.rs:276:12
[INFO] [stdout]     |
[INFO] [stdout] 131 | impl<'a> DataBlock<'a> {
[INFO] [stdout]     | ---------------------- method in this implementation
[INFO] [stdout] ...
[INFO] [stdout] 276 |     pub fn delete_entry(&mut self, entry_id: u16) {
[INFO] [stdout]     |            ^^^^^^^^^^^^
[INFO] [stdout] 
[INFO] [stdout] 
[INFO] [stdout] warning: methods `mark_extent_full` and `set_free_info_free` are never used
[INFO] [stdout]    --> src/block_mgr/allocator.rs:93:12
[INFO] [stdout]     |
[INFO] [stdout] 37  | impl BlockAllocator {
[INFO] [stdout]     | ------------------- methods in this implementation
[INFO] [stdout] ...
[INFO] [stdout] 93  |     pub fn mark_extent_full(&self, file_id: u16, extent_id: u16) -> Result<(), Error> {
[INFO] [stdout]     |            ^^^^^^^^^^^^^^^^
[INFO] [stdout] ...
[INFO] [stdout] 127 |     pub fn set_free_info_free(&self, block_id: &BlockId) -> Result<(), Error> {
[INFO] [stdout]     |            ^^^^^^^^^^^^^^^^^^
[INFO] [stdout] 
[INFO] [stdout] 
[INFO] [stdout] warning: 11 warnings emitted
[INFO] [stdout] 
[INFO] [stdout] 
[INFO] [stderr]     Finished dev [unoptimized + debuginfo] target(s) in 3.89s
[INFO] running `Command { std: "docker" "inspect" "14cdd005185fe6f698ac3fbc0d237c767cb44712530ef0cf2e61ad7e309140cf", kill_on_drop: false }`
[INFO] running `Command { std: "docker" "rm" "-f" "14cdd005185fe6f698ac3fbc0d237c767cb44712530ef0cf2e61ad7e309140cf", kill_on_drop: false }`
[INFO] [stdout] 14cdd005185fe6f698ac3fbc0d237c767cb44712530ef0cf2e61ad7e309140cf
[INFO] running `Command { std: "docker" "create" "-v" "/var/lib/crater-agent-workspace/builds/worker-5-tc2/target:/opt/rustwide/target:rw,Z" "-v" "/var/lib/crater-agent-workspace/builds/worker-5-tc2/source:/opt/rustwide/workdir:ro,Z" "-v" "/var/lib/crater-agent-workspace/cargo-home:/opt/rustwide/cargo-home:ro,Z" "-v" "/var/lib/crater-agent-workspace/rustup-home:/opt/rustwide/rustup-home:ro,Z" "-e" "SOURCE_DIR=/opt/rustwide/workdir" "-e" "CARGO_TARGET_DIR=/opt/rustwide/target" "-e" "CARGO_INCREMENTAL=0" "-e" "RUST_BACKTRACE=full" "-e" "RUSTFLAGS=--cap-lints=warn" "-e" "RUSTDOCFLAGS=--cap-lints=warn" "-e" "CARGO_HOME=/opt/rustwide/cargo-home" "-e" "RUSTUP_HOME=/opt/rustwide/rustup-home" "-w" "/opt/rustwide/workdir" "-m" "1610612736" "--user" "0:0" "--network" "none" "ghcr.io/rust-lang/crates-build-env/linux@sha256:5ff2268d62e97bff2cde7d5815dd6ed5b47097566f13b8d0ca110b04b60e07ed" "/opt/rustwide/cargo-home/bin/cargo" "+beta-2023-04-20" "test" "--frozen" "--no-run" "--message-format=json", kill_on_drop: false }`
[INFO] [stdout] 53dda92d71a65cfe552b6c66e9128b436946086099876e5a4115063ad3eef6b5
[INFO] running `Command { std: "docker" "start" "-a" "53dda92d71a65cfe552b6c66e9128b436946086099876e5a4115063ad3eef6b5", kill_on_drop: false }`
[INFO] [stderr]    Compiling cfg-if v1.0.0
[INFO] [stderr]    Compiling ppv-lite86 v0.2.10
[INFO] [stdout] warning: use of deprecated type alias `std::alloc::LayoutErr`: Name does not follow std convention, use LayoutError
[INFO] [stdout]    --> src/common/errors.rs:219:17
[INFO] [stdout]     |
[INFO] [stdout] 219 |     std::alloc::LayoutErr, IncorrectLayout, layout_err,
[INFO] [stdout]     |                 ^^^^^^^^^
[INFO] [stdout]     |
[INFO] [stdout]     = note: `#[warn(deprecated)]` on by default
[INFO] [stdout] 
[INFO] [stdout] 
[INFO] [stdout] warning: use of deprecated type alias `std::alloc::LayoutErr`: Name does not follow std convention, use LayoutError
[INFO] [stdout]    --> src/common/errors.rs:209:79
[INFO] [stdout]     |
[INFO] [stdout] 209 |     IncorrectLayout             , incorrect_layout              , std::alloc::LayoutErr,
[INFO] [stdout]     |                                                                               ^^^^^^^^^
[INFO] [stdout] 
[INFO] [stdout] 
[INFO] [stdout] warning: use of deprecated function `std::sync::atomic::spin_loop_hint`: use hint::spin_loop instead
[INFO] [stdout]    --> src/common/intercom.rs:202:33
[INFO] [stdout]     |
[INFO] [stdout] 202 |             core::sync::atomic::spin_loop_hint();
[INFO] [stdout]     |                                 ^^^^^^^^^^^^^^
[INFO] [stdout] 
[INFO] [stdout] 
[INFO] [stdout] warning: use of deprecated method `std::sync::atomic::AtomicUsize::compare_and_swap`: Use `compare_exchange` or `compare_exchange_weak` instead
[INFO] [stdout]    --> src/log_mgr/buf.rs:112:52
[INFO] [stdout]     |
[INFO] [stdout] 112 |             let cur_acq_size = self.acquire_size.0.compare_and_swap(
[INFO] [stdout]     |                                                    ^^^^^^^^^^^^^^^^
[INFO] [stdout] 
[INFO] [stdout] 
[INFO] [stdout] warning: use of deprecated method `std::sync::atomic::AtomicUsize::compare_and_swap`: Use `compare_exchange` or `compare_exchange_weak` instead
[INFO] [stdout]    --> src/log_mgr/buf.rs:182:52
[INFO] [stdout]     |
[INFO] [stdout] 182 |             let cur_acq_size = self.acquire_size.0.compare_and_swap(
[INFO] [stdout]     |                                                    ^^^^^^^^^^^^^^^^
[INFO] [stdout] 
[INFO] [stdout] 
[INFO] [stdout] warning: field `write_ready` is never read
[INFO] [stdout]   --> src/buf_mgr/buf_writer.rs:32:5
[INFO] [stdout]    |
[INFO] [stdout] 29 | pub struct BufWriter {
[INFO] [stdout]    |            --------- field in this struct
[INFO] [stdout] ...
[INFO] [stdout] 32 |     write_ready:        SyncNotification<usize>,
[INFO] [stdout]    |     ^^^^^^^^^^^
[INFO] [stdout]    |
[INFO] [stdout]    = note: `BufWriter` has a derived impl for the trait `Clone`, but this is intentionally ignored during dead code analysis
[INFO] [stdout]    = note: `#[warn(dead_code)]` on by default
[INFO] [stdout] 
[INFO] [stdout] 
[INFO] [stdout] warning: fields `wait_time` and `wait_count` are never read
[INFO] [stdout]    --> src/log_mgr/buf.rs:244:5
[INFO] [stdout]     |
[INFO] [stdout] 243 | pub struct Metrics {
[INFO] [stdout]     |            ------- fields in this struct
[INFO] [stdout] 244 |     wait_time:   u64,
[INFO] [stdout]     |     ^^^^^^^^^
[INFO] [stdout] 245 |     wait_count:  u64,
[INFO] [stdout]     |     ^^^^^^^^^^
[INFO] [stdout]     |
[INFO] [stdout]     = note: `Metrics` has a derived impl for the trait `Debug`, but this is intentionally ignored during dead code analysis
[INFO] [stdout] 
[INFO] [stdout] 
[INFO] [stdout] warning: method `set_extent_bit` is never used
[INFO] [stdout]    --> src/block_mgr/free_info.rs:121:12
[INFO] [stdout]     |
[INFO] [stdout] 36  | impl FreeInfo {
[INFO] [stdout]     | ------------- method in this implementation
[INFO] [stdout] ...
[INFO] [stdout] 121 |     pub fn set_extent_bit(&self, file_id: u16, extent_id: u16, set: bool) -> Result<(), Error> {
[INFO] [stdout]     |            ^^^^^^^^^^^^^^
[INFO] [stdout] 
[INFO] [stdout] 
[INFO] [stdout] warning: method `used_iter` is never used
[INFO] [stdout]    --> src/block_mgr/free_info.rs:321:12
[INFO] [stdout]     |
[INFO] [stdout] 305 | impl FiData {
[INFO] [stdout]     | ----------- method in this implementation
[INFO] [stdout] ...
[INFO] [stdout] 321 |     pub fn used_iter(&self) -> FiDataIter {
[INFO] [stdout]     |            ^^^^^^^^^
[INFO] [stdout] 
[INFO] [stdout] 
[INFO] [stdout] warning: method `delete_entry` is never used
[INFO] [stdout]    --> src/block_mgr/block.rs:276:12
[INFO] [stdout]     |
[INFO] [stdout] 131 | impl<'a> DataBlock<'a> {
[INFO] [stdout]     | ---------------------- method in this implementation
[INFO] [stdout] ...
[INFO] [stdout] 276 |     pub fn delete_entry(&mut self, entry_id: u16) {
[INFO] [stdout]     |            ^^^^^^^^^^^^
[INFO] [stdout] 
[INFO] [stdout] 
[INFO] [stdout] warning: methods `mark_extent_full` and `set_free_info_free` are never used
[INFO] [stdout]    --> src/block_mgr/allocator.rs:93:12
[INFO] [stdout]     |
[INFO] [stdout] 37  | impl BlockAllocator {
[INFO] [stdout]     | ------------------- methods in this implementation
[INFO] [stdout] ...
[INFO] [stdout] 93  |     pub fn mark_extent_full(&self, file_id: u16, extent_id: u16) -> Result<(), Error> {
[INFO] [stdout]     |            ^^^^^^^^^^^^^^^^
[INFO] [stdout] ...
[INFO] [stdout] 127 |     pub fn set_free_info_free(&self, block_id: &BlockId) -> Result<(), Error> {
[INFO] [stdout]     |            ^^^^^^^^^^^^^^^^^^
[INFO] [stdout] 
[INFO] [stdout] 
[INFO] [stdout] warning: 11 warnings emitted
[INFO] [stdout] 
[INFO] [stdout] 
[INFO] [stderr]    Compiling getrandom v0.2.3
[INFO] [stderr]    Compiling rand_core v0.6.3
[INFO] [stderr]    Compiling rand_chacha v0.3.1
[INFO] [stderr]    Compiling rand v0.8.4
[INFO] [stderr]    Compiling db-core v0.2.1 (/opt/rustwide/workdir)
[INFO] [stdout] warning: use of deprecated type alias `std::alloc::LayoutErr`: Name does not follow std convention, use LayoutError
[INFO] [stdout]    --> src/common/errors.rs:219:17
[INFO] [stdout]     |
[INFO] [stdout] 219 |     std::alloc::LayoutErr, IncorrectLayout, layout_err,
[INFO] [stdout]     |                 ^^^^^^^^^
[INFO] [stdout]     |
[INFO] [stdout]     = note: `#[warn(deprecated)]` on by default
[INFO] [stdout] 
[INFO] [stdout] 
[INFO] [stdout] warning: use of deprecated type alias `std::alloc::LayoutErr`: Name does not follow std convention, use LayoutError
[INFO] [stdout]    --> src/common/errors.rs:209:79
[INFO] [stdout]     |
[INFO] [stdout] 209 |     IncorrectLayout             , incorrect_layout              , std::alloc::LayoutErr,
[INFO] [stdout]     |                                                                               ^^^^^^^^^
[INFO] [stdout] 
[INFO] [stdout] 
[INFO] [stdout] warning: use of deprecated function `std::sync::atomic::spin_loop_hint`: use hint::spin_loop instead
[INFO] [stdout]    --> src/common/intercom.rs:202:33
[INFO] [stdout]     |
[INFO] [stdout] 202 |             core::sync::atomic::spin_loop_hint();
[INFO] [stdout]     |                                 ^^^^^^^^^^^^^^
[INFO] [stdout] 
[INFO] [stdout] 
[INFO] [stdout] warning: use of deprecated method `std::sync::atomic::AtomicUsize::compare_and_swap`: Use `compare_exchange` or `compare_exchange_weak` instead
[INFO] [stdout]    --> src/log_mgr/buf.rs:112:52
[INFO] [stdout]     |
[INFO] [stdout] 112 |             let cur_acq_size = self.acquire_size.0.compare_and_swap(
[INFO] [stdout]     |                                                    ^^^^^^^^^^^^^^^^
[INFO] [stdout] 
[INFO] [stdout] 
[INFO] [stdout] warning: use of deprecated method `std::sync::atomic::AtomicUsize::compare_and_swap`: Use `compare_exchange` or `compare_exchange_weak` instead
[INFO] [stdout]    --> src/log_mgr/buf.rs:182:52
[INFO] [stdout]     |
[INFO] [stdout] 182 |             let cur_acq_size = self.acquire_size.0.compare_and_swap(
[INFO] [stdout]     |                                                    ^^^^^^^^^^^^^^^^
[INFO] [stdout] 
[INFO] [stdout] 
[INFO] [stdout] warning: field `write_ready` is never read
[INFO] [stdout]   --> src/buf_mgr/buf_writer.rs:32:5
[INFO] [stdout]    |
[INFO] [stdout] 29 | pub struct BufWriter {
[INFO] [stdout]    |            --------- field in this struct
[INFO] [stdout] ...
[INFO] [stdout] 32 |     write_ready:        SyncNotification<usize>,
[INFO] [stdout]    |     ^^^^^^^^^^^
[INFO] [stdout]    |
[INFO] [stdout]    = note: `BufWriter` has a derived impl for the trait `Clone`, but this is intentionally ignored during dead code analysis
[INFO] [stdout]    = note: `#[warn(dead_code)]` on by default
[INFO] [stdout] 
[INFO] [stdout] 
[INFO] [stdout] warning: fields `wait_time` and `wait_count` are never read
[INFO] [stdout]    --> src/log_mgr/buf.rs:244:5
[INFO] [stdout]     |
[INFO] [stdout] 243 | pub struct Metrics {
[INFO] [stdout]     |            ------- fields in this struct
[INFO] [stdout] 244 |     wait_time:   u64,
[INFO] [stdout]     |     ^^^^^^^^^
[INFO] [stdout] 245 |     wait_count:  u64,
[INFO] [stdout]     |     ^^^^^^^^^^
[INFO] [stdout]     |
[INFO] [stdout]     = note: `Metrics` has a derived impl for the trait `Debug`, but this is intentionally ignored during dead code analysis
[INFO] [stdout] 
[INFO] [stdout] 
[INFO] [stdout] warning: method `mark_extent_full` is never used
[INFO] [stdout]   --> src/block_mgr/allocator.rs:93:12
[INFO] [stdout]    |
[INFO] [stdout] 37 | impl BlockAllocator {
[INFO] [stdout]    | ------------------- method in this implementation
[INFO] [stdout] ...
[INFO] [stdout] 93 |     pub fn mark_extent_full(&self, file_id: u16, extent_id: u16) -> Result<(), Error> {
[INFO] [stdout]    |            ^^^^^^^^^^^^^^^^
[INFO] [stdout] 
[INFO] [stdout] 
[INFO] [stdout] warning: unused borrow that must be used
[INFO] [stdout]     --> src/block_mgr/block.rs:1128:9
[INFO] [stdout]      |
[INFO] [stdout] 1128 |         &mut entry4_buf.copy_from_slice(entry.data);
[INFO] [stdout]      |         ^^^^^^^^^^^^^^^^^^^^^^^^^^^^^^^^^^^^^^^^^^^ the borrow produces a value
[INFO] [stdout]      |
[INFO] [stdout]      = note: `#[warn(unused_must_use)]` on by default
[INFO] [stdout] help: use `let _ = ...` to ignore the resulting value
[INFO] [stdout]      |
[INFO] [stdout] 1128 |         let _ = &mut entry4_buf.copy_from_slice(entry.data);
[INFO] [stdout]      |         +++++++
[INFO] [stdout] 
[INFO] [stdout] 
[INFO] [stdout] warning: 9 warnings emitted
[INFO] [stdout] 
[INFO] [stdout] 
[INFO] [stderr]     Finished test [unoptimized + debuginfo] target(s) in 3.78s
[INFO] running `Command { std: "docker" "inspect" "53dda92d71a65cfe552b6c66e9128b436946086099876e5a4115063ad3eef6b5", kill_on_drop: false }`
[INFO] running `Command { std: "docker" "rm" "-f" "53dda92d71a65cfe552b6c66e9128b436946086099876e5a4115063ad3eef6b5", kill_on_drop: false }`
[INFO] [stdout] 53dda92d71a65cfe552b6c66e9128b436946086099876e5a4115063ad3eef6b5
[INFO] running `Command { std: "docker" "create" "-v" "/var/lib/crater-agent-workspace/builds/worker-5-tc2/target:/opt/rustwide/target:rw,Z" "-v" "/var/lib/crater-agent-workspace/builds/worker-5-tc2/source:/opt/rustwide/workdir:ro,Z" "-v" "/var/lib/crater-agent-workspace/cargo-home:/opt/rustwide/cargo-home:ro,Z" "-v" "/var/lib/crater-agent-workspace/rustup-home:/opt/rustwide/rustup-home:ro,Z" "-e" "SOURCE_DIR=/opt/rustwide/workdir" "-e" "CARGO_TARGET_DIR=/opt/rustwide/target" "-e" "CARGO_INCREMENTAL=0" "-e" "RUST_BACKTRACE=full" "-e" "RUSTFLAGS=--cap-lints=warn" "-e" "RUSTDOCFLAGS=--cap-lints=warn" "-e" "CARGO_HOME=/opt/rustwide/cargo-home" "-e" "RUSTUP_HOME=/opt/rustwide/rustup-home" "-w" "/opt/rustwide/workdir" "-m" "1610612736" "--user" "0:0" "--network" "none" "ghcr.io/rust-lang/crates-build-env/linux@sha256:5ff2268d62e97bff2cde7d5815dd6ed5b47097566f13b8d0ca110b04b60e07ed" "/opt/rustwide/cargo-home/bin/cargo" "+beta-2023-04-20" "test" "--frozen", kill_on_drop: false }`
[INFO] [stdout] 4d60b3bd82632f02a7f3d311cf88402d364e39f350deb78b3378357bc8c984c3
[INFO] running `Command { std: "docker" "start" "-a" "4d60b3bd82632f02a7f3d311cf88402d364e39f350deb78b3378357bc8c984c3", kill_on_drop: false }`
[INFO] [stderr] warning: use of deprecated type alias `std::alloc::LayoutErr`: Name does not follow std convention, use LayoutError
[INFO] [stderr]    --> src/common/errors.rs:219:17
[INFO] [stderr]     |
[INFO] [stderr] 219 |     std::alloc::LayoutErr, IncorrectLayout, layout_err,
[INFO] [stderr]     |                 ^^^^^^^^^
[INFO] [stderr]     |
[INFO] [stderr]     = note: `#[warn(deprecated)]` on by default
[INFO] [stderr] 
[INFO] [stderr] warning: use of deprecated type alias `std::alloc::LayoutErr`: Name does not follow std convention, use LayoutError
[INFO] [stderr]    --> src/common/errors.rs:209:79
[INFO] [stderr]     |
[INFO] [stderr] 209 |     IncorrectLayout             , incorrect_layout              , std::alloc::LayoutErr,
[INFO] [stderr]     |                                                                               ^^^^^^^^^
[INFO] [stderr] 
[INFO] [stderr] warning: use of deprecated function `std::sync::atomic::spin_loop_hint`: use hint::spin_loop instead
[INFO] [stderr]    --> src/common/intercom.rs:202:33
[INFO] [stderr]     |
[INFO] [stderr] 202 |             core::sync::atomic::spin_loop_hint();
[INFO] [stderr]     |                                 ^^^^^^^^^^^^^^
[INFO] [stderr] 
[INFO] [stderr] warning: use of deprecated method `std::sync::atomic::AtomicUsize::compare_and_swap`: Use `compare_exchange` or `compare_exchange_weak` instead
[INFO] [stderr]    --> src/log_mgr/buf.rs:112:52
[INFO] [stderr]     |
[INFO] [stderr] 112 |             let cur_acq_size = self.acquire_size.0.compare_and_swap(
[INFO] [stderr]     |                                                    ^^^^^^^^^^^^^^^^
[INFO] [stderr] 
[INFO] [stderr] warning: use of deprecated method `std::sync::atomic::AtomicUsize::compare_and_swap`: Use `compare_exchange` or `compare_exchange_weak` instead
[INFO] [stderr]    --> src/log_mgr/buf.rs:182:52
[INFO] [stderr]     |
[INFO] [stderr] 182 |             let cur_acq_size = self.acquire_size.0.compare_and_swap(
[INFO] [stderr]     |                                                    ^^^^^^^^^^^^^^^^
[INFO] [stderr] 
[INFO] [stderr] warning: field `write_ready` is never read
[INFO] [stderr]   --> src/buf_mgr/buf_writer.rs:32:5
[INFO] [stderr]    |
[INFO] [stderr] 29 | pub struct BufWriter {
[INFO] [stderr]    |            --------- field in this struct
[INFO] [stderr] ...
[INFO] [stderr] 32 |     write_ready:        SyncNotification<usize>,
[INFO] [stderr]    |     ^^^^^^^^^^^
[INFO] [stderr]    |
[INFO] [stderr]    = note: `BufWriter` has a derived impl for the trait `Clone`, but this is intentionally ignored during dead code analysis
[INFO] [stderr]    = note: `#[warn(dead_code)]` on by default
[INFO] [stderr] 
[INFO] [stderr] warning: fields `wait_time` and `wait_count` are never read
[INFO] [stderr]    --> src/log_mgr/buf.rs:244:5
[INFO] [stderr]     |
[INFO] [stderr] 243 | pub struct Metrics {
[INFO] [stderr]     |            ------- fields in this struct
[INFO] [stderr] 244 |     wait_time:   u64,
[INFO] [stderr]     |     ^^^^^^^^^
[INFO] [stderr] 245 |     wait_count:  u64,
[INFO] [stderr]     |     ^^^^^^^^^^
[INFO] [stderr]     |
[INFO] [stderr]     = note: `Metrics` has a derived impl for the trait `Debug`, but this is intentionally ignored during dead code analysis
[INFO] [stderr] 
[INFO] [stderr] warning: method `set_extent_bit` is never used
[INFO] [stderr]    --> src/block_mgr/free_info.rs:121:12
[INFO] [stderr]     |
[INFO] [stderr] 36  | impl FreeInfo {
[INFO] [stderr]     | ------------- method in this implementation
[INFO] [stderr] ...
[INFO] [stderr] 121 |     pub fn set_extent_bit(&self, file_id: u16, extent_id: u16, set: bool) -> Result<(), Error> {
[INFO] [stderr]     |            ^^^^^^^^^^^^^^
[INFO] [stderr] 
[INFO] [stderr] warning: method `used_iter` is never used
[INFO] [stderr]    --> src/block_mgr/free_info.rs:321:12
[INFO] [stderr]     |
[INFO] [stderr] 305 | impl FiData {
[INFO] [stderr]     | ----------- method in this implementation
[INFO] [stderr] ...
[INFO] [stderr] 321 |     pub fn used_iter(&self) -> FiDataIter {
[INFO] [stderr]     |            ^^^^^^^^^
[INFO] [stderr] 
[INFO] [stderr] warning: method `delete_entry` is never used
[INFO] [stderr]    --> src/block_mgr/block.rs:276:12
[INFO] [stderr]     |
[INFO] [stderr] 131 | impl<'a> DataBlock<'a> {
[INFO] [stderr]     | ---------------------- method in this implementation
[INFO] [stderr] ...
[INFO] [stderr] 276 |     pub fn delete_entry(&mut self, entry_id: u16) {
[INFO] [stderr]     |            ^^^^^^^^^^^^
[INFO] [stderr] 
[INFO] [stderr] warning: methods `mark_extent_full` and `set_free_info_free` are never used
[INFO] [stderr]    --> src/block_mgr/allocator.rs:93:12
[INFO] [stderr]     |
[INFO] [stderr] 37  | impl BlockAllocator {
[INFO] [stderr]     | ------------------- methods in this implementation
[INFO] [stderr] ...
[INFO] [stderr] 93  |     pub fn mark_extent_full(&self, file_id: u16, extent_id: u16) -> Result<(), Error> {
[INFO] [stderr]     |            ^^^^^^^^^^^^^^^^
[INFO] [stderr] ...
[INFO] [stderr] 127 |     pub fn set_free_info_free(&self, block_id: &BlockId) -> Result<(), Error> {
[INFO] [stderr]     |            ^^^^^^^^^^^^^^^^^^
[INFO] [stderr] 
[INFO] [stderr] warning: `db-core` (lib) generated 11 warnings
[INFO] [stderr] warning: method `mark_extent_full` is never used
[INFO] [stderr]   --> src/block_mgr/allocator.rs:93:12
[INFO] [stderr]    |
[INFO] [stderr] 37 | impl BlockAllocator {
[INFO] [stderr]    | ------------------- method in this implementation
[INFO] [stderr] ...
[INFO] [stderr] 93 |     pub fn mark_extent_full(&self, file_id: u16, extent_id: u16) -> Result<(), Error> {
[INFO] [stderr]    |            ^^^^^^^^^^^^^^^^
[INFO] [stderr] 
[INFO] [stderr] warning: unused borrow that must be used
[INFO] [stderr]     --> src/block_mgr/block.rs:1128:9
[INFO] [stderr]      |
[INFO] [stderr] 1128 |         &mut entry4_buf.copy_from_slice(entry.data);
[INFO] [stderr]      |         ^^^^^^^^^^^^^^^^^^^^^^^^^^^^^^^^^^^^^^^^^^^ the borrow produces a value
[INFO] [stderr]      |
[INFO] [stderr]      = note: `#[warn(unused_must_use)]` on by default
[INFO] [stderr] help: use `let _ = ...` to ignore the resulting value
[INFO] [stderr]      |
[INFO] [stderr] 1128 |         let _ = &mut entry4_buf.copy_from_slice(entry.data);
[INFO] [stderr]      |         +++++++
[INFO] [stderr] 
[INFO] [stderr] warning: `db-core` (lib test) generated 9 warnings (7 duplicates)
[INFO] [stderr]     Finished test [unoptimized + debuginfo] target(s) in 0.01s
[INFO] [stderr]      Running unittests src/lib.rs (/opt/rustwide/target/debug/deps/db_core-36e171499f264926)
[INFO] [stdout] 
[INFO] [stdout] running 21 tests
[INFO] [stdout] test buf_mgr::buf_mgr::tests::test ... ok
[INFO] [stdout] test block_mgr::block::tests::test_data_block ... ok
[INFO] [stdout] test block_mgr::block::tests::test_header_blocks ... ok
[INFO] [stdout] test common::crc32::tests::test_crc32 ... ok
[INFO] [stdout] test common::misc::tests::run_conversions ... ok
[INFO] [stdout] test log_mgr::buf::tests::too_big_size ... ok
[INFO] [stdout] test log_mgr::buf::tests::zero_size ... ok
[INFO] [stdout] test buf_mgr::buf_mgr::tests::test_buf_mgr ... ok
[INFO] [stdout] test log_mgr::log_mgr::tests::test_log_mgr ... ok
[INFO] [stdout] test storage::fs_ops::tests::traverse_test ... FAILED
[INFO] [stdout] test log_mgr::fs::tests::test_file_stream ... ok
[INFO] [stdout] test block_mgr::block_mgr::tests::test_block_mgr ... ok
[INFO] [stdout] test storage::datastore::tests::test_datastore ... ok
[INFO] [stdout] test storage::version_store::tests::test_version_store ... ok
[INFO] [stdout] test block_mgr::allocator::tests::test_allocator ... ok
[INFO] [stdout] test block_mgr::free_info::tests::test_free_info ... ok
[INFO] [stdout] test tran_mgr::tran_mgr::tests::test_tran_mgr ... ok
[INFO] [stdout] test storage::block_driver::tests::test_block_driver ... ok
[INFO] [stdout] test buf_mgr::buf_writer::tests::test_buf_writer ... ok
[INFO] [stdout] test system::instance::tests::test_instance ... ok
[INFO] [stdout] test storage::checkpoint_store::tests::test_checkpoint_store ... ok
[INFO] [stdout] 
[INFO] [stdout] failures:
[INFO] [stdout] 
[INFO] [stdout] ---- storage::fs_ops::tests::traverse_test stdout ----
[INFO] [stdout] thread 'storage::fs_ops::tests::traverse_test' panicked at 'called `Result::unwrap()` on an `Err` value: Os { code: 30, kind: ReadOnlyFilesystem, message: "Read-only file system" }', src/storage/fs_ops.rs:48:43
[INFO] [stdout] stack backtrace:
[INFO] [stdout]    0:     0x561df1334c0a - std::backtrace_rs::backtrace::libunwind::trace::h2f05d0192276a8f6
[INFO] [stdout]                                at /rustc/1b7dd2252b99671ce5d1cb9664c5f8636329436d/library/std/src/../../backtrace/src/backtrace/libunwind.rs:93:5
[INFO] [stdout]    1:     0x561df1334c0a - std::backtrace_rs::backtrace::trace_unsynchronized::hedc23dff7a1af150
[INFO] [stdout]                                at /rustc/1b7dd2252b99671ce5d1cb9664c5f8636329436d/library/std/src/../../backtrace/src/backtrace/mod.rs:66:5
[INFO] [stdout]    2:     0x561df1334c0a - std::sys_common::backtrace::_print_fmt::h17541ef7592f3ce2
[INFO] [stdout]                                at /rustc/1b7dd2252b99671ce5d1cb9664c5f8636329436d/library/std/src/sys_common/backtrace.rs:65:5
[INFO] [stdout]    3:     0x561df1334c0a - <std::sys_common::backtrace::_print::DisplayBacktrace as core::fmt::Display>::fmt::h20f75df5ab0c0792
[INFO] [stdout]                                at /rustc/1b7dd2252b99671ce5d1cb9664c5f8636329436d/library/std/src/sys_common/backtrace.rs:44:22
[INFO] [stdout]    4:     0x561df1359cdf - core::fmt::write::h78109e6f466b3af6
[INFO] [stdout]                                at /rustc/1b7dd2252b99671ce5d1cb9664c5f8636329436d/library/core/src/fmt/mod.rs:1254:17
[INFO] [stdout]    5:     0x561df1331985 - std::io::Write::write_fmt::hd24bfb68a1b35a25
[INFO] [stdout]                                at /rustc/1b7dd2252b99671ce5d1cb9664c5f8636329436d/library/std/src/io/mod.rs:1698:15
[INFO] [stdout]    6:     0x561df13349d5 - std::sys_common::backtrace::_print::h8dac57a9f8fbf9a5
[INFO] [stdout]                                at /rustc/1b7dd2252b99671ce5d1cb9664c5f8636329436d/library/std/src/sys_common/backtrace.rs:47:5
[INFO] [stdout]    7:     0x561df13349d5 - std::sys_common::backtrace::print::hf9ecbf41d1aa712f
[INFO] [stdout]                                at /rustc/1b7dd2252b99671ce5d1cb9664c5f8636329436d/library/std/src/sys_common/backtrace.rs:34:9
[INFO] [stdout]    8:     0x561df133668e - std::panicking::default_hook::{{closure}}::h04c07acfc84ca028
[INFO] [stdout]                                at /rustc/1b7dd2252b99671ce5d1cb9664c5f8636329436d/library/std/src/panicking.rs:269:22
[INFO] [stdout]    9:     0x561df13363c1 - std::panicking::default_hook::h01f6bb23e1eceb2c
[INFO] [stdout]                                at /rustc/1b7dd2252b99671ce5d1cb9664c5f8636329436d/library/std/src/panicking.rs:285:9
[INFO] [stdout]   10:     0x561df130609b - <alloc::boxed::Box<F,A> as core::ops::function::Fn<Args>>::call::h87fe9f7b2fd49e4c
[INFO] [stdout]                                at /rustc/1b7dd2252b99671ce5d1cb9664c5f8636329436d/library/alloc/src/boxed.rs:1987:9
[INFO] [stdout]   11:     0x561df130609b - test::test_main::{{closure}}::he94d679243a7531b
[INFO] [stdout]                                at /rustc/1b7dd2252b99671ce5d1cb9664c5f8636329436d/library/test/src/lib.rs:134:21
[INFO] [stdout]   12:     0x561df1336d74 - <alloc::boxed::Box<F,A> as core::ops::function::Fn<Args>>::call::h3f2d6d8b14c4769f
[INFO] [stdout]                                at /rustc/1b7dd2252b99671ce5d1cb9664c5f8636329436d/library/alloc/src/boxed.rs:1987:9
[INFO] [stdout]   13:     0x561df1336d74 - std::panicking::rust_panic_with_hook::h2bb3722bbaf2f6df
[INFO] [stdout]                                at /rustc/1b7dd2252b99671ce5d1cb9664c5f8636329436d/library/std/src/panicking.rs:695:13
[INFO] [stdout]   14:     0x561df1336ae9 - std::panicking::begin_panic_handler::{{closure}}::h91bc7f36a4be011b
[INFO] [stdout]                                at /rustc/1b7dd2252b99671ce5d1cb9664c5f8636329436d/library/std/src/panicking.rs:582:13
[INFO] [stdout]   15:     0x561df1335076 - std::sys_common::backtrace::__rust_end_short_backtrace::h8b3d3717114f9e59
[INFO] [stdout]                                at /rustc/1b7dd2252b99671ce5d1cb9664c5f8636329436d/library/std/src/sys_common/backtrace.rs:150:18
[INFO] [stdout]   16:     0x561df1336842 - rust_begin_unwind
[INFO] [stdout]                                at /rustc/1b7dd2252b99671ce5d1cb9664c5f8636329436d/library/std/src/panicking.rs:578:5
[INFO] [stdout]   17:     0x561df11c44a3 - core::panicking::panic_fmt::hfd368e3fbdabea26
[INFO] [stdout]                                at /rustc/1b7dd2252b99671ce5d1cb9664c5f8636329436d/library/core/src/panicking.rs:67:14
[INFO] [stdout]   18:     0x561df11c4a43 - core::result::unwrap_failed::he54eb4b2f125b26f
[INFO] [stdout]                                at /rustc/1b7dd2252b99671ce5d1cb9664c5f8636329436d/library/core/src/result.rs:1687:5
[INFO] [stdout]   19:     0x561df1215afd - core::result::Result<T,E>::unwrap::hd60dfc1aeb246c73
[INFO] [stdout]                                at /rustc/1b7dd2252b99671ce5d1cb9664c5f8636329436d/library/core/src/result.rs:1089:23
[INFO] [stdout]   20:     0x561df1250b74 - db_core::storage::fs_ops::tests::prepare_dir_tree::h5591fbec66b93def
[INFO] [stdout]                                at /opt/rustwide/workdir/src/storage/fs_ops.rs:48:13
[INFO] [stdout]   21:     0x561df12548c8 - db_core::storage::fs_ops::tests::traverse_test::h0442c6c4998dc896
[INFO] [stdout]                                at /opt/rustwide/workdir/src/storage/fs_ops.rs:74:9
[INFO] [stdout]   22:     0x561df12547e7 - db_core::storage::fs_ops::tests::traverse_test::{{closure}}::h1560727cac4fa3d4
[INFO] [stdout]                                at /opt/rustwide/workdir/src/storage/fs_ops.rs:65:24
[INFO] [stdout]   23:     0x561df122e1e5 - core::ops::function::FnOnce::call_once::h5bddd9c063c91861
[INFO] [stdout]                                at /rustc/1b7dd2252b99671ce5d1cb9664c5f8636329436d/library/core/src/ops/function.rs:250:5
[INFO] [stdout]   24:     0x561df130af6f - core::ops::function::FnOnce::call_once::ha6a70e79f7481a7e
[INFO] [stdout]                                at /rustc/1b7dd2252b99671ce5d1cb9664c5f8636329436d/library/core/src/ops/function.rs:250:5
[INFO] [stdout]   25:     0x561df130af6f - test::__rust_begin_short_backtrace::hce33033019b61e69
[INFO] [stdout]                                at /rustc/1b7dd2252b99671ce5d1cb9664c5f8636329436d/library/test/src/lib.rs:655:18
[INFO] [stdout]   26:     0x561df12d875c - test::run_test::{{closure}}::h858d3528838ae3e5
[INFO] [stdout]                                at /rustc/1b7dd2252b99671ce5d1cb9664c5f8636329436d/library/test/src/lib.rs:646:30
[INFO] [stdout]   27:     0x561df12d875c - core::ops::function::FnOnce::call_once{{vtable.shim}}::he8ac2b00f01ae79e
[INFO] [stdout]                                at /rustc/1b7dd2252b99671ce5d1cb9664c5f8636329436d/library/core/src/ops/function.rs:250:5
[INFO] [stdout]   28:     0x561df130a046 - <alloc::boxed::Box<F,A> as core::ops::function::FnOnce<Args>>::call_once::h8093d25b522725ef
[INFO] [stdout]                                at /rustc/1b7dd2252b99671ce5d1cb9664c5f8636329436d/library/alloc/src/boxed.rs:1973:9
[INFO] [stdout]   29:     0x561df130a046 - <core::panic::unwind_safe::AssertUnwindSafe<F> as core::ops::function::FnOnce<()>>::call_once::h5c334c204e4a3913
[INFO] [stdout]                                at /rustc/1b7dd2252b99671ce5d1cb9664c5f8636329436d/library/core/src/panic/unwind_safe.rs:271:9
[INFO] [stdout]   30:     0x561df130a046 - std::panicking::try::do_call::ha8b740c7b9478074
[INFO] [stdout]                                at /rustc/1b7dd2252b99671ce5d1cb9664c5f8636329436d/library/std/src/panicking.rs:485:40
[INFO] [stdout]   31:     0x561df130a046 - std::panicking::try::h5d34f63d0e41b64e
[INFO] [stdout]                                at /rustc/1b7dd2252b99671ce5d1cb9664c5f8636329436d/library/std/src/panicking.rs:449:19
[INFO] [stdout]   32:     0x561df130a046 - std::panic::catch_unwind::hcfbb511e1aa7fc67
[INFO] [stdout]                                at /rustc/1b7dd2252b99671ce5d1cb9664c5f8636329436d/library/std/src/panic.rs:140:14
[INFO] [stdout]   33:     0x561df130a046 - test::run_test_in_process::h9abda90f802eaf21
[INFO] [stdout]                                at /rustc/1b7dd2252b99671ce5d1cb9664c5f8636329436d/library/test/src/lib.rs:678:27
[INFO] [stdout]   34:     0x561df130a046 - test::run_test::run_test_inner::{{closure}}::h0f058de91f6c6edf
[INFO] [stdout]                                at /rustc/1b7dd2252b99671ce5d1cb9664c5f8636329436d/library/test/src/lib.rs:572:39
[INFO] [stdout]   35:     0x561df12d2f65 - test::run_test::run_test_inner::{{closure}}::h5ca48a4c59c6c1fb
[INFO] [stdout]                                at /rustc/1b7dd2252b99671ce5d1cb9664c5f8636329436d/library/test/src/lib.rs:599:37
[INFO] [stdout]   36:     0x561df12d2f65 - std::sys_common::backtrace::__rust_begin_short_backtrace::h32bd51e1495d4a33
[INFO] [stdout]                                at /rustc/1b7dd2252b99671ce5d1cb9664c5f8636329436d/library/std/src/sys_common/backtrace.rs:134:18
[INFO] [stdout]   37:     0x561df12d84a1 - std::thread::Builder::spawn_unchecked_::{{closure}}::{{closure}}::hc086fae9b128b2db
[INFO] [stdout]                                at /rustc/1b7dd2252b99671ce5d1cb9664c5f8636329436d/library/std/src/thread/mod.rs:526:17
[INFO] [stdout]   38:     0x561df12d84a1 - <core::panic::unwind_safe::AssertUnwindSafe<F> as core::ops::function::FnOnce<()>>::call_once::hb66571888d270d43
[INFO] [stdout]                                at /rustc/1b7dd2252b99671ce5d1cb9664c5f8636329436d/library/core/src/panic/unwind_safe.rs:271:9
[INFO] [stdout]   39:     0x561df12d84a1 - std::panicking::try::do_call::h4fa2ef4f6e51fecf
[INFO] [stdout]                                at /rustc/1b7dd2252b99671ce5d1cb9664c5f8636329436d/library/std/src/panicking.rs:485:40
[INFO] [stdout]   40:     0x561df12d84a1 - std::panicking::try::h1e9e22b8584489b5
[INFO] [stdout]                                at /rustc/1b7dd2252b99671ce5d1cb9664c5f8636329436d/library/std/src/panicking.rs:449:19
[INFO] [stdout]   41:     0x561df12d84a1 - std::panic::catch_unwind::h44698a3de0e0769e
[INFO] [stdout]                                at /rustc/1b7dd2252b99671ce5d1cb9664c5f8636329436d/library/std/src/panic.rs:140:14
[INFO] [stdout]   42:     0x561df12d84a1 - std::thread::Builder::spawn_unchecked_::{{closure}}::h50153abde3fe239e
[INFO] [stdout]                                at /rustc/1b7dd2252b99671ce5d1cb9664c5f8636329436d/library/std/src/thread/mod.rs:525:30
[INFO] [stdout]   43:     0x561df12d84a1 - core::ops::function::FnOnce::call_once{{vtable.shim}}::hbe5bbf6f38394364
[INFO] [stdout]                                at /rustc/1b7dd2252b99671ce5d1cb9664c5f8636329436d/library/core/src/ops/function.rs:250:5
[INFO] [stdout]   44:     0x561df133be85 - <alloc::boxed::Box<F,A> as core::ops::function::FnOnce<Args>>::call_once::h0d83cb2920a49046
[INFO] [stdout]                                at /rustc/1b7dd2252b99671ce5d1cb9664c5f8636329436d/library/alloc/src/boxed.rs:1973:9
[INFO] [stdout]   45:     0x561df133be85 - <alloc::boxed::Box<F,A> as core::ops::function::FnOnce<Args>>::call_once::hbe0a008aa7d9ef59
[INFO] [stdout]                                at /rustc/1b7dd2252b99671ce5d1cb9664c5f8636329436d/library/alloc/src/boxed.rs:1973:9
[INFO] [stdout]   46:     0x561df133be85 - std::sys::unix::thread::Thread::new::thread_start::h3a466996bdf6b1f9
[INFO] [stdout]                                at /rustc/1b7dd2252b99671ce5d1cb9664c5f8636329436d/library/std/src/sys/unix/thread.rs:108:17
[INFO] [stdout]   47:     0x7f35c3d9cb43 - <unknown>
[INFO] [stdout]   48:     0x7f35c3e2dbb4 - __clone
[INFO] [stdout]   49:                0x0 - <unknown>
[INFO] [stdout] 
[INFO] [stdout] 
[INFO] [stdout] failures:
[INFO] [stdout]     storage::fs_ops::tests::traverse_test
[INFO] [stdout] 
[INFO] [stdout] test result: FAILED. 20 passed; 1 failed; 0 ignored; 0 measured; 0 filtered out; finished in 10.11s
[INFO] [stdout] 
[INFO] [stderr] error: test failed, to rerun pass `--lib`
[INFO] running `Command { std: "docker" "inspect" "4d60b3bd82632f02a7f3d311cf88402d364e39f350deb78b3378357bc8c984c3", kill_on_drop: false }`
[INFO] running `Command { std: "docker" "rm" "-f" "4d60b3bd82632f02a7f3d311cf88402d364e39f350deb78b3378357bc8c984c3", kill_on_drop: false }`
[INFO] [stdout] 4d60b3bd82632f02a7f3d311cf88402d364e39f350deb78b3378357bc8c984c3
