[INFO] cloning repository https://github.com/srhickma/padd
[INFO] running `Command { std: "git" "-c" "credential.helper=" "-c" "credential.helper=/workspace/cargo-home/bin/git-credential-null" "clone" "--bare" "https://github.com/srhickma/padd" "/workspace/cache/git-repos/https%3A%2F%2Fgithub.com%2Fsrhickma%2Fpadd", kill_on_drop: false }`
[INFO] [stderr] Cloning into bare repository '/workspace/cache/git-repos/https%3A%2F%2Fgithub.com%2Fsrhickma%2Fpadd'...
[INFO] running `Command { std: "git" "rev-parse" "HEAD", kill_on_drop: false }`
[INFO] [stdout] 6f502d7f401ad60ee689b3c1b0367ecc9b0d96e1
[INFO] testing srhickma/padd against 1.69.0 for beta-1.70-1
[INFO] running `Command { std: "git" "clone" "/workspace/cache/git-repos/https%3A%2F%2Fgithub.com%2Fsrhickma%2Fpadd" "/workspace/builds/worker-1-tc1/source", kill_on_drop: false }`
[INFO] [stderr] Cloning into '/workspace/builds/worker-1-tc1/source'...
[INFO] [stderr] done.
[INFO] validating manifest of git repo https://github.com/srhickma/padd on toolchain 1.69.0
[INFO] running `Command { std: CARGO_HOME="/workspace/cargo-home" RUSTUP_HOME="/workspace/rustup-home" "/workspace/cargo-home/bin/cargo" "+1.69.0" "metadata" "--manifest-path" "Cargo.toml" "--no-deps", kill_on_drop: false }`
[INFO] started tweaking git repo https://github.com/srhickma/padd
[INFO] finished tweaking git repo https://github.com/srhickma/padd
[INFO] tweaked toml for git repo https://github.com/srhickma/padd written to /workspace/builds/worker-1-tc1/source/Cargo.toml
[INFO] crate git repo https://github.com/srhickma/padd already has a lockfile, it will not be regenerated
[INFO] running `Command { std: CARGO_HOME="/workspace/cargo-home" RUSTUP_HOME="/workspace/rustup-home" "/workspace/cargo-home/bin/cargo" "+1.69.0" "fetch" "--manifest-path" "Cargo.toml", kill_on_drop: false }`
[INFO] [stderr]  Downloading crates ...
[INFO] [stderr]   Downloaded backtrace v0.3.18
[INFO] [stderr]   Downloaded log4rs v0.8.3
[INFO] running `Command { std: "docker" "create" "-v" "/var/lib/crater-agent-workspace/builds/worker-1-tc1/target:/opt/rustwide/target:rw,Z" "-v" "/var/lib/crater-agent-workspace/builds/worker-1-tc1/source:/opt/rustwide/workdir:ro,Z" "-v" "/var/lib/crater-agent-workspace/cargo-home:/opt/rustwide/cargo-home:ro,Z" "-v" "/var/lib/crater-agent-workspace/rustup-home:/opt/rustwide/rustup-home:ro,Z" "-e" "SOURCE_DIR=/opt/rustwide/workdir" "-e" "CARGO_TARGET_DIR=/opt/rustwide/target" "-e" "CARGO_HOME=/opt/rustwide/cargo-home" "-e" "RUSTUP_HOME=/opt/rustwide/rustup-home" "-w" "/opt/rustwide/workdir" "-m" "1610612736" "--user" "0:0" "--network" "none" "ghcr.io/rust-lang/crates-build-env/linux@sha256:5ff2268d62e97bff2cde7d5815dd6ed5b47097566f13b8d0ca110b04b60e07ed" "/opt/rustwide/cargo-home/bin/cargo" "+1.69.0" "metadata" "--no-deps" "--format-version=1", kill_on_drop: false }`
[INFO] [stdout] 73d0609ccdaa41b3edec5a1502385ab853d1590fa933b817a3bb5a0431f4be86
[INFO] running `Command { std: "docker" "start" "-a" "73d0609ccdaa41b3edec5a1502385ab853d1590fa933b817a3bb5a0431f4be86", kill_on_drop: false }`
[INFO] running `Command { std: "docker" "inspect" "73d0609ccdaa41b3edec5a1502385ab853d1590fa933b817a3bb5a0431f4be86", kill_on_drop: false }`
[INFO] running `Command { std: "docker" "rm" "-f" "73d0609ccdaa41b3edec5a1502385ab853d1590fa933b817a3bb5a0431f4be86", kill_on_drop: false }`
[INFO] [stdout] 73d0609ccdaa41b3edec5a1502385ab853d1590fa933b817a3bb5a0431f4be86
[INFO] running `Command { std: "docker" "create" "-v" "/var/lib/crater-agent-workspace/builds/worker-1-tc1/target:/opt/rustwide/target:rw,Z" "-v" "/var/lib/crater-agent-workspace/builds/worker-1-tc1/source:/opt/rustwide/workdir:ro,Z" "-v" "/var/lib/crater-agent-workspace/cargo-home:/opt/rustwide/cargo-home:ro,Z" "-v" "/var/lib/crater-agent-workspace/rustup-home:/opt/rustwide/rustup-home:ro,Z" "-e" "SOURCE_DIR=/opt/rustwide/workdir" "-e" "CARGO_TARGET_DIR=/opt/rustwide/target" "-e" "CARGO_INCREMENTAL=0" "-e" "RUST_BACKTRACE=full" "-e" "RUSTFLAGS=--cap-lints=warn" "-e" "RUSTDOCFLAGS=--cap-lints=warn" "-e" "CARGO_HOME=/opt/rustwide/cargo-home" "-e" "RUSTUP_HOME=/opt/rustwide/rustup-home" "-w" "/opt/rustwide/workdir" "-m" "1610612736" "--user" "0:0" "--network" "none" "ghcr.io/rust-lang/crates-build-env/linux@sha256:5ff2268d62e97bff2cde7d5815dd6ed5b47097566f13b8d0ca110b04b60e07ed" "/opt/rustwide/cargo-home/bin/cargo" "+1.69.0" "build" "--frozen" "--message-format=json", kill_on_drop: false }`
[INFO] [stdout] 91739634a23ede6a9c5bb812a5ec56a2a5d76d7f14802464c02efcd255edd68a
[INFO] running `Command { std: "docker" "start" "-a" "91739634a23ede6a9c5bb812a5ec56a2a5d76d7f14802464c02efcd255edd68a", kill_on_drop: false }`
[INFO] [stderr]    Compiling libc v0.2.55
[INFO] [stderr]    Compiling num-traits v0.2.6
[INFO] [stderr]    Compiling autocfg v0.1.2
[INFO] [stderr]    Compiling rand_core v0.4.0
[INFO] [stderr]    Compiling cc v1.0.37
[INFO] [stderr]    Compiling num-integer v0.1.39
[INFO] [stderr]    Compiling serde v1.0.91
[INFO] [stderr]    Compiling rustc-serialize v0.3.24
[INFO] [stderr]    Compiling rand_core v0.3.1
[INFO] [stderr]    Compiling proc-macro2 v0.4.30
[INFO] [stderr]    Compiling cfg-if v0.1.9
[INFO] [stderr]    Compiling unicode-xid v0.1.0
[INFO] [stderr]    Compiling rand_pcg v0.1.2
[INFO] [stderr]    Compiling rand_chacha v0.1.1
[INFO] [stderr]    Compiling winapi v0.3.7
[INFO] [stderr]    Compiling crc32fast v1.2.0
[INFO] [stderr]    Compiling rand v0.4.6
[INFO] [stderr]    Compiling miniz-sys v0.1.12
[INFO] [stderr]    Compiling cgmath v0.16.1
[INFO] [stderr]    Compiling ryu v0.2.8
[INFO] [stderr]    Compiling num-iter v0.1.37
[INFO] [stderr]    Compiling syn v0.15.34
[INFO] [stderr]    Compiling lazy_static v1.3.0
[INFO] [stderr]    Compiling memchr v2.2.0
[INFO] [stderr]    Compiling num-bigint v0.1.44
[INFO] [stderr]    Compiling quote v0.6.12
[INFO] [stderr]    Compiling num-traits v0.1.43
[INFO] [stderr]    Compiling backtrace-sys v0.1.28
[INFO] [stderr]    Compiling time v0.1.42
[INFO] [stderr]    Compiling rand v0.6.5
[INFO] [stderr]    Compiling approx v0.1.1
[INFO] [stderr]    Compiling gcc v0.3.55
[INFO] [stderr]    Compiling traitobject v0.1.0
[INFO] [stderr]    Compiling linked-hash-map v0.5.2
[INFO] [stderr]    Compiling unsafe-any v0.4.2
[INFO] [stderr]    Compiling num-rational v0.1.42
[INFO] [stderr]    Compiling yaml-rust v0.4.3
[INFO] [stderr]    Compiling rust-crypto v0.2.36
[INFO] [stderr]    Compiling num-complex v0.1.43
[INFO] [stderr]    Compiling ordered-float v1.0.2
[INFO] [stderr]    Compiling rand_os v0.1.3
[INFO] [stderr]    Compiling rand_hc v0.1.0
[INFO] [stderr]    Compiling rand_isaac v0.1.1
[INFO] [stderr]    Compiling rand_xorshift v0.1.1
[INFO] [stderr]    Compiling backtrace v0.3.18
[INFO] [stderr]    Compiling rand_jitter v0.1.4
[INFO] [stderr]    Compiling rgb v0.8.13
[INFO] [stderr]    Compiling dtoa v0.4.4
[INFO] [stderr]    Compiling ucd-util v0.1.3
[INFO] [stderr]    Compiling unicode-width v0.1.5
[INFO] [stderr]    Compiling quick-error v1.2.2
[INFO] [stderr]    Compiling utf8parse v0.1.1
[INFO] [stderr]    Compiling regex v0.2.11
[INFO] [stderr]    Compiling itoa v0.4.4
[INFO] [stderr]    Compiling winconsole v0.10.0
[INFO] [stderr]    Compiling vte v0.3.3
[INFO] [stderr]    Compiling textwrap v0.11.0
[INFO] [stderr]    Compiling regex-syntax v0.5.6
[INFO] [stderr]    Compiling humantime v1.2.0
[INFO] [stderr]    Compiling serde_yaml v0.8.9
[INFO] [stderr]    Compiling serde_json v1.0.39
[INFO] [stderr]    Compiling num v0.1.42
[INFO] [stderr]    Compiling log v0.4.6
[INFO] [stderr]    Compiling serde-value v0.5.3
[INFO] [stderr]    Compiling flate2 v1.0.7
[INFO] [stderr]    Compiling aho-corasick v0.6.10
[INFO] [stderr]    Compiling typemap v0.3.3
[INFO] [stderr]    Compiling chrono v0.4.6
[INFO] [stderr]    Compiling thread_local v0.3.6
[INFO] [stderr]    Compiling rand v0.3.23
[INFO] [stderr]    Compiling atty v0.2.11
[INFO] [stderr]    Compiling thread-id v3.3.0
[INFO] [stderr]    Compiling rustc-demangle v0.1.14
[INFO] [stderr]    Compiling log-mdc v0.1.0
[INFO] [stderr]    Compiling ansi_term v0.11.0
[INFO] [stderr]    Compiling serde_derive v1.0.91
[INFO] [stderr]    Compiling bitflags v1.0.4
[INFO] [stderr]    Compiling arc-swap v0.3.11
[INFO] [stderr]    Compiling fnv v1.0.6
[INFO] [stderr]    Compiling yaml-rust v0.3.5
[INFO] [stderr]    Compiling strsim v0.8.0
[INFO] [stderr]    Compiling utf8-ranges v1.0.2
[INFO] [stderr]    Compiling antidote v1.0.0
[INFO] [stderr]    Compiling vec_map v0.8.1
[INFO] [stderr]    Compiling clap v2.33.0
[INFO] [stderr]    Compiling uuid v0.7.4
[INFO] [stderr]    Compiling stopwatch v0.0.7
[INFO] [stderr]    Compiling strip-ansi-escapes v0.1.0
[INFO] [stderr]    Compiling colored v1.8.0
[INFO] [stderr]    Compiling difference v2.0.0
[INFO] [stderr]    Compiling log4rs v0.8.3
[INFO] [stderr]    Compiling padd v0.1.0 (/opt/rustwide/workdir)
[INFO] [stdout] warning: panic message is not a string literal
[INFO] [stdout]    --> src/cli/logger.rs:157:12
[INFO] [stdout]     |
[INFO] [stdout] 157 |     panic!(Fatal::Error);
[INFO] [stdout]     |            ^^^^^^^^^^^^
[INFO] [stdout]     |
[INFO] [stdout]     = note: this usage of `panic!()` is deprecated; it will be a hard error in Rust 2021
[INFO] [stdout]     = note: for more information, see <https://doc.rust-lang.org/nightly/edition-guide/rust-2021/panic-macro-consistency.html>
[INFO] [stdout]     = note: `#[warn(non_fmt_panics)]` on by default
[INFO] [stdout] help: add a "{}" format string to `Display` the message
[INFO] [stdout]     |
[INFO] [stdout] 157 |     panic!("{}", Fatal::Error);
[INFO] [stdout]     |            +++++
[INFO] [stdout] help: or use std::panic::panic_any instead
[INFO] [stdout]     |
[INFO] [stdout] 157 |     std::panic::panic_any(Fatal::Error);
[INFO] [stdout]     |     ~~~~~~~~~~~~~~~~~~~~~
[INFO] [stdout] 
[INFO] [stdout] 
[INFO] [stdout] warning: 1 warning emitted
[INFO] [stdout] 
[INFO] [stdout] 
[INFO] [stderr]     Finished dev [unoptimized + debuginfo] target(s) in 17.06s
[INFO] [stderr] warning: the following packages contain code that will be rejected by a future version of Rust: rustc-serialize v0.3.24, traitobject v0.1.0
[INFO] [stderr] note: to see what the problems were, use the option `--future-incompat-report`, or run `cargo report future-incompatibilities --id 1`
[INFO] running `Command { std: "docker" "inspect" "91739634a23ede6a9c5bb812a5ec56a2a5d76d7f14802464c02efcd255edd68a", kill_on_drop: false }`
[INFO] running `Command { std: "docker" "rm" "-f" "91739634a23ede6a9c5bb812a5ec56a2a5d76d7f14802464c02efcd255edd68a", kill_on_drop: false }`
[INFO] [stdout] 91739634a23ede6a9c5bb812a5ec56a2a5d76d7f14802464c02efcd255edd68a
[INFO] running `Command { std: "docker" "create" "-v" "/var/lib/crater-agent-workspace/builds/worker-1-tc1/target:/opt/rustwide/target:rw,Z" "-v" "/var/lib/crater-agent-workspace/builds/worker-1-tc1/source:/opt/rustwide/workdir:ro,Z" "-v" "/var/lib/crater-agent-workspace/cargo-home:/opt/rustwide/cargo-home:ro,Z" "-v" "/var/lib/crater-agent-workspace/rustup-home:/opt/rustwide/rustup-home:ro,Z" "-e" "SOURCE_DIR=/opt/rustwide/workdir" "-e" "CARGO_TARGET_DIR=/opt/rustwide/target" "-e" "CARGO_INCREMENTAL=0" "-e" "RUST_BACKTRACE=full" "-e" "RUSTFLAGS=--cap-lints=warn" "-e" "RUSTDOCFLAGS=--cap-lints=warn" "-e" "CARGO_HOME=/opt/rustwide/cargo-home" "-e" "RUSTUP_HOME=/opt/rustwide/rustup-home" "-w" "/opt/rustwide/workdir" "-m" "1610612736" "--user" "0:0" "--network" "none" "ghcr.io/rust-lang/crates-build-env/linux@sha256:5ff2268d62e97bff2cde7d5815dd6ed5b47097566f13b8d0ca110b04b60e07ed" "/opt/rustwide/cargo-home/bin/cargo" "+1.69.0" "test" "--frozen" "--no-run" "--message-format=json", kill_on_drop: false }`
[INFO] [stdout] 2cd62803237fd7ce70043e2b74c48d823cae569b3b119392ff14d0f8138543cc
[INFO] running `Command { std: "docker" "start" "-a" "2cd62803237fd7ce70043e2b74c48d823cae569b3b119392ff14d0f8138543cc", kill_on_drop: false }`
[INFO] [stderr]    Compiling padd v0.1.0 (/opt/rustwide/workdir)
[INFO] [stdout] warning: panic message is not a string literal
[INFO] [stdout]    --> src/cli/logger.rs:157:12
[INFO] [stdout]     |
[INFO] [stdout] 157 |     panic!(Fatal::Error);
[INFO] [stdout]     |            ^^^^^^^^^^^^
[INFO] [stdout]     |
[INFO] [stdout]     = note: this usage of `panic!()` is deprecated; it will be a hard error in Rust 2021
[INFO] [stdout]     = note: for more information, see <https://doc.rust-lang.org/nightly/edition-guide/rust-2021/panic-macro-consistency.html>
[INFO] [stdout]     = note: `#[warn(non_fmt_panics)]` on by default
[INFO] [stdout] help: add a "{}" format string to `Display` the message
[INFO] [stdout]     |
[INFO] [stdout] 157 |     panic!("{}", Fatal::Error);
[INFO] [stdout]     |            +++++
[INFO] [stdout] help: or use std::panic::panic_any instead
[INFO] [stdout]     |
[INFO] [stdout] 157 |     std::panic::panic_any(Fatal::Error);
[INFO] [stdout]     |     ~~~~~~~~~~~~~~~~~~~~~
[INFO] [stdout] 
[INFO] [stdout] 
[INFO] [stdout] warning: 1 warning emitted
[INFO] [stdout] 
[INFO] [stdout] 
[INFO] [stdout] warning: panic message is not a string literal
[INFO] [stdout]    --> src/cli/logger.rs:157:12
[INFO] [stdout]     |
[INFO] [stdout] 157 |     panic!(Fatal::Error);
[INFO] [stdout]     |            ^^^^^^^^^^^^
[INFO] [stdout]     |
[INFO] [stdout]     = note: this usage of `panic!()` is deprecated; it will be a hard error in Rust 2021
[INFO] [stdout]     = note: for more information, see <https://doc.rust-lang.org/nightly/edition-guide/rust-2021/panic-macro-consistency.html>
[INFO] [stdout]     = note: `#[warn(non_fmt_panics)]` on by default
[INFO] [stdout] help: add a "{}" format string to `Display` the message
[INFO] [stdout]     |
[INFO] [stdout] 157 |     panic!("{}", Fatal::Error);
[INFO] [stdout]     |            +++++
[INFO] [stdout] help: or use std::panic::panic_any instead
[INFO] [stdout]     |
[INFO] [stdout] 157 |     std::panic::panic_any(Fatal::Error);
[INFO] [stdout]     |     ~~~~~~~~~~~~~~~~~~~~~
[INFO] [stdout] 
[INFO] [stdout] 
[INFO] [stdout] warning: 1 warning emitted
[INFO] [stdout] 
[INFO] [stdout] 
[INFO] [stderr]     Finished test [unoptimized + debuginfo] target(s) in 5.50s
[INFO] [stderr] warning: the following packages contain code that will be rejected by a future version of Rust: rustc-serialize v0.3.24, traitobject v0.1.0
[INFO] [stderr] note: to see what the problems were, use the option `--future-incompat-report`, or run `cargo report future-incompatibilities --id 1`
[INFO] running `Command { std: "docker" "inspect" "2cd62803237fd7ce70043e2b74c48d823cae569b3b119392ff14d0f8138543cc", kill_on_drop: false }`
[INFO] running `Command { std: "docker" "rm" "-f" "2cd62803237fd7ce70043e2b74c48d823cae569b3b119392ff14d0f8138543cc", kill_on_drop: false }`
[INFO] [stdout] 2cd62803237fd7ce70043e2b74c48d823cae569b3b119392ff14d0f8138543cc
[INFO] running `Command { std: "docker" "create" "-v" "/var/lib/crater-agent-workspace/builds/worker-1-tc1/target:/opt/rustwide/target:rw,Z" "-v" "/var/lib/crater-agent-workspace/builds/worker-1-tc1/source:/opt/rustwide/workdir:ro,Z" "-v" "/var/lib/crater-agent-workspace/cargo-home:/opt/rustwide/cargo-home:ro,Z" "-v" "/var/lib/crater-agent-workspace/rustup-home:/opt/rustwide/rustup-home:ro,Z" "-e" "SOURCE_DIR=/opt/rustwide/workdir" "-e" "CARGO_TARGET_DIR=/opt/rustwide/target" "-e" "CARGO_INCREMENTAL=0" "-e" "RUST_BACKTRACE=full" "-e" "RUSTFLAGS=--cap-lints=warn" "-e" "RUSTDOCFLAGS=--cap-lints=warn" "-e" "CARGO_HOME=/opt/rustwide/cargo-home" "-e" "RUSTUP_HOME=/opt/rustwide/rustup-home" "-w" "/opt/rustwide/workdir" "-m" "1610612736" "--user" "0:0" "--network" "none" "ghcr.io/rust-lang/crates-build-env/linux@sha256:5ff2268d62e97bff2cde7d5815dd6ed5b47097566f13b8d0ca110b04b60e07ed" "/opt/rustwide/cargo-home/bin/cargo" "+1.69.0" "test" "--frozen", kill_on_drop: false }`
[INFO] [stdout] 5ac314733ed60796cca4468ad3a5a7f96fd48e45ee980522d1bd94b948f6224d
[INFO] running `Command { std: "docker" "start" "-a" "5ac314733ed60796cca4468ad3a5a7f96fd48e45ee980522d1bd94b948f6224d", kill_on_drop: false }`
[INFO] [stderr] warning: panic message is not a string literal
[INFO] [stderr]    --> src/cli/logger.rs:157:12
[INFO] [stderr]     |
[INFO] [stderr] 157 |     panic!(Fatal::Error);
[INFO] [stderr]     |            ^^^^^^^^^^^^
[INFO] [stderr]     |
[INFO] [stderr]     = note: this usage of `panic!()` is deprecated; it will be a hard error in Rust 2021
[INFO] [stderr]     = note: for more information, see <https://doc.rust-lang.org/nightly/edition-guide/rust-2021/panic-macro-consistency.html>
[INFO] [stderr]     = note: `#[warn(non_fmt_panics)]` on by default
[INFO] [stderr] help: add a "{}" format string to `Display` the message
[INFO] [stderr]     |
[INFO] [stderr] 157 |     panic!("{}", Fatal::Error);
[INFO] [stderr]     |            +++++
[INFO] [stderr] help: or use std::panic::panic_any instead
[INFO] [stderr]     |
[INFO] [stderr] 157 |     std::panic::panic_any(Fatal::Error);
[INFO] [stderr]     |     ~~~~~~~~~~~~~~~~~~~~~
[INFO] [stderr] 
[INFO] [stderr] warning: `padd` (bin "padd" test) generated 1 warning (run `cargo fix --bin "padd" --tests` to apply 1 suggestion)
[INFO] [stderr] warning: `padd` (bin "padd") generated 1 warning (1 duplicate)
[INFO] [stderr]     Finished test [unoptimized + debuginfo] target(s) in 0.10s
[INFO] [stderr] warning: the following packages contain code that will be rejected by a future version of Rust: rustc-serialize v0.3.24, traitobject v0.1.0
[INFO] [stderr] note: to see what the problems were, use the option `--future-incompat-report`, or run `cargo report future-incompatibilities --id 1`
[INFO] [stderr]      Running unittests src/lib.rs (/opt/rustwide/target/debug/deps/padd-3efdb789f8556606)
[INFO] [stdout] 
[INFO] [stdout] running 121 tests
[INFO] [stdout] test core::data::interval::tests::overlapping_enclosed ... ok
[INFO] [stdout] test core::data::interval::tests::overlapping_enclosing ... ok
[INFO] [stdout] test core::data::interval::tests::overlapping_left ... ok
[INFO] [stdout] test core::data::interval::tests::spread_map ... ok
[INFO] [stdout] test core::data::interval::tests::overlapping_same ... ok
[INFO] [stdout] test core::data::interval::tests::simple_map ... ok
[INFO] [stdout] test core::data::interval::tests::overlapping_point ... ok
[INFO] [stdout] test core::data::map::tests::empty_get ... ok
[INFO] [stdout] test core::data::map::tests::sequence_fwd ... ok
[INFO] [stdout] test core::data::map::tests::iterator ... ok
[INFO] [stdout] test core::data::map::tests::size ... ok
[INFO] [stdout] test core::data::map::tests::insert_beyond_bounds ... ok
[INFO] [stdout] test core::data::map::tests::contains ... ok
[INFO] [stdout] test core::data::trie::tests::longest_match ... ok
[INFO] [stdout] test core::data::trie::tests::insert_duplicate ... ok
[INFO] [stdout] test core::data::trie::tests::non_prefix_free ... ok
[INFO] [stdout] test core::data::interval::tests::overlapping_right ... ok
[INFO] [stdout] test core::data::map::tests::sequence_rev ... ok
[INFO] [stdout] test core::data::trie::tests::removal ... ok
[INFO] [stdout] test core::fmt::pattern::tests::generate_auto_indexed_pattern_simple ... ok
[INFO] [stdout] test core::data::trie::tests::simple_inserts ... ok
[INFO] [stdout] test core::fmt::pattern::tests::generate_pattern_substitutions ... ok
[INFO] [stdout] test core::fmt::pattern::tests::parse_pattern_simple ... ok
[INFO] [stdout] test core::fmt::pattern::tests::pattern_capture_error ... ok
[INFO] [stdout] test core::fmt::pattern::tests::pattern_lex_error ... ok
[INFO] [stdout] test core::fmt::pattern::tests::generate_pattern_simple ... ok
[INFO] [stdout] test core::fmt::pattern::tests::generate_pattern_escaped_filler ... ok
[INFO] [stdout] test core::fmt::pattern::tests::pattern_parse_error ... ok
[INFO] [stdout] test core::lex::ecdfa::tests::accept_from_all_twice ... ok
[INFO] [stdout] test core::lex::ecdfa::tests::acceptor_destination_precedence ... ok
[INFO] [stdout] test core::lex::ecdfa::tests::lex_binary ... ok
[INFO] [stdout] test core::lex::ecdfa::tests::lex_brackets ... ok
[INFO] [stdout] test core::lex::ecdfa::tests::lex_chain_def ... ok
[INFO] [stdout] test core::lex::ecdfa::tests::lex_chain_simple ... ok
[INFO] [stdout] test core::lex::alphabet::tests::contains ... ok
[INFO] [stdout] test core::lex::ecdfa::tests::lex_context_sensitive ... ok
[INFO] [stdout] test core::lex::ecdfa::tests::large_range_transition ... ok
[INFO] [stdout] test core::lex::ecdfa::tests::lex_fail_complex ... ok
[INFO] [stdout] test core::lex::ecdfa::tests::lex_fail_simple ... ok
[INFO] [stdout] test core::lex::ecdfa::tests::lex_ignore ... ok
[INFO] [stdout] test core::lex::ecdfa::tests::non_consuming_transitions ... ok
[INFO] [stdout] test core::lex::ecdfa::tests::multiple_transition_acceptor_destinations ... ok
[INFO] [stdout] test core::lex::ecdfa::tests::multiple_acceptor_destinations ... ok
[INFO] [stdout] test core::lex::ecdfa::tests::non_prefix_free_transitions ... ok
[INFO] [stdout] test core::parse::tests::advanced_parse_build ... ok
[INFO] [stdout] test core::parse::tests::ignorable_terminal ... ok
[INFO] [stdout] test core::data::interval::tests::division_map ... ok
[INFO] [stdout] test core::data::interval::tests::middle_out_map ... ok
[INFO] [stdout] test core::parse::tests::favour_non_injected_terminals ... ok
[INFO] [stdout] test core::parse::tests::favour_non_ignored_terminals ... ok
[INFO] [stdout] test core::parse::tests::injectable_terminal_last ... ok
[INFO] [stdout] test core::parse::tests::ignorable_terminal_only ... ok
[INFO] [stdout] test core::parse::tests::injectable_terminal_left_affinity ... ok
[INFO] [stdout] test core::parse::tests::injection_into_single_terminal ... ok
[INFO] [stdout] test core::parse::tests::injectable_terminal_right_affinity ... ok
[INFO] [stdout] test core::parse::tests::inline_list_after_optional_list ... ok
[INFO] [stdout] test core::parse::tests::inline_list_between_injectable_terminals ... ok
[INFO] [stdout] test core::parse::tests::inline_list_before_optional_list ... ok
[INFO] [stdout] test core::parse::tests::injections_intersecting_inline_list ... ok
[INFO] [stdout] test core::parse::tests::non_terminal_inline_list ... ok
[INFO] [stdout] test core::parse::tests::inline_list_of_injectable_terminals ... ok
[INFO] [stdout] test core::parse::tests::non_terminal_inline_list_with_injection ... ok
[INFO] [stdout] test core::parse::tests::parse_example ... ok
[INFO] [stdout] test core::parse::tests::parse_deep_epsilon ... ok
[INFO] [stdout] test core::parse::tests::parse_expressions ... ok
[INFO] [stdout] test core::parse::tests::inline_list ... ok
[INFO] [stdout] test core::parse::tests::inline_lists_non_empty ... ok
[INFO] [stdout] test core::parse::tests::parse_lacs_math ... ok
[INFO] [stdout] test core::parse::tests::parse_must_consume ... ok
[INFO] [stdout] test core::parse::tests::parse_brackets ... ok
[INFO] [stdout] test core::parse::tests::repeated_inline_lists ... ok
[INFO] [stdout] test core::parse::tests::push_down_nested_inline_lists ... ok
[INFO] [stdout] test core::parse::tests::parse_simple ... ok
[INFO] [stdout] test core::parse::tests::pinned_inline_list ... ok
[INFO] [stdout] test core::spec::tests::default_matcher_conflict ... ok
[INFO] [stdout] test core::parse::tests::pinned_non_terminal_inline_list ... ok
[INFO] [stdout] test core::spec::tests::generate_spec_advanced_operators ... ok
[INFO] [stdout] test core::spec::tests::generate_spec_simple ... ok
[INFO] [stdout] test core::spec::tests::complex_id ... ok
[INFO] [stdout] test core::spec::tests::inject_left_before_nested_empty_optional ... ok
[INFO] [stdout] test core::spec::tests::inline_list ... ok
[INFO] [stdout] test core::spec::tests::context_sensitive_lexer ... ok
[INFO] [stdout] test core::spec::tests::injectable_terminals_region ... ok
[INFO] [stdout] test core::spec::tests::def_pattern ... ok
[INFO] [stdout] test core::spec::tests::multi_character_lexing ... ok
[INFO] [stdout] test core::spec::tests::parse_spec_simple ... ok
[INFO] [stdout] test core::spec::tests::non_consuming_transitions ... ok
[INFO] [stdout] test core::util::encoder::test::decode_non_existent ... ok
[INFO] [stdout] test core::util::encoder::test::encode_decode ... ok
[INFO] [stdout] test core::spec::tests::parse_spec_spaces ... ok
[INFO] [stdout] test core::spec::tests::range_based_matchers ... ok
[INFO] [stdout] test core::util::string_utils::tests::replace_escapes_chained ... ok
[INFO] [stdout] test core::util::encoder::test::fmt ... ok
[INFO] [stdout] test core::util::string_utils::tests::replace_escapes_empty ... ok
[INFO] [stdout] test tests::failed_cdfa_duplicate_matcher ... ok
[INFO] [stdout] test tests::failed_cdfa_multiple_def_matchers ... ok
[INFO] [stdout] test tests::failed_duplicate_injection ... ok
[INFO] [stdout] test core::util::string_utils::tests::replace_escapes_full ... ok
[INFO] [stdout] test tests::failed_empty_lex ... ok
[INFO] [stdout] test core::util::string_utils::tests::replace_escapes_single ... ok
[INFO] [stdout] test core::spec::tests::single_reference_optional_shorthand ... ok
[INFO] [stdout] test tests::failed_injected_non_terminal_error ... ok
[INFO] [stdout] test tests::failed_injected_and_ignored_error ... ok
[INFO] [stdout] test tests::failed_ignorable_non_terminal_error ... ok
[INFO] [stdout] test core::spec::tests::parse_spec_complex ... ok
[INFO] [stdout] test tests::failed_lex_input ... ok
[INFO] [stdout] test tests::failed_lex_spec ... ok
[INFO] [stdout] test tests::failed_parse_spec ... ok
[INFO] [stdout] test tests::failed_pattern_capture_error ... ok
[INFO] [stdout] test tests::failed_pattern_lex_error ... ok
[INFO] [stdout] test tests::failed_pattern_parse_error ... ok
[INFO] [stdout] test tests::failed_missing_required_region ... ok
[INFO] [stdout] test tests::failed_orphaned_terminal ... ok
[INFO] [stdout] test tests::failed_lex_alphabet ... ok
[INFO] [stdout] test tests::failed_parse_input ... ok
[INFO] [stdout] test tests::failed_range_based_matchers_invalid_end ... ok
[INFO] [stdout] test tests::failed_range_based_matchers_overlap ... ok
[INFO] [stdout] test tests::failed_range_based_matchers_invalid_start ... ok
[INFO] [stdout] test core::data::trie::tests::exhaustive_searching ... ok
[INFO] [stdout] test core::data::interval::tests::point_map ... ok
[INFO] [stdout] test core::data::trie::tests::many_inserts ... ok
[INFO] [stdout] 
[INFO] [stdout] test result: ok. 121 passed; 0 failed; 0 ignored; 0 measured; 0 filtered out; finished in 1.04s
[INFO] [stdout] 
[INFO] [stderr]      Running unittests src/main.rs (/opt/rustwide/target/debug/deps/padd-e72cd58508d25814)
[INFO] [stdout] 
[INFO] [stdout] running 47 tests
[INFO] [stdout] test cli::thread_pool::tests::single_worker_fast_main ... ok
[INFO] [stdout] test cli::thread_pool::tests::queue_error ... ok
[INFO] [stdout] test cli::thread_pool::tests::terminate_and_join ... ok
[INFO] [stdout] test cli::thread_pool::tests::termination_error ... ok
[INFO] [stdout] test tests::test_cache_fjr ... FAILED
[INFO] [stdout] test tests::test_check_formatting_error ... FAILED
[INFO] [stdout] test tests::test_clear_tracking_dir ... FAILED
[INFO] [stdout] test cli::thread_pool::tests::sync_sender_throttle ... ok
[INFO] [stdout] test tests::test_clear_tracking_file ... FAILED
[INFO] [stdout] test tests::test_check_formatting_failed ... FAILED
[INFO] [stdout] test tests::test_clear_tracking_without_target ... FAILED
[INFO] [stdout] test tests::test_diff_tracking_file_modified ... FAILED
[INFO] [stdout] test tests::test_default_log_level ... FAILED
[INFO] [stdout] test tests::test_diff_tracking_spec_modified ... FAILED
[INFO] [stdout] test tests::test_fmt_all_java8 ... FAILED
[INFO] [stdout] test tests::test_diff_tracking_unchanged ... FAILED
[INFO] [stdout] test cli::thread_pool::tests::sync_sender_large_buffer ... ok
[INFO] [stdout] test tests::test_format_directory ... FAILED
[INFO] [stdout] test tests::test_check_formatting_ok ... FAILED
[INFO] [stdout] test tests::test_file_regex ... FAILED
[INFO] [stdout] test tests::test_format_via_daemon ... FAILED
[INFO] [stdout] test tests::test_formatting_failed ... FAILED
[INFO] [stdout] test tests::test_invalid_log_level ... FAILED
[INFO] [stdout] test tests::test_formatting_unchanged ... FAILED
[INFO] [stdout] test tests::test_formatting_passed ... FAILED
[INFO] [stdout] test tests::test_invalid_threads_character ... FAILED
[INFO] [stdout] test tests::test_invalid_threads_zero ... FAILED
[INFO] [stdout] test tests::test_log_to_file_existing ... FAILED
[INFO] [stdout] test tests::test_many_threads ... FAILED
[INFO] [stdout] test tests::test_missing_spec ... FAILED
[INFO] [stdout] test tests::test_missing_target ... FAILED
[INFO] [stdout] test tests::test_no_skip ... FAILED
[INFO] [stdout] test tests::test_no_track ... FAILED
[INFO] [stdout] test tests::test_no_write ... FAILED
[INFO] [stdout] test tests::test_pwd_shorthand ... FAILED
[INFO] [stdout] test tests::test_set_log_level ... FAILED
[INFO] [stdout] test tests::test_log_to_file_new ... FAILED
[INFO] [stdout] test cli::thread_pool::tests::single_worker_slow_main ... ok
[INFO] [stdout] test cli::thread_pool::tests::many_workers ... ok
[INFO] [stdout] test tests::test_execute_on_server has been running for over 60 seconds
[INFO] [stdout] test tests::test_invalid_specification has been running for over 60 seconds
[INFO] [stdout] test tests::test_kill_daemon has been running for over 60 seconds
[INFO] [stdout] test tests::test_kill_daemon_not_running has been running for over 60 seconds
[INFO] [stdout] test tests::test_specification_not_found has been running for over 60 seconds
[INFO] [stdout] test tests::test_start_daemon has been running for over 60 seconds
[INFO] [stdout] test tests::test_start_daemon_already_running has been running for over 60 seconds
[INFO] [stdout] test tests::test_start_server has been running for over 60 seconds
[ERROR] error running command: no output for 300 seconds
[INFO] running `Command { std: "docker" "inspect" "5ac314733ed60796cca4468ad3a5a7f96fd48e45ee980522d1bd94b948f6224d", kill_on_drop: false }`
[INFO] running `Command { std: "docker" "rm" "-f" "5ac314733ed60796cca4468ad3a5a7f96fd48e45ee980522d1bd94b948f6224d", kill_on_drop: false }`
[INFO] [stdout] 5ac314733ed60796cca4468ad3a5a7f96fd48e45ee980522d1bd94b948f6224d
