[INFO] cloning repository https://github.com/specdown/specdown
[INFO] running `Command { std: "git" "-c" "credential.helper=" "-c" "credential.helper=/workspace/cargo-home/bin/git-credential-null" "clone" "--bare" "https://github.com/specdown/specdown" "/workspace/cache/git-repos/https%3A%2F%2Fgithub.com%2Fspecdown%2Fspecdown", kill_on_drop: false }`
[INFO] [stderr] Cloning into bare repository '/workspace/cache/git-repos/https%3A%2F%2Fgithub.com%2Fspecdown%2Fspecdown'...
[INFO] running `Command { std: "git" "rev-parse" "HEAD", kill_on_drop: false }`
[INFO] [stdout] acfdc4e369f237bb625f811d28fd67e0bb4e1083
[INFO] testing specdown/specdown against beta-2023-04-20 for beta-1.70-1
[INFO] running `Command { std: "git" "clone" "/workspace/cache/git-repos/https%3A%2F%2Fgithub.com%2Fspecdown%2Fspecdown" "/workspace/builds/worker-3-tc2/source", kill_on_drop: false }`
[INFO] [stderr] Cloning into '/workspace/builds/worker-3-tc2/source'...
[INFO] [stderr] done.
[INFO] validating manifest of git repo https://github.com/specdown/specdown on toolchain beta-2023-04-20
[INFO] running `Command { std: CARGO_HOME="/workspace/cargo-home" RUSTUP_HOME="/workspace/rustup-home" "/workspace/cargo-home/bin/cargo" "+beta-2023-04-20" "metadata" "--manifest-path" "Cargo.toml" "--no-deps", kill_on_drop: false }`
[INFO] started tweaking git repo https://github.com/specdown/specdown
[INFO] finished tweaking git repo https://github.com/specdown/specdown
[INFO] tweaked toml for git repo https://github.com/specdown/specdown written to /workspace/builds/worker-3-tc2/source/Cargo.toml
[INFO] crate git repo https://github.com/specdown/specdown already has a lockfile, it will not be regenerated
[INFO] running `Command { std: CARGO_HOME="/workspace/cargo-home" RUSTUP_HOME="/workspace/rustup-home" "/workspace/cargo-home/bin/cargo" "+beta-2023-04-20" "fetch" "--manifest-path" "Cargo.toml", kill_on_drop: false }`
[INFO] [stderr]     Blocking waiting for file lock on package cache
[INFO] [stderr]     Updating crates.io index
[INFO] [stderr]  Downloading crates ...
[INFO] [stderr]   Downloaded clap_lex v0.4.0
[INFO] [stderr]   Downloaded assert_cmd v2.0.11
[INFO] [stderr]   Downloaded anstyle v0.3.1
[INFO] [stderr]   Downloaded plist v1.4.2
[INFO] [stderr]   Downloaded comrak v0.16.0
[INFO] [stderr]   Downloaded predicates v3.0.1
[INFO] [stderr]   Downloaded termdiff v3.1.2
[INFO] [stderr]   Downloaded clap_complete_fig v4.1.1
[INFO] [stderr]   Downloaded clap_complete_nushell v0.1.10
[INFO] [stderr]   Downloaded clap_complete_command v0.5.1
[INFO] running `Command { std: "docker" "create" "-v" "/var/lib/crater-agent-workspace/builds/worker-3-tc2/target:/opt/rustwide/target:rw,Z" "-v" "/var/lib/crater-agent-workspace/builds/worker-3-tc2/source:/opt/rustwide/workdir:ro,Z" "-v" "/var/lib/crater-agent-workspace/cargo-home:/opt/rustwide/cargo-home:ro,Z" "-v" "/var/lib/crater-agent-workspace/rustup-home:/opt/rustwide/rustup-home:ro,Z" "-e" "SOURCE_DIR=/opt/rustwide/workdir" "-e" "CARGO_TARGET_DIR=/opt/rustwide/target" "-e" "CARGO_HOME=/opt/rustwide/cargo-home" "-e" "RUSTUP_HOME=/opt/rustwide/rustup-home" "-w" "/opt/rustwide/workdir" "-m" "1610612736" "--user" "0:0" "--network" "none" "ghcr.io/rust-lang/crates-build-env/linux@sha256:5ff2268d62e97bff2cde7d5815dd6ed5b47097566f13b8d0ca110b04b60e07ed" "/opt/rustwide/cargo-home/bin/cargo" "+beta-2023-04-20" "metadata" "--no-deps" "--format-version=1", kill_on_drop: false }`
[INFO] [stdout] 97dba7b7b54f33b2bf93716e79501841c486139b17c643fb89c873f7cd52ab00
[INFO] running `Command { std: "docker" "start" "-a" "97dba7b7b54f33b2bf93716e79501841c486139b17c643fb89c873f7cd52ab00", kill_on_drop: false }`
[INFO] running `Command { std: "docker" "inspect" "97dba7b7b54f33b2bf93716e79501841c486139b17c643fb89c873f7cd52ab00", kill_on_drop: false }`
[INFO] running `Command { std: "docker" "rm" "-f" "97dba7b7b54f33b2bf93716e79501841c486139b17c643fb89c873f7cd52ab00", kill_on_drop: false }`
[INFO] [stdout] 97dba7b7b54f33b2bf93716e79501841c486139b17c643fb89c873f7cd52ab00
[INFO] running `Command { std: "docker" "create" "-v" "/var/lib/crater-agent-workspace/builds/worker-3-tc2/target:/opt/rustwide/target:rw,Z" "-v" "/var/lib/crater-agent-workspace/builds/worker-3-tc2/source:/opt/rustwide/workdir:ro,Z" "-v" "/var/lib/crater-agent-workspace/cargo-home:/opt/rustwide/cargo-home:ro,Z" "-v" "/var/lib/crater-agent-workspace/rustup-home:/opt/rustwide/rustup-home:ro,Z" "-e" "SOURCE_DIR=/opt/rustwide/workdir" "-e" "CARGO_TARGET_DIR=/opt/rustwide/target" "-e" "CARGO_INCREMENTAL=0" "-e" "RUST_BACKTRACE=full" "-e" "RUSTFLAGS=--cap-lints=warn" "-e" "RUSTDOCFLAGS=--cap-lints=warn" "-e" "CARGO_HOME=/opt/rustwide/cargo-home" "-e" "RUSTUP_HOME=/opt/rustwide/rustup-home" "-w" "/opt/rustwide/workdir" "-m" "1610612736" "--user" "0:0" "--network" "none" "ghcr.io/rust-lang/crates-build-env/linux@sha256:5ff2268d62e97bff2cde7d5815dd6ed5b47097566f13b8d0ca110b04b60e07ed" "/opt/rustwide/cargo-home/bin/cargo" "+beta-2023-04-20" "build" "--frozen" "--message-format=json", kill_on_drop: false }`
[INFO] [stdout] c5ae1164a276486cc25ca668866260f0ec08129d516e97b155870002a1079d2d
[INFO] running `Command { std: "docker" "start" "-a" "c5ae1164a276486cc25ca668866260f0ec08129d516e97b155870002a1079d2d", kill_on_drop: false }`
[INFO] [stderr]    Compiling libc v0.2.140
[INFO] [stderr]    Compiling proc-macro2 v1.0.53
[INFO] [stderr]    Compiling unicode-ident v1.0.8
[INFO] [stderr]    Compiling quote v1.0.26
[INFO] [stderr]    Compiling bitflags v1.3.2
[INFO] [stderr]    Compiling io-lifetimes v1.0.6
[INFO] [stderr]    Compiling autocfg v1.1.0
[INFO] [stderr]    Compiling cfg-if v1.0.0
[INFO] [stderr]    Compiling rustix v0.36.9
[INFO] [stderr]    Compiling utf8parse v0.2.1
[INFO] [stderr]    Compiling once_cell v1.17.1
[INFO] [stderr]    Compiling linux-raw-sys v0.1.4
[INFO] [stderr]    Compiling syn v1.0.109
[INFO] [stderr]    Compiling memchr v2.5.0
[INFO] [stderr]    Compiling anstyle-query v1.0.0
[INFO] [stderr]    Compiling colorchoice v1.0.0
[INFO] [stderr]    Compiling thiserror v1.0.39
[INFO] [stderr]    Compiling anstyle v1.0.0
[INFO] [stderr]    Compiling serde v1.0.154
[INFO] [stderr]    Compiling heck v0.4.1
[INFO] [stderr]    Compiling strsim v0.10.0
[INFO] [stderr]    Compiling anstyle-parse v0.2.0
[INFO] [stderr]    Compiling clap_lex v0.4.0
[INFO] [stderr]    Compiling pkg-config v0.3.26
[INFO] [stderr]    Compiling cc v1.0.79
[INFO] [stderr]    Compiling log v0.4.17
[INFO] [stderr]    Compiling lock_api v0.4.9
[INFO] [stderr]    Compiling indexmap v1.9.2
[INFO] [stderr]    Compiling signal-hook v0.3.15
[INFO] [stderr]    Compiling itoa v1.0.6
[INFO] [stderr]    Compiling parking_lot_core v0.9.7
[INFO] [stderr]    Compiling ucd-trie v0.1.5
[INFO] [stderr]    Compiling crc32fast v1.3.2
[INFO] [stderr]    Compiling scopeguard v1.1.0
[INFO] [stderr]    Compiling bit-vec v0.6.3
[INFO] [stderr]    Compiling safemem v0.3.3
[INFO] [stderr]    Compiling adler v1.0.2
[INFO] [stderr]    Compiling serde_derive v1.0.154
[INFO] [stderr]    Compiling serde_json v1.0.94
[INFO] [stderr]    Compiling smallvec v1.10.0
[INFO] [stderr]    Compiling hashbrown v0.12.3
[INFO] [stderr]    Compiling regex-syntax v0.6.28
[INFO] [stderr]    Compiling time-core v0.1.0
[INFO] [stderr]    Compiling aho-corasick v0.7.20
[INFO] [stderr]    Compiling time v0.3.20
[INFO] [stderr]    Compiling quick-xml v0.27.1
[INFO] [stderr]    Compiling miniz_oxide v0.6.2
[INFO] [stderr]    Compiling bit-set v0.5.3
[INFO] [stderr]    Compiling syn v2.0.8
[INFO] [stderr]    Compiling line-wrap v0.1.1
[INFO] [stderr]    Compiling ryu v1.0.13
[INFO] [stderr]    Compiling same-file v1.0.6
[INFO] [stderr]    Compiling base64 v0.21.0
[INFO] [stderr]    Compiling rustix v0.37.4
[INFO] [stderr]    Compiling linked-hash-map v0.5.6
[INFO] [stderr]    Compiling walkdir v2.3.2
[INFO] [stderr]    Compiling vte_generate_state_changes v0.1.1
[INFO] [stderr]    Compiling onig_sys v69.8.1
[INFO] [stderr]    Compiling signal-hook-registry v1.4.1
[INFO] [stderr]    Compiling mio v0.8.6
[INFO] [stderr]    Compiling dirs-sys v0.3.7
[INFO] [stderr]    Compiling yaml-rust v0.4.5
[INFO] [stderr]    Compiling flate2 v1.0.25
[INFO] [stderr]    Compiling arrayvec v0.5.2
[INFO] [stderr]    Compiling parking_lot v0.12.1
[INFO] [stderr]    Compiling signal-hook-mio v0.2.3
[INFO] [stderr]    Compiling dirs v4.0.0
[INFO] [stderr]    Compiling linux-raw-sys v0.3.0
[INFO] [stderr]    Compiling lazy_static v1.4.0
[INFO] [stderr]    Compiling fnv v1.0.7
[INFO] [stderr]    Compiling deunicode v0.4.3
[INFO] [stderr]    Compiling crossterm v0.26.1
[INFO] [stderr]    Compiling xdg v2.4.1
[INFO] [stderr]    Compiling vte v0.10.1
[INFO] [stderr]    Compiling similar v2.2.1
[INFO] [stderr]    Compiling is-terminal v0.4.4
[INFO] [stderr]    Compiling anstream v0.3.0
[INFO] [stderr]    Compiling terminal_size v0.2.5
[INFO] [stderr]    Compiling regex v1.7.1
[INFO] [stderr]    Compiling clap_builder v4.2.5
[INFO] [stderr]    Compiling slug v0.1.4
[INFO] [stderr]    Compiling minimal-lexical v0.2.1
[INFO] [stderr]    Compiling typed-arena v2.0.2
[INFO] [stderr]    Compiling shell-words v1.1.0
[INFO] [stderr]    Compiling unicode_categories v0.1.1
[INFO] [stderr]    Compiling fastrand v1.9.0
[INFO] [stderr]    Compiling entities v1.0.1
[INFO] [stderr]    Compiling bincode v1.3.3
[INFO] [stderr]    Compiling plist v1.4.2
[INFO] [stderr]    Compiling nom v7.1.3
[INFO] [stderr]    Compiling strip-ansi-escapes v0.1.1
[INFO] [stderr]    Compiling termdiff v3.1.2
[INFO] [stderr]    Compiling fancy-regex v0.7.1
[INFO] [stderr]    Compiling thiserror-impl v1.0.39
[INFO] [stderr]    Compiling clap_derive v4.2.0
[INFO] [stderr]    Compiling tempfile v3.5.0
[INFO] [stderr]    Compiling pest v2.5.6
[INFO] [stderr]    Compiling onig v6.4.0
[INFO] [stderr]    Compiling clap v4.2.5
[INFO] [stderr]    Compiling clap_complete v4.1.4
[INFO] [stderr]    Compiling pest_meta v2.5.6
[INFO] [stderr]    Compiling clap_complete_nushell v0.1.10
[INFO] [stderr]    Compiling clap_complete_fig v4.1.1
[INFO] [stderr]    Compiling clap_complete_command v0.5.1
[INFO] [stderr]    Compiling syntect v5.0.0
[INFO] [stderr]    Compiling pest_generator v2.5.6
[INFO] [stderr]    Compiling pest_derive v2.5.6
[INFO] [stderr]    Compiling comrak v0.16.0
[INFO] [stderr]    Compiling specdown v1.2.46 (/opt/rustwide/workdir)
[INFO] [stderr]     Finished dev [unoptimized + debuginfo] target(s) in 25.39s
[INFO] running `Command { std: "docker" "inspect" "c5ae1164a276486cc25ca668866260f0ec08129d516e97b155870002a1079d2d", kill_on_drop: false }`
[INFO] running `Command { std: "docker" "rm" "-f" "c5ae1164a276486cc25ca668866260f0ec08129d516e97b155870002a1079d2d", kill_on_drop: false }`
[INFO] [stdout] c5ae1164a276486cc25ca668866260f0ec08129d516e97b155870002a1079d2d
[INFO] running `Command { std: "docker" "create" "-v" "/var/lib/crater-agent-workspace/builds/worker-3-tc2/target:/opt/rustwide/target:rw,Z" "-v" "/var/lib/crater-agent-workspace/builds/worker-3-tc2/source:/opt/rustwide/workdir:ro,Z" "-v" "/var/lib/crater-agent-workspace/cargo-home:/opt/rustwide/cargo-home:ro,Z" "-v" "/var/lib/crater-agent-workspace/rustup-home:/opt/rustwide/rustup-home:ro,Z" "-e" "SOURCE_DIR=/opt/rustwide/workdir" "-e" "CARGO_TARGET_DIR=/opt/rustwide/target" "-e" "CARGO_INCREMENTAL=0" "-e" "RUST_BACKTRACE=full" "-e" "RUSTFLAGS=--cap-lints=warn" "-e" "RUSTDOCFLAGS=--cap-lints=warn" "-e" "CARGO_HOME=/opt/rustwide/cargo-home" "-e" "RUSTUP_HOME=/opt/rustwide/rustup-home" "-w" "/opt/rustwide/workdir" "-m" "1610612736" "--user" "0:0" "--network" "none" "ghcr.io/rust-lang/crates-build-env/linux@sha256:5ff2268d62e97bff2cde7d5815dd6ed5b47097566f13b8d0ca110b04b60e07ed" "/opt/rustwide/cargo-home/bin/cargo" "+beta-2023-04-20" "test" "--frozen" "--no-run" "--message-format=json", kill_on_drop: false }`
[INFO] [stdout] 538f11050750acdd8648b38dfc65372e10b2aedb51e1a9424e47d91758531b6a
[INFO] running `Command { std: "docker" "start" "-a" "538f11050750acdd8648b38dfc65372e10b2aedb51e1a9424e47d91758531b6a", kill_on_drop: false }`
[INFO] [stderr]     Blocking waiting for file lock on package cache
[INFO] [stderr]     Blocking waiting for file lock on package cache
[INFO] [stderr]    Compiling predicates-core v1.0.6
[INFO] [stderr]    Compiling doc-comment v0.3.3
[INFO] [stderr]    Compiling either v1.8.1
[INFO] [stderr]    Compiling termtree v0.4.0
[INFO] [stderr]    Compiling difflib v0.4.0
[INFO] [stderr]    Compiling regex-automata v0.1.10
[INFO] [stderr]    Compiling anstyle v0.3.1
[INFO] [stderr]    Compiling wait-timeout v0.2.0
[INFO] [stderr]    Compiling maplit v1.0.2
[INFO] [stderr]    Compiling indoc v2.0.1
[INFO] [stderr]    Compiling predicates-tree v1.0.7
[INFO] [stderr]    Compiling itertools v0.10.5
[INFO] [stderr]    Compiling bstr v1.3.0
[INFO] [stderr]    Compiling predicates v3.0.1
[INFO] [stderr]    Compiling assert_cmd v2.0.11
[INFO] [stderr]    Compiling specdown v1.2.46 (/opt/rustwide/workdir)
[INFO] [stderr]     Finished test [unoptimized + debuginfo] target(s) in 15.47s
[INFO] running `Command { std: "docker" "inspect" "538f11050750acdd8648b38dfc65372e10b2aedb51e1a9424e47d91758531b6a", kill_on_drop: false }`
[INFO] running `Command { std: "docker" "rm" "-f" "538f11050750acdd8648b38dfc65372e10b2aedb51e1a9424e47d91758531b6a", kill_on_drop: false }`
[INFO] [stdout] 538f11050750acdd8648b38dfc65372e10b2aedb51e1a9424e47d91758531b6a
[INFO] running `Command { std: "docker" "create" "-v" "/var/lib/crater-agent-workspace/builds/worker-3-tc2/target:/opt/rustwide/target:rw,Z" "-v" "/var/lib/crater-agent-workspace/builds/worker-3-tc2/source:/opt/rustwide/workdir:ro,Z" "-v" "/var/lib/crater-agent-workspace/cargo-home:/opt/rustwide/cargo-home:ro,Z" "-v" "/var/lib/crater-agent-workspace/rustup-home:/opt/rustwide/rustup-home:ro,Z" "-e" "SOURCE_DIR=/opt/rustwide/workdir" "-e" "CARGO_TARGET_DIR=/opt/rustwide/target" "-e" "CARGO_INCREMENTAL=0" "-e" "RUST_BACKTRACE=full" "-e" "RUSTFLAGS=--cap-lints=warn" "-e" "RUSTDOCFLAGS=--cap-lints=warn" "-e" "CARGO_HOME=/opt/rustwide/cargo-home" "-e" "RUSTUP_HOME=/opt/rustwide/rustup-home" "-w" "/opt/rustwide/workdir" "-m" "1610612736" "--user" "0:0" "--network" "none" "ghcr.io/rust-lang/crates-build-env/linux@sha256:5ff2268d62e97bff2cde7d5815dd6ed5b47097566f13b8d0ca110b04b60e07ed" "/opt/rustwide/cargo-home/bin/cargo" "+beta-2023-04-20" "test" "--frozen", kill_on_drop: false }`
[INFO] [stdout] 16c0bfe70acf9b5a0b9a0642176e9491f2eb8da5876efd65f70a554842a47c7c
[INFO] running `Command { std: "docker" "start" "-a" "16c0bfe70acf9b5a0b9a0642176e9491f2eb8da5876efd65f70a554842a47c7c", kill_on_drop: false }`
[INFO] [stderr]     Finished test [unoptimized + debuginfo] target(s) in 0.15s
[INFO] [stderr]      Running unittests src/main.rs (/opt/rustwide/target/debug/deps/specdown-724075146a67c23c)
[INFO] [stdout] 
[INFO] [stdout] running 124 tests
[INFO] [stdout] test ansi::tests::preserves_unicode_chars ... ok
[INFO] [stdout] test ansi::tests::strips_ansi_escape_chars ... ok
[INFO] [stdout] test commands::run::file_reader::tests::to_absolute::test_reads_a_file_when_the_path_is_relative ... ok
[INFO] [stdout] test parsers::actions::tests::create_action_for_verify ... ok
[INFO] [stdout] test parsers::actions::tests::create_action_for_skip ... ok
[INFO] [stdout] test commands::run::file_reader::tests::to_absolute::test_reads_a_file_when_the_path_is_absolute ... ok
[INFO] [stdout] test parsers::code_block_info::tests::parse::verify::succeeds_and_defaults_to_stdout_when_the_stream_is_missing ... ok
[INFO] [stdout] test parsers::code_block_info::tests::parse::skip::succeeds_when_function_is_skip ... ok
[INFO] [stdout] test parsers::actions::tests::create_action_for_script ... ok
[INFO] [stdout] test parsers::actions::tests::create_action_for_verify_that_is_negated ... ok
[INFO] [stdout] test parsers::code_block_info::tests::parse::file::fails_when_path_is_missing ... ok
[INFO] [stdout] test parsers::actions::tests::create_action_for_file ... ok
[INFO] [stdout] test parsers::code_block_info::tests::parse::script::succeeds_when_function_is_script_without_a_name ... ok
[INFO] [stdout] test parsers::code_block_info::tests::parse::skip::fails_when_path_is_missing ... ok
[INFO] [stdout] test parsers::code_block_info::tests::parse::file::succeeds_when_function_is_file ... ok
[INFO] [stdout] test parsers::code_block_info::tests::parse::verify::fails_when_function_is_verify_and_stream_is_unknown ... ok
[INFO] [stdout] test parsers::actions::tests::create_action_for_verify_that_is_skipped ... ok
[INFO] [stdout] test parsers::code_block_info::tests::parse::verify::target_os_can_be_set_when_function_is_verify_and_target_os_is_unset ... ok
[INFO] [stdout] test parsers::error::tests::display_invalid_argument_value ... ok
[INFO] [stdout] test parsers::error::tests::display_incorrect_argument_type ... ok
[INFO] [stdout] test parsers::error::tests::display_unknown_function ... ok
[INFO] [stdout] test parsers::error::tests::display_missing_argument ... ok
[INFO] [stdout] test parsers::function_string_parser::argument_value::test::integer::returns_error_when_value_is_a_token ... ok
[INFO] [stdout] test parsers::error::tests::display_parser_failed ... ok
[INFO] [stdout] test parsers::code_block_info::tests::parse::verify::succeeds_when_function_is_verify_and_stream_is_stdout ... ok
[INFO] [stdout] test parsers::function_string_parser::argument_value::test::integer::returns_error_when_value_is_a_string ... ok
[INFO] [stdout] test parsers::function_string_parser::argument_value::test::string::returns_error_when_value_is_a_token ... ok
[INFO] [stdout] test parsers::function_string_parser::argument_value::test::integer::returns_integer_when_value_is_an_integer ... ok
[INFO] [stdout] test parsers::function_string_parser::argument_value::test::string::returns_error_when_value_is_a_string ... ok
[INFO] [stdout] test parsers::error::tests::display_root_must_be_document ... ok
[INFO] [stdout] test parsers::code_block_info::tests::parse::verify::target_os_defaults_to_none_when_function_is_verify_and_target_os_is_unset ... ok
[INFO] [stdout] test parsers::code_block_info::tests::parse::script::succeeds_when_function_is_script_with_expected_exit_code ... ok
[INFO] [stdout] test parsers::code_block_info::tests::parse::script::succeeds_when_function_is_script_with_expected_output_set_to_any ... ok
[INFO] [stdout] test parsers::function_string_parser::function::test::has_argument::returns_true_when_argument_is_present ... ok
[INFO] [stdout] test parsers::function_string_parser::argument_value::test::token::returns_string_when_value_is_a_string ... ok
[INFO] [stdout] test parsers::function_string_parser::argument_value::test::token::returns_error_when_value_is_a_string ... ok
[INFO] [stdout] test parsers::function_string_parser::parser::tests::argument::fails_when_name_starts_with_a_digit ... ok
[INFO] [stdout] test parsers::code_block_info::tests::parse::verify::succeeds_when_script_name_is_not_present ... ok
[INFO] [stdout] test parsers::code_block_info::tests::parse::script::succeeds_when_function_is_script_with_expected_output_set_to_stdout ... ok
[INFO] [stdout] test parsers::error::tests::display_string_encoding_failed ... ok
[INFO] [stdout] test parsers::code_block_info::tests::parse::verify::succeeds_when_function_is_verify_and_stream_is_stderr ... ok
[INFO] [stdout] test parsers::function_string_parser::argument_value::test::string::returns_string_when_value_is_a_string ... ok
[INFO] [stdout] test parsers::function_string_parser::argument_value::test::token::returns_error_when_value_is_a_token ... ok
[INFO] [stdout] test parsers::code_block_info::tests::parse::script::succeeds_when_function_is_script_with_a_name ... ok
[INFO] [stdout] test parsers::function_string_parser::function::test::has_argument::returns_false_when_argument_is_present ... ok
[INFO] [stdout] test parsers::function_string_parser::parser::tests::argument::succeeds_when_arg_contains_underscore ... ok
[INFO] [stdout] test parsers::function_string_parser::parser::tests::argument::succeeds_with_token_argument ... ok
[INFO] [stdout] test parsers::function_string_parser::parser::tests::argument::succeeds_when_single_alpha_char_name ... ok
[INFO] [stdout] test parsers::function_string_parser::parser::tests::argument_list::succeeds_when_multiple_arguments_are_provided_with_spaces ... ok
[INFO] [stdout] test parsers::function_string_parser::parser::tests::argument_value::string_value::fails_when_there_is_no_closing_quote ... ok
[INFO] [stdout] test parsers::function_string_parser::parser::tests::argument_list::succeeds_when_no_arguments_are_provided ... ok
[INFO] [stdout] test parsers::function_string_parser::parser::tests::argument_list::succeeds_when_one_argument_is_provided ... ok
[INFO] [stdout] test parsers::function_string_parser::parser::tests::argument::succeeds_with_spaces_around_equals ... ok
[INFO] [stdout] test parsers::function_string_parser::parser::tests::argument_value::string_value::succeeds_when_there_is_a_remainder ... ok
[INFO] [stdout] test parsers::function_string_parser::parser::tests::argument_value::succeeds_when_there_is_a_remainder ... ok
[INFO] [stdout] test parsers::function_string_parser::parser::tests::argument::succeeds_when_alpha_numeric_name ... ok
[INFO] [stdout] test parsers::function_string_parser::parser::tests::argument_list::succeeds_when_there_are_spaces_around_arguments ... ok
[INFO] [stdout] test parsers::function_string_parser::parser::tests::argument_list::succeeds_when_multiple_arguments_are_provided ... ok
[INFO] [stdout] test parsers::function_string_parser::parser::tests::argument_value::string_value::succeeds_when_there_is_no_remainder ... ok
[INFO] [stdout] test parsers::function_string_parser::parser::tests::argument_value::integer_value::succeeds_when_there_is_a_remainder ... ok
[INFO] [stdout] test parsers::function_string_parser::parser::tests::parse::succeeds_when_function_has_leading_whitespace ... ok
[INFO] [stdout] test parsers::function_string_parser::parser::tests::parse::succeeds_when_function_has_whitespace_before_opening_parenthesis ... ok
[INFO] [stdout] test parsers::markdown::code_block_info::tests::parse::failing_parsing_when_no_comma ... ok
[INFO] [stdout] test parsers::markdown::code_block_info::tests::parse::successful_parsing_with_a_rest_parser ... ok
[INFO] [stdout] test parsers::markdown::parser::tests::fenced_block_quotes_are_returned_when_the_exist_in_the_markdown ... ok
[INFO] [stdout] test results::action_result::tests::success::create_file::returns_true ... ok
[INFO] [stdout] test results::action_result::tests::success::error::returns_exit_code_is_incorrect_when_exit_code_is_incorrect ... ok
[INFO] [stdout] test parsers::markdown::parser::tests::no_actions_returned_when_not_code_blocks_in_markdown ... ok
[INFO] [stdout] test parsers::markdown::parser::tests::it_does_not_return_an_element_when_a_code_bloc_is_not_fenced ... ok
[INFO] [stdout] test results::action_result::tests::success::error::returns_none_when_exit_code_is_expected ... ok
[INFO] [stdout] test parsers::function_string_parser::parser::tests::parse::succeeds_when_multiple_arguments_are_provided_with_spaces ... ok
[INFO] [stdout] test parsers::function_string_parser::parser::tests::parse::succeeds_when_no_arguments_are_provided ... ok
[INFO] [stdout] test parsers::function_string_parser::parser::tests::parse::succeeds_when_one_argument_is_provided ... ok
[INFO] [stdout] test results::action_result::tests::success::error::returns_none_when_successful_script ... ok
[INFO] [stdout] test parsers::function_string_parser::parser::tests::argument_value::token_value::succeeds_when_there_is_a_remainder ... ok
[INFO] [stdout] test parsers::function_string_parser::parser::tests::parse::succeeds_when_multiple_arguments_are_provided ... ok
[INFO] [stdout] test parsers::function_string_parser::parser::tests::parse::succeeds_when_function_has_args ... ok
[INFO] [stdout] test parsers::strip::tests::strip::test_strip ... ok
[INFO] [stdout] test parsers::function_string_parser::parser::tests::parse::succeeds_when_function_has_no_args ... ok
[INFO] [stdout] test parsers::markdown::code_block_info::tests::parse::failing_extra_info_parser_fails ... ok
[INFO] [stdout] test results::action_result::tests::success::error::returns_unexpected_output_is_present_when_stdout_is_present_but_no_output_is_expected ... ok
[INFO] [stdout] test results::action_result::tests::success::error::returns_unexpected_output_is_present_when_stderr_is_present_but_only_stdout_is_expected ... ok
[INFO] [stdout] test results::action_result::tests::success::error::returns_unexpected_output_is_present_when_stderr_is_present_but_no_output_is_expected ... ok
[INFO] [stdout] test results::action_result::tests::success::error::returns_unexpected_output_is_present_when_stdout_is_present_but_only_stderr_is_expected ... ok
[INFO] [stdout] test runner::state::tests::does_not_succeed_when_script_failed ... ok
[INFO] [stdout] test runner::shell_executor::tests::shell::new_with_empty_command_string ... ok
[INFO] [stdout] test runner::shell_executor::tests::shell::new_invalid_command ... ok
[INFO] [stdout] test runner::shell_executor::tests::shell::returning_stderr ... ok
[INFO] [stdout] test results::action_result::tests::success::verify::returns_false_when_expected_output_is_not_the_same_as_got_output ... ok
[INFO] [stdout] test runner::state::tests::does_not_fail_when_verify_was_successful ... ok
[INFO] [stdout] test runner::shell_executor::tests::shell::with_environment_variable ... ok
[INFO] [stdout] test runner::shell_executor::tests::shell::returning_utf8_chars ... ok
[INFO] [stdout] test runner::shell_executor::tests::shell::with_added_paths ... ok
[INFO] [stdout] test runner::shell_executor::tests::shell::new_with_command_without_arguments ... ok
[INFO] [stdout] test results::action_result::tests::success::verify::returns_true_when_expected_output_is_the_same_as_got_output ... ok
[INFO] [stdout] test runner::state::tests::get_last_result_returns_none_when_no_scripts_have_been_run ... ok
[INFO] [stdout] test runner::state::tests::get_last_result_returns_result_from_last_script ... ok
[INFO] [stdout] test runner::state::tests::sets_success_when_initialized ... ok
[INFO] [stdout] test runner::verify::tests::test::ignore_ansi_escape_characters_in_output_and_verify_value ... ok
[INFO] [stdout] test runner::state::tests::does_not_succeed_when_verify_was_successful_after_failure ... ok
[INFO] [stdout] test runner::verify::tests::test::returns_result_for_stdout_verification ... ok
[INFO] [stdout] test runner::verify::tests::test::returns_result_for_stdout_verification_with_unnamed_script ... ok
[INFO] [stdout] test runner::state::tests::get_result_returns_the_result_when_script_result_exists ... ok
[INFO] [stdout] test runner::verify::tests::test::returns_error_when_unnamed_script_output_does_not_exit ... ok
[INFO] [stdout] test runner::verify::tests::test::returns_result_for_stderr_verification ... ok
[INFO] [stdout] test runner::state::tests::get_result_returns_none_when_script_result_does_not_exists ... ok
[INFO] [stdout] test runner::state::tests::does_not_update_success_when_file_result_is_added ... ok
[INFO] [stdout] test runner::shell_executor::tests::shell::with_unset_environment_variable ... ok
[INFO] [stdout] test runner::state::tests::does_not_update_success_when_successful_script_result_is_added ... ok
[INFO] [stdout] test runner::verify::tests::test::returns_result_for_stderr_verification_with_unnamed_verification ... ok
[INFO] [stdout] test types::tests::script_name::converts_to_string_from_script_name ... ok
[INFO] [stdout] test types::tests::exit_code::converts_from_exit_code_into_string ... ok
[INFO] [stdout] test types::tests::script_name::converts_to_string_from_script_name_reference ... ok
[INFO] [stdout] test runner::verify::tests::test::returns_result_for_stdout_verification_with_unnamed_verification ... ok
[INFO] [stdout] test runner::shell_executor::tests::shell::new_with_command_with_arguments ... ok
[INFO] [stdout] test runner::verify::tests::test::returns_error_when_script_output_does_not_exit ... ok
[INFO] [stdout] test runner::state::tests::it_fails_when_verify_was_not_successful ... ok
[INFO] [stdout] test runner::shell_executor::tests::shell::returning_exit_code ... ok
[INFO] [stdout] test types::tests::file_path::converts_from_file_path_into_string ... ok
[INFO] [stdout] test types::tests::exit_code::converts_from_exit_code_into_i32 ... ok
[INFO] [stdout] test types::tests::verify_action::with_script_name_returns_an_instance_with_script_name_updated ... ok
[INFO] [stdout] test types::tests::verify_value::converts_from_verify_value_into_string ... ok
[INFO] [stdout] test runner::file::tests::test_run_creates_a_file ... FAILED
[INFO] [stdout] test runner::file::tests::test_run_returns_a_file_result ... FAILED
[INFO] [stdout] 
[INFO] [stdout] failures:
[INFO] [stdout] 
[INFO] [stdout] ---- runner::file::tests::test_run_creates_a_file stdout ----
[INFO] [stdout] thread 'runner::file::tests::test_run_creates_a_file' panicked at 'Failed to create test directory: Os { code: 30, kind: ReadOnlyFilesystem, message: "Read-only file system" }', src/runner/file.rs:30:38
[INFO] [stdout] stack backtrace:
[INFO] [stdout]    0:     0x561c845c5aca - std::backtrace_rs::backtrace::libunwind::trace::h2f05d0192276a8f6
[INFO] [stdout]                                at /rustc/1b7dd2252b99671ce5d1cb9664c5f8636329436d/library/std/src/../../backtrace/src/backtrace/libunwind.rs:93:5
[INFO] [stdout]    1:     0x561c845c5aca - std::backtrace_rs::backtrace::trace_unsynchronized::hedc23dff7a1af150
[INFO] [stdout]                                at /rustc/1b7dd2252b99671ce5d1cb9664c5f8636329436d/library/std/src/../../backtrace/src/backtrace/mod.rs:66:5
[INFO] [stdout]    2:     0x561c845c5aca - std::sys_common::backtrace::_print_fmt::h17541ef7592f3ce2
[INFO] [stdout]                                at /rustc/1b7dd2252b99671ce5d1cb9664c5f8636329436d/library/std/src/sys_common/backtrace.rs:65:5
[INFO] [stdout]    3:     0x561c845c5aca - <std::sys_common::backtrace::_print::DisplayBacktrace as core::fmt::Display>::fmt::h20f75df5ab0c0792
[INFO] [stdout]                                at /rustc/1b7dd2252b99671ce5d1cb9664c5f8636329436d/library/std/src/sys_common/backtrace.rs:44:22
[INFO] [stdout]    4:     0x561c845eb2ff - core::fmt::write::h78109e6f466b3af6
[INFO] [stdout]                                at /rustc/1b7dd2252b99671ce5d1cb9664c5f8636329436d/library/core/src/fmt/mod.rs:1254:17
[INFO] [stdout]    5:     0x561c845c2bf5 - std::io::Write::write_fmt::hd24bfb68a1b35a25
[INFO] [stdout]                                at /rustc/1b7dd2252b99671ce5d1cb9664c5f8636329436d/library/std/src/io/mod.rs:1698:15
[INFO] [stdout]    6:     0x561c845c5895 - std::sys_common::backtrace::_print::h8dac57a9f8fbf9a5
[INFO] [stdout]                                at /rustc/1b7dd2252b99671ce5d1cb9664c5f8636329436d/library/std/src/sys_common/backtrace.rs:47:5
[INFO] [stdout]    7:     0x561c845c5895 - std::sys_common::backtrace::print::hf9ecbf41d1aa712f
[INFO] [stdout]                                at /rustc/1b7dd2252b99671ce5d1cb9664c5f8636329436d/library/std/src/sys_common/backtrace.rs:34:9
[INFO] [stdout]    8:     0x561c845c7bbe - std::panicking::default_hook::{{closure}}::h04c07acfc84ca028
[INFO] [stdout]                                at /rustc/1b7dd2252b99671ce5d1cb9664c5f8636329436d/library/std/src/panicking.rs:269:22
[INFO] [stdout]    9:     0x561c845c78f1 - std::panicking::default_hook::h01f6bb23e1eceb2c
[INFO] [stdout]                                at /rustc/1b7dd2252b99671ce5d1cb9664c5f8636329436d/library/std/src/panicking.rs:285:9
[INFO] [stdout]   10:     0x561c8428b7cb - <alloc::boxed::Box<F,A> as core::ops::function::Fn<Args>>::call::h87fe9f7b2fd49e4c
[INFO] [stdout]                                at /rustc/1b7dd2252b99671ce5d1cb9664c5f8636329436d/library/alloc/src/boxed.rs:1987:9
[INFO] [stdout]   11:     0x561c8428b7cb - test::test_main::{{closure}}::he94d679243a7531b
[INFO] [stdout]                                at /rustc/1b7dd2252b99671ce5d1cb9664c5f8636329436d/library/test/src/lib.rs:134:21
[INFO] [stdout]   12:     0x561c845c82a4 - <alloc::boxed::Box<F,A> as core::ops::function::Fn<Args>>::call::h3f2d6d8b14c4769f
[INFO] [stdout]                                at /rustc/1b7dd2252b99671ce5d1cb9664c5f8636329436d/library/alloc/src/boxed.rs:1987:9
[INFO] [stdout]   13:     0x561c845c82a4 - std::panicking::rust_panic_with_hook::h2bb3722bbaf2f6df
[INFO] [stdout]                                at /rustc/1b7dd2252b99671ce5d1cb9664c5f8636329436d/library/std/src/panicking.rs:695:13
[INFO] [stdout]   14:     0x561c845c8019 - std::panicking::begin_panic_handler::{{closure}}::h91bc7f36a4be011b
[INFO] [stdout]                                at /rustc/1b7dd2252b99671ce5d1cb9664c5f8636329436d/library/std/src/panicking.rs:582:13
[INFO] [stdout]   15:     0x561c845c5f36 - std::sys_common::backtrace::__rust_end_short_backtrace::h8b3d3717114f9e59
[INFO] [stdout]                                at /rustc/1b7dd2252b99671ce5d1cb9664c5f8636329436d/library/std/src/sys_common/backtrace.rs:150:18
[INFO] [stdout]   16:     0x561c845c7d72 - rust_begin_unwind
[INFO] [stdout]                                at /rustc/1b7dd2252b99671ce5d1cb9664c5f8636329436d/library/std/src/panicking.rs:578:5
[INFO] [stdout]   17:     0x561c841ea5d3 - core::panicking::panic_fmt::hfd368e3fbdabea26
[INFO] [stdout]                                at /rustc/1b7dd2252b99671ce5d1cb9664c5f8636329436d/library/core/src/panicking.rs:67:14
[INFO] [stdout]   18:     0x561c841eab73 - core::result::unwrap_failed::he54eb4b2f125b26f
[INFO] [stdout]                                at /rustc/1b7dd2252b99671ce5d1cb9664c5f8636329436d/library/core/src/result.rs:1687:5
[INFO] [stdout]   19:     0x561c842567ef - core::result::Result<T,E>::expect::he7892de7989d124b
[INFO] [stdout]                                at /rustc/1b7dd2252b99671ce5d1cb9664c5f8636329436d/library/core/src/result.rs:1046:23
[INFO] [stdout]   20:     0x561c841f85c7 - specdown::runner::file::tests::test_run_creates_a_file::hcd6169fe6085ffc1
[INFO] [stdout]                                at /opt/rustwide/workdir/src/runner/file.rs:30:9
[INFO] [stdout]   21:     0x561c841f8577 - specdown::runner::file::tests::test_run_creates_a_file::{{closure}}::h296eacd836e202ec
[INFO] [stdout]                                at /opt/rustwide/workdir/src/runner/file.rs:29:34
[INFO] [stdout]   22:     0x561c84210895 - core::ops::function::FnOnce::call_once::hf4bd1e2d14bfb976
[INFO] [stdout]                                at /rustc/1b7dd2252b99671ce5d1cb9664c5f8636329436d/library/core/src/ops/function.rs:250:5
[INFO] [stdout]   23:     0x561c8429069f - core::ops::function::FnOnce::call_once::ha6a70e79f7481a7e
[INFO] [stdout]                                at /rustc/1b7dd2252b99671ce5d1cb9664c5f8636329436d/library/core/src/ops/function.rs:250:5
[INFO] [stdout]   24:     0x561c8429069f - test::__rust_begin_short_backtrace::hce33033019b61e69
[INFO] [stdout]                                at /rustc/1b7dd2252b99671ce5d1cb9664c5f8636329436d/library/test/src/lib.rs:655:18
[INFO] [stdout]   25:     0x561c8425de8c - test::run_test::{{closure}}::h858d3528838ae3e5
[INFO] [stdout]                                at /rustc/1b7dd2252b99671ce5d1cb9664c5f8636329436d/library/test/src/lib.rs:646:30
[INFO] [stdout]   26:     0x561c8425de8c - core::ops::function::FnOnce::call_once{{vtable.shim}}::he8ac2b00f01ae79e
[INFO] [stdout]                                at /rustc/1b7dd2252b99671ce5d1cb9664c5f8636329436d/library/core/src/ops/function.rs:250:5
[INFO] [stdout]   27:     0x561c8428f776 - <alloc::boxed::Box<F,A> as core::ops::function::FnOnce<Args>>::call_once::h8093d25b522725ef
[INFO] [stdout]                                at /rustc/1b7dd2252b99671ce5d1cb9664c5f8636329436d/library/alloc/src/boxed.rs:1973:9
[INFO] [stdout]   28:     0x561c8428f776 - <core::panic::unwind_safe::AssertUnwindSafe<F> as core::ops::function::FnOnce<()>>::call_once::h5c334c204e4a3913
[INFO] [stdout]                                at /rustc/1b7dd2252b99671ce5d1cb9664c5f8636329436d/library/core/src/panic/unwind_safe.rs:271:9
[INFO] [stdout]   29:     0x561c8428f776 - std::panicking::try::do_call::ha8b740c7b9478074
[INFO] [stdout]                                at /rustc/1b7dd2252b99671ce5d1cb9664c5f8636329436d/library/std/src/panicking.rs:485:40
[INFO] [stdout]   30:     0x561c8428f776 - std::panicking::try::h5d34f63d0e41b64e
[INFO] [stdout]                                at /rustc/1b7dd2252b99671ce5d1cb9664c5f8636329436d/library/std/src/panicking.rs:449:19
[INFO] [stdout]   31:     0x561c8428f776 - std::panic::catch_unwind::hcfbb511e1aa7fc67
[INFO] [stdout]                                at /rustc/1b7dd2252b99671ce5d1cb9664c5f8636329436d/library/std/src/panic.rs:140:14
[INFO] [stdout]   32:     0x561c8428f776 - test::run_test_in_process::h9abda90f802eaf21
[INFO] [stdout]                                at /rustc/1b7dd2252b99671ce5d1cb9664c5f8636329436d/library/test/src/lib.rs:678:27
[INFO] [stdout]   33:     0x561c8428f776 - test::run_test::run_test_inner::{{closure}}::h0f058de91f6c6edf
[INFO] [stdout]                                at /rustc/1b7dd2252b99671ce5d1cb9664c5f8636329436d/library/test/src/lib.rs:572:39
[INFO] [stdout]   34:     0x561c84258695 - test::run_test::run_test_inner::{{closure}}::h5ca48a4c59c6c1fb
[INFO] [stdout]                                at /rustc/1b7dd2252b99671ce5d1cb9664c5f8636329436d/library/test/src/lib.rs:599:37
[INFO] [stdout]   35:     0x561c84258695 - std::sys_common::backtrace::__rust_begin_short_backtrace::h32bd51e1495d4a33
[INFO] [stdout]                                at /rustc/1b7dd2252b99671ce5d1cb9664c5f8636329436d/library/std/src/sys_common/backtrace.rs:134:18
[INFO] [stdout]   36:     0x561c8425dbd1 - std::thread::Builder::spawn_unchecked_::{{closure}}::{{closure}}::hc086fae9b128b2db
[INFO] [stdout]                                at /rustc/1b7dd2252b99671ce5d1cb9664c5f8636329436d/library/std/src/thread/mod.rs:526:17
[INFO] [stdout]   37:     0x561c8425dbd1 - <core::panic::unwind_safe::AssertUnwindSafe<F> as core::ops::function::FnOnce<()>>::call_once::hb66571888d270d43
[INFO] [stdout]                                at /rustc/1b7dd2252b99671ce5d1cb9664c5f8636329436d/library/core/src/panic/unwind_safe.rs:271:9
[INFO] [stdout]   38:     0x561c8425dbd1 - std::panicking::try::do_call::h4fa2ef4f6e51fecf
[INFO] [stdout]                                at /rustc/1b7dd2252b99671ce5d1cb9664c5f8636329436d/library/std/src/panicking.rs:485:40
[INFO] [stdout]   39:     0x561c8425dbd1 - std::panicking::try::h1e9e22b8584489b5
[INFO] [stdout]                                at /rustc/1b7dd2252b99671ce5d1cb9664c5f8636329436d/library/std/src/panicking.rs:449:19
[INFO] [stdout]   40:     0x561c8425dbd1 - std::panic::catch_unwind::h44698a3de0e0769e
[INFO] [stdout]                                at /rustc/1b7dd2252b99671ce5d1cb9664c5f8636329436d/library/std/src/panic.rs:140:14
[INFO] [stdout]   41:     0x561c8425dbd1 - std::thread::Builder::spawn_unchecked_::{{closure}}::h50153abde3fe239e
[INFO] [stdout]                                at /rustc/1b7dd2252b99671ce5d1cb9664c5f8636329436d/library/std/src/thread/mod.rs:525:30
[INFO] [stdout]   42:     0x561c8425dbd1 - core::ops::function::FnOnce::call_once{{vtable.shim}}::hbe5bbf6f38394364
[INFO] [stdout]                                at /rustc/1b7dd2252b99671ce5d1cb9664c5f8636329436d/library/core/src/ops/function.rs:250:5
[INFO] [stdout]   43:     0x561c845cd405 - <alloc::boxed::Box<F,A> as core::ops::function::FnOnce<Args>>::call_once::h0d83cb2920a49046
[INFO] [stdout]                                at /rustc/1b7dd2252b99671ce5d1cb9664c5f8636329436d/library/alloc/src/boxed.rs:1973:9
[INFO] [stdout]   44:     0x561c845cd405 - <alloc::boxed::Box<F,A> as core::ops::function::FnOnce<Args>>::call_once::hbe0a008aa7d9ef59
[INFO] [stdout]                                at /rustc/1b7dd2252b99671ce5d1cb9664c5f8636329436d/library/alloc/src/boxed.rs:1973:9
[INFO] [stdout]   45:     0x561c845cd405 - std::sys::unix::thread::Thread::new::thread_start::h3a466996bdf6b1f9
[INFO] [stdout]                                at /rustc/1b7dd2252b99671ce5d1cb9664c5f8636329436d/library/std/src/sys/unix/thread.rs:108:17
[INFO] [stdout]   46:     0x7f4d5195fb43 - <unknown>
[INFO] [stdout]   47:     0x7f4d519f0bb4 - __clone
[INFO] [stdout]   48:                0x0 - <unknown>
[INFO] [stdout] 
[INFO] [stdout] ---- runner::file::tests::test_run_returns_a_file_result stdout ----
[INFO] [stdout] thread 'runner::file::tests::test_run_returns_a_file_result' panicked at 'Failed to create test directory: Os { code: 30, kind: ReadOnlyFilesystem, message: "Read-only file system" }', src/runner/file.rs:56:38
[INFO] [stdout] stack backtrace:
[INFO] [stdout]    0:     0x561c845c5aca - std::backtrace_rs::backtrace::libunwind::trace::h2f05d0192276a8f6
[INFO] [stdout]                                at /rustc/1b7dd2252b99671ce5d1cb9664c5f8636329436d/library/std/src/../../backtrace/src/backtrace/libunwind.rs:93:5
[INFO] [stdout]    1:     0x561c845c5aca - std::backtrace_rs::backtrace::trace_unsynchronized::hedc23dff7a1af150
[INFO] [stdout]                                at /rustc/1b7dd2252b99671ce5d1cb9664c5f8636329436d/library/std/src/../../backtrace/src/backtrace/mod.rs:66:5
[INFO] [stdout]    2:     0x561c845c5aca - std::sys_common::backtrace::_print_fmt::h17541ef7592f3ce2
[INFO] [stdout]                                at /rustc/1b7dd2252b99671ce5d1cb9664c5f8636329436d/library/std/src/sys_common/backtrace.rs:65:5
[INFO] [stdout]    3:     0x561c845c5aca - <std::sys_common::backtrace::_print::DisplayBacktrace as core::fmt::Display>::fmt::h20f75df5ab0c0792
[INFO] [stdout]                                at /rustc/1b7dd2252b99671ce5d1cb9664c5f8636329436d/library/std/src/sys_common/backtrace.rs:44:22
[INFO] [stdout]    4:     0x561c845eb2ff - core::fmt::write::h78109e6f466b3af6
[INFO] [stdout]                                at /rustc/1b7dd2252b99671ce5d1cb9664c5f8636329436d/library/core/src/fmt/mod.rs:1254:17
[INFO] [stdout]    5:     0x561c845c2bf5 - std::io::Write::write_fmt::hd24bfb68a1b35a25
[INFO] [stdout]                                at /rustc/1b7dd2252b99671ce5d1cb9664c5f8636329436d/library/std/src/io/mod.rs:1698:15
[INFO] [stdout]    6:     0x561c845c5895 - std::sys_common::backtrace::_print::h8dac57a9f8fbf9a5
[INFO] [stdout]                                at /rustc/1b7dd2252b99671ce5d1cb9664c5f8636329436d/library/std/src/sys_common/backtrace.rs:47:5
[INFO] [stdout]    7:     0x561c845c5895 - std::sys_common::backtrace::print::hf9ecbf41d1aa712f
[INFO] [stdout]                                at /rustc/1b7dd2252b99671ce5d1cb9664c5f8636329436d/library/std/src/sys_common/backtrace.rs:34:9
[INFO] [stdout]    8:     0x561c845c7bbe - std::panicking::default_hook::{{closure}}::h04c07acfc84ca028
[INFO] [stdout]                                at /rustc/1b7dd2252b99671ce5d1cb9664c5f8636329436d/library/std/src/panicking.rs:269:22
[INFO] [stdout]    9:     0x561c845c78f1 - std::panicking::default_hook::h01f6bb23e1eceb2c
[INFO] [stdout]                                at /rustc/1b7dd2252b99671ce5d1cb9664c5f8636329436d/library/std/src/panicking.rs:285:9
[INFO] [stdout]   10:     0x561c8428b7cb - <alloc::boxed::Box<F,A> as core::ops::function::Fn<Args>>::call::h87fe9f7b2fd49e4c
[INFO] [stdout]                                at /rustc/1b7dd2252b99671ce5d1cb9664c5f8636329436d/library/alloc/src/boxed.rs:1987:9
[INFO] [stdout]   11:     0x561c8428b7cb - test::test_main::{{closure}}::he94d679243a7531b
[INFO] [stdout]                                at /rustc/1b7dd2252b99671ce5d1cb9664c5f8636329436d/library/test/src/lib.rs:134:21
[INFO] [stdout]   12:     0x561c845c82a4 - <alloc::boxed::Box<F,A> as core::ops::function::Fn<Args>>::call::h3f2d6d8b14c4769f
[INFO] [stdout]                                at /rustc/1b7dd2252b99671ce5d1cb9664c5f8636329436d/library/alloc/src/boxed.rs:1987:9
[INFO] [stdout]   13:     0x561c845c82a4 - std::panicking::rust_panic_with_hook::h2bb3722bbaf2f6df
[INFO] [stdout]                                at /rustc/1b7dd2252b99671ce5d1cb9664c5f8636329436d/library/std/src/panicking.rs:695:13
[INFO] [stdout]   14:     0x561c845c8019 - std::panicking::begin_panic_handler::{{closure}}::h91bc7f36a4be011b
[INFO] [stdout]                                at /rustc/1b7dd2252b99671ce5d1cb9664c5f8636329436d/library/std/src/panicking.rs:582:13
[INFO] [stdout]   15:     0x561c845c5f36 - std::sys_common::backtrace::__rust_end_short_backtrace::h8b3d3717114f9e59
[INFO] [stdout]                                at /rustc/1b7dd2252b99671ce5d1cb9664c5f8636329436d/library/std/src/sys_common/backtrace.rs:150:18
[INFO] [stdout]   16:     0x561c845c7d72 - rust_begin_unwind
[INFO] [stdout]                                at /rustc/1b7dd2252b99671ce5d1cb9664c5f8636329436d/library/std/src/panicking.rs:578:5
[INFO] [stdout]   17:     0x561c841ea5d3 - core::panicking::panic_fmt::hfd368e3fbdabea26
[INFO] [stdout]                                at /rustc/1b7dd2252b99671ce5d1cb9664c5f8636329436d/library/core/src/panicking.rs:67:14
[INFO] [stdout]   18:     0x561c841eab73 - core::result::unwrap_failed::he54eb4b2f125b26f
[INFO] [stdout]                                at /rustc/1b7dd2252b99671ce5d1cb9664c5f8636329436d/library/core/src/result.rs:1687:5
[INFO] [stdout]   19:     0x561c842567ef - core::result::Result<T,E>::expect::he7892de7989d124b
[INFO] [stdout]                                at /rustc/1b7dd2252b99671ce5d1cb9664c5f8636329436d/library/core/src/result.rs:1046:23
[INFO] [stdout]   20:     0x561c841f893f - specdown::runner::file::tests::test_run_returns_a_file_result::h360312c3ebd7cfe5
[INFO] [stdout]                                at /opt/rustwide/workdir/src/runner/file.rs:56:9
[INFO] [stdout]   21:     0x561c841f88e7 - specdown::runner::file::tests::test_run_returns_a_file_result::{{closure}}::h5794b975850841f5
[INFO] [stdout]                                at /opt/rustwide/workdir/src/runner/file.rs:55:41
[INFO] [stdout]   22:     0x561c8420f415 - core::ops::function::FnOnce::call_once::h4fffe632a17fdf55
[INFO] [stdout]                                at /rustc/1b7dd2252b99671ce5d1cb9664c5f8636329436d/library/core/src/ops/function.rs:250:5
[INFO] [stdout]   23:     0x561c8429069f - core::ops::function::FnOnce::call_once::ha6a70e79f7481a7e
[INFO] [stdout]                                at /rustc/1b7dd2252b99671ce5d1cb9664c5f8636329436d/library/core/src/ops/function.rs:250:5
[INFO] [stdout]   24:     0x561c8429069f - test::__rust_begin_short_backtrace::hce33033019b61e69
[INFO] [stdout]                                at /rustc/1b7dd2252b99671ce5d1cb9664c5f8636329436d/library/test/src/lib.rs:655:18
[INFO] [stdout]   25:     0x561c8425de8c - test::run_test::{{closure}}::h858d3528838ae3e5
[INFO] [stdout]                                at /rustc/1b7dd2252b99671ce5d1cb9664c5f8636329436d/library/test/src/lib.rs:646:30
[INFO] [stdout]   26:     0x561c8425de8c - core::ops::function::FnOnce::call_once{{vtable.shim}}::he8ac2b00f01ae79e
[INFO] [stdout]                                at /rustc/1b7dd2252b99671ce5d1cb9664c5f8636329436d/library/core/src/ops/function.rs:250:5
[INFO] [stdout]   27:     0x561c8428f776 - <alloc::boxed::Box<F,A> as core::ops::function::FnOnce<Args>>::call_once::h8093d25b522725ef
[INFO] [stdout]                                at /rustc/1b7dd2252b99671ce5d1cb9664c5f8636329436d/library/alloc/src/boxed.rs:1973:9
[INFO] [stdout]   28:     0x561c8428f776 - <core::panic::unwind_safe::AssertUnwindSafe<F> as core::ops::function::FnOnce<()>>::call_once::h5c334c204e4a3913
[INFO] [stdout]                                at /rustc/1b7dd2252b99671ce5d1cb9664c5f8636329436d/library/core/src/panic/unwind_safe.rs:271:9
[INFO] [stdout]   29:     0x561c8428f776 - std::panicking::try::do_call::ha8b740c7b9478074
[INFO] [stdout]                                at /rustc/1b7dd2252b99671ce5d1cb9664c5f8636329436d/library/std/src/panicking.rs:485:40
[INFO] [stdout]   30:     0x561c8428f776 - std::panicking::try::h5d34f63d0e41b64e
[INFO] [stdout]                                at /rustc/1b7dd2252b99671ce5d1cb9664c5f8636329436d/library/std/src/panicking.rs:449:19
[INFO] [stdout]   31:     0x561c8428f776 - std::panic::catch_unwind::hcfbb511e1aa7fc67
[INFO] [stdout]                                at /rustc/1b7dd2252b99671ce5d1cb9664c5f8636329436d/library/std/src/panic.rs:140:14
[INFO] [stdout]   32:     0x561c8428f776 - test::run_test_in_process::h9abda90f802eaf21
[INFO] [stdout]                                at /rustc/1b7dd2252b99671ce5d1cb9664c5f8636329436d/library/test/src/lib.rs:678:27
[INFO] [stdout]   33:     0x561c8428f776 - test::run_test::run_test_inner::{{closure}}::h0f058de91f6c6edf
[INFO] [stdout]                                at /rustc/1b7dd2252b99671ce5d1cb9664c5f8636329436d/library/test/src/lib.rs:572:39
[INFO] [stdout]   34:     0x561c84258695 - test::run_test::run_test_inner::{{closure}}::h5ca48a4c59c6c1fb
[INFO] [stdout]                                at /rustc/1b7dd2252b99671ce5d1cb9664c5f8636329436d/library/test/src/lib.rs:599:37
[INFO] [stdout]   35:     0x561c84258695 - std::sys_common::backtrace::__rust_begin_short_backtrace::h32bd51e1495d4a33
[INFO] [stdout]                                at /rustc/1b7dd2252b99671ce5d1cb9664c5f8636329436d/library/std/src/sys_common/backtrace.rs:134:18
[INFO] [stdout]   36:     0x561c8425dbd1 - std::thread::Builder::spawn_unchecked_::{{closure}}::{{closure}}::hc086fae9b128b2db
[INFO] [stdout]                                at /rustc/1b7dd2252b99671ce5d1cb9664c5f8636329436d/library/std/src/thread/mod.rs:526:17
[INFO] [stdout]   37:     0x561c8425dbd1 - <core::panic::unwind_safe::AssertUnwindSafe<F> as core::ops::function::FnOnce<()>>::call_once::hb66571888d270d43
[INFO] [stdout]                                at /rustc/1b7dd2252b99671ce5d1cb9664c5f8636329436d/library/core/src/panic/unwind_safe.rs:271:9
[INFO] [stdout]   38:     0x561c8425dbd1 - std::panicking::try::do_call::h4fa2ef4f6e51fecf
[INFO] [stdout]                                at /rustc/1b7dd2252b99671ce5d1cb9664c5f8636329436d/library/std/src/panicking.rs:485:40
[INFO] [stdout]   39:     0x561c8425dbd1 - std::panicking::try::h1e9e22b8584489b5
[INFO] [stdout]                                at /rustc/1b7dd2252b99671ce5d1cb9664c5f8636329436d/library/std/src/panicking.rs:449:19
[INFO] [stdout]   40:     0x561c8425dbd1 - std::panic::catch_unwind::h44698a3de0e0769e
[INFO] [stdout]                                at /rustc/1b7dd2252b99671ce5d1cb9664c5f8636329436d/library/std/src/panic.rs:140:14
[INFO] [stdout]   41:     0x561c8425dbd1 - std::thread::Builder::spawn_unchecked_::{{closure}}::h50153abde3fe239e
[INFO] [stdout]                                at /rustc/1b7dd2252b99671ce5d1cb9664c5f8636329436d/library/std/src/thread/mod.rs:525:30
[INFO] [stdout]   42:     0x561c8425dbd1 - core::ops::function::FnOnce::call_once{{vtable.shim}}::hbe5bbf6f38394364
[INFO] [stdout]                                at /rustc/1b7dd2252b99671ce5d1cb9664c5f8636329436d/library/core/src/ops/function.rs:250:5
[INFO] [stdout]   43:     0x561c845cd405 - <alloc::boxed::Box<F,A> as core::ops::function::FnOnce<Args>>::call_once::h0d83cb2920a49046
[INFO] [stdout]                                at /rustc/1b7dd2252b99671ce5d1cb9664c5f8636329436d/library/alloc/src/boxed.rs:1973:9
[INFO] [stdout]   44:     0x561c845cd405 - <alloc::boxed::Box<F,A> as core::ops::function::FnOnce<Args>>::call_once::hbe0a008aa7d9ef59
[INFO] [stdout]                                at /rustc/1b7dd2252b99671ce5d1cb9664c5f8636329436d/library/alloc/src/boxed.rs:1973:9
[INFO] [stdout]   45:     0x561c845cd405 - std::sys::unix::thread::Thread::new::thread_start::h3a466996bdf6b1f9
[INFO] [stdout]                                at /rustc/1b7dd2252b99671ce5d1cb9664c5f8636329436d/library/std/src/sys/unix/thread.rs:108:17
[INFO] [stdout]   46:     0x7f4d5195fb43 - <unknown>
[INFO] [stdout]   47:     0x7f4d519f0bb4 - __clone
[INFO] [stdout]   48:                0x0 - <unknown>
[INFO] [stdout] 
[INFO] [stdout] 
[INFO] [stdout] failures:
[INFO] [stdout]     runner::file::tests::test_run_creates_a_file
[INFO] [stdout]     runner::file::tests::test_run_returns_a_file_result
[INFO] [stdout] 
[INFO] [stdout] test result: FAILED. 122 passed; 2 failed; 0 ignored; 0 measured; 0 filtered out; finished in 0.26s
[INFO] [stdout] 
[INFO] [stderr] error: test failed, to rerun pass `--bin specdown`
[INFO] running `Command { std: "docker" "inspect" "16c0bfe70acf9b5a0b9a0642176e9491f2eb8da5876efd65f70a554842a47c7c", kill_on_drop: false }`
[INFO] running `Command { std: "docker" "rm" "-f" "16c0bfe70acf9b5a0b9a0642176e9491f2eb8da5876efd65f70a554842a47c7c", kill_on_drop: false }`
[INFO] [stdout] 16c0bfe70acf9b5a0b9a0642176e9491f2eb8da5876efd65f70a554842a47c7c
