[INFO] cloning repository https://github.com/soenkehahn/si
[INFO] running `Command { std: "git" "-c" "credential.helper=" "-c" "credential.helper=/workspace/cargo-home/bin/git-credential-null" "clone" "--bare" "https://github.com/soenkehahn/si" "/workspace/cache/git-repos/https%3A%2F%2Fgithub.com%2Fsoenkehahn%2Fsi", kill_on_drop: false }`
[INFO] [stderr] Cloning into bare repository '/workspace/cache/git-repos/https%3A%2F%2Fgithub.com%2Fsoenkehahn%2Fsi'...
[INFO] running `Command { std: "git" "rev-parse" "HEAD", kill_on_drop: false }`
[INFO] [stdout] 4ca2670f6306cd989bbf757ad63d5d3576e228bd
[INFO] testing soenkehahn/si against 1.69.0 for beta-1.70-1
[INFO] running `Command { std: "git" "clone" "/workspace/cache/git-repos/https%3A%2F%2Fgithub.com%2Fsoenkehahn%2Fsi" "/workspace/builds/worker-1-tc1/source", kill_on_drop: false }`
[INFO] [stderr] Cloning into '/workspace/builds/worker-1-tc1/source'...
[INFO] [stderr] done.
[INFO] validating manifest of git repo https://github.com/soenkehahn/si on toolchain 1.69.0
[INFO] running `Command { std: CARGO_HOME="/workspace/cargo-home" RUSTUP_HOME="/workspace/rustup-home" "/workspace/cargo-home/bin/cargo" "+1.69.0" "metadata" "--manifest-path" "Cargo.toml" "--no-deps", kill_on_drop: false }`
[INFO] started tweaking git repo https://github.com/soenkehahn/si
[INFO] finished tweaking git repo https://github.com/soenkehahn/si
[INFO] tweaked toml for git repo https://github.com/soenkehahn/si written to /workspace/builds/worker-1-tc1/source/Cargo.toml
[INFO] crate git repo https://github.com/soenkehahn/si already has a lockfile, it will not be regenerated
[INFO] running `Command { std: CARGO_HOME="/workspace/cargo-home" RUSTUP_HOME="/workspace/rustup-home" "/workspace/cargo-home/bin/cargo" "+1.69.0" "fetch" "--manifest-path" "Cargo.toml", kill_on_drop: false }`
[INFO] [stderr]  Downloading crates ...
[INFO] [stderr]   Downloaded pager v0.15.0
[INFO] [stderr]   Downloaded source v0.2.1
[INFO] [stderr]   Downloaded utf8-chars v0.1.2
[INFO] running `Command { std: "docker" "create" "-v" "/var/lib/crater-agent-workspace/builds/worker-1-tc1/target:/opt/rustwide/target:rw,Z" "-v" "/var/lib/crater-agent-workspace/builds/worker-1-tc1/source:/opt/rustwide/workdir:ro,Z" "-v" "/var/lib/crater-agent-workspace/cargo-home:/opt/rustwide/cargo-home:ro,Z" "-v" "/var/lib/crater-agent-workspace/rustup-home:/opt/rustwide/rustup-home:ro,Z" "-e" "SOURCE_DIR=/opt/rustwide/workdir" "-e" "CARGO_TARGET_DIR=/opt/rustwide/target" "-e" "CARGO_HOME=/opt/rustwide/cargo-home" "-e" "RUSTUP_HOME=/opt/rustwide/rustup-home" "-w" "/opt/rustwide/workdir" "-m" "1610612736" "--user" "0:0" "--network" "none" "ghcr.io/rust-lang/crates-build-env/linux@sha256:5ff2268d62e97bff2cde7d5815dd6ed5b47097566f13b8d0ca110b04b60e07ed" "/opt/rustwide/cargo-home/bin/cargo" "+1.69.0" "metadata" "--no-deps" "--format-version=1", kill_on_drop: false }`
[INFO] [stdout] c826a0968a876be499c06af445a8d8988797773299179cc1ddca55437ff5afd6
[INFO] running `Command { std: "docker" "start" "-a" "c826a0968a876be499c06af445a8d8988797773299179cc1ddca55437ff5afd6", kill_on_drop: false }`
[INFO] running `Command { std: "docker" "inspect" "c826a0968a876be499c06af445a8d8988797773299179cc1ddca55437ff5afd6", kill_on_drop: false }`
[INFO] running `Command { std: "docker" "rm" "-f" "c826a0968a876be499c06af445a8d8988797773299179cc1ddca55437ff5afd6", kill_on_drop: false }`
[INFO] [stdout] c826a0968a876be499c06af445a8d8988797773299179cc1ddca55437ff5afd6
[INFO] running `Command { std: "docker" "create" "-v" "/var/lib/crater-agent-workspace/builds/worker-1-tc1/target:/opt/rustwide/target:rw,Z" "-v" "/var/lib/crater-agent-workspace/builds/worker-1-tc1/source:/opt/rustwide/workdir:ro,Z" "-v" "/var/lib/crater-agent-workspace/cargo-home:/opt/rustwide/cargo-home:ro,Z" "-v" "/var/lib/crater-agent-workspace/rustup-home:/opt/rustwide/rustup-home:ro,Z" "-e" "SOURCE_DIR=/opt/rustwide/workdir" "-e" "CARGO_TARGET_DIR=/opt/rustwide/target" "-e" "CARGO_INCREMENTAL=0" "-e" "RUST_BACKTRACE=full" "-e" "RUSTFLAGS=--cap-lints=warn" "-e" "RUSTDOCFLAGS=--cap-lints=warn" "-e" "CARGO_HOME=/opt/rustwide/cargo-home" "-e" "RUSTUP_HOME=/opt/rustwide/rustup-home" "-w" "/opt/rustwide/workdir" "-m" "1610612736" "--user" "0:0" "--network" "none" "ghcr.io/rust-lang/crates-build-env/linux@sha256:5ff2268d62e97bff2cde7d5815dd6ed5b47097566f13b8d0ca110b04b60e07ed" "/opt/rustwide/cargo-home/bin/cargo" "+1.69.0" "build" "--frozen" "--message-format=json", kill_on_drop: false }`
[INFO] [stdout] bb8f425f8af0ac5426807d565aa0c528dee3308c9e7ecf864d7310372a0e095b
[INFO] running `Command { std: "docker" "start" "-a" "bb8f425f8af0ac5426807d565aa0c528dee3308c9e7ecf864d7310372a0e095b", kill_on_drop: false }`
[INFO] [stderr]    Compiling libc v0.2.62
[INFO] [stderr]    Compiling arrayvec v0.5.1
[INFO] [stderr]    Compiling lazy_static v1.4.0
[INFO] [stderr]    Compiling lexiclean v0.0.1
[INFO] [stderr]    Compiling utf8-chars v0.1.2
[INFO] [stderr]    Compiling source v0.2.1
[INFO] [stderr]    Compiling errno v0.2.4
[INFO] [stderr]    Compiling atty v0.2.13
[INFO] [stderr]    Compiling term_size v0.3.1
[INFO] [stderr]    Compiling colored v1.9.0
[INFO] [stderr]    Compiling pager v0.15.0
[INFO] [stderr]    Compiling si v0.3.0 (/opt/rustwide/workdir)
[INFO] [stderr]     Finished dev [unoptimized + debuginfo] target(s) in 1.59s
[INFO] running `Command { std: "docker" "inspect" "bb8f425f8af0ac5426807d565aa0c528dee3308c9e7ecf864d7310372a0e095b", kill_on_drop: false }`
[INFO] running `Command { std: "docker" "rm" "-f" "bb8f425f8af0ac5426807d565aa0c528dee3308c9e7ecf864d7310372a0e095b", kill_on_drop: false }`
[INFO] [stdout] bb8f425f8af0ac5426807d565aa0c528dee3308c9e7ecf864d7310372a0e095b
[INFO] running `Command { std: "docker" "create" "-v" "/var/lib/crater-agent-workspace/builds/worker-1-tc1/target:/opt/rustwide/target:rw,Z" "-v" "/var/lib/crater-agent-workspace/builds/worker-1-tc1/source:/opt/rustwide/workdir:ro,Z" "-v" "/var/lib/crater-agent-workspace/cargo-home:/opt/rustwide/cargo-home:ro,Z" "-v" "/var/lib/crater-agent-workspace/rustup-home:/opt/rustwide/rustup-home:ro,Z" "-e" "SOURCE_DIR=/opt/rustwide/workdir" "-e" "CARGO_TARGET_DIR=/opt/rustwide/target" "-e" "CARGO_INCREMENTAL=0" "-e" "RUST_BACKTRACE=full" "-e" "RUSTFLAGS=--cap-lints=warn" "-e" "RUSTDOCFLAGS=--cap-lints=warn" "-e" "CARGO_HOME=/opt/rustwide/cargo-home" "-e" "RUSTUP_HOME=/opt/rustwide/rustup-home" "-w" "/opt/rustwide/workdir" "-m" "1610612736" "--user" "0:0" "--network" "none" "ghcr.io/rust-lang/crates-build-env/linux@sha256:5ff2268d62e97bff2cde7d5815dd6ed5b47097566f13b8d0ca110b04b60e07ed" "/opt/rustwide/cargo-home/bin/cargo" "+1.69.0" "test" "--frozen" "--no-run" "--message-format=json", kill_on_drop: false }`
[INFO] [stdout] 94cf26836c6aa78dab2b993f5e4da4680cf224651deda629e4a6efce8f00b77e
[INFO] running `Command { std: "docker" "start" "-a" "94cf26836c6aa78dab2b993f5e4da4680cf224651deda629e4a6efce8f00b77e", kill_on_drop: false }`
[INFO] [stderr]    Compiling utf8parse v0.1.1
[INFO] [stderr]    Compiling rand v0.4.6
[INFO] [stderr]    Compiling diff v0.1.13
[INFO] [stderr]    Compiling remove_dir_all v0.5.2
[INFO] [stderr]    Compiling unicode-width v0.1.6
[INFO] [stderr]    Compiling yansi v0.5.1
[INFO] [stderr]    Compiling vte v0.3.3
[INFO] [stderr]    Compiling textwrap v0.11.0
[INFO] [stderr]    Compiling pretty_assertions v1.3.0
[INFO] [stderr]    Compiling strip-ansi-escapes v0.1.0
[INFO] [stderr]    Compiling tempdir v0.3.7
[INFO] [stderr]    Compiling si v0.3.0 (/opt/rustwide/workdir)
[INFO] [stderr]     Finished test [unoptimized + debuginfo] target(s) in 2.43s
[INFO] running `Command { std: "docker" "inspect" "94cf26836c6aa78dab2b993f5e4da4680cf224651deda629e4a6efce8f00b77e", kill_on_drop: false }`
[INFO] running `Command { std: "docker" "rm" "-f" "94cf26836c6aa78dab2b993f5e4da4680cf224651deda629e4a6efce8f00b77e", kill_on_drop: false }`
[INFO] [stdout] 94cf26836c6aa78dab2b993f5e4da4680cf224651deda629e4a6efce8f00b77e
[INFO] running `Command { std: "docker" "create" "-v" "/var/lib/crater-agent-workspace/builds/worker-1-tc1/target:/opt/rustwide/target:rw,Z" "-v" "/var/lib/crater-agent-workspace/builds/worker-1-tc1/source:/opt/rustwide/workdir:ro,Z" "-v" "/var/lib/crater-agent-workspace/cargo-home:/opt/rustwide/cargo-home:ro,Z" "-v" "/var/lib/crater-agent-workspace/rustup-home:/opt/rustwide/rustup-home:ro,Z" "-e" "SOURCE_DIR=/opt/rustwide/workdir" "-e" "CARGO_TARGET_DIR=/opt/rustwide/target" "-e" "CARGO_INCREMENTAL=0" "-e" "RUST_BACKTRACE=full" "-e" "RUSTFLAGS=--cap-lints=warn" "-e" "RUSTDOCFLAGS=--cap-lints=warn" "-e" "CARGO_HOME=/opt/rustwide/cargo-home" "-e" "RUSTUP_HOME=/opt/rustwide/rustup-home" "-w" "/opt/rustwide/workdir" "-m" "1610612736" "--user" "0:0" "--network" "none" "ghcr.io/rust-lang/crates-build-env/linux@sha256:5ff2268d62e97bff2cde7d5815dd6ed5b47097566f13b8d0ca110b04b60e07ed" "/opt/rustwide/cargo-home/bin/cargo" "+1.69.0" "test" "--frozen", kill_on_drop: false }`
[INFO] [stdout] 8f5d46d34ee4c758458aac2818ce23a0c9f1ec4aa748b868b9eb84d25978f354
[INFO] running `Command { std: "docker" "start" "-a" "8f5d46d34ee4c758458aac2818ce23a0c9f1ec4aa748b868b9eb84d25978f354", kill_on_drop: false }`
[INFO] [stderr]     Finished test [unoptimized + debuginfo] target(s) in 0.03s
[INFO] [stderr]      Running unittests src/main.rs (/opt/rustwide/target/debug/deps/si-a255321e2736519f)
[INFO] [stdout] 
[INFO] [stdout] running 44 tests
[INFO] [stdout] test directory::stats::stats_pluralization::ones ... ok
[INFO] [stdout] test directory::test::single_file ... ok
[INFO] [stdout] test directory::stats::stats_pluralization::zeros ... ok
[INFO] [stdout] test directory::test::multiple_files_sorted ... ok
[INFO] [stdout] test directory::test::lists_working_directory_when_no_argument_given ... ok
[INFO] [stdout] test directory::tree::test::renders_file_prefixes_differently_when_there_are_more_files ... ok
[INFO] [stdout] test directory::test::lists_directories_in_blue ... ok
[INFO] [stdout] test file::colorize::test::colorizes_curly_brackets ... ok
[INFO] [stdout] test file::colorize::test::colorizes_square_brackets ... ok
[INFO] [stdout] test file::colorize::test::numbers::colorizes_numbers ... ok
[INFO] [stdout] test file::colorize::test::numbers::works_for_numbers_at_the_end_of_lines ... ok
[INFO] [stdout] test directory::stats::stats_pluralization::twos ... ok
[INFO] [stdout] test file::colorize::test::numbers::does_colorize_numbers_within_identifiers_when_starting_with_a_digit ... ok
[INFO] [stdout] test file::colorize::test::numbers::does_not_colorize_numbers_within_identifiers ... ok
[INFO] [stdout] test file::colorize::test::colorizes_round_brackets ... ok
[INFO] [stdout] test directory::tree::test::works_for_deeper_trees ... ok
[INFO] [stdout] test file::colorize::test::quotes::resets_at_newlines ... ok
[INFO] [stdout] test file::colorize::test::quotes::colorizes_double_quoted_strings ... ok
[INFO] [stdout] test file::line_numbers::test::padding::numbers_always_take_up_the_same_number_of_characters ... ok
[INFO] [stdout] test file::line_numbers::test::padding::corner_case_2 ... ok
[INFO] [stdout] test file::colorize::test::quotes::allows_to_escape_double_quotes ... ok
[INFO] [stdout] test file::line_numbers::test::padding::corner_case_3 ... ok
[INFO] [stdout] test file::test::does_not_crash_for_invalid_utf_8 ... ok
[INFO] [stdout] test file::line_numbers::test::padding::corner_case_1 ... ok
[INFO] [stdout] test file::line_numbers::test::works_for_consecutive_newlines ... ok
[INFO] [stdout] test directory::tree::test::does_not_show_hidden_files ... ok
[INFO] [stdout] test test::render_path_works ... ok
[INFO] [stdout] test directory::tree::test::shows_a_directory_tree ... ok
[INFO] [stdout] test directory::stats::stats_pluralization::shows_the_number_of_files_and_directories ... ok
[INFO] [stdout] test file::test::includes_a_stats_section_about_the_file ... ok
[INFO] [stdout] test file::line_numbers::test::shows_line_numbers ... ok
[INFO] [stdout] test test::cats_files ... FAILED
[INFO] [stdout] test test::resolves_symlinks_in_other_directories ... ok
[INFO] [stdout] test test::separators_span_the_terminal_width ... ok
[INFO] [stdout] test directory::test::lists_directories_with_a_trailing_slash ... FAILED
[INFO] [stdout] test file::test::colorizes_file_contents ... FAILED
[INFO] [stdout] test file::line_numbers::test::padding::line_number_padding_works_for_empty_lines ... FAILED
[INFO] [stderr] thread panicked while panicking. aborting.
[INFO] [stderr] error: test failed, to rerun pass `--bin si`
[INFO] [stderr] 
[INFO] [stderr] Caused by:
[INFO] [stderr]   process didn't exit successfully: `/opt/rustwide/target/debug/deps/si-a255321e2736519f` (signal: 6, SIGABRT: process abort signal)
[INFO] running `Command { std: "docker" "inspect" "8f5d46d34ee4c758458aac2818ce23a0c9f1ec4aa748b868b9eb84d25978f354", kill_on_drop: false }`
[INFO] running `Command { std: "docker" "rm" "-f" "8f5d46d34ee4c758458aac2818ce23a0c9f1ec4aa748b868b9eb84d25978f354", kill_on_drop: false }`
[INFO] [stdout] 8f5d46d34ee4c758458aac2818ce23a0c9f1ec4aa748b868b9eb84d25978f354
