[INFO] cloning repository https://github.com/snowbellows/barlow
[INFO] running `Command { std: "git" "-c" "credential.helper=" "-c" "credential.helper=/workspace/cargo-home/bin/git-credential-null" "clone" "--bare" "https://github.com/snowbellows/barlow" "/workspace/cache/git-repos/https%3A%2F%2Fgithub.com%2Fsnowbellows%2Fbarlow", kill_on_drop: false }`
[INFO] [stderr] Cloning into bare repository '/workspace/cache/git-repos/https%3A%2F%2Fgithub.com%2Fsnowbellows%2Fbarlow'...
[INFO] running `Command { std: "git" "rev-parse" "HEAD", kill_on_drop: false }`
[INFO] [stdout] ebca5aafd9dd301315ac5ca9fd96a61dfb8daae9
[INFO] testing snowbellows/barlow against beta-2023-04-20 for beta-1.70-1
[INFO] running `Command { std: "git" "clone" "/workspace/cache/git-repos/https%3A%2F%2Fgithub.com%2Fsnowbellows%2Fbarlow" "/workspace/builds/worker-3-tc2/source", kill_on_drop: false }`
[INFO] [stderr] Cloning into '/workspace/builds/worker-3-tc2/source'...
[INFO] [stderr] done.
[INFO] validating manifest of git repo https://github.com/snowbellows/barlow on toolchain beta-2023-04-20
[INFO] running `Command { std: CARGO_HOME="/workspace/cargo-home" RUSTUP_HOME="/workspace/rustup-home" "/workspace/cargo-home/bin/cargo" "+beta-2023-04-20" "metadata" "--manifest-path" "Cargo.toml" "--no-deps", kill_on_drop: false }`
[INFO] started tweaking git repo https://github.com/snowbellows/barlow
[INFO] finished tweaking git repo https://github.com/snowbellows/barlow
[INFO] tweaked toml for git repo https://github.com/snowbellows/barlow written to /workspace/builds/worker-3-tc2/source/Cargo.toml
[INFO] crate git repo https://github.com/snowbellows/barlow already has a lockfile, it will not be regenerated
[INFO] running `Command { std: CARGO_HOME="/workspace/cargo-home" RUSTUP_HOME="/workspace/rustup-home" "/workspace/cargo-home/bin/cargo" "+beta-2023-04-20" "fetch" "--manifest-path" "Cargo.toml", kill_on_drop: false }`
[INFO] [stderr]     Updating crates.io index
[INFO] [stderr]  Downloading crates ...
[INFO] [stderr]   Downloaded scrypt v0.2.0
[INFO] [stderr]   Downloaded pretty_env_logger v0.3.0
[INFO] [stderr]   Downloaded headers-core v0.1.0
[INFO] [stderr]   Downloaded headers-derive v0.1.0
[INFO] [stderr]   Downloaded proptest v0.9.3
[INFO] [stderr]   Downloaded headers v0.2.1
[INFO] [stderr]   Downloaded warp v0.1.13
[INFO] running `Command { std: "docker" "create" "-v" "/var/lib/crater-agent-workspace/builds/worker-3-tc2/target:/opt/rustwide/target:rw,Z" "-v" "/var/lib/crater-agent-workspace/builds/worker-3-tc2/source:/opt/rustwide/workdir:ro,Z" "-v" "/var/lib/crater-agent-workspace/cargo-home:/opt/rustwide/cargo-home:ro,Z" "-v" "/var/lib/crater-agent-workspace/rustup-home:/opt/rustwide/rustup-home:ro,Z" "-e" "SOURCE_DIR=/opt/rustwide/workdir" "-e" "CARGO_TARGET_DIR=/opt/rustwide/target" "-e" "CARGO_HOME=/opt/rustwide/cargo-home" "-e" "RUSTUP_HOME=/opt/rustwide/rustup-home" "-w" "/opt/rustwide/workdir" "-m" "1610612736" "--user" "0:0" "--network" "none" "ghcr.io/rust-lang/crates-build-env/linux@sha256:5ff2268d62e97bff2cde7d5815dd6ed5b47097566f13b8d0ca110b04b60e07ed" "/opt/rustwide/cargo-home/bin/cargo" "+beta-2023-04-20" "metadata" "--no-deps" "--format-version=1", kill_on_drop: false }`
[INFO] [stdout] 9ee45daab0cb082ff95dffeddf97e65dfa022c81270a3096f6416fa88911774f
[INFO] running `Command { std: "docker" "start" "-a" "9ee45daab0cb082ff95dffeddf97e65dfa022c81270a3096f6416fa88911774f", kill_on_drop: false }`
[INFO] running `Command { std: "docker" "inspect" "9ee45daab0cb082ff95dffeddf97e65dfa022c81270a3096f6416fa88911774f", kill_on_drop: false }`
[INFO] running `Command { std: "docker" "rm" "-f" "9ee45daab0cb082ff95dffeddf97e65dfa022c81270a3096f6416fa88911774f", kill_on_drop: false }`
[INFO] [stdout] 9ee45daab0cb082ff95dffeddf97e65dfa022c81270a3096f6416fa88911774f
[INFO] running `Command { std: "docker" "create" "-v" "/var/lib/crater-agent-workspace/builds/worker-3-tc2/target:/opt/rustwide/target:rw,Z" "-v" "/var/lib/crater-agent-workspace/builds/worker-3-tc2/source:/opt/rustwide/workdir:ro,Z" "-v" "/var/lib/crater-agent-workspace/cargo-home:/opt/rustwide/cargo-home:ro,Z" "-v" "/var/lib/crater-agent-workspace/rustup-home:/opt/rustwide/rustup-home:ro,Z" "-e" "SOURCE_DIR=/opt/rustwide/workdir" "-e" "CARGO_TARGET_DIR=/opt/rustwide/target" "-e" "CARGO_INCREMENTAL=0" "-e" "RUST_BACKTRACE=full" "-e" "RUSTFLAGS=--cap-lints=warn" "-e" "RUSTDOCFLAGS=--cap-lints=warn" "-e" "CARGO_HOME=/opt/rustwide/cargo-home" "-e" "RUSTUP_HOME=/opt/rustwide/rustup-home" "-w" "/opt/rustwide/workdir" "-m" "1610612736" "--user" "0:0" "--network" "none" "ghcr.io/rust-lang/crates-build-env/linux@sha256:5ff2268d62e97bff2cde7d5815dd6ed5b47097566f13b8d0ca110b04b60e07ed" "/opt/rustwide/cargo-home/bin/cargo" "+beta-2023-04-20" "build" "--frozen" "--message-format=json", kill_on_drop: false }`
[INFO] [stdout] 2e6263f3898d4e02eab14e3749d466cb54a73de528620367b2bfaa9611421e69
[INFO] running `Command { std: "docker" "start" "-a" "2e6263f3898d4e02eab14e3749d466cb54a73de528620367b2bfaa9611421e69", kill_on_drop: false }`
[INFO] [stderr]    Compiling libc v0.2.49
[INFO] [stderr]    Compiling cfg-if v0.1.6
[INFO] [stderr]    Compiling rand_core v0.4.0
[INFO] [stderr]    Compiling autocfg v0.1.2
[INFO] [stderr]    Compiling byteorder v1.3.1
[INFO] [stderr]    Compiling lazy_static v1.2.0
[INFO] [stderr]    Compiling smallvec v0.6.9
[INFO] [stderr]    Compiling futures v0.1.25
[INFO] [stderr]    Compiling log v0.4.6
[INFO] [stderr]    Compiling crossbeam-utils v0.6.5
[INFO] [stderr]    Compiling rand_core v0.3.1
[INFO] [stderr]    Compiling rand_jitter v0.1.3
[INFO] [stderr]    Compiling rand_isaac v0.1.1
[INFO] [stderr]    Compiling rand_chacha v0.1.1
[INFO] [stderr]    Compiling rand_pcg v0.1.2
[INFO] [stderr]    Compiling rand v0.6.5
[INFO] [stderr]    Compiling rand_hc v0.1.0
[INFO] [stderr]    Compiling rand_xorshift v0.1.1
[INFO] [stderr]    Compiling rand_os v0.1.2
[INFO] [stderr]    Compiling iovec v0.1.2
[INFO] [stderr]    Compiling semver-parser v0.7.0
[INFO] [stderr]    Compiling version_check v0.1.5
[INFO] [stderr]    Compiling scopeguard v0.3.3
[INFO] [stderr]    Compiling typenum v1.10.0
[INFO] [stderr]    Compiling bytes v0.4.11
[INFO] [stderr]    Compiling semver v0.9.0
[INFO] [stderr]    Compiling slab v0.4.2
[INFO] [stderr]    Compiling stable_deref_trait v1.1.1
[INFO] [stderr]    Compiling tokio-executor v0.1.6
[INFO] [stderr]    Compiling rustc_version v0.2.3
[INFO] [stderr]    Compiling owning_ref v0.4.0
[INFO] [stderr]    Compiling lock_api v0.1.5
[INFO] [stderr]    Compiling num_cpus v1.10.0
[INFO] [stderr]    Compiling proc-macro2 v0.4.27
[INFO] [stderr]    Compiling tokio-io v0.1.11
[INFO] [stderr]    Compiling parking_lot_core v0.4.0
[INFO] [stderr]    Compiling unicase v1.4.2
[INFO] [stderr]    Compiling arrayvec v0.4.10
[INFO] [stderr]    Compiling unicode-xid v0.1.0
[INFO] [stderr]    Compiling net2 v0.2.33
[INFO] [stderr]    Compiling generic-array v0.12.0
[INFO] [stderr]    Compiling lazycell v1.2.1
[INFO] [stderr]    Compiling parking_lot v0.7.1
[INFO] [stderr]    Compiling nodrop v0.1.13
[INFO] [stderr]    Compiling mio v0.6.16
[INFO] [stderr]    Compiling quote v0.6.11
[INFO] [stderr]    Compiling memoffset v0.2.1
[INFO] [stderr]    Compiling ucd-util v0.1.3
[INFO] [stderr]    Compiling num-traits v0.2.6
[INFO] [stderr]    Compiling itoa v0.4.3
[INFO] [stderr]    Compiling fnv v1.0.6
[INFO] [stderr]    Compiling memchr v2.2.0
[INFO] [stderr]    Compiling byte-tools v0.3.1
[INFO] [stderr]    Compiling siphasher v0.2.3
[INFO] [stderr]    Compiling crossbeam-epoch v0.7.1
[INFO] [stderr]    Compiling syn v0.15.26
[INFO] [stderr]    Compiling digest v0.8.0
[INFO] [stderr]    Compiling block-padding v0.1.3
[INFO] [stderr]    Compiling phf_shared v0.7.24
[INFO] [stderr]    Compiling time v0.1.42
[INFO] [stderr]    Compiling tokio-reactor v0.1.8
[INFO] [stderr]    Compiling crossbeam-deque v0.6.3
[INFO] [stderr]    Compiling block-buffer v0.7.0
[INFO] [stderr]    Compiling unicase v2.2.0
[INFO] [stderr]    Compiling crossbeam-channel v0.3.8
[INFO] [stderr]    Compiling fake-simd v0.1.2
[INFO] [stderr]    Compiling opaque-debug v0.2.2
[INFO] [stderr]    Compiling matches v0.1.8
[INFO] [stderr]    Compiling num-integer v0.1.39
[INFO] [stderr]    Compiling aho-corasick v0.6.10
[INFO] [stderr]    Compiling unicode-bidi v0.3.4
[INFO] [stderr]    Compiling phf_generator v0.7.24
[INFO] [stderr]    Compiling http v0.1.16
[INFO] [stderr]    Compiling tokio-codec v0.1.1
[INFO] [stderr]    Compiling crossbeam v0.6.0
[INFO] [stderr]    Compiling unicode-normalization v0.1.8
[INFO] [stderr]    Compiling thread_local v0.3.6
[INFO] [stderr]    Compiling bitflags v1.0.4
[INFO] [stderr]    Compiling quick-error v1.2.2
[INFO] [stderr]    Compiling utf8-ranges v1.0.2
[INFO] [stderr]    Compiling serde v1.0.88
[INFO] [stderr]    Compiling httparse v1.3.3
[INFO] [stderr]    Compiling tokio-threadpool v0.1.11
[INFO] [stderr]    Compiling phf_codegen v0.7.24
[INFO] [stderr]    Compiling mio-uds v0.6.7
[INFO] [stderr]    Compiling regex-syntax v0.6.5
[INFO] [stderr]    Compiling pq-sys v0.4.6
[INFO] [stderr]    Compiling ryu v0.2.7
[INFO] [stderr]    Compiling idna v0.1.5
[INFO] [stderr]    Compiling antidote v1.0.0
[INFO] [stderr]    Compiling percent-encoding v1.0.1
[INFO] [stderr]    Compiling subtle v1.0.0
[INFO] [stderr]    Compiling regex v1.1.0
[INFO] [stderr]    Compiling crypto-mac v0.7.0
[INFO] [stderr]    Compiling scheduled-thread-pool v0.2.0
[INFO] [stderr]    Compiling url v1.7.2
[INFO] [stderr]    Compiling tokio-uds v0.2.5
[INFO] [stderr]    Compiling tokio-fs v0.1.5
[INFO] [stderr]    Compiling mime v0.3.13
[INFO] [stderr]    Compiling chrono v0.4.6
[INFO] [stderr]    Compiling mime_guess v2.0.0-alpha.6
[INFO] [stderr]    Compiling tokio-udp v0.1.3
[INFO] [stderr]    Compiling sha-1 v0.8.1
[INFO] [stderr]    Compiling tokio-tcp v0.1.3
[INFO] [stderr]    Compiling tokio-current-thread v0.1.4
[INFO] [stderr]    Compiling tokio-timer v0.2.10
[INFO] [stderr]    Compiling tokio-sync v0.1.2
[INFO] [stderr]    Compiling rand v0.5.6
[INFO] [stderr]    Compiling base64 v0.10.1
[INFO] [stderr]    Compiling string v0.1.3
[INFO] [stderr]    Compiling remove_dir_all v0.5.1
[INFO] [stderr]    Compiling regex v0.2.11
[INFO] [stderr]    Compiling indexmap v1.0.2
[INFO] [stderr]    Compiling try-lock v0.2.2
[INFO] [stderr]    Compiling want v0.0.6
[INFO] [stderr]    Compiling tokio v0.1.15
[INFO] [stderr]    Compiling tempfile v3.0.7
[INFO] [stderr]    Compiling headers-derive v0.1.0
[INFO] [stderr]    Compiling h2 v0.1.16
[INFO] [stderr]    Compiling diesel_derives v1.4.0
[INFO] [stderr]    Compiling r2d2 v0.8.3
[INFO] [stderr]    Compiling headers-core v0.1.0
[INFO] [stderr]    Compiling humantime v1.2.0
[INFO] [stderr]    Compiling phf v0.7.24
[INFO] [stderr]    Compiling regex-syntax v0.5.6
[INFO] [stderr]    Compiling futures-cpupool v0.1.8
[INFO] [stderr]    Compiling input_buffer v0.2.0
[INFO] [stderr]    Compiling wait-timeout v0.2.0
[INFO] [stderr]    Compiling atty v0.2.11
[INFO] [stderr]    Compiling safemem v0.3.0
[INFO] [stderr]    Compiling dtoa v0.4.3
[INFO] [stderr]    Compiling termcolor v1.0.4
[INFO] [stderr]    Compiling bit-vec v0.5.1
[INFO] [stderr]    Compiling utf-8 v0.7.5
[INFO] [stderr]    Compiling serde_urlencoded v0.5.4
[INFO] [stderr]    Compiling env_logger v0.6.0
[INFO] [stderr]    Compiling bit-set v0.5.1
[INFO] [stderr]    Compiling tungstenite v0.6.1
[INFO] [stderr]    Compiling hyper v0.12.24
[INFO] [stderr]    Compiling serde_json v1.0.38
[INFO] [stderr]    Compiling base64 v0.9.3
[INFO] [stderr]    Compiling rusty-fork v0.2.2
[INFO] [stderr]    Compiling headers v0.2.1
[INFO] [stderr]    Compiling hmac v0.7.0
[INFO] [stderr]    Compiling pbkdf2 v0.3.0
[INFO] [stderr]    Compiling sha2 v0.8.0
[INFO] [stderr]    Compiling urlencoding v1.0.0
[INFO] [stderr]    Compiling scoped-tls v0.1.2
[INFO] [stderr]    Compiling scrypt v0.2.0
[INFO] [stderr]    Compiling warp v0.1.13
[INFO] [stderr]    Compiling diesel v1.4.1
[INFO] [stderr]    Compiling dotenv v0.9.0
[INFO] [stderr]    Compiling proptest v0.9.3
[INFO] [stderr]    Compiling pretty_env_logger v0.3.0
[INFO] [stderr]    Compiling serde_derive v1.0.88
[INFO] [stderr]    Compiling r2d2-diesel v1.0.0
[INFO] [stderr]    Compiling barlow_spa v0.1.0 (/opt/rustwide/workdir)
[INFO] [stdout] warning: unused import: `scrypt_check`
[INFO] [stdout]  --> src/authentication.rs:5:14
[INFO] [stdout]   |
[INFO] [stdout] 5 | use scrypt::{scrypt_check, scrypt_simple, ScryptParams};
[INFO] [stdout]   |              ^^^^^^^^^^^^
[INFO] [stdout]   |
[INFO] [stdout]   = note: `#[warn(unused_imports)]` on by default
[INFO] [stdout] 
[INFO] [stdout] 
[INFO] [stdout] warning: trait objects without an explicit `dyn` are deprecated
[INFO] [stdout]   --> src/result.rs:34:32
[INFO] [stdout]    |
[INFO] [stdout] 34 |     fn cause(&self) -> Option<&error::Error> {
[INFO] [stdout]    |                                ^^^^^^^^^^^^
[INFO] [stdout]    |
[INFO] [stdout]    = warning: this is accepted in the current edition (Rust 2018) but is a hard error in Rust 2021!
[INFO] [stdout]    = note: for more information, see <https://doc.rust-lang.org/nightly/edition-guide/rust-2021/warnings-promoted-to-error.html>
[INFO] [stdout]    = note: `#[warn(bare_trait_objects)]` on by default
[INFO] [stdout] help: use `dyn`
[INFO] [stdout]    |
[INFO] [stdout] 34 |     fn cause(&self) -> Option<&dyn error::Error> {
[INFO] [stdout]    |                                +++
[INFO] [stdout] 
[INFO] [stdout] 
[INFO] [stdout] warning: use of deprecated method `std::error::Error::description`: use the Display impl or to_string()
[INFO] [stdout]   --> src/result.rs:29:47
[INFO] [stdout]    |
[INFO] [stdout] 29 |             ServerError::Database(ref e) => e.description(),
[INFO] [stdout]    |                                               ^^^^^^^^^^^
[INFO] [stdout]    |
[INFO] [stdout]    = note: `#[warn(deprecated)]` on by default
[INFO] [stdout] 
[INFO] [stdout] 
[INFO] [stdout] warning: function `insert_user` is never used
[INFO] [stdout]  --> src/authentication.rs:9:8
[INFO] [stdout]   |
[INFO] [stdout] 9 | pub fn insert_user(create: NewUser, conn: PooledPg) -> Result<User> {
[INFO] [stdout]   |        ^^^^^^^^^^^
[INFO] [stdout]   |
[INFO] [stdout]   = note: `#[warn(dead_code)]` on by default
[INFO] [stdout] 
[INFO] [stdout] 
[INFO] [stdout] warning: variants `Unknown` and `Input` are never constructed
[INFO] [stdout]   --> src/result.rs:10:5
[INFO] [stdout]    |
[INFO] [stdout] 9  | pub enum ServerError {
[INFO] [stdout]    |          ----------- variants in this enum
[INFO] [stdout] 10 |     Unknown,
[INFO] [stdout]    |     ^^^^^^^
[INFO] [stdout] 11 |     Database(diesel::result::Error),
[INFO] [stdout] 12 |     Input(String),
[INFO] [stdout]    |     ^^^^^
[INFO] [stdout]    |
[INFO] [stdout]    = note: `ServerError` has a derived impl for the trait `Debug`, but this is intentionally ignored during dead code analysis
[INFO] [stdout] 
[INFO] [stdout] 
[INFO] [stdout] warning: 5 warnings emitted
[INFO] [stdout] 
[INFO] [stdout] 
[INFO] [stderr]     Finished dev [unoptimized + debuginfo] target(s) in 28.95s
[INFO] running `Command { std: "docker" "inspect" "2e6263f3898d4e02eab14e3749d466cb54a73de528620367b2bfaa9611421e69", kill_on_drop: false }`
[INFO] running `Command { std: "docker" "rm" "-f" "2e6263f3898d4e02eab14e3749d466cb54a73de528620367b2bfaa9611421e69", kill_on_drop: false }`
[INFO] [stdout] 2e6263f3898d4e02eab14e3749d466cb54a73de528620367b2bfaa9611421e69
[INFO] running `Command { std: "docker" "create" "-v" "/var/lib/crater-agent-workspace/builds/worker-3-tc2/target:/opt/rustwide/target:rw,Z" "-v" "/var/lib/crater-agent-workspace/builds/worker-3-tc2/source:/opt/rustwide/workdir:ro,Z" "-v" "/var/lib/crater-agent-workspace/cargo-home:/opt/rustwide/cargo-home:ro,Z" "-v" "/var/lib/crater-agent-workspace/rustup-home:/opt/rustwide/rustup-home:ro,Z" "-e" "SOURCE_DIR=/opt/rustwide/workdir" "-e" "CARGO_TARGET_DIR=/opt/rustwide/target" "-e" "CARGO_INCREMENTAL=0" "-e" "RUST_BACKTRACE=full" "-e" "RUSTFLAGS=--cap-lints=warn" "-e" "RUSTDOCFLAGS=--cap-lints=warn" "-e" "CARGO_HOME=/opt/rustwide/cargo-home" "-e" "RUSTUP_HOME=/opt/rustwide/rustup-home" "-w" "/opt/rustwide/workdir" "-m" "1610612736" "--user" "0:0" "--network" "none" "ghcr.io/rust-lang/crates-build-env/linux@sha256:5ff2268d62e97bff2cde7d5815dd6ed5b47097566f13b8d0ca110b04b60e07ed" "/opt/rustwide/cargo-home/bin/cargo" "+beta-2023-04-20" "test" "--frozen" "--no-run" "--message-format=json", kill_on_drop: false }`
[INFO] [stdout] 03a65fd10229665e3e1de3279142bbd452e711a8058f9fd64a60c9736c809a0f
[INFO] running `Command { std: "docker" "start" "-a" "03a65fd10229665e3e1de3279142bbd452e711a8058f9fd64a60c9736c809a0f", kill_on_drop: false }`
[INFO] [stdout] warning: unused import: `scrypt_check`
[INFO] [stdout]  --> src/authentication.rs:5:14
[INFO] [stdout]   |
[INFO] [stdout] 5 | use scrypt::{scrypt_check, scrypt_simple, ScryptParams};
[INFO] [stdout]   |              ^^^^^^^^^^^^
[INFO] [stdout]   |
[INFO] [stdout]   = note: `#[warn(unused_imports)]` on by default
[INFO] [stdout] 
[INFO] [stdout] 
[INFO] [stdout] warning: trait objects without an explicit `dyn` are deprecated
[INFO] [stdout]   --> src/result.rs:34:32
[INFO] [stdout]    |
[INFO] [stdout] 34 |     fn cause(&self) -> Option<&error::Error> {
[INFO] [stdout]    |                                ^^^^^^^^^^^^
[INFO] [stdout]    |
[INFO] [stdout]    = warning: this is accepted in the current edition (Rust 2018) but is a hard error in Rust 2021!
[INFO] [stdout]    = note: for more information, see <https://doc.rust-lang.org/nightly/edition-guide/rust-2021/warnings-promoted-to-error.html>
[INFO] [stdout]    = note: `#[warn(bare_trait_objects)]` on by default
[INFO] [stdout] help: use `dyn`
[INFO] [stdout]    |
[INFO] [stdout] 34 |     fn cause(&self) -> Option<&dyn error::Error> {
[INFO] [stdout]    |                                +++
[INFO] [stdout] 
[INFO] [stdout] 
[INFO] [stdout] warning: use of deprecated method `std::error::Error::description`: use the Display impl or to_string()
[INFO] [stdout]   --> src/result.rs:29:47
[INFO] [stdout]    |
[INFO] [stdout] 29 |             ServerError::Database(ref e) => e.description(),
[INFO] [stdout]    |                                               ^^^^^^^^^^^
[INFO] [stdout]    |
[INFO] [stdout]    = note: `#[warn(deprecated)]` on by default
[INFO] [stdout] 
[INFO] [stdout] 
[INFO] [stdout] warning: function `insert_user` is never used
[INFO] [stdout]  --> src/authentication.rs:9:8
[INFO] [stdout]   |
[INFO] [stdout] 9 | pub fn insert_user(create: NewUser, conn: PooledPg) -> Result<User> {
[INFO] [stdout]   |        ^^^^^^^^^^^
[INFO] [stdout]   |
[INFO] [stdout]   = note: `#[warn(dead_code)]` on by default
[INFO] [stdout] 
[INFO] [stdout] 
[INFO] [stdout] warning: variants `Unknown` and `Input` are never constructed
[INFO] [stdout]   --> src/result.rs:10:5
[INFO] [stdout]    |
[INFO] [stdout] 9  | pub enum ServerError {
[INFO] [stdout]    |          ----------- variants in this enum
[INFO] [stdout] 10 |     Unknown,
[INFO] [stdout]    |     ^^^^^^^
[INFO] [stdout] 11 |     Database(diesel::result::Error),
[INFO] [stdout] 12 |     Input(String),
[INFO] [stdout]    |     ^^^^^
[INFO] [stdout]    |
[INFO] [stdout]    = note: `ServerError` has a derived impl for the trait `Debug`, but this is intentionally ignored during dead code analysis
[INFO] [stdout] 
[INFO] [stdout] 
[INFO] [stderr]    Compiling barlow_spa v0.1.0 (/opt/rustwide/workdir)
[INFO] [stdout] warning: 5 warnings emitted
[INFO] [stdout] 
[INFO] [stdout] 
[INFO] [stdout] warning: trait objects without an explicit `dyn` are deprecated
[INFO] [stdout]   --> src/result.rs:34:32
[INFO] [stdout]    |
[INFO] [stdout] 34 |     fn cause(&self) -> Option<&error::Error> {
[INFO] [stdout]    |                                ^^^^^^^^^^^^
[INFO] [stdout]    |
[INFO] [stdout]    = warning: this is accepted in the current edition (Rust 2018) but is a hard error in Rust 2021!
[INFO] [stdout]    = note: for more information, see <https://doc.rust-lang.org/nightly/edition-guide/rust-2021/warnings-promoted-to-error.html>
[INFO] [stdout]    = note: `#[warn(bare_trait_objects)]` on by default
[INFO] [stdout] help: use `dyn`
[INFO] [stdout]    |
[INFO] [stdout] 34 |     fn cause(&self) -> Option<&dyn error::Error> {
[INFO] [stdout]    |                                +++
[INFO] [stdout] 
[INFO] [stdout] 
[INFO] [stdout] warning: use of deprecated method `std::error::Error::description`: use the Display impl or to_string()
[INFO] [stdout]   --> src/result.rs:29:47
[INFO] [stdout]    |
[INFO] [stdout] 29 |             ServerError::Database(ref e) => e.description(),
[INFO] [stdout]    |                                               ^^^^^^^^^^^
[INFO] [stdout]    |
[INFO] [stdout]    = note: `#[warn(deprecated)]` on by default
[INFO] [stdout] 
[INFO] [stdout] 
[INFO] [stdout] warning: variant `Unknown` is never constructed
[INFO] [stdout]   --> src/result.rs:10:5
[INFO] [stdout]    |
[INFO] [stdout] 9  | pub enum ServerError {
[INFO] [stdout]    |          ----------- variant in this enum
[INFO] [stdout] 10 |     Unknown,
[INFO] [stdout]    |     ^^^^^^^
[INFO] [stdout]    |
[INFO] [stdout]    = note: `ServerError` has a derived impl for the trait `Debug`, but this is intentionally ignored during dead code analysis
[INFO] [stdout]    = note: `#[warn(dead_code)]` on by default
[INFO] [stdout] 
[INFO] [stdout] 
[INFO] [stdout] warning: 3 warnings emitted
[INFO] [stdout] 
[INFO] [stdout] 
[INFO] [stderr]     Finished test [unoptimized + debuginfo] target(s) in 3.90s
[INFO] running `Command { std: "docker" "inspect" "03a65fd10229665e3e1de3279142bbd452e711a8058f9fd64a60c9736c809a0f", kill_on_drop: false }`
[INFO] running `Command { std: "docker" "rm" "-f" "03a65fd10229665e3e1de3279142bbd452e711a8058f9fd64a60c9736c809a0f", kill_on_drop: false }`
[INFO] [stdout] 03a65fd10229665e3e1de3279142bbd452e711a8058f9fd64a60c9736c809a0f
[INFO] running `Command { std: "docker" "create" "-v" "/var/lib/crater-agent-workspace/builds/worker-3-tc2/target:/opt/rustwide/target:rw,Z" "-v" "/var/lib/crater-agent-workspace/builds/worker-3-tc2/source:/opt/rustwide/workdir:ro,Z" "-v" "/var/lib/crater-agent-workspace/cargo-home:/opt/rustwide/cargo-home:ro,Z" "-v" "/var/lib/crater-agent-workspace/rustup-home:/opt/rustwide/rustup-home:ro,Z" "-e" "SOURCE_DIR=/opt/rustwide/workdir" "-e" "CARGO_TARGET_DIR=/opt/rustwide/target" "-e" "CARGO_INCREMENTAL=0" "-e" "RUST_BACKTRACE=full" "-e" "RUSTFLAGS=--cap-lints=warn" "-e" "RUSTDOCFLAGS=--cap-lints=warn" "-e" "CARGO_HOME=/opt/rustwide/cargo-home" "-e" "RUSTUP_HOME=/opt/rustwide/rustup-home" "-w" "/opt/rustwide/workdir" "-m" "1610612736" "--user" "0:0" "--network" "none" "ghcr.io/rust-lang/crates-build-env/linux@sha256:5ff2268d62e97bff2cde7d5815dd6ed5b47097566f13b8d0ca110b04b60e07ed" "/opt/rustwide/cargo-home/bin/cargo" "+beta-2023-04-20" "test" "--frozen", kill_on_drop: false }`
[INFO] [stdout] f757d8f019e8d4a4cdd4bee614ac1c325c3bf5da5004e963c8b8031ab8894f82
[INFO] running `Command { std: "docker" "start" "-a" "f757d8f019e8d4a4cdd4bee614ac1c325c3bf5da5004e963c8b8031ab8894f82", kill_on_drop: false }`
[INFO] [stderr] warning: unused import: `scrypt_check`
[INFO] [stderr]  --> src/authentication.rs:5:14
[INFO] [stderr]   |
[INFO] [stderr] 5 | use scrypt::{scrypt_check, scrypt_simple, ScryptParams};
[INFO] [stderr]   |              ^^^^^^^^^^^^
[INFO] [stderr]   |
[INFO] [stderr]   = note: `#[warn(unused_imports)]` on by default
[INFO] [stderr] 
[INFO] [stderr] warning: trait objects without an explicit `dyn` are deprecated
[INFO] [stderr]   --> src/result.rs:34:32
[INFO] [stderr]    |
[INFO] [stderr] 34 |     fn cause(&self) -> Option<&error::Error> {
[INFO] [stderr]    |                                ^^^^^^^^^^^^
[INFO] [stderr]    |
[INFO] [stderr]    = warning: this is accepted in the current edition (Rust 2018) but is a hard error in Rust 2021!
[INFO] [stderr]    = note: for more information, see <https://doc.rust-lang.org/nightly/edition-guide/rust-2021/warnings-promoted-to-error.html>
[INFO] [stderr]    = note: `#[warn(bare_trait_objects)]` on by default
[INFO] [stderr] help: use `dyn`
[INFO] [stderr]    |
[INFO] [stderr] 34 |     fn cause(&self) -> Option<&dyn error::Error> {
[INFO] [stderr]    |                                +++
[INFO] [stderr] 
[INFO] [stderr] warning: use of deprecated method `std::error::Error::description`: use the Display impl or to_string()
[INFO] [stderr]   --> src/result.rs:29:47
[INFO] [stderr]    |
[INFO] [stderr] 29 |             ServerError::Database(ref e) => e.description(),
[INFO] [stderr]    |                                               ^^^^^^^^^^^
[INFO] [stderr]    |
[INFO] [stderr]    = note: `#[warn(deprecated)]` on by default
[INFO] [stderr] 
[INFO] [stderr] warning: function `insert_user` is never used
[INFO] [stderr]  --> src/authentication.rs:9:8
[INFO] [stderr]   |
[INFO] [stderr] 9 | pub fn insert_user(create: NewUser, conn: PooledPg) -> Result<User> {
[INFO] [stderr]   |        ^^^^^^^^^^^
[INFO] [stderr]   |
[INFO] [stderr]   = note: `#[warn(dead_code)]` on by default
[INFO] [stderr] 
[INFO] [stderr] warning: variants `Unknown` and `Input` are never constructed
[INFO] [stderr]   --> src/result.rs:10:5
[INFO] [stderr]    |
[INFO] [stderr] 9  | pub enum ServerError {
[INFO] [stderr]    |          ----------- variants in this enum
[INFO] [stderr] 10 |     Unknown,
[INFO] [stderr]    |     ^^^^^^^
[INFO] [stderr] 11 |     Database(diesel::result::Error),
[INFO] [stderr] 12 |     Input(String),
[INFO] [stderr]    |     ^^^^^
[INFO] [stderr]    |
[INFO] [stderr]    = note: `ServerError` has a derived impl for the trait `Debug`, but this is intentionally ignored during dead code analysis
[INFO] [stderr] 
[INFO] [stderr] warning: variant `Unknown` is never constructed
[INFO] [stderr]   --> src/result.rs:10:5
[INFO] [stderr]    |
[INFO] [stderr] 9  | pub enum ServerError {
[INFO] [stderr]    |          ----------- variant in this enum
[INFO] [stderr] 10 |     Unknown,
[INFO] [stderr]    |     ^^^^^^^
[INFO] [stderr]    |
[INFO] [stderr]    = note: `ServerError` has a derived impl for the trait `Debug`, but this is intentionally ignored during dead code analysis
[INFO] [stderr]    = note: `#[warn(dead_code)]` on by default
[INFO] [stderr] 
[INFO] [stderr] warning: `barlow_spa` (lib) generated 5 warnings (run `cargo fix --lib -p barlow_spa` to apply 2 suggestions)
[INFO] [stderr] warning: `barlow_spa` (lib test) generated 3 warnings (2 duplicates)
[INFO] [stderr]     Finished test [unoptimized + debuginfo] target(s) in 0.13s
[INFO] [stderr]      Running unittests src/lib.rs (/opt/rustwide/target/debug/deps/barlow_spa-c45929860c0b3244)
[INFO] [stdout] 
[INFO] [stdout] running 7 tests
[INFO] [stdout] test authentication::tests::it_inserts_user_with_hashed_pass ... ignored
[INFO] [stdout] test authentication::tests::insert_user_returns_an_input_error_for_empty_strings ... FAILED
[INFO] [stdout] test authentication::tests::it_inserts_single_user_with_hashed_pass ... FAILED
[INFO] [stdout] thread 'database::tests::it_deletes_blog_post' panicked at 'misaligned pointer dereference: address must be a multiple of 0x8 but is 0x7fa3f7e36fdc', /opt/rustwide/cargo-home/registry/src/index.crates.io-6f17d22bba15001f/rand_core-0.4.0/src/block.rs:186:26
[INFO] [stderr] thread 'database::tests::it_deletes_blog_post' panicked at 'panic in a function that cannot unwind', library/core/src/panicking.rs:126:5
[INFO] [stdout] stack backtrace:
[INFO] [stdout]    0:     0x560d6f85227a - std::backtrace_rs::backtrace::libunwind::trace::h2f05d0192276a8f6
[INFO] [stdout]                                at /rustc/1b7dd2252b99671ce5d1cb9664c5f8636329436d/library/std/src/../../backtrace/src/backtrace/libunwind.rs:93:5
[INFO] [stdout]    1:     0x560d6f85227a - std::backtrace_rs::backtrace::trace_unsynchronized::hedc23dff7a1af150
[INFO] [stdout]                                at /rustc/1b7dd2252b99671ce5d1cb9664c5f8636329436d/library/std/src/../../backtrace/src/backtrace/mod.rs:66:5
[INFO] [stdout]    2:     0x560d6f85227a - std::sys_common::backtrace::_print_fmt::h17541ef7592f3ce2
[INFO] [stdout]                                at /rustc/1b7dd2252b99671ce5d1cb9664c5f8636329436d/library/std/src/sys_common/backtrace.rs:65:5
[INFO] [stdout]    3:     0x560d6f85227a - <std::sys_common::backtrace::_print::DisplayBacktrace as core::fmt::Display>::fmt::h20f75df5ab0c0792
[INFO] [stdout]                                at /rustc/1b7dd2252b99671ce5d1cb9664c5f8636329436d/library/std/src/sys_common/backtrace.rs:44:22
[INFO] [stdout]    4:     0x560d6f87702f - core::fmt::write::h78109e6f466b3af6
[INFO] [stdout]                                at /rustc/1b7dd2252b99671ce5d1cb9664c5f8636329436d/library/core/src/fmt/mod.rs:1254:17
[INFO] [stdout]    5:     0x560d6f84ed55 - std::io::Write::write_fmt::hd24bfb68a1b35a25
[INFO] [stdout]                                at /rustc/1b7dd2252b99671ce5d1cb9664c5f8636329436d/library/std/src/io/mod.rs:1698:15
[INFO] [stdout]    6:     0x560d6f852045 - std::sys_common::backtrace::_print::h8dac57a9f8fbf9a5
[INFO] [stdout]                                at /rustc/1b7dd2252b99671ce5d1cb9664c5f8636329436d/library/std/src/sys_common/backtrace.rs:47:5
[INFO] [stdout]    7:     0x560d6f852045 - std::sys_common::backtrace::print::hf9ecbf41d1aa712f
[INFO] [stdout]                                at /rustc/1b7dd2252b99671ce5d1cb9664c5f8636329436d/library/std/src/sys_common/backtrace.rs:34:9
[INFO] [stdout]    8:     0x560d6f853cfe - std::panicking::default_hook::{{closure}}::h04c07acfc84ca028
[INFO] [stdout]                                at /rustc/1b7dd2252b99671ce5d1cb9664c5f8636329436d/library/std/src/panicking.rs:269:22
[INFO] [stdout]    9:     0x560d6f853a31 - std::panicking::default_hook::h01f6bb23e1eceb2c
[INFO] [stdout]                                at /rustc/1b7dd2252b99671ce5d1cb9664c5f8636329436d/library/std/src/panicking.rs:285:9
[INFO] [stdout]   10:     0x560d6f5a9b5b - <alloc::boxed::Box<F,A> as core::ops::function::Fn<Args>>::call::h87fe9f7b2fd49e4c
[INFO] [stdout]                                at /rustc/1b7dd2252b99671ce5d1cb9664c5f8636329436d/library/alloc/src/boxed.rs:1987:9
[INFO] [stdout]   11:     0x560d6f5a9b5b - test::test_main::{{closure}}::he94d679243a7531b
[INFO] [stdout]                                at /rustc/1b7dd2252b99671ce5d1cb9664c5f8636329436d/library/test/src/lib.rs:134:21
[INFO] [stdout]   12:     0x560d6f8543e4 - <alloc::boxed::Box<F,A> as core::ops::function::Fn<Args>>::call::h3f2d6d8b14c4769f
[INFO] [stdout]                                at /rustc/1b7dd2252b99671ce5d1cb9664c5f8636329436d/library/alloc/src/boxed.rs:1987:9
[INFO] [stdout]   13:     0x560d6f8543e4 - std::panicking::rust_panic_with_hook::h2bb3722bbaf2f6df
[INFO] [stdout]                                at /rustc/1b7dd2252b99671ce5d1cb9664c5f8636329436d/library/std/src/panicking.rs:695:13
[INFO] [stdout]   14:     0x560d6f854159 - std::panicking::begin_panic_handler::{{closure}}::h91bc7f36a4be011b
[INFO] [stdout]                                at /rustc/1b7dd2252b99671ce5d1cb9664c5f8636329436d/library/std/src/panicking.rs:582:13
[INFO] [stdout]   15:     0x560d6f8526e6 - std::sys_common::backtrace::__rust_end_short_backtrace::h8b3d3717114f9e59
[INFO] [stdout]                                at /rustc/1b7dd2252b99671ce5d1cb9664c5f8636329436d/library/std/src/sys_common/backtrace.rs:150:18
[INFO] [stdout]   16:     0x560d6f853eb2 - rust_begin_unwind
[INFO] [stdout]                                at /rustc/1b7dd2252b99671ce5d1cb9664c5f8636329436d/library/std/src/panicking.rs:578:5
[INFO] [stdout]   17:     0x560d6f510383 - core::panicking::panic_fmt::hfd368e3fbdabea26
[INFO] [stdout]                                at /rustc/1b7dd2252b99671ce5d1cb9664c5f8636329436d/library/core/src/panicking.rs:67:14
[INFO] [stdout]   18:     0x560d6f5105eb - core::panicking::panic_misaligned_pointer_dereference::had7d9e6c3d35fc47
[INFO] [stdout]                                at /rustc/1b7dd2252b99671ce5d1cb9664c5f8636329436d/library/core/src/panicking.rs:174:5
[INFO] [stdout]   19:     0x560d6f60458c - <rand_core::block::BlockRng<R> as rand_core::RngCore>::next_u64::{{closure}}::h7c30bd626ea136e1
[INFO] [stdout]                                at /opt/rustwide/cargo-home/registry/src/index.crates.io-6f17d22bba15001f/rand_core-0.4.0/src/block.rs:186:26
[INFO] [stdout]   20:     0x560d6f5dd7fa - <rand_core::block::BlockRng<R> as rand_core::RngCore>::next_u64::h3fb89255069f2997
[INFO] [stdout]                                at /opt/rustwide/cargo-home/registry/src/index.crates.io-6f17d22bba15001f/rand_core-0.4.0/src/block.rs:200:13
[INFO] [stdout]   21:     0x560d6f5dd7fa - <rand_chacha::chacha::ChaChaRng as rand_core::RngCore>::next_u64::h3968b4e311746d00
[INFO] [stdout]                                at /opt/rustwide/cargo-home/registry/src/index.crates.io-6f17d22bba15001f/rand_chacha-0.1.1/src/chacha.rs:80:9
[INFO] [stdout]   22:     0x560d6f5e72e7 - <proptest::test_runner::rng::TestRng as rand_core::RngCore>::next_u64::he522c0065d187656
[INFO] [stdout]                                at /opt/rustwide/cargo-home/registry/src/index.crates.io-6f17d22bba15001f/proptest-0.9.3/src/test_runner/rng.rs:133:17
[INFO] [stdout]   23:     0x560d6f6140ef - rand::distributions::integer::<impl rand::distributions::Distribution<usize> for rand::distributions::Standard>::sample::h58aad189c28c44fb
[INFO] [stdout]                                at /opt/rustwide/cargo-home/registry/src/index.crates.io-6f17d22bba15001f/rand-0.6.5/src/distributions/integer.rs:69:9
[INFO] [stdout]   24:     0x560d6f5e56f5 - rand::Rng::gen::h1884988f49b1f7e5
[INFO] [stdout]                                at /opt/rustwide/cargo-home/registry/src/index.crates.io-6f17d22bba15001f/rand-0.6.5/src/lib.rs:215:9
[INFO] [stdout]   25:     0x560d6f5f9065 - <rand::distributions::uniform::UniformInt<usize> as rand::distributions::uniform::UniformSampler>::sample_single::he7feaf42b1d749db
[INFO] [stdout]                                at /opt/rustwide/cargo-home/registry/src/index.crates.io-6f17d22bba15001f/rand-0.6.5/src/distributions/uniform.rs:451:39
[INFO] [stdout]   26:     0x560d6f5e5791 - rand::Rng::gen_range::h57704d66484d3cfe
[INFO] [stdout]                                at /opt/rustwide/cargo-home/registry/src/index.crates.io-6f17d22bba15001f/rand-0.6.5/src/lib.rs:245:9
[INFO] [stdout]   27:     0x560d6f604928 - proptest::char::select_range_index::h6e43b4045d04719a
[INFO] [stdout]                                at /opt/rustwide/cargo-home/registry/src/index.crates.io-6f17d22bba15001f/proptest-0.9.3/src/char.rs:109:25
[INFO] [stdout]   28:     0x560d6f605094 - <proptest::char::CharStrategy as proptest::strategy::traits::Strategy>::new_tree::hc20ba9fd28b5801d
[INFO] [stdout]                                at /opt/rustwide/cargo-home/registry/src/index.crates.io-6f17d22bba15001f/proptest-0.9.3/src/char.rs:233:30
[INFO] [stdout]   29:     0x560d6f5de207 - <proptest::strategy::map::Map<S,F> as proptest::strategy::traits::Strategy>::new_tree::hd8458ae5c131cfa6
[INFO] [stdout]                                at /opt/rustwide/cargo-home/registry/src/index.crates.io-6f17d22bba15001f/proptest-0.9.3/src/strategy/map.rs:55:9
[INFO] [stdout]   30:     0x560d6f605e2c - <proptest::strategy::traits::BoxedStrategyWrapper<T> as proptest::strategy::traits::Strategy>::new_tree::h9a1b8e35eaa751fa
[INFO] [stdout]                                at /opt/rustwide/cargo-home/registry/src/index.crates.io-6f17d22bba15001f/proptest-0.9.3/src/strategy/traits.rs:708:21
[INFO] [stdout]   31:     0x560d6f61f823 - <alloc::sync::Arc<S> as proptest::strategy::traits::Strategy>::new_tree::he56cec9f37a6fa8c
[INFO] [stdout]                                at /opt/rustwide/cargo-home/registry/src/index.crates.io-6f17d22bba15001f/proptest-0.9.3/src/strategy/traits.rs:611:17
[INFO] [stdout]   32:     0x560d6f60564b - <proptest::strategy::traits::SBoxedStrategy<T> as proptest::strategy::traits::Strategy>::new_tree::hc1c25c0c226d409c
[INFO] [stdout]                                at /opt/rustwide/cargo-home/registry/src/index.crates.io-6f17d22bba15001f/proptest-0.9.3/src/strategy/traits.rs:684:9
[INFO] [stdout]   33:     0x560d6f60c113 - <proptest::string::RegexGeneratorStrategy<T> as proptest::strategy::traits::Strategy>::new_tree::heeaaa09b7f0c6ec9
[INFO] [stdout]                                at /opt/rustwide/cargo-home/registry/src/index.crates.io-6f17d22bba15001f/proptest-0.9.3/src/macros.rs:72:17
[INFO] [stdout]   34:     0x560d6f6105fb - <proptest::collection::VecStrategy<T> as proptest::strategy::traits::Strategy>::new_tree::h891cfbfc7dfb8a8a
[INFO] [stdout]                                at /opt/rustwide/cargo-home/registry/src/index.crates.io-6f17d22bba15001f/proptest-0.9.3/src/collection.rs:506:27
[INFO] [stdout]   35:     0x560d6f5de1ad - <proptest::strategy::map::Map<S,F> as proptest::strategy::traits::Strategy>::new_tree::h97ca2e4c2ab6e83d
[INFO] [stdout]                                at /opt/rustwide/cargo-home/registry/src/index.crates.io-6f17d22bba15001f/proptest-0.9.3/src/strategy/map.rs:55:9
[INFO] [stdout]   36:     0x560d6f6056bf - <proptest::strategy::traits::BoxedStrategyWrapper<T> as proptest::strategy::traits::Strategy>::new_tree::h026cea4dba9dee0d
[INFO] [stdout]                                at /opt/rustwide/cargo-home/registry/src/index.crates.io-6f17d22bba15001f/proptest-0.9.3/src/strategy/traits.rs:708:21
[INFO] [stdout]   37:     0x560d6f61f823 - <alloc::sync::Arc<S> as proptest::strategy::traits::Strategy>::new_tree::he56cec9f37a6fa8c
[INFO] [stdout]                                at /opt/rustwide/cargo-home/registry/src/index.crates.io-6f17d22bba15001f/proptest-0.9.3/src/strategy/traits.rs:611:17
[INFO] [stdout]   38:     0x560d6f60564b - <proptest::strategy::traits::SBoxedStrategy<T> as proptest::strategy::traits::Strategy>::new_tree::hc1c25c0c226d409c
[INFO] [stdout]                                at /opt/rustwide/cargo-home/registry/src/index.crates.io-6f17d22bba15001f/proptest-0.9.3/src/strategy/traits.rs:684:9
[INFO] [stdout]   39:     0x560d6f60c113 - <proptest::string::RegexGeneratorStrategy<T> as proptest::strategy::traits::Strategy>::new_tree::heeaaa09b7f0c6ec9
[INFO] [stdout]                                at /opt/rustwide/cargo-home/registry/src/index.crates.io-6f17d22bba15001f/proptest-0.9.3/src/macros.rs:72:17
[INFO] [stdout]   40:     0x560d6f5de157 - <proptest::strategy::map::Map<S,F> as proptest::strategy::traits::Strategy>::new_tree::h7bf305fd412903f8
[INFO] [stdout]                                at /opt/rustwide/cargo-home/registry/src/index.crates.io-6f17d22bba15001f/proptest-0.9.3/src/strategy/map.rs:55:9
[INFO] [stdout]   41:     0x560d6f60610c - <proptest::strategy::traits::BoxedStrategyWrapper<T> as proptest::strategy::traits::Strategy>::new_tree::hd3ae63fe1bd96d28
[INFO] [stdout]                                at /opt/rustwide/cargo-home/registry/src/index.crates.io-6f17d22bba15001f/proptest-0.9.3/src/strategy/traits.rs:708:21
[INFO] [stdout]   42:     0x560d6f61f7d3 - <alloc::sync::Arc<S> as proptest::strategy::traits::Strategy>::new_tree::hb9e46e659e9f0458
[INFO] [stdout]                                at /opt/rustwide/cargo-home/registry/src/index.crates.io-6f17d22bba15001f/proptest-0.9.3/src/strategy/traits.rs:611:17
[INFO] [stdout]   43:     0x560d6f60567b - <proptest::strategy::traits::SBoxedStrategy<T> as proptest::strategy::traits::Strategy>::new_tree::hfa89ca667bf2d0ee
[INFO] [stdout]                                at /opt/rustwide/cargo-home/registry/src/index.crates.io-6f17d22bba15001f/proptest-0.9.3/src/strategy/traits.rs:684:9
[INFO] [stdout]   44:     0x560d6f60c153 - <proptest::string::RegexGeneratorStrategy<T> as proptest::strategy::traits::Strategy>::new_tree::hf6673255193fe611
[INFO] [stdout]                                at /opt/rustwide/cargo-home/registry/src/index.crates.io-6f17d22bba15001f/proptest-0.9.3/src/macros.rs:72:17
[INFO] [stdout]   45:     0x560d6f6090cb - proptest::string::<impl proptest::strategy::traits::Strategy for str>::new_tree::hb9ef997f65da97b2
[INFO] [stdout]                                at /opt/rustwide/cargo-home/registry/src/index.crates.io-6f17d22bba15001f/proptest-0.9.3/src/string.rs:97:9
[INFO] [stdout]   46:     0x560d6f56a718 - <&S as proptest::strategy::traits::Strategy>::new_tree::hbf5441a41788da06
[INFO] [stdout]                                at /opt/rustwide/cargo-home/registry/src/index.crates.io-6f17d22bba15001f/proptest-0.9.3/src/strategy/traits.rs:611:17
[INFO] [stdout]   47:     0x560d6f542954 - proptest::tuple::<impl proptest::strategy::traits::Strategy for (A,B,C,D)>::new_tree::ha6c711f5ccce22f3
[INFO] [stdout]                                at /opt/rustwide/cargo-home/registry/src/index.crates.io-6f17d22bba15001f/proptest-0.9.3/src/tuple.rs:47:33
[INFO] [stdout]   48:     0x560d6f5641dc - <proptest::strategy::map::Map<S,F> as proptest::strategy::traits::Strategy>::new_tree::h51116bf08d272c80
[INFO] [stdout]                                at /opt/rustwide/cargo-home/registry/src/index.crates.io-6f17d22bba15001f/proptest-0.9.3/src/strategy/map.rs:55:9
[INFO] [stdout]   49:     0x560d6f56423d - <proptest::strategy::map::Map<S,F> as proptest::strategy::traits::Strategy>::new_tree::h5cf4fb42afc9eb9e
[INFO] [stdout]                                at /opt/rustwide/cargo-home/registry/src/index.crates.io-6f17d22bba15001f/proptest-0.9.3/src/strategy/map.rs:55:9
[INFO] [stdout]   50:     0x560d6f51869a - proptest::test_runner::runner::TestRunner::gen_and_run_case::he6e6b517782becdd
[INFO] [stdout]                                at /opt/rustwide/cargo-home/registry/src/index.crates.io-6f17d22bba15001f/proptest-0.9.3/src/test_runner/runner.rs:565:24
[INFO] [stdout]   51:     0x560d6f51ccc8 - proptest::test_runner::runner::TestRunner::run_in_process_with_replay::h61bb2636c12ed66f
[INFO] [stdout]                                at /opt/rustwide/cargo-home/registry/src/index.crates.io-6f17d22bba15001f/proptest-0.9.3/src/test_runner/runner.rs:521:13
[INFO] [stdout]   52:     0x560d6f516e00 - proptest::test_runner::runner::TestRunner::run_in_process::hc2075f66c8d22809
[INFO] [stdout]                                at /opt/rustwide/cargo-home/registry/src/index.crates.io-6f17d22bba15001f/proptest-0.9.3/src/test_runner/runner.rs:498:9
[INFO] [stdout]   53:     0x560d6f5208cf - proptest::test_runner::runner::TestRunner::run::hf17bd87068e0c1fa
[INFO] [stdout]                                at /opt/rustwide/cargo-home/registry/src/index.crates.io-6f17d22bba15001f/proptest-0.9.3/src/test_runner/runner.rs:367:13
[INFO] [stdout]   54:     0x560d6f54804d - barlow_spa::database::tests::it_deletes_blog_post::hcc2ce89067f84e9b
[INFO] [stdout]                                at /opt/rustwide/cargo-home/registry/src/index.crates.io-6f17d22bba15001f/proptest-0.9.3/src/sugar.rs:163:17
[INFO] [stdout]   55:     0x560d6f547df7 - barlow_spa::database::tests::it_deletes_blog_post::{{closure}}::h7ca66f49260ba2f1
[INFO] [stdout]                                at /opt/rustwide/cargo-home/registry/src/index.crates.io-6f17d22bba15001f/proptest-0.9.3/src/sugar.rs:159:29
[INFO] [stdout]   56:     0x560d6f54c925 - core::ops::function::FnOnce::call_once::h106f99d7831e1d54
[INFO] [stdout]                                at /rustc/1b7dd2252b99671ce5d1cb9664c5f8636329436d/library/core/src/ops/function.rs:250:5
[INFO] [stdout]   57:     0x560d6f5aea2f - core::ops::function::FnOnce::call_once::ha6a70e79f7481a7e
[INFO] [stdout]                                at /rustc/1b7dd2252b99671ce5d1cb9664c5f8636329436d/library/core/src/ops/function.rs:250:5
[INFO] [stdout]   58:     0x560d6f5aea2f - test::__rust_begin_short_backtrace::hce33033019b61e69
[INFO] [stdout]                                at /rustc/1b7dd2252b99671ce5d1cb9664c5f8636329436d/library/test/src/lib.rs:655:18
[INFO] [stdout]   59:     0x560d6f57c21c - test::run_test::{{closure}}::h858d3528838ae3e5
[INFO] [stdout]                                at /rustc/1b7dd2252b99671ce5d1cb9664c5f8636329436d/library/test/src/lib.rs:646:30
[INFO] [stdout]   60:     0x560d6f57c21c - core::ops::function::FnOnce::call_once{{vtable.shim}}::he8ac2b00f01ae79e
[INFO] [stdout]                                at /rustc/1b7dd2252b99671ce5d1cb9664c5f8636329436d/library/core/src/ops/function.rs:250:5
[INFO] [stdout]   61:     0x560d6f5adb06 - <alloc::boxed::Box<F,A> as core::ops::function::FnOnce<Args>>::call_once::h8093d25b522725ef
[INFO] [stdout]                                at /rustc/1b7dd2252b99671ce5d1cb9664c5f8636329436d/library/alloc/src/boxed.rs:1973:9
[INFO] [stdout]   62:     0x560d6f5adb06 - <core::panic::unwind_safe::AssertUnwindSafe<F> as core::ops::function::FnOnce<()>>::call_once::h5c334c204e4a3913
[INFO] [stdout]                                at /rustc/1b7dd2252b99671ce5d1cb9664c5f8636329436d/library/core/src/panic/unwind_safe.rs:271:9
[INFO] [stdout]   63:     0x560d6f5adb06 - std::panicking::try::do_call::ha8b740c7b9478074
[INFO] [stdout]                                at /rustc/1b7dd2252b99671ce5d1cb9664c5f8636329436d/library/std/src/panicking.rs:485:40
[INFO] [stdout]   64:     0x560d6f5adb06 - std::panicking::try::h5d34f63d0e41b64e
[INFO] [stdout]                                at /rustc/1b7dd2252b99671ce5d1cb9664c5f8636329436d/library/std/src/panicking.rs:449:19
[INFO] [stdout]   65:     0x560d6f5adb06 - std::panic::catch_unwind::hcfbb511e1aa7fc67
[INFO] [stdout]                                at /rustc/1b7dd2252b99671ce5d1cb9664c5f8636329436d/library/std/src/panic.rs:140:14
[INFO] [stdout]   66:     0x560d6f5adb06 - test::run_test_in_process::h9abda90f802eaf21
[INFO] [stdout]                                at /rustc/1b7dd2252b99671ce5d1cb9664c5f8636329436d/library/test/src/lib.rs:678:27
[INFO] [stdout]   67:     0x560d6f5adb06 - test::run_test::run_test_inner::{{closure}}::h0f058de91f6c6edf
[INFO] [stdout]                                at /rustc/1b7dd2252b99671ce5d1cb9664c5f8636329436d/library/test/src/lib.rs:572:39
[INFO] [stdout]   68:     0x560d6f576a25 - test::run_test::run_test_inner::{{closure}}::h5ca48a4c59c6c1fb
[INFO] [stdout]                                at /rustc/1b7dd2252b99671ce5d1cb9664c5f8636329436d/library/test/src/lib.rs:599:37
[INFO] [stdout]   69:     0x560d6f576a25 - std::sys_common::backtrace::__rust_begin_short_backtrace::h32bd51e1495d4a33
[INFO] [stdout]                                at /rustc/1b7dd2252b99671ce5d1cb9664c5f8636329436d/library/std/src/sys_common/backtrace.rs:134:18
[INFO] [stdout]   70:     0x560d6f57bf61 - std::thread::Builder::spawn_unchecked_::{{closure}}::{{closure}}::hc086fae9b128b2db
[INFO] [stdout]                                at /rustc/1b7dd2252b99671ce5d1cb9664c5f8636329436d/library/std/src/thread/mod.rs:526:17
[INFO] [stdout]   71:     0x560d6f57bf61 - <core::panic::unwind_safe::AssertUnwindSafe<F> as core::ops::function::FnOnce<()>>::call_once::hb66571888d270d43
[INFO] [stdout]                                at /rustc/1b7dd2252b99671ce5d1cb9664c5f8636329436d/library/core/src/panic/unwind_safe.rs:271:9
[INFO] [stdout]   72:     0x560d6f57bf61 - std::panicking::try::do_call::h4fa2ef4f6e51fecf
[INFO] [stdout]                                at /rustc/1b7dd2252b99671ce5d1cb9664c5f8636329436d/library/std/src/panicking.rs:485:40
[INFO] [stdout]   73:     0x560d6f57bf61 - std::panicking::try::h1e9e22b8584489b5
[INFO] [stdout]                                at /rustc/1b7dd2252b99671ce5d1cb9664c5f8636329436d/library/std/src/panicking.rs:449:19
[INFO] [stdout]   74:     0x560d6f57bf61 - std::panic::catch_unwind::h44698a3de0e0769e
[INFO] [stdout]                                at /rustc/1b7dd2252b99671ce5d1cb9664c5f8636329436d/library/std/src/panic.rs:140:14
[INFO] [stdout]   75:     0x560d6f57bf61 - std::thread::Builder::spawn_unchecked_::{{closure}}::h50153abde3fe239e
[INFO] [stdout]                                at /rustc/1b7dd2252b99671ce5d1cb9664c5f8636329436d/library/std/src/thread/mod.rs:525:30
[INFO] [stdout]   76:     0x560d6f57bf61 - core::ops::function::FnOnce::call_once{{vtable.shim}}::hbe5bbf6f38394364
[INFO] [stdout]                                at /rustc/1b7dd2252b99671ce5d1cb9664c5f8636329436d/library/core/src/ops/function.rs:250:5
[INFO] [stdout]   77:     0x560d6f858db5 - <alloc::boxed::Box<F,A> as core::ops::function::FnOnce<Args>>::call_once::h0d83cb2920a49046
[INFO] [stdout]                                at /rustc/1b7dd2252b99671ce5d1cb9664c5f8636329436d/library/alloc/src/boxed.rs:1973:9
[INFO] [stdout]   78:     0x560d6f858db5 - <alloc::boxed::Box<F,A> as core::ops::function::FnOnce<Args>>::call_once::hbe0a008aa7d9ef59
[INFO] [stdout]                                at /rustc/1b7dd2252b99671ce5d1cb9664c5f8636329436d/library/alloc/src/boxed.rs:1973:9
[INFO] [stdout]   79:     0x560d6f858db5 - std::sys::unix::thread::Thread::new::thread_start::h3a466996bdf6b1f9
[INFO] [stdout]                                at /rustc/1b7dd2252b99671ce5d1cb9664c5f8636329436d/library/std/src/sys/unix/thread.rs:108:17
[INFO] [stdout]   80:     0x7fa3f8ff3b43 - <unknown>
[INFO] [stdout]   81:     0x7fa3f9084bb4 - __clone
[INFO] [stdout]   82:                0x0 - <unknown>
[INFO] [stderr] stack backtrace:
[INFO] [stderr]    0:     0x560d6f85227a - std::backtrace_rs::backtrace::libunwind::trace::h2f05d0192276a8f6
[INFO] [stderr]                                at /rustc/1b7dd2252b99671ce5d1cb9664c5f8636329436d/library/std/src/../../backtrace/src/backtrace/libunwind.rs:93:5
[INFO] [stderr]    1:     0x560d6f85227a - std::backtrace_rs::backtrace::trace_unsynchronized::hedc23dff7a1af150
[INFO] [stderr]                                at /rustc/1b7dd2252b99671ce5d1cb9664c5f8636329436d/library/std/src/../../backtrace/src/backtrace/mod.rs:66:5
[INFO] [stderr]    2:     0x560d6f85227a - std::sys_common::backtrace::_print_fmt::h17541ef7592f3ce2
[INFO] [stderr]                                at /rustc/1b7dd2252b99671ce5d1cb9664c5f8636329436d/library/std/src/sys_common/backtrace.rs:65:5
[INFO] [stderr]    3:     0x560d6f85227a - <std::sys_common::backtrace::_print::DisplayBacktrace as core::fmt::Display>::fmt::h20f75df5ab0c0792
[INFO] [stderr]                                at /rustc/1b7dd2252b99671ce5d1cb9664c5f8636329436d/library/std/src/sys_common/backtrace.rs:44:22
[INFO] [stderr]    4:     0x560d6f87702f - core::fmt::write::h78109e6f466b3af6
[INFO] [stderr]                                at /rustc/1b7dd2252b99671ce5d1cb9664c5f8636329436d/library/core/src/fmt/mod.rs:1254:17
[INFO] [stderr]    5:     0x560d6f84ec55 - std::io::Write::write_fmt::hc59e1b02dd273c8a
[INFO] [stderr]                                at /rustc/1b7dd2252b99671ce5d1cb9664c5f8636329436d/library/std/src/io/mod.rs:1698:15
[INFO] [stderr]    6:     0x560d6f852045 - std::sys_common::backtrace::_print::h8dac57a9f8fbf9a5
[INFO] [stderr]                                at /rustc/1b7dd2252b99671ce5d1cb9664c5f8636329436d/library/std/src/sys_common/backtrace.rs:47:5
[INFO] [stderr]    7:     0x560d6f852045 - std::sys_common::backtrace::print::hf9ecbf41d1aa712f
[INFO] [stderr]                                at /rustc/1b7dd2252b99671ce5d1cb9664c5f8636329436d/library/std/src/sys_common/backtrace.rs:34:9
[INFO] [stderr]    8:     0x560d6f853cfe - std::panicking::default_hook::{{closure}}::h04c07acfc84ca028
[INFO] [stderr]                                at /rustc/1b7dd2252b99671ce5d1cb9664c5f8636329436d/library/std/src/panicking.rs:269:22
[INFO] [stderr]    9:     0x560d6f853aa5 - std::panicking::default_hook::h01f6bb23e1eceb2c
[INFO] [stderr]                                at /rustc/1b7dd2252b99671ce5d1cb9664c5f8636329436d/library/std/src/panicking.rs:288:9
[INFO] [stderr]   10:     0x560d6f5a9b5b - <alloc::boxed::Box<F,A> as core::ops::function::Fn<Args>>::call::h87fe9f7b2fd49e4c
[INFO] [stderr]                                at /rustc/1b7dd2252b99671ce5d1cb9664c5f8636329436d/library/alloc/src/boxed.rs:1987:9
[INFO] [stderr]   11:     0x560d6f5a9b5b - test::test_main::{{closure}}::he94d679243a7531b
[INFO] [stderr]                                at /rustc/1b7dd2252b99671ce5d1cb9664c5f8636329436d/library/test/src/lib.rs:134:21
[INFO] [stderr]   12:     0x560d6f8543e4 - <alloc::boxed::Box<F,A> as core::ops::function::Fn<Args>>::call::h3f2d6d8b14c4769f
[INFO] [stderr]                                at /rustc/1b7dd2252b99671ce5d1cb9664c5f8636329436d/library/alloc/src/boxed.rs:1987:9
[INFO] [stderr]   13:     0x560d6f8543e4 - std::panicking::rust_panic_with_hook::h2bb3722bbaf2f6df
[INFO] [stderr]                                at /rustc/1b7dd2252b99671ce5d1cb9664c5f8636329436d/library/std/src/panicking.rs:695:13
[INFO] [stderr]   14:     0x560d6f854112 - std::panicking::begin_panic_handler::{{closure}}::h91bc7f36a4be011b
[INFO] [stderr]                                at /rustc/1b7dd2252b99671ce5d1cb9664c5f8636329436d/library/std/src/panicking.rs:580:13
[INFO] [stderr]   15:     0x560d6f8526e6 - std::sys_common::backtrace::__rust_end_short_backtrace::h8b3d3717114f9e59
[INFO] [stderr]                                at /rustc/1b7dd2252b99671ce5d1cb9664c5f8636329436d/library/std/src/sys_common/backtrace.rs:150:18
[INFO] [stderr]   16:     0x560d6f853eb2 - rust_begin_unwind
[INFO] [stderr]                                at /rustc/1b7dd2252b99671ce5d1cb9664c5f8636329436d/library/std/src/panicking.rs:578:5
[INFO] [stderr]   17:     0x560d6f5103c3 - core::panicking::panic_nounwind_fmt::h4230e26f622d4e40
[INFO] [stderr]                                at /rustc/1b7dd2252b99671ce5d1cb9664c5f8636329436d/library/core/src/panicking.rs:96:14
[INFO] [stderr]   18:     0x560d6f510471 - core::panicking::panic_nounwind::h537ae7b3cc65361d
[INFO] [stderr]                                at /rustc/1b7dd2252b99671ce5d1cb9664c5f8636329436d/library/core/src/panicking.rs:126:5
[INFO] [stderr]   19:     0x560d6f510603 - core::panicking::panic_cannot_unwind::hdf0c9c3914f5e396
[INFO] [stderr]                                at /rustc/1b7dd2252b99671ce5d1cb9664c5f8636329436d/library/core/src/panicking.rs:188:5
[INFO] [stderr]   20:     0x560d6f604597 - <rand_core::block::BlockRng<R> as rand_core::RngCore>::next_u64::{{closure}}::h7c30bd626ea136e1
[INFO] [stderr]                                at /opt/rustwide/cargo-home/registry/src/index.crates.io-6f17d22bba15001f/rand_core-0.4.0/src/block.rs:183:24
[INFO] [stderr]   21:     0x560d6f5dd7fa - <rand_core::block::BlockRng<R> as rand_core::RngCore>::next_u64::h3fb89255069f2997
[INFO] [stderr]                                at /opt/rustwide/cargo-home/registry/src/index.crates.io-6f17d22bba15001f/rand_core-0.4.0/src/block.rs:200:13
[INFO] [stderr]   22:     0x560d6f5dd7fa - <rand_chacha::chacha::ChaChaRng as rand_core::RngCore>::next_u64::h3968b4e311746d00
[INFO] [stderr]                                at /opt/rustwide/cargo-home/registry/src/index.crates.io-6f17d22bba15001f/rand_chacha-0.1.1/src/chacha.rs:80:9
[INFO] [stderr]   23:     0x560d6f5e72e7 - <proptest::test_runner::rng::TestRng as rand_core::RngCore>::next_u64::he522c0065d187656
[INFO] [stderr]                                at /opt/rustwide/cargo-home/registry/src/index.crates.io-6f17d22bba15001f/proptest-0.9.3/src/test_runner/rng.rs:133:17
[INFO] [stderr]   24:     0x560d6f6140ef - rand::distributions::integer::<impl rand::distributions::Distribution<usize> for rand::distributions::Standard>::sample::h58aad189c28c44fb
[INFO] [stderr]                                at /opt/rustwide/cargo-home/registry/src/index.crates.io-6f17d22bba15001f/rand-0.6.5/src/distributions/integer.rs:69:9
[INFO] [stderr]   25:     0x560d6f5e56f5 - rand::Rng::gen::h1884988f49b1f7e5
[INFO] [stderr]                                at /opt/rustwide/cargo-home/registry/src/index.crates.io-6f17d22bba15001f/rand-0.6.5/src/lib.rs:215:9
[INFO] [stderr]   26:     0x560d6f5f9065 - <rand::distributions::uniform::UniformInt<usize> as rand::distributions::uniform::UniformSampler>::sample_single::he7feaf42b1d749db
[INFO] [stderr]                                at /opt/rustwide/cargo-home/registry/src/index.crates.io-6f17d22bba15001f/rand-0.6.5/src/distributions/uniform.rs:451:39
[INFO] [stderr]   27:     0x560d6f5e5791 - rand::Rng::gen_range::h57704d66484d3cfe
[INFO] [stderr]                                at /opt/rustwide/cargo-home/registry/src/index.crates.io-6f17d22bba15001f/rand-0.6.5/src/lib.rs:245:9
[INFO] [stderr]   28:     0x560d6f604928 - proptest::char::select_range_index::h6e43b4045d04719a
[INFO] [stderr]                                at /opt/rustwide/cargo-home/registry/src/index.crates.io-6f17d22bba15001f/proptest-0.9.3/src/char.rs:109:25
[INFO] [stderr]   29:     0x560d6f605094 - <proptest::char::CharStrategy as proptest::strategy::traits::Strategy>::new_tree::hc20ba9fd28b5801d
[INFO] [stderr]                                at /opt/rustwide/cargo-home/registry/src/index.crates.io-6f17d22bba15001f/proptest-0.9.3/src/char.rs:233:30
[INFO] [stderr]   30:     0x560d6f5de207 - <proptest::strategy::map::Map<S,F> as proptest::strategy::traits::Strategy>::new_tree::hd8458ae5c131cfa6
[INFO] [stderr]                                at /opt/rustwide/cargo-home/registry/src/index.crates.io-6f17d22bba15001f/proptest-0.9.3/src/strategy/map.rs:55:9
[INFO] [stderr]   31:     0x560d6f605e2c - <proptest::strategy::traits::BoxedStrategyWrapper<T> as proptest::strategy::traits::Strategy>::new_tree::h9a1b8e35eaa751fa
[INFO] [stderr]                                at /opt/rustwide/cargo-home/registry/src/index.crates.io-6f17d22bba15001f/proptest-0.9.3/src/strategy/traits.rs:708:21
[INFO] [stderr]   32:     0x560d6f61f823 - <alloc::sync::Arc<S> as proptest::strategy::traits::Strategy>::new_tree::he56cec9f37a6fa8c
[INFO] [stderr]                                at /opt/rustwide/cargo-home/registry/src/index.crates.io-6f17d22bba15001f/proptest-0.9.3/src/strategy/traits.rs:611:17
[INFO] [stderr]   33:     0x560d6f60564b - <proptest::strategy::traits::SBoxedStrategy<T> as proptest::strategy::traits::Strategy>::new_tree::hc1c25c0c226d409c
[INFO] [stderr]                                at /opt/rustwide/cargo-home/registry/src/index.crates.io-6f17d22bba15001f/proptest-0.9.3/src/strategy/traits.rs:684:9
[INFO] [stderr]   34:     0x560d6f60c113 - <proptest::string::RegexGeneratorStrategy<T> as proptest::strategy::traits::Strategy>::new_tree::heeaaa09b7f0c6ec9
[INFO] [stderr]                                at /opt/rustwide/cargo-home/registry/src/index.crates.io-6f17d22bba15001f/proptest-0.9.3/src/macros.rs:72:17
[INFO] [stderr]   35:     0x560d6f6105fb - <proptest::collection::VecStrategy<T> as proptest::strategy::traits::Strategy>::new_tree::h891cfbfc7dfb8a8a
[INFO] [stderr]                                at /opt/rustwide/cargo-home/registry/src/index.crates.io-6f17d22bba15001f/proptest-0.9.3/src/collection.rs:506:27
[INFO] [stderr]   36:     0x560d6f5de1ad - <proptest::strategy::map::Map<S,F> as proptest::strategy::traits::Strategy>::new_tree::h97ca2e4c2ab6e83d
[INFO] [stderr]                                at /opt/rustwide/cargo-home/registry/src/index.crates.io-6f17d22bba15001f/proptest-0.9.3/src/strategy/map.rs:55:9
[INFO] [stderr]   37:     0x560d6f6056bf - <proptest::strategy::traits::BoxedStrategyWrapper<T> as proptest::strategy::traits::Strategy>::new_tree::h026cea4dba9dee0d
[INFO] [stderr]                                at /opt/rustwide/cargo-home/registry/src/index.crates.io-6f17d22bba15001f/proptest-0.9.3/src/strategy/traits.rs:708:21
[INFO] [stderr]   38:     0x560d6f61f823 - <alloc::sync::Arc<S> as proptest::strategy::traits::Strategy>::new_tree::he56cec9f37a6fa8c
[INFO] [stderr]                                at /opt/rustwide/cargo-home/registry/src/index.crates.io-6f17d22bba15001f/proptest-0.9.3/src/strategy/traits.rs:611:17
[INFO] [stderr]   39:     0x560d6f60564b - <proptest::strategy::traits::SBoxedStrategy<T> as proptest::strategy::traits::Strategy>::new_tree::hc1c25c0c226d409c
[INFO] [stderr]                                at /opt/rustwide/cargo-home/registry/src/index.crates.io-6f17d22bba15001f/proptest-0.9.3/src/strategy/traits.rs:684:9
[INFO] [stderr]   40:     0x560d6f60c113 - <proptest::string::RegexGeneratorStrategy<T> as proptest::strategy::traits::Strategy>::new_tree::heeaaa09b7f0c6ec9
[INFO] [stderr]                                at /opt/rustwide/cargo-home/registry/src/index.crates.io-6f17d22bba15001f/proptest-0.9.3/src/macros.rs:72:17
[INFO] [stderr]   41:     0x560d6f5de157 - <proptest::strategy::map::Map<S,F> as proptest::strategy::traits::Strategy>::new_tree::h7bf305fd412903f8
[INFO] [stderr]                                at /opt/rustwide/cargo-home/registry/src/index.crates.io-6f17d22bba15001f/proptest-0.9.3/src/strategy/map.rs:55:9
[INFO] [stderr]   42:     0x560d6f60610c - <proptest::strategy::traits::BoxedStrategyWrapper<T> as proptest::strategy::traits::Strategy>::new_tree::hd3ae63fe1bd96d28
[INFO] [stderr]                                at /opt/rustwide/cargo-home/registry/src/index.crates.io-6f17d22bba15001f/proptest-0.9.3/src/strategy/traits.rs:708:21
[INFO] [stderr]   43:     0x560d6f61f7d3 - <alloc::sync::Arc<S> as proptest::strategy::traits::Strategy>::new_tree::hb9e46e659e9f0458
[INFO] [stderr]                                at /opt/rustwide/cargo-home/registry/src/index.crates.io-6f17d22bba15001f/proptest-0.9.3/src/strategy/traits.rs:611:17
[INFO] [stderr]   44:     0x560d6f60567b - <proptest::strategy::traits::SBoxedStrategy<T> as proptest::strategy::traits::Strategy>::new_tree::hfa89ca667bf2d0ee
[INFO] [stderr]                                at /opt/rustwide/cargo-home/registry/src/index.crates.io-6f17d22bba15001f/proptest-0.9.3/src/strategy/traits.rs:684:9
[INFO] [stderr]   45:     0x560d6f60c153 - <proptest::string::RegexGeneratorStrategy<T> as proptest::strategy::traits::Strategy>::new_tree::hf6673255193fe611
[INFO] [stderr]                                at /opt/rustwide/cargo-home/registry/src/index.crates.io-6f17d22bba15001f/proptest-0.9.3/src/macros.rs:72:17
[INFO] [stderr]   46:     0x560d6f6090cb - proptest::string::<impl proptest::strategy::traits::Strategy for str>::new_tree::hb9ef997f65da97b2
[INFO] [stderr]                                at /opt/rustwide/cargo-home/registry/src/index.crates.io-6f17d22bba15001f/proptest-0.9.3/src/string.rs:97:9
[INFO] [stderr]   47:     0x560d6f56a718 - <&S as proptest::strategy::traits::Strategy>::new_tree::hbf5441a41788da06
[INFO] [stderr]                                at /opt/rustwide/cargo-home/registry/src/index.crates.io-6f17d22bba15001f/proptest-0.9.3/src/strategy/traits.rs:611:17
[INFO] [stderr]   48:     0x560d6f542954 - proptest::tuple::<impl proptest::strategy::traits::Strategy for (A,B,C,D)>::new_tree::ha6c711f5ccce22f3
[INFO] [stderr]                                at /opt/rustwide/cargo-home/registry/src/index.crates.io-6f17d22bba15001f/proptest-0.9.3/src/tuple.rs:47:33
[INFO] [stderr]   49:     0x560d6f5641dc - <proptest::strategy::map::Map<S,F> as proptest::strategy::traits::Strategy>::new_tree::h51116bf08d272c80
[INFO] [stderr]                                at /opt/rustwide/cargo-home/registry/src/index.crates.io-6f17d22bba15001f/proptest-0.9.3/src/strategy/map.rs:55:9
[INFO] [stderr]   50:     0x560d6f56423d - <proptest::strategy::map::Map<S,F> as proptest::strategy::traits::Strategy>::new_tree::h5cf4fb42afc9eb9e
[INFO] [stderr]                                at /opt/rustwide/cargo-home/registry/src/index.crates.io-6f17d22bba15001f/proptest-0.9.3/src/strategy/map.rs:55:9
[INFO] [stderr]   51:     0x560d6f51869a - proptest::test_runner::runner::TestRunner::gen_and_run_case::he6e6b517782becdd
[INFO] [stderr]                                at /opt/rustwide/cargo-home/registry/src/index.crates.io-6f17d22bba15001f/proptest-0.9.3/src/test_runner/runner.rs:565:24
[INFO] [stderr]   52:     0x560d6f51ccc8 - proptest::test_runner::runner::TestRunner::run_in_process_with_replay::h61bb2636c12ed66f
[INFO] [stderr]                                at /opt/rustwide/cargo-home/registry/src/index.crates.io-6f17d22bba15001f/proptest-0.9.3/src/test_runner/runner.rs:521:13
[INFO] [stderr]   53:     0x560d6f516e00 - proptest::test_runner::runner::TestRunner::run_in_process::hc2075f66c8d22809
[INFO] [stderr]                                at /opt/rustwide/cargo-home/registry/src/index.crates.io-6f17d22bba15001f/proptest-0.9.3/src/test_runner/runner.rs:498:9
[INFO] [stderr]   54:     0x560d6f5208cf - proptest::test_runner::runner::TestRunner::run::hf17bd87068e0c1fa
[INFO] [stderr]                                at /opt/rustwide/cargo-home/registry/src/index.crates.io-6f17d22bba15001f/proptest-0.9.3/src/test_runner/runner.rs:367:13
[INFO] [stderr]   55:     0x560d6f54804d - barlow_spa::database::tests::it_deletes_blog_post::hcc2ce89067f84e9b
[INFO] [stderr]                                at /opt/rustwide/cargo-home/registry/src/index.crates.io-6f17d22bba15001f/proptest-0.9.3/src/sugar.rs:163:17
[INFO] [stderr]   56:     0x560d6f547df7 - barlow_spa::database::tests::it_deletes_blog_post::{{closure}}::h7ca66f49260ba2f1
[INFO] [stderr]                                at /opt/rustwide/cargo-home/registry/src/index.crates.io-6f17d22bba15001f/proptest-0.9.3/src/sugar.rs:159:29
[INFO] [stderr]   57:     0x560d6f54c925 - core::ops::function::FnOnce::call_once::h106f99d7831e1d54
[INFO] [stderr]                                at /rustc/1b7dd2252b99671ce5d1cb9664c5f8636329436d/library/core/src/ops/function.rs:250:5
[INFO] [stderr]   58:     0x560d6f5aea2f - core::ops::function::FnOnce::call_once::ha6a70e79f7481a7e
[INFO] [stderr]                                at /rustc/1b7dd2252b99671ce5d1cb9664c5f8636329436d/library/core/src/ops/function.rs:250:5
[INFO] [stderr]   59:     0x560d6f5aea2f - test::__rust_begin_short_backtrace::hce33033019b61e69
[INFO] [stderr]                                at /rustc/1b7dd2252b99671ce5d1cb9664c5f8636329436d/library/test/src/lib.rs:655:18
[INFO] [stderr]   60:     0x560d6f57c21c - test::run_test::{{closure}}::h858d3528838ae3e5
[INFO] [stderr]                                at /rustc/1b7dd2252b99671ce5d1cb9664c5f8636329436d/library/test/src/lib.rs:646:30
[INFO] [stderr]   61:     0x560d6f57c21c - core::ops::function::FnOnce::call_once{{vtable.shim}}::he8ac2b00f01ae79e
[INFO] [stderr]                                at /rustc/1b7dd2252b99671ce5d1cb9664c5f8636329436d/library/core/src/ops/function.rs:250:5
[INFO] [stderr]   62:     0x560d6f5adb06 - <alloc::boxed::Box<F,A> as core::ops::function::FnOnce<Args>>::call_once::h8093d25b522725ef
[INFO] [stderr]                                at /rustc/1b7dd2252b99671ce5d1cb9664c5f8636329436d/library/alloc/src/boxed.rs:1973:9
[INFO] [stderr]   63:     0x560d6f5adb06 - <core::panic::unwind_safe::AssertUnwindSafe<F> as core::ops::function::FnOnce<()>>::call_once::h5c334c204e4a3913
[INFO] [stderr]                                at /rustc/1b7dd2252b99671ce5d1cb9664c5f8636329436d/library/core/src/panic/unwind_safe.rs:271:9
[INFO] [stderr]   64:     0x560d6f5adb06 - std::panicking::try::do_call::ha8b740c7b9478074
[INFO] [stderr]                                at /rustc/1b7dd2252b99671ce5d1cb9664c5f8636329436d/library/std/src/panicking.rs:485:40
[INFO] [stderr]   65:     0x560d6f5adb06 - std::panicking::try::h5d34f63d0e41b64e
[INFO] [stderr]                                at /rustc/1b7dd2252b99671ce5d1cb9664c5f8636329436d/library/std/src/panicking.rs:449:19
[INFO] [stderr]   66:     0x560d6f5adb06 - std::panic::catch_unwind::hcfbb511e1aa7fc67
[INFO] [stderr]                                at /rustc/1b7dd2252b99671ce5d1cb9664c5f8636329436d/library/std/src/panic.rs:140:14
[INFO] [stderr]   67:     0x560d6f5adb06 - test::run_test_in_process::h9abda90f802eaf21
[INFO] [stderr]                                at /rustc/1b7dd2252b99671ce5d1cb9664c5f8636329436d/library/test/src/lib.rs:678:27
[INFO] [stderr]   68:     0x560d6f5adb06 - test::run_test::run_test_inner::{{closure}}::h0f058de91f6c6edf
[INFO] [stderr]                                at /rustc/1b7dd2252b99671ce5d1cb9664c5f8636329436d/library/test/src/lib.rs:572:39
[INFO] [stderr]   69:     0x560d6f576a25 - test::run_test::run_test_inner::{{closure}}::h5ca48a4c59c6c1fb
[INFO] [stderr]                                at /rustc/1b7dd2252b99671ce5d1cb9664c5f8636329436d/library/test/src/lib.rs:599:37
[INFO] [stderr]   70:     0x560d6f576a25 - std::sys_common::backtrace::__rust_begin_short_backtrace::h32bd51e1495d4a33
[INFO] [stderr]                                at /rustc/1b7dd2252b99671ce5d1cb9664c5f8636329436d/library/std/src/sys_common/backtrace.rs:134:18
[INFO] [stderr]   71:     0x560d6f57bf61 - std::thread::Builder::spawn_unchecked_::{{closure}}::{{closure}}::hc086fae9b128b2db
[INFO] [stderr]                                at /rustc/1b7dd2252b99671ce5d1cb9664c5f8636329436d/library/std/src/thread/mod.rs:526:17
[INFO] [stderr]   72:     0x560d6f57bf61 - <core::panic::unwind_safe::AssertUnwindSafe<F> as core::ops::function::FnOnce<()>>::call_once::hb66571888d270d43
[INFO] [stderr]                                at /rustc/1b7dd2252b99671ce5d1cb9664c5f8636329436d/library/core/src/panic/unwind_safe.rs:271:9
[INFO] [stderr]   73:     0x560d6f57bf61 - std::panicking::try::do_call::h4fa2ef4f6e51fecf
[INFO] [stderr]                                at /rustc/1b7dd2252b99671ce5d1cb9664c5f8636329436d/library/std/src/panicking.rs:485:40
[INFO] [stderr]   74:     0x560d6f57bf61 - std::panicking::try::h1e9e22b8584489b5
[INFO] [stderr]                                at /rustc/1b7dd2252b99671ce5d1cb9664c5f8636329436d/library/std/src/panicking.rs:449:19
[INFO] [stderr]   75:     0x560d6f57bf61 - std::panic::catch_unwind::h44698a3de0e0769e
[INFO] [stderr]                                at /rustc/1b7dd2252b99671ce5d1cb9664c5f8636329436d/library/std/src/panic.rs:140:14
[INFO] [stderr]   76:     0x560d6f57bf61 - std::thread::Builder::spawn_unchecked_::{{closure}}::h50153abde3fe239e
[INFO] [stderr]                                at /rustc/1b7dd2252b99671ce5d1cb9664c5f8636329436d/library/std/src/thread/mod.rs:525:30
[INFO] [stderr]   77:     0x560d6f57bf61 - core::ops::function::FnOnce::call_once{{vtable.shim}}::hbe5bbf6f38394364
[INFO] [stderr]                                at /rustc/1b7dd2252b99671ce5d1cb9664c5f8636329436d/library/core/src/ops/function.rs:250:5
[INFO] [stderr]   78:     0x560d6f858db5 - <alloc::boxed::Box<F,A> as core::ops::function::FnOnce<Args>>::call_once::h0d83cb2920a49046
[INFO] [stderr]                                at /rustc/1b7dd2252b99671ce5d1cb9664c5f8636329436d/library/alloc/src/boxed.rs:1973:9
[INFO] [stderr]   79:     0x560d6f858db5 - <alloc::boxed::Box<F,A> as core::ops::function::FnOnce<Args>>::call_once::hbe0a008aa7d9ef59
[INFO] [stderr]                                at /rustc/1b7dd2252b99671ce5d1cb9664c5f8636329436d/library/alloc/src/boxed.rs:1973:9
[INFO] [stderr]   80:     0x560d6f858db5 - std::sys::unix::thread::Thread::new::thread_start::h3a466996bdf6b1f9
[INFO] [stderr]                                at /rustc/1b7dd2252b99671ce5d1cb9664c5f8636329436d/library/std/src/sys/unix/thread.rs:108:17
[INFO] [stderr]   81:     0x7fa3f8ff3b43 - <unknown>
[INFO] [stderr]   82:     0x7fa3f9084bb4 - __clone
[INFO] [stderr]   83:                0x0 - <unknown>
[INFO] [stderr] thread caused non-unwinding panic. aborting.
[INFO] [stderr] error: test failed, to rerun pass `--lib`
[INFO] [stderr] 
[INFO] [stderr] Caused by:
[INFO] [stderr]   process didn't exit successfully: `/opt/rustwide/target/debug/deps/barlow_spa-c45929860c0b3244` (signal: 6, SIGABRT: process abort signal)
[INFO] running `Command { std: "docker" "inspect" "f757d8f019e8d4a4cdd4bee614ac1c325c3bf5da5004e963c8b8031ab8894f82", kill_on_drop: false }`
[INFO] running `Command { std: "docker" "rm" "-f" "f757d8f019e8d4a4cdd4bee614ac1c325c3bf5da5004e963c8b8031ab8894f82", kill_on_drop: false }`
[INFO] [stdout] f757d8f019e8d4a4cdd4bee614ac1c325c3bf5da5004e963c8b8031ab8894f82
