[INFO] cloning repository https://github.com/smklein/rit
[INFO] running `Command { std: "git" "-c" "credential.helper=" "-c" "credential.helper=/workspace/cargo-home/bin/git-credential-null" "clone" "--bare" "https://github.com/smklein/rit" "/workspace/cache/git-repos/https%3A%2F%2Fgithub.com%2Fsmklein%2Frit", kill_on_drop: false }`
[INFO] [stderr] Cloning into bare repository '/workspace/cache/git-repos/https%3A%2F%2Fgithub.com%2Fsmklein%2Frit'...
[INFO] running `Command { std: "git" "rev-parse" "HEAD", kill_on_drop: false }`
[INFO] [stdout] e27bc0f08875349a6dc7f044ded8167494769650
[INFO] testing smklein/rit against 1.69.0 for beta-1.70-1
[INFO] running `Command { std: "git" "clone" "/workspace/cache/git-repos/https%3A%2F%2Fgithub.com%2Fsmklein%2Frit" "/workspace/builds/worker-6-tc1/source", kill_on_drop: false }`
[INFO] [stderr] Cloning into '/workspace/builds/worker-6-tc1/source'...
[INFO] [stderr] done.
[INFO] validating manifest of git repo https://github.com/smklein/rit on toolchain 1.69.0
[INFO] running `Command { std: CARGO_HOME="/workspace/cargo-home" RUSTUP_HOME="/workspace/rustup-home" "/workspace/cargo-home/bin/cargo" "+1.69.0" "metadata" "--manifest-path" "Cargo.toml" "--no-deps", kill_on_drop: false }`
[INFO] started tweaking git repo https://github.com/smklein/rit
[INFO] finished tweaking git repo https://github.com/smklein/rit
[INFO] tweaked toml for git repo https://github.com/smklein/rit written to /workspace/builds/worker-6-tc1/source/Cargo.toml
[INFO] crate git repo https://github.com/smklein/rit already has a lockfile, it will not be regenerated
[INFO] running `Command { std: CARGO_HOME="/workspace/cargo-home" RUSTUP_HOME="/workspace/rustup-home" "/workspace/cargo-home/bin/cargo" "+1.69.0" "fetch" "--manifest-path" "Cargo.toml", kill_on_drop: false }`
[INFO] [stderr]     Updating crates.io index
[INFO] [stderr]  Downloading crates ...
[INFO] [stderr]   Downloaded test_process_executor v0.1.0
[INFO] [stderr]   Downloaded lazy-init v0.4.0
[INFO] [stderr]   Downloaded directory_compare v0.1.4
[INFO] running `Command { std: "docker" "create" "-v" "/var/lib/crater-agent-workspace/builds/worker-6-tc1/target:/opt/rustwide/target:rw,Z" "-v" "/var/lib/crater-agent-workspace/builds/worker-6-tc1/source:/opt/rustwide/workdir:ro,Z" "-v" "/var/lib/crater-agent-workspace/cargo-home:/opt/rustwide/cargo-home:ro,Z" "-v" "/var/lib/crater-agent-workspace/rustup-home:/opt/rustwide/rustup-home:ro,Z" "-e" "SOURCE_DIR=/opt/rustwide/workdir" "-e" "CARGO_TARGET_DIR=/opt/rustwide/target" "-e" "CARGO_HOME=/opt/rustwide/cargo-home" "-e" "RUSTUP_HOME=/opt/rustwide/rustup-home" "-w" "/opt/rustwide/workdir" "-m" "1610612736" "--user" "0:0" "--network" "none" "ghcr.io/rust-lang/crates-build-env/linux@sha256:5ff2268d62e97bff2cde7d5815dd6ed5b47097566f13b8d0ca110b04b60e07ed" "/opt/rustwide/cargo-home/bin/cargo" "+1.69.0" "metadata" "--no-deps" "--format-version=1", kill_on_drop: false }`
[INFO] [stdout] 808fade3b95f3761dca2d9755fb5b359e3929c2619dcb0f6d721d40e64c7a9f5
[INFO] running `Command { std: "docker" "start" "-a" "808fade3b95f3761dca2d9755fb5b359e3929c2619dcb0f6d721d40e64c7a9f5", kill_on_drop: false }`
[INFO] running `Command { std: "docker" "inspect" "808fade3b95f3761dca2d9755fb5b359e3929c2619dcb0f6d721d40e64c7a9f5", kill_on_drop: false }`
[INFO] running `Command { std: "docker" "rm" "-f" "808fade3b95f3761dca2d9755fb5b359e3929c2619dcb0f6d721d40e64c7a9f5", kill_on_drop: false }`
[INFO] [stdout] 808fade3b95f3761dca2d9755fb5b359e3929c2619dcb0f6d721d40e64c7a9f5
[INFO] running `Command { std: "docker" "create" "-v" "/var/lib/crater-agent-workspace/builds/worker-6-tc1/target:/opt/rustwide/target:rw,Z" "-v" "/var/lib/crater-agent-workspace/builds/worker-6-tc1/source:/opt/rustwide/workdir:ro,Z" "-v" "/var/lib/crater-agent-workspace/cargo-home:/opt/rustwide/cargo-home:ro,Z" "-v" "/var/lib/crater-agent-workspace/rustup-home:/opt/rustwide/rustup-home:ro,Z" "-e" "SOURCE_DIR=/opt/rustwide/workdir" "-e" "CARGO_TARGET_DIR=/opt/rustwide/target" "-e" "CARGO_INCREMENTAL=0" "-e" "RUST_BACKTRACE=full" "-e" "RUSTFLAGS=--cap-lints=warn" "-e" "RUSTDOCFLAGS=--cap-lints=warn" "-e" "CARGO_HOME=/opt/rustwide/cargo-home" "-e" "RUSTUP_HOME=/opt/rustwide/rustup-home" "-w" "/opt/rustwide/workdir" "-m" "1610612736" "--user" "0:0" "--network" "none" "ghcr.io/rust-lang/crates-build-env/linux@sha256:5ff2268d62e97bff2cde7d5815dd6ed5b47097566f13b8d0ca110b04b60e07ed" "/opt/rustwide/cargo-home/bin/cargo" "+1.69.0" "build" "--frozen" "--message-format=json", kill_on_drop: false }`
[INFO] [stdout] c0078656375fbb45fd32b2b68378c2e3863183b4585a8f75a6dfa01118382390
[INFO] running `Command { std: "docker" "start" "-a" "c0078656375fbb45fd32b2b68378c2e3863183b4585a8f75a6dfa01118382390", kill_on_drop: false }`
[INFO] [stderr]    Compiling autocfg v1.0.1
[INFO] [stderr]    Compiling libc v0.2.81
[INFO] [stderr]    Compiling version_check v0.9.2
[INFO] [stderr]    Compiling typenum v1.12.0
[INFO] [stderr]    Compiling crc32fast v1.2.1
[INFO] [stderr]    Compiling cfg-if v1.0.0
[INFO] [stderr]    Compiling bitflags v1.2.1
[INFO] [stderr]    Compiling adler v0.2.3
[INFO] [stderr]    Compiling unicode-width v0.1.8
[INFO] [stderr]    Compiling anyhow v1.0.36
[INFO] [stderr]    Compiling cpuid-bool v0.1.2
[INFO] [stderr]    Compiling strsim v0.8.0
[INFO] [stderr]    Compiling vec_map v0.8.2
[INFO] [stderr]    Compiling opaque-debug v0.3.0
[INFO] [stderr]    Compiling ansi_term v0.11.0
[INFO] [stderr]    Compiling hex v0.3.2
[INFO] [stderr]    Compiling lazy-init v0.4.0
[INFO] [stderr]    Compiling textwrap v0.11.0
[INFO] [stderr]    Compiling num-traits v0.2.14
[INFO] [stderr]    Compiling num-integer v0.1.44
[INFO] [stderr]    Compiling miniz_oxide v0.4.3
[INFO] [stderr]    Compiling generic-array v0.14.4
[INFO] [stderr]    Compiling time v0.1.44
[INFO] [stderr]    Compiling atty v0.2.14
[INFO] [stderr]    Compiling clap v2.33.3
[INFO] [stderr]    Compiling flate2 v1.0.19
[INFO] [stderr]    Compiling digest v0.9.0
[INFO] [stderr]    Compiling block-buffer v0.9.0
[INFO] [stderr]    Compiling sha-1 v0.9.2
[INFO] [stderr]    Compiling chrono v0.4.19
[INFO] [stderr]    Compiling rit v0.1.0 (/opt/rustwide/workdir)
[INFO] [stdout] warning: unused import: `Workspace`
[INFO] [stdout]  --> src/entry.rs:2:24
[INFO] [stdout]   |
[INFO] [stdout] 2 | use crate::workspace::{Workspace, WorkspacePath};
[INFO] [stdout]   |                        ^^^^^^^^^
[INFO] [stdout]   |
[INFO] [stdout]   = note: `#[warn(unused_imports)]` on by default
[INFO] [stdout] 
[INFO] [stdout] 
[INFO] [stdout] warning: variant `Directory` is never constructed
[INFO] [stdout]   --> src/entry.rs:10:5
[INFO] [stdout]    |
[INFO] [stdout] 7  | pub enum Mode {
[INFO] [stdout]    |          ---- variant in this enum
[INFO] [stdout] ...
[INFO] [stdout] 10 |     Directory,
[INFO] [stdout]    |     ^^^^^^^^^
[INFO] [stdout]    |
[INFO] [stdout]    = note: `Mode` has a derived impl for the trait `Debug`, but this is intentionally ignored during dead code analysis
[INFO] [stdout]    = note: `#[warn(dead_code)]` on by default
[INFO] [stdout] 
[INFO] [stdout] 
[INFO] [stdout] warning: 2 warnings emitted
[INFO] [stdout] 
[INFO] [stdout] 
[INFO] [stderr]     Finished dev [unoptimized + debuginfo] target(s) in 4.46s
[INFO] running `Command { std: "docker" "inspect" "c0078656375fbb45fd32b2b68378c2e3863183b4585a8f75a6dfa01118382390", kill_on_drop: false }`
[INFO] running `Command { std: "docker" "rm" "-f" "c0078656375fbb45fd32b2b68378c2e3863183b4585a8f75a6dfa01118382390", kill_on_drop: false }`
[INFO] [stdout] c0078656375fbb45fd32b2b68378c2e3863183b4585a8f75a6dfa01118382390
[INFO] running `Command { std: "docker" "create" "-v" "/var/lib/crater-agent-workspace/builds/worker-6-tc1/target:/opt/rustwide/target:rw,Z" "-v" "/var/lib/crater-agent-workspace/builds/worker-6-tc1/source:/opt/rustwide/workdir:ro,Z" "-v" "/var/lib/crater-agent-workspace/cargo-home:/opt/rustwide/cargo-home:ro,Z" "-v" "/var/lib/crater-agent-workspace/rustup-home:/opt/rustwide/rustup-home:ro,Z" "-e" "SOURCE_DIR=/opt/rustwide/workdir" "-e" "CARGO_TARGET_DIR=/opt/rustwide/target" "-e" "CARGO_INCREMENTAL=0" "-e" "RUST_BACKTRACE=full" "-e" "RUSTFLAGS=--cap-lints=warn" "-e" "RUSTDOCFLAGS=--cap-lints=warn" "-e" "CARGO_HOME=/opt/rustwide/cargo-home" "-e" "RUSTUP_HOME=/opt/rustwide/rustup-home" "-w" "/opt/rustwide/workdir" "-m" "1610612736" "--user" "0:0" "--network" "none" "ghcr.io/rust-lang/crates-build-env/linux@sha256:5ff2268d62e97bff2cde7d5815dd6ed5b47097566f13b8d0ca110b04b60e07ed" "/opt/rustwide/cargo-home/bin/cargo" "+1.69.0" "test" "--frozen" "--no-run" "--message-format=json", kill_on_drop: false }`
[INFO] [stdout] 93f17d53ca2b999df8b109bf87f836ec6633c806a604ed72a620291053067c43
[INFO] running `Command { std: "docker" "start" "-a" "93f17d53ca2b999df8b109bf87f836ec6633c806a604ed72a620291053067c43", kill_on_drop: false }`
[INFO] [stderr]    Compiling proc-macro2 v1.0.56
[INFO] [stderr]    Compiling unicode-ident v1.0.8
[INFO] [stderr]    Compiling quote v1.0.26
[INFO] [stderr]    Compiling thiserror v1.0.40
[INFO] [stderr]    Compiling same-file v1.0.6
[INFO] [stderr]    Compiling either v1.8.1
[INFO] [stderr]    Compiling remove_dir_all v0.5.3
[INFO] [stderr]    Compiling rand v0.4.6
[INFO] [stderr]    Compiling pretty-hex v0.2.1
[INFO] [stderr]    Compiling difference v2.0.0
[INFO] [stderr]    Compiling test_process_executor v0.1.0
[INFO] [stderr]    Compiling walkdir v2.3.3
[INFO] [stderr]    Compiling itertools v0.10.5
[INFO] [stderr]    Compiling tempdir v0.3.7
[INFO] [stderr]    Compiling syn v2.0.15
[INFO] [stderr]    Compiling thiserror-impl v1.0.40
[INFO] [stderr]    Compiling directory_compare v0.1.4
[INFO] [stderr]    Compiling rit v0.1.0 (/opt/rustwide/workdir)
[INFO] [stdout] warning: unused import: `Workspace`
[INFO] [stdout]  --> src/entry.rs:2:24
[INFO] [stdout]   |
[INFO] [stdout] 2 | use crate::workspace::{Workspace, WorkspacePath};
[INFO] [stdout]   |                        ^^^^^^^^^
[INFO] [stdout]   |
[INFO] [stdout]   = note: `#[warn(unused_imports)]` on by default
[INFO] [stdout] 
[INFO] [stdout] 
[INFO] [stdout] warning: method `populate_test_files` is never used
[INFO] [stdout]    --> src/commands.rs:224:12
[INFO] [stdout]     |
[INFO] [stdout] 224 |         fn populate_test_files(&self) {
[INFO] [stdout]     |            ^^^^^^^^^^^^^^^^^^^
[INFO] [stdout]     |
[INFO] [stdout]     = note: `#[warn(dead_code)]` on by default
[INFO] [stdout] 
[INFO] [stdout] 
[INFO] [stdout] warning: variant `Directory` is never constructed
[INFO] [stdout]   --> src/entry.rs:10:5
[INFO] [stdout]    |
[INFO] [stdout] 7  | pub enum Mode {
[INFO] [stdout]    |          ---- variant in this enum
[INFO] [stdout] ...
[INFO] [stdout] 10 |     Directory,
[INFO] [stdout]    |     ^^^^^^^^^
[INFO] [stdout]    |
[INFO] [stdout]    = note: `Mode` has a derived impl for the trait `Debug`, but this is intentionally ignored during dead code analysis
[INFO] [stdout] 
[INFO] [stdout] 
[INFO] [stdout] warning: 3 warnings emitted
[INFO] [stdout] 
[INFO] [stdout] 
[INFO] [stderr]     Finished test [unoptimized + debuginfo] target(s) in 4.06s
[INFO] running `Command { std: "docker" "inspect" "93f17d53ca2b999df8b109bf87f836ec6633c806a604ed72a620291053067c43", kill_on_drop: false }`
[INFO] running `Command { std: "docker" "rm" "-f" "93f17d53ca2b999df8b109bf87f836ec6633c806a604ed72a620291053067c43", kill_on_drop: false }`
[INFO] [stdout] 93f17d53ca2b999df8b109bf87f836ec6633c806a604ed72a620291053067c43
[INFO] running `Command { std: "docker" "create" "-v" "/var/lib/crater-agent-workspace/builds/worker-6-tc1/target:/opt/rustwide/target:rw,Z" "-v" "/var/lib/crater-agent-workspace/builds/worker-6-tc1/source:/opt/rustwide/workdir:ro,Z" "-v" "/var/lib/crater-agent-workspace/cargo-home:/opt/rustwide/cargo-home:ro,Z" "-v" "/var/lib/crater-agent-workspace/rustup-home:/opt/rustwide/rustup-home:ro,Z" "-e" "SOURCE_DIR=/opt/rustwide/workdir" "-e" "CARGO_TARGET_DIR=/opt/rustwide/target" "-e" "CARGO_INCREMENTAL=0" "-e" "RUST_BACKTRACE=full" "-e" "RUSTFLAGS=--cap-lints=warn" "-e" "RUSTDOCFLAGS=--cap-lints=warn" "-e" "CARGO_HOME=/opt/rustwide/cargo-home" "-e" "RUSTUP_HOME=/opt/rustwide/rustup-home" "-w" "/opt/rustwide/workdir" "-m" "1610612736" "--user" "0:0" "--network" "none" "ghcr.io/rust-lang/crates-build-env/linux@sha256:5ff2268d62e97bff2cde7d5815dd6ed5b47097566f13b8d0ca110b04b60e07ed" "/opt/rustwide/cargo-home/bin/cargo" "+1.69.0" "test" "--frozen", kill_on_drop: false }`
[INFO] [stdout] 3e26ac2a91faa02661181e7d5a7d4162f0084f1ef3185f6ad4abc46861639fa8
[INFO] running `Command { std: "docker" "start" "-a" "3e26ac2a91faa02661181e7d5a7d4162f0084f1ef3185f6ad4abc46861639fa8", kill_on_drop: false }`
[INFO] [stderr] warning: unused import: `Workspace`
[INFO] [stderr]  --> src/entry.rs:2:24
[INFO] [stderr]   |
[INFO] [stderr] 2 | use crate::workspace::{Workspace, WorkspacePath};
[INFO] [stderr]   |                        ^^^^^^^^^
[INFO] [stderr]   |
[INFO] [stderr]   = note: `#[warn(unused_imports)]` on by default
[INFO] [stderr] 
[INFO] [stderr] warning: method `populate_test_files` is never used
[INFO] [stderr]    --> src/commands.rs:224:12
[INFO] [stderr]     |
[INFO] [stderr] 224 |         fn populate_test_files(&self) {
[INFO] [stderr]     |            ^^^^^^^^^^^^^^^^^^^
[INFO] [stderr]     |
[INFO] [stderr]     = note: `#[warn(dead_code)]` on by default
[INFO] [stderr] 
[INFO] [stderr] warning: variant `Directory` is never constructed
[INFO] [stderr]   --> src/entry.rs:10:5
[INFO] [stderr]    |
[INFO] [stderr] 7  | pub enum Mode {
[INFO] [stderr]    |          ---- variant in this enum
[INFO] [stderr] ...
[INFO] [stderr] 10 |     Directory,
[INFO] [stderr]    |     ^^^^^^^^^
[INFO] [stderr]    |
[INFO] [stderr]    = note: `Mode` has a derived impl for the trait `Debug`, but this is intentionally ignored during dead code analysis
[INFO] [stderr] 
[INFO] [stderr] warning: `rit` (bin "rit" test) generated 3 warnings (run `cargo fix --bin "rit" --tests` to apply 1 suggestion)
[INFO] [stderr]     Finished test [unoptimized + debuginfo] target(s) in 0.03s
[INFO] [stderr]      Running unittests src/main.rs (/opt/rustwide/target/debug/deps/rit-1f8026e4c29ba57a)
[INFO] [stdout] 
[INFO] [stdout] running 5 tests
[INFO] [stdout] test workspace::tests::test_full_path ... ok
[INFO] [stdout] test workspace::tests::test_ignore_git ... ok
[INFO] [stdout] test workspace::tests::test_list_files ... ok
[INFO] [stdout] test commands::tests::test_commit_nested ... FAILED
[INFO] [stdout] test commands::tests::test_init ... ok
[INFO] [stdout] 
[INFO] [stdout] failures:
[INFO] [stdout] 
[INFO] [stdout] ---- commands::tests::test_commit_nested stdout ----
[INFO] [stdout] Initialized empty Rit repository in /tmp/git-under-test.LVYbQCH0D04p/.git
[INFO] [stdout] COMMIT: file list: [
[INFO] [stdout]     WorkspacePath {
[INFO] [stdout]         path: "subdir/file.txt",
[INFO] [stdout]     },
[INFO] [stdout]     WorkspacePath {
[INFO] [stdout]         path: "subdir/nested/file.txt",
[INFO] [stdout]     },
[INFO] [stdout]     WorkspacePath {
[INFO] [stdout]         path: "subdir/nested",
[INFO] [stdout]     },
[INFO] [stdout]     WorkspacePath {
[INFO] [stdout]         path: "subdir",
[INFO] [stdout]     },
[INFO] [stdout]     WorkspacePath {
[INFO] [stdout]         path: "file.txt",
[INFO] [stdout]     },
[INFO] [stdout] ]
[INFO] [stdout] Tree::build entry: file.txt
[INFO] [stdout]   parents: [
[INFO] [stdout]     Component(
[INFO] [stdout]         "file.txt",
[INFO] [stdout]     ),
[INFO] [stdout] ]
[INFO] [stdout] Tree::build entry: subdir
[INFO] [stdout]   parents: [
[INFO] [stdout]     Component(
[INFO] [stdout]         "subdir",
[INFO] [stdout]     ),
[INFO] [stdout] ]
[INFO] [stdout] Tree::build entry: subdir/file.txt
[INFO] [stdout]   parents: [
[INFO] [stdout]     Component(
[INFO] [stdout]         "subdir",
[INFO] [stdout]     ),
[INFO] [stdout]     Component(
[INFO] [stdout]         "file.txt",
[INFO] [stdout]     ),
[INFO] [stdout] ]
[INFO] [stdout] Tree::build entry: subdir/nested
[INFO] [stdout]   parents: [
[INFO] [stdout]     Component(
[INFO] [stdout]         "subdir",
[INFO] [stdout]     ),
[INFO] [stdout]     Component(
[INFO] [stdout]         "nested",
[INFO] [stdout]     ),
[INFO] [stdout] ]
[INFO] [stdout] Tree::build entry: subdir/nested/file.txt
[INFO] [stdout]   parents: [
[INFO] [stdout]     Component(
[INFO] [stdout]         "subdir",
[INFO] [stdout]     ),
[INFO] [stdout]     Component(
[INFO] [stdout]         "nested",
[INFO] [stdout]     ),
[INFO] [stdout]     Component(
[INFO] [stdout]         "file.txt",
[INFO] [stdout]     ),
[INFO] [stdout] ]
[INFO] [stdout] Root: TreeNode {
[INFO] [stdout]     map: {
[INFO] [stdout]         Component(
[INFO] [stdout]             "subdir",
[INFO] [stdout]         ): Tree(
[INFO] [stdout]             TreeNode {
[INFO] [stdout]                 map: {
[INFO] [stdout]                     Component(
[INFO] [stdout]                         "file.txt",
[INFO] [stdout]                     ): Entry(
[INFO] [stdout]                         WorkspacePath {
[INFO] [stdout]                             path: "subdir/file.txt",
[INFO] [stdout]                         },
[INFO] [stdout]                     ),
[INFO] [stdout]                     Component(
[INFO] [stdout]                         "nested",
[INFO] [stdout]                     ): Tree(
[INFO] [stdout]                         TreeNode {
[INFO] [stdout]                             map: {
[INFO] [stdout]                                 Component(
[INFO] [stdout]                                     "file.txt",
[INFO] [stdout]                                 ): Entry(
[INFO] [stdout]                                     WorkspacePath {
[INFO] [stdout]                                         path: "subdir/nested/file.txt",
[INFO] [stdout]                                     },
[INFO] [stdout]                                 ),
[INFO] [stdout]                             },
[INFO] [stdout]                         },
[INFO] [stdout]                     ),
[INFO] [stdout]                 },
[INFO] [stdout]             },
[INFO] [stdout]         ),
[INFO] [stdout]         Component(
[INFO] [stdout]             "file.txt",
[INFO] [stdout]         ): Entry(
[INFO] [stdout]             WorkspacePath {
[INFO] [stdout]                 path: "file.txt",
[INFO] [stdout]             },
[INFO] [stdout]         ),
[INFO] [stdout]     },
[INFO] [stdout] }
[INFO] [stdout] thread 'commands::tests::test_commit_nested' panicked at 'called `Result::unwrap()` on an `Err` value: nah', src/commands.rs:65:44
[INFO] [stdout] stack backtrace:
[INFO] [stdout]    0:     0x55758b7f4afa - std::backtrace_rs::backtrace::libunwind::trace::ha9053a9a07ca49cb
[INFO] [stdout]                                at /rustc/84c898d65adf2f39a5a98507f1fe0ce10a2b8dbc/library/std/src/../../backtrace/src/backtrace/libunwind.rs:93:5
[INFO] [stdout]    1:     0x55758b7f4afa - std::backtrace_rs::backtrace::trace_unsynchronized::h9c2852a457ad564e
[INFO] [stdout]                                at /rustc/84c898d65adf2f39a5a98507f1fe0ce10a2b8dbc/library/std/src/../../backtrace/src/backtrace/mod.rs:66:5
[INFO] [stdout]    2:     0x55758b7f4afa - std::sys_common::backtrace::_print_fmt::h457936fbfaa0070f
[INFO] [stdout]                                at /rustc/84c898d65adf2f39a5a98507f1fe0ce10a2b8dbc/library/std/src/sys_common/backtrace.rs:65:5
[INFO] [stdout]    3:     0x55758b7f4afa - <std::sys_common::backtrace::_print::DisplayBacktrace as core::fmt::Display>::fmt::h5779d7bf7f70cb0c
[INFO] [stdout]                                at /rustc/84c898d65adf2f39a5a98507f1fe0ce10a2b8dbc/library/std/src/sys_common/backtrace.rs:44:22
[INFO] [stdout]    4:     0x55758b81969e - core::fmt::write::h5a4baaff1bcd3eb5
[INFO] [stdout]                                at /rustc/84c898d65adf2f39a5a98507f1fe0ce10a2b8dbc/library/core/src/fmt/mod.rs:1232:17
[INFO] [stdout]    5:     0x55758b7f15c5 - std::io::Write::write_fmt::h478f79c628ef31d1
[INFO] [stdout]                                at /rustc/84c898d65adf2f39a5a98507f1fe0ce10a2b8dbc/library/std/src/io/mod.rs:1684:15
[INFO] [stdout]    6:     0x55758b7f48c5 - std::sys_common::backtrace::_print::h5fcdc36060f177e8
[INFO] [stdout]                                at /rustc/84c898d65adf2f39a5a98507f1fe0ce10a2b8dbc/library/std/src/sys_common/backtrace.rs:47:5
[INFO] [stdout]    7:     0x55758b7f48c5 - std::sys_common::backtrace::print::h54ca9458b876c8bf
[INFO] [stdout]                                at /rustc/84c898d65adf2f39a5a98507f1fe0ce10a2b8dbc/library/std/src/sys_common/backtrace.rs:34:9
[INFO] [stdout]    8:     0x55758b7f668f - std::panicking::default_hook::{{closure}}::hbe471161c7664ed6
[INFO] [stdout]                                at /rustc/84c898d65adf2f39a5a98507f1fe0ce10a2b8dbc/library/std/src/panicking.rs:271:22
[INFO] [stdout]    9:     0x55758b7f634f - std::panicking::default_hook::ha3500da57aa4ac4f
[INFO] [stdout]                                at /rustc/84c898d65adf2f39a5a98507f1fe0ce10a2b8dbc/library/std/src/panicking.rs:287:9
[INFO] [stdout]   10:     0x55758b741027 - <alloc::boxed::Box<F,A> as core::ops::function::Fn<Args>>::call::hdf1b89dd137ece34
[INFO] [stdout]                                at /rustc/84c898d65adf2f39a5a98507f1fe0ce10a2b8dbc/library/alloc/src/boxed.rs:2001:9
[INFO] [stdout]   11:     0x55758b741027 - test::test_main::{{closure}}::h9081a79f20e75698
[INFO] [stdout]                                at /rustc/84c898d65adf2f39a5a98507f1fe0ce10a2b8dbc/library/test/src/lib.rs:135:21
[INFO] [stdout]   12:     0x55758b7f6dbd - <alloc::boxed::Box<F,A> as core::ops::function::Fn<Args>>::call::h6507bddc3eebb4a5
[INFO] [stdout]                                at /rustc/84c898d65adf2f39a5a98507f1fe0ce10a2b8dbc/library/alloc/src/boxed.rs:2001:9
[INFO] [stdout]   13:     0x55758b7f6dbd - std::panicking::rust_panic_with_hook::h50c09d000dc561d2
[INFO] [stdout]                                at /rustc/84c898d65adf2f39a5a98507f1fe0ce10a2b8dbc/library/std/src/panicking.rs:696:13
[INFO] [stdout]   14:     0x55758b7f6b39 - std::panicking::begin_panic_handler::{{closure}}::h9e2b2176e00e0d9c
[INFO] [stdout]                                at /rustc/84c898d65adf2f39a5a98507f1fe0ce10a2b8dbc/library/std/src/panicking.rs:583:13
[INFO] [stdout]   15:     0x55758b7f4f66 - std::sys_common::backtrace::__rust_end_short_backtrace::h5739b8e512c09d02
[INFO] [stdout]                                at /rustc/84c898d65adf2f39a5a98507f1fe0ce10a2b8dbc/library/std/src/sys_common/backtrace.rs:150:18
[INFO] [stdout]   16:     0x55758b7f6842 - rust_begin_unwind
[INFO] [stdout]                                at /rustc/84c898d65adf2f39a5a98507f1fe0ce10a2b8dbc/library/std/src/panicking.rs:579:5
[INFO] [stdout]   17:     0x55758b6b01c3 - core::panicking::panic_fmt::hf33a1475b4dc5c3e
[INFO] [stdout]                                at /rustc/84c898d65adf2f39a5a98507f1fe0ce10a2b8dbc/library/core/src/panicking.rs:64:14
[INFO] [stdout]   18:     0x55758b6b0613 - core::result::unwrap_failed::hdff5465d74574b44
[INFO] [stdout]                                at /rustc/84c898d65adf2f39a5a98507f1fe0ce10a2b8dbc/library/core/src/result.rs:1750:5
[INFO] [stdout]   19:     0x55758b6bae50 - core::result::Result<T,E>::unwrap::h9751d1bfb36d2593
[INFO] [stdout]                                at /rustc/84c898d65adf2f39a5a98507f1fe0ce10a2b8dbc/library/core/src/result.rs:1090:23
[INFO] [stdout]   20:     0x55758b6f0203 - rit::commands::commit::hcee8de998fbfa609
[INFO] [stdout]                                at /opt/rustwide/workdir/src/commands.rs:65:5
[INFO] [stdout]   21:     0x55758b6eb174 - rit::commands::tests::test_commit_nested::hbfe5a8f32281a771
[INFO] [stdout]                                at /opt/rustwide/workdir/src/commands.rs:304:9
[INFO] [stdout]   22:     0x55758b6eae87 - rit::commands::tests::test_commit_nested::{{closure}}::h85b66f922d84a9c8
[INFO] [stdout]                                at /opt/rustwide/workdir/src/commands.rs:299:32
[INFO] [stdout]   23:     0x55758b6c8f05 - core::ops::function::FnOnce::call_once::hf359030388f4849c
[INFO] [stdout]                                at /rustc/84c898d65adf2f39a5a98507f1fe0ce10a2b8dbc/library/core/src/ops/function.rs:250:5
[INFO] [stdout]   24:     0x55758b74640f - core::ops::function::FnOnce::call_once::h7d969581be7d0075
[INFO] [stdout]                                at /rustc/84c898d65adf2f39a5a98507f1fe0ce10a2b8dbc/library/core/src/ops/function.rs:250:5
[INFO] [stdout]   25:     0x55758b74640f - test::__rust_begin_short_backtrace::hca25a52684e56655
[INFO] [stdout]                                at /rustc/84c898d65adf2f39a5a98507f1fe0ce10a2b8dbc/library/test/src/lib.rs:656:18
[INFO] [stdout]   26:     0x55758b717a2c - test::run_test::{{closure}}::ha8ac744c4af1a4bb
[INFO] [stdout]                                at /rustc/84c898d65adf2f39a5a98507f1fe0ce10a2b8dbc/library/test/src/lib.rs:647:30
[INFO] [stdout]   27:     0x55758b717a2c - core::ops::function::FnOnce::call_once{{vtable.shim}}::h7b411a9ed45bdecf
[INFO] [stdout]                                at /rustc/84c898d65adf2f39a5a98507f1fe0ce10a2b8dbc/library/core/src/ops/function.rs:250:5
[INFO] [stdout]   28:     0x55758b7453d6 - <alloc::boxed::Box<F,A> as core::ops::function::FnOnce<Args>>::call_once::hd05328869a8ed200
[INFO] [stdout]                                at /rustc/84c898d65adf2f39a5a98507f1fe0ce10a2b8dbc/library/alloc/src/boxed.rs:1987:9
[INFO] [stdout]   29:     0x55758b7453d6 - <core::panic::unwind_safe::AssertUnwindSafe<F> as core::ops::function::FnOnce<()>>::call_once::h0c601ce20bd5b2be
[INFO] [stdout]                                at /rustc/84c898d65adf2f39a5a98507f1fe0ce10a2b8dbc/library/core/src/panic/unwind_safe.rs:271:9
[INFO] [stdout]   30:     0x55758b7453d6 - std::panicking::try::do_call::ha4be5c164fe30854
[INFO] [stdout]                                at /rustc/84c898d65adf2f39a5a98507f1fe0ce10a2b8dbc/library/std/src/panicking.rs:487:40
[INFO] [stdout]   31:     0x55758b7453d6 - std::panicking::try::h604546f3609af05f
[INFO] [stdout]                                at /rustc/84c898d65adf2f39a5a98507f1fe0ce10a2b8dbc/library/std/src/panicking.rs:451:19
[INFO] [stdout]   32:     0x55758b7453d6 - std::panic::catch_unwind::h5bfa8afe44c9c2f9
[INFO] [stdout]                                at /rustc/84c898d65adf2f39a5a98507f1fe0ce10a2b8dbc/library/std/src/panic.rs:140:14
[INFO] [stdout]   33:     0x55758b7453d6 - test::run_test_in_process::hd50dee55dd63e6aa
[INFO] [stdout]                                at /rustc/84c898d65adf2f39a5a98507f1fe0ce10a2b8dbc/library/test/src/lib.rs:679:27
[INFO] [stdout]   34:     0x55758b7453d6 - test::run_test::run_test_inner::{{closure}}::h4aa0f433aa85cea8
[INFO] [stdout]                                at /rustc/84c898d65adf2f39a5a98507f1fe0ce10a2b8dbc/library/test/src/lib.rs:573:39
[INFO] [stdout]   35:     0x55758b7120a1 - test::run_test::run_test_inner::{{closure}}::had56431adf24b4d6
[INFO] [stdout]                                at /rustc/84c898d65adf2f39a5a98507f1fe0ce10a2b8dbc/library/test/src/lib.rs:600:37
[INFO] [stdout]   36:     0x55758b7120a1 - std::sys_common::backtrace::__rust_begin_short_backtrace::ha8d9890e0c73bf13
[INFO] [stdout]                                at /rustc/84c898d65adf2f39a5a98507f1fe0ce10a2b8dbc/library/std/src/sys_common/backtrace.rs:134:18
[INFO] [stdout]   37:     0x55758b717abb - std::thread::Builder::spawn_unchecked_::{{closure}}::{{closure}}::h251832bcb4a95327
[INFO] [stdout]                                at /rustc/84c898d65adf2f39a5a98507f1fe0ce10a2b8dbc/library/std/src/thread/mod.rs:560:17
[INFO] [stdout]   38:     0x55758b717abb - <core::panic::unwind_safe::AssertUnwindSafe<F> as core::ops::function::FnOnce<()>>::call_once::h8fdff598fa414831
[INFO] [stdout]                                at /rustc/84c898d65adf2f39a5a98507f1fe0ce10a2b8dbc/library/core/src/panic/unwind_safe.rs:271:9
[INFO] [stdout]   39:     0x55758b717abb - std::panicking::try::do_call::h455dd2f7764a950f
[INFO] [stdout]                                at /rustc/84c898d65adf2f39a5a98507f1fe0ce10a2b8dbc/library/std/src/panicking.rs:487:40
[INFO] [stdout]   40:     0x55758b717abb - std::panicking::try::had6f23b7b73ae72a
[INFO] [stdout]                                at /rustc/84c898d65adf2f39a5a98507f1fe0ce10a2b8dbc/library/std/src/panicking.rs:451:19
[INFO] [stdout]   41:     0x55758b717abb - std::panic::catch_unwind::ha6a5ca3915b4dad0
[INFO] [stdout]                                at /rustc/84c898d65adf2f39a5a98507f1fe0ce10a2b8dbc/library/std/src/panic.rs:140:14
[INFO] [stdout]   42:     0x55758b717abb - std::thread::Builder::spawn_unchecked_::{{closure}}::h883b72ef75da6231
[INFO] [stdout]                                at /rustc/84c898d65adf2f39a5a98507f1fe0ce10a2b8dbc/library/std/src/thread/mod.rs:559:30
[INFO] [stdout]   43:     0x55758b717abb - core::ops::function::FnOnce::call_once{{vtable.shim}}::hb7dff73dc8bd2ccb
[INFO] [stdout]                                at /rustc/84c898d65adf2f39a5a98507f1fe0ce10a2b8dbc/library/core/src/ops/function.rs:250:5
[INFO] [stdout]   44:     0x55758b7fbe83 - <alloc::boxed::Box<F,A> as core::ops::function::FnOnce<Args>>::call_once::h39990b24eedef2ab
[INFO] [stdout]                                at /rustc/84c898d65adf2f39a5a98507f1fe0ce10a2b8dbc/library/alloc/src/boxed.rs:1987:9
[INFO] [stdout]   45:     0x55758b7fbe83 - <alloc::boxed::Box<F,A> as core::ops::function::FnOnce<Args>>::call_once::h01a027258444143b
[INFO] [stdout]                                at /rustc/84c898d65adf2f39a5a98507f1fe0ce10a2b8dbc/library/alloc/src/boxed.rs:1987:9
[INFO] [stdout]   46:     0x55758b7fbe83 - std::sys::unix::thread::Thread::new::thread_start::ha4f1cdd9c25884ba
[INFO] [stdout]                                at /rustc/84c898d65adf2f39a5a98507f1fe0ce10a2b8dbc/library/std/src/sys/unix/thread.rs:108:17
[INFO] [stdout]   47:     0x7fa1b18d7b43 - <unknown>
[INFO] [stdout]   48:     0x7fa1b1968bb4 - __clone
[INFO] [stdout]   49:                0x0 - <unknown>
[INFO] [stdout] 
[INFO] [stdout] 
[INFO] [stdout] failures:
[INFO] [stdout]     commands::tests::test_commit_nested
[INFO] [stdout] 
[INFO] [stdout] test result: FAILED. 4 passed; 1 failed; 0 ignored; 0 measured; 0 filtered out; finished in 0.02s
[INFO] [stdout] 
[INFO] [stderr] error: test failed, to rerun pass `--bin rit`
[INFO] running `Command { std: "docker" "inspect" "3e26ac2a91faa02661181e7d5a7d4162f0084f1ef3185f6ad4abc46861639fa8", kill_on_drop: false }`
[INFO] running `Command { std: "docker" "rm" "-f" "3e26ac2a91faa02661181e7d5a7d4162f0084f1ef3185f6ad4abc46861639fa8", kill_on_drop: false }`
[INFO] [stdout] 3e26ac2a91faa02661181e7d5a7d4162f0084f1ef3185f6ad4abc46861639fa8
