[INFO] cloning repository https://github.com/skymavis/steit
[INFO] running `Command { std: "git" "-c" "credential.helper=" "-c" "credential.helper=/workspace/cargo-home/bin/git-credential-null" "clone" "--bare" "https://github.com/skymavis/steit" "/workspace/cache/git-repos/https%3A%2F%2Fgithub.com%2Fskymavis%2Fsteit", kill_on_drop: false }`
[INFO] [stderr] Cloning into bare repository '/workspace/cache/git-repos/https%3A%2F%2Fgithub.com%2Fskymavis%2Fsteit'...
[INFO] running `Command { std: "git" "rev-parse" "HEAD", kill_on_drop: false }`
[INFO] [stdout] 8cf45ceac0bbdba56577004bb5548b188c152146
[INFO] testing skymavis/steit against beta-2023-04-20 for beta-1.70-1
[INFO] running `Command { std: "git" "clone" "/workspace/cache/git-repos/https%3A%2F%2Fgithub.com%2Fskymavis%2Fsteit" "/workspace/builds/worker-4-tc2/source", kill_on_drop: false }`
[INFO] [stderr] Cloning into '/workspace/builds/worker-4-tc2/source'...
[INFO] [stderr] done.
[INFO] validating manifest of git repo https://github.com/skymavis/steit on toolchain beta-2023-04-20
[INFO] running `Command { std: CARGO_HOME="/workspace/cargo-home" RUSTUP_HOME="/workspace/rustup-home" "/workspace/cargo-home/bin/cargo" "+beta-2023-04-20" "metadata" "--manifest-path" "Cargo.toml" "--no-deps", kill_on_drop: false }`
[INFO] started tweaking git repo https://github.com/skymavis/steit
[INFO] finished tweaking git repo https://github.com/skymavis/steit
[INFO] tweaked toml for git repo https://github.com/skymavis/steit written to /workspace/builds/worker-4-tc2/source/Cargo.toml
[INFO] crate git repo https://github.com/skymavis/steit already has a lockfile, it will not be regenerated
[INFO] running `Command { std: CARGO_HOME="/workspace/cargo-home" RUSTUP_HOME="/workspace/rustup-home" "/workspace/cargo-home/bin/cargo" "+beta-2023-04-20" "fetch" "--manifest-path" "Cargo.toml", kill_on_drop: false }`
[INFO] [stderr]     Updating crates.io index
[INFO] [stderr]  Downloading crates ...
[INFO] [stderr]   Downloaded iowrap v0.2.0
[INFO] running `Command { std: "docker" "create" "-v" "/var/lib/crater-agent-workspace/builds/worker-4-tc2/target:/opt/rustwide/target:rw,Z" "-v" "/var/lib/crater-agent-workspace/builds/worker-4-tc2/source:/opt/rustwide/workdir:ro,Z" "-v" "/var/lib/crater-agent-workspace/cargo-home:/opt/rustwide/cargo-home:ro,Z" "-v" "/var/lib/crater-agent-workspace/rustup-home:/opt/rustwide/rustup-home:ro,Z" "-e" "SOURCE_DIR=/opt/rustwide/workdir" "-e" "CARGO_TARGET_DIR=/opt/rustwide/target" "-e" "CARGO_HOME=/opt/rustwide/cargo-home" "-e" "RUSTUP_HOME=/opt/rustwide/rustup-home" "-w" "/opt/rustwide/workdir" "-m" "1610612736" "--user" "0:0" "--network" "none" "ghcr.io/rust-lang/crates-build-env/linux@sha256:5ff2268d62e97bff2cde7d5815dd6ed5b47097566f13b8d0ca110b04b60e07ed" "/opt/rustwide/cargo-home/bin/cargo" "+beta-2023-04-20" "metadata" "--no-deps" "--format-version=1", kill_on_drop: false }`
[INFO] [stdout] 41bf77eca48dbf255ff75ed06a0d4b3b62deac4579057e6768c57cdf9dc9c10c
[INFO] running `Command { std: "docker" "start" "-a" "41bf77eca48dbf255ff75ed06a0d4b3b62deac4579057e6768c57cdf9dc9c10c", kill_on_drop: false }`
[INFO] running `Command { std: "docker" "inspect" "41bf77eca48dbf255ff75ed06a0d4b3b62deac4579057e6768c57cdf9dc9c10c", kill_on_drop: false }`
[INFO] running `Command { std: "docker" "rm" "-f" "41bf77eca48dbf255ff75ed06a0d4b3b62deac4579057e6768c57cdf9dc9c10c", kill_on_drop: false }`
[INFO] [stdout] 41bf77eca48dbf255ff75ed06a0d4b3b62deac4579057e6768c57cdf9dc9c10c
[INFO] running `Command { std: "docker" "create" "-v" "/var/lib/crater-agent-workspace/builds/worker-4-tc2/target:/opt/rustwide/target:rw,Z" "-v" "/var/lib/crater-agent-workspace/builds/worker-4-tc2/source:/opt/rustwide/workdir:ro,Z" "-v" "/var/lib/crater-agent-workspace/cargo-home:/opt/rustwide/cargo-home:ro,Z" "-v" "/var/lib/crater-agent-workspace/rustup-home:/opt/rustwide/rustup-home:ro,Z" "-e" "SOURCE_DIR=/opt/rustwide/workdir" "-e" "CARGO_TARGET_DIR=/opt/rustwide/target" "-e" "CARGO_INCREMENTAL=0" "-e" "RUST_BACKTRACE=full" "-e" "RUSTFLAGS=--cap-lints=warn" "-e" "RUSTDOCFLAGS=--cap-lints=warn" "-e" "CARGO_HOME=/opt/rustwide/cargo-home" "-e" "RUSTUP_HOME=/opt/rustwide/rustup-home" "-w" "/opt/rustwide/workdir" "-m" "1610612736" "--user" "0:0" "--network" "none" "ghcr.io/rust-lang/crates-build-env/linux@sha256:5ff2268d62e97bff2cde7d5815dd6ed5b47097566f13b8d0ca110b04b60e07ed" "/opt/rustwide/cargo-home/bin/cargo" "+beta-2023-04-20" "build" "--frozen" "--message-format=json", kill_on_drop: false }`
[INFO] [stdout] 90f34e8cd8995f1803a42374e4332a2b0570cd5b6db75d3064e5125c0fa3964b
[INFO] running `Command { std: "docker" "start" "-a" "90f34e8cd8995f1803a42374e4332a2b0570cd5b6db75d3064e5125c0fa3964b", kill_on_drop: false }`
[INFO] [stderr]    Compiling proc-macro2 v1.0.6
[INFO] [stderr]    Compiling unicode-xid v0.2.0
[INFO] [stderr]    Compiling syn v1.0.5
[INFO] [stderr]    Compiling serde_derive v1.0.113
[INFO] [stderr]    Compiling autocfg v0.1.7
[INFO] [stderr]    Compiling serde v1.0.113
[INFO] [stderr]    Compiling serde_json v1.0.85
[INFO] [stderr]    Compiling ryu v1.0.11
[INFO] [stderr]    Compiling itoa v1.0.3
[INFO] [stderr]    Compiling iowrap v0.2.0
[INFO] [stderr]    Compiling indexmap v1.3.0
[INFO] [stderr]    Compiling quote v1.0.2
[INFO] [stderr]    Compiling steit-derive v0.1.0 (/opt/rustwide/workdir/steit-derive)
[INFO] [stderr]    Compiling steit v0.1.0 (/opt/rustwide/workdir/steit)
[INFO] [stderr]    Compiling steit-derive-test v0.1.0 (/opt/rustwide/workdir/steit-derive/test-crate)
[INFO] [stderr]     Finished dev [unoptimized + debuginfo] target(s) in 8.69s
[INFO] running `Command { std: "docker" "inspect" "90f34e8cd8995f1803a42374e4332a2b0570cd5b6db75d3064e5125c0fa3964b", kill_on_drop: false }`
[INFO] running `Command { std: "docker" "rm" "-f" "90f34e8cd8995f1803a42374e4332a2b0570cd5b6db75d3064e5125c0fa3964b", kill_on_drop: false }`
[INFO] [stdout] 90f34e8cd8995f1803a42374e4332a2b0570cd5b6db75d3064e5125c0fa3964b
[INFO] running `Command { std: "docker" "create" "-v" "/var/lib/crater-agent-workspace/builds/worker-4-tc2/target:/opt/rustwide/target:rw,Z" "-v" "/var/lib/crater-agent-workspace/builds/worker-4-tc2/source:/opt/rustwide/workdir:ro,Z" "-v" "/var/lib/crater-agent-workspace/cargo-home:/opt/rustwide/cargo-home:ro,Z" "-v" "/var/lib/crater-agent-workspace/rustup-home:/opt/rustwide/rustup-home:ro,Z" "-e" "SOURCE_DIR=/opt/rustwide/workdir" "-e" "CARGO_TARGET_DIR=/opt/rustwide/target" "-e" "CARGO_INCREMENTAL=0" "-e" "RUST_BACKTRACE=full" "-e" "RUSTFLAGS=--cap-lints=warn" "-e" "RUSTDOCFLAGS=--cap-lints=warn" "-e" "CARGO_HOME=/opt/rustwide/cargo-home" "-e" "RUSTUP_HOME=/opt/rustwide/rustup-home" "-w" "/opt/rustwide/workdir" "-m" "1610612736" "--user" "0:0" "--network" "none" "ghcr.io/rust-lang/crates-build-env/linux@sha256:5ff2268d62e97bff2cde7d5815dd6ed5b47097566f13b8d0ca110b04b60e07ed" "/opt/rustwide/cargo-home/bin/cargo" "+beta-2023-04-20" "test" "--frozen" "--no-run" "--message-format=json", kill_on_drop: false }`
[INFO] [stdout] 2eea14a128045e1f9b1cf076cf2d920ad495c18d7b71ef2d26a7075eaab60575
[INFO] running `Command { std: "docker" "start" "-a" "2eea14a128045e1f9b1cf076cf2d920ad495c18d7b71ef2d26a7075eaab60575", kill_on_drop: false }`
[INFO] [stderr]    Compiling steit-derive v0.1.0 (/opt/rustwide/workdir/steit-derive)
[INFO] [stderr]    Compiling steit v0.1.0 (/opt/rustwide/workdir/steit)
[INFO] [stderr]    Compiling steit-derive-test v0.1.0 (/opt/rustwide/workdir/steit-derive/test-crate)
[INFO] [stderr]     Finished test [unoptimized + debuginfo] target(s) in 2.63s
[INFO] running `Command { std: "docker" "inspect" "2eea14a128045e1f9b1cf076cf2d920ad495c18d7b71ef2d26a7075eaab60575", kill_on_drop: false }`
[INFO] running `Command { std: "docker" "rm" "-f" "2eea14a128045e1f9b1cf076cf2d920ad495c18d7b71ef2d26a7075eaab60575", kill_on_drop: false }`
[INFO] [stdout] 2eea14a128045e1f9b1cf076cf2d920ad495c18d7b71ef2d26a7075eaab60575
[INFO] running `Command { std: "docker" "create" "-v" "/var/lib/crater-agent-workspace/builds/worker-4-tc2/target:/opt/rustwide/target:rw,Z" "-v" "/var/lib/crater-agent-workspace/builds/worker-4-tc2/source:/opt/rustwide/workdir:ro,Z" "-v" "/var/lib/crater-agent-workspace/cargo-home:/opt/rustwide/cargo-home:ro,Z" "-v" "/var/lib/crater-agent-workspace/rustup-home:/opt/rustwide/rustup-home:ro,Z" "-e" "SOURCE_DIR=/opt/rustwide/workdir" "-e" "CARGO_TARGET_DIR=/opt/rustwide/target" "-e" "CARGO_INCREMENTAL=0" "-e" "RUST_BACKTRACE=full" "-e" "RUSTFLAGS=--cap-lints=warn" "-e" "RUSTDOCFLAGS=--cap-lints=warn" "-e" "CARGO_HOME=/opt/rustwide/cargo-home" "-e" "RUSTUP_HOME=/opt/rustwide/rustup-home" "-w" "/opt/rustwide/workdir" "-m" "1610612736" "--user" "0:0" "--network" "none" "ghcr.io/rust-lang/crates-build-env/linux@sha256:5ff2268d62e97bff2cde7d5815dd6ed5b47097566f13b8d0ca110b04b60e07ed" "/opt/rustwide/cargo-home/bin/cargo" "+beta-2023-04-20" "test" "--frozen", kill_on_drop: false }`
[INFO] [stdout] 3d6a81796f647bb58bdc49671cb0b8835b5a902b1ae89b0656117756b2077764
[INFO] running `Command { std: "docker" "start" "-a" "3d6a81796f647bb58bdc49671cb0b8835b5a902b1ae89b0656117756b2077764", kill_on_drop: false }`
[INFO] [stderr]     Finished test [unoptimized + debuginfo] target(s) in 0.01s
[INFO] [stderr]      Running unittests src/lib.rs (/opt/rustwide/target/debug/deps/steit-3c53a50aa033cf72)
[INFO] [stdout] 
[INFO] [stdout] running 179 tests
[INFO] [stdout] test impls::array::tests::merge_01 ... ok
[INFO] [stdout] test impls::array::tests::merge_02 ... ok
[INFO] [stdout] test impls::array::tests::serialize_01 ... ok
[INFO] [stdout] test impls::array::tests::serialize_02 ... ok
[INFO] [stdout] test impls::array::tests::serialize_nested_01 ... ok
[INFO] [stdout] test impls::array::tests::size_01 ... ok
[INFO] [stdout] test impls::array::tests::serialize_nested_02 ... ok
[INFO] [stdout] test impls::bool::tests::merge_01 ... ok
[INFO] [stdout] test impls::array::tests::size_02 ... ok
[INFO] [stdout] test impls::bool::tests::merge_02 ... ok
[INFO] [stdout] test impls::bool::tests::merge_03 ... ok
[INFO] [stdout] test impls::bool::tests::merge_04 ... ok
[INFO] [stdout] test impls::bool::tests::merge_05 ... ok
[INFO] [stdout] test impls::bool::tests::serialize_01 ... ok
[INFO] [stdout] test impls::bool::tests::serialize_02 ... ok
[INFO] [stdout] test impls::bool::tests::serialize_nested_01 ... ok
[INFO] [stdout] test impls::bool::tests::serialize_nested_02 ... ok
[INFO] [stdout] test impls::bool::tests::serialize_nested_03 ... ok
[INFO] [stdout] test impls::bool::tests::serialize_nested_04 ... ok
[INFO] [stdout] test impls::hash_map::tests::back_and_forth_01 ... ok
[INFO] [stdout] test impls::hash_map::tests::back_and_forth_02 ... ok
[INFO] [stdout] test impls::hash_map::tests::back_and_forth_03 ... ok
[INFO] [stdout] test impls::hash_map::tests::back_and_forth_04 ... ok
[INFO] [stdout] test impls::hash_map::tests::merge_01 ... ok
[INFO] [stdout] test impls::hash_map::tests::merge_02 ... ok
[INFO] [stdout] test impls::hash_map::tests::merge_03 ... ok
[INFO] [stdout] test impls::hash_map::tests::serialize_01 ... ok
[INFO] [stdout] test impls::hash_map::tests::serialize_02 ... ok
[INFO] [stdout] test impls::hash_map::tests::serialize_nested_01 ... ok
[INFO] [stdout] test impls::hash_map::tests::serialize_nested_02 ... ok
[INFO] [stdout] test impls::hash_map::tests::serialize_nested_03 ... ok
[INFO] [stdout] test impls::hash_map::tests::serialize_nested_04 ... ok
[INFO] [stdout] test impls::hash_map::tests::size_01 ... ok
[INFO] [stdout] test impls::hash_map::tests::size_02 ... ok
[INFO] [stdout] test impls::hash_map::tests::size_03 ... ok
[INFO] [stdout] test impls::hash_map::tests::size_04 ... ok
[INFO] [stdout] test impls::option::tests::merge_03 ... ok
[INFO] [stdout] test impls::option::tests::merge_01 ... ok
[INFO] [stdout] test impls::option::tests::cached_size ... ok
[INFO] [stdout] test impls::option::tests::merge_04 ... ok
[INFO] [stdout] test impls::option::tests::serialize_01 ... ok
[INFO] [stdout] test impls::option::tests::merge_02 ... ok
[INFO] [stdout] test impls::option::tests::serialize_03 ... ok
[INFO] [stdout] test impls::option::tests::serialize_02 ... ok
[INFO] [stdout] test impls::option::tests::serialize_05 ... ok
[INFO] [stdout] test impls::option::tests::serialize_nested_02 ... ok
[INFO] [stdout] test impls::option::tests::serialize_nested_03 ... ok
[INFO] [stdout] test impls::option::tests::serialize_nested_01 ... ok
[INFO] [stdout] test impls::option::tests::serialize_nested_04 ... ok
[INFO] [stdout] test impls::option::tests::serialize_04 ... ok
[INFO] [stdout] test impls::option::tests::serialize_nested_06 ... ok
[INFO] [stdout] test impls::option::tests::size_02 ... ok
[INFO] [stdout] test impls::option::tests::serialize_nested_05 ... ok
[INFO] [stdout] test impls::option::tests::size_01 ... ok
[INFO] [stdout] test impls::r#box::tests::cached_size ... ok
[INFO] [stdout] test impls::r#box::tests::merge_01 ... ok
[INFO] [stdout] test impls::option::tests::size_03 ... ok
[INFO] [stdout] test impls::option::tests::size_04 ... ok
[INFO] [stdout] test impls::r#box::tests::merge_04 ... ok
[INFO] [stdout] test impls::r#box::tests::merge_05 ... ok
[INFO] [stdout] test impls::r#box::tests::serialize_01 ... ok
[INFO] [stdout] test impls::option::tests::merge_05 ... ok
[INFO] [stdout] test impls::r#box::tests::merge_02 ... ok
[INFO] [stdout] test impls::r#box::tests::merge_03 ... ok
[INFO] [stdout] test impls::r#box::tests::serialize_04 ... ok
[INFO] [stdout] test impls::r#box::tests::serialize_nested_01 ... ok
[INFO] [stdout] test impls::r#box::tests::serialize_02 ... ok
[INFO] [stdout] test impls::r#box::tests::serialize_03 ... ok
[INFO] [stdout] test impls::r#box::tests::serialize_05 ... ok
[INFO] [stdout] test impls::r#box::tests::serialize_nested_03 ... ok
[INFO] [stdout] test impls::r#box::tests::serialize_nested_04 ... ok
[INFO] [stdout] test impls::r#box::tests::serialize_nested_02 ... ok
[INFO] [stdout] test impls::r#box::tests::serialize_nested_06 ... ok
[INFO] [stdout] test impls::r#box::tests::size_01 ... ok
[INFO] [stdout] test impls::r#box::tests::size_02 ... ok
[INFO] [stdout] test impls::r#box::tests::size_03 ... ok
[INFO] [stdout] test impls::r#box::tests::serialize_nested_05 ... ok
[INFO] [stdout] test impls::string::tests::serialize_01 ... ok
[INFO] [stdout] test impls::string::tests::merge_01 ... ok
[INFO] [stdout] test impls::string::tests::merge_02 ... ok
[INFO] [stdout] test impls::string::tests::serialize_02 ... ok
[INFO] [stdout] test impls::string::tests::serialize_nested_01 ... ok
[INFO] [stdout] test impls::string::tests::serialize_nested_02 ... ok
[INFO] [stdout] test impls::string::tests::serialize_nested_03 ... ok
[INFO] [stdout] test impls::string::tests::serialize_nested_04 ... ok
[INFO] [stdout] test impls::string::tests::size_01 ... ok
[INFO] [stdout] test impls::string::tests::size_02 ... ok
[INFO] [stdout] test impls::string::tests::size_03 ... ok
[INFO] [stdout] test impls::varint::tests::back_and_forth_01 ... ok
[INFO] [stdout] test impls::varint::tests::back_and_forth_02 ... ok
[INFO] [stdout] test impls::varint::tests::back_and_forth_03 ... ok
[INFO] [stdout] test impls::varint::tests::back_and_forth_04 ... ok
[INFO] [stdout] test impls::varint::tests::back_and_forth_05 ... ok
[INFO] [stdout] test impls::varint::tests::decode_zig_zag_01 ... ok
[INFO] [stdout] test impls::varint::tests::decode_zig_zag_02 ... ok
[INFO] [stdout] test impls::varint::tests::decode_zig_zag_03 ... ok
[INFO] [stdout] test impls::varint::tests::decode_zig_zag_04 ... ok
[INFO] [stdout] test impls::varint::tests::decode_zig_zag_05 ... ok
[INFO] [stdout] test impls::varint::tests::encode_zig_zag_01 ... ok
[INFO] [stdout] test impls::varint::tests::encode_zig_zag_02 ... ok
[INFO] [stdout] test impls::varint::tests::encode_zig_zag_03 ... ok
[INFO] [stdout] test impls::varint::tests::encode_zig_zag_04 ... ok
[INFO] [stdout] test impls::varint::tests::encode_zig_zag_05 ... ok
[INFO] [stdout] test impls::varint::tests::serialize_nested_01 ... ok
[INFO] [stdout] test impls::varint::tests::serialize_nested_02 ... ok
[INFO] [stdout] test impls::varint::tests::serialize_nested_03 ... ok
[INFO] [stdout] test impls::varint::tests::serialize_nested_04 ... ok
[INFO] [stdout] test impls::vec::tests::merge_01 ... ok
[INFO] [stdout] test impls::vec::tests::merge_02 ... ok
[INFO] [stdout] test impls::vec::tests::merge_03 ... ok
[INFO] [stdout] test impls::vec::tests::merge_04 ... ok
[INFO] [stdout] test impls::vec::tests::serialize_02 ... ok
[INFO] [stdout] test impls::vec::tests::serialize_01 ... ok
[INFO] [stdout] test impls::vec::tests::serialize_03 ... ok
[INFO] [stdout] test impls::vec::tests::serialize_nested_01 ... ok
[INFO] [stdout] test impls::vec::tests::serialize_nested_02 ... ok
[INFO] [stdout] test impls::vec::tests::serialize_nested_03 ... ok
[INFO] [stdout] test impls::vec::tests::serialize_nested_04 ... ok
[INFO] [stdout] test impls::vec::tests::size_01 ... ok
[INFO] [stdout] test impls::vec::tests::size_02 ... ok
[INFO] [stdout] test impls::vec::tests::size_03 ... ok
[INFO] [stdout] test impls::vec::tests::size_04 ... ok
[INFO] [stdout] test rt::size_cache::tests::back_and_forth_01 ... ok
[INFO] [stdout] test rt::size_cache::tests::back_and_forth_02 ... ok
[INFO] [stdout] test rt::size_cache::tests::back_and_forth_03 ... ok
[INFO] [stdout] test rt::size_cache::tests::back_and_forth_04 ... ok
[INFO] [stdout] test types::bytes::tests::merge_01 ... ok
[INFO] [stdout] test types::bytes::tests::merge_02 ... ok
[INFO] [stdout] test types::bytes::tests::serialize_01 ... ok
[INFO] [stdout] test types::bytes::tests::serialize_02 ... ok
[INFO] [stdout] test types::bytes::tests::serialize_03 ... ok
[INFO] [stdout] test types::bytes::tests::serialize_04 ... ok
[INFO] [stdout] test types::bytes::tests::serialize_05 ... ok
[INFO] [stdout] test types::bytes::tests::serialize_nested_01 ... ok
[INFO] [stdout] test types::bytes::tests::serialize_nested_02 ... ok
[INFO] [stdout] test types::bytes::tests::serialize_nested_03 ... ok
[INFO] [stdout] test types::bytes::tests::serialize_nested_04 ... ok
[INFO] [stdout] test types::bytes::tests::serialize_nested_05 ... ok
[INFO] [stdout] test types::bytes::tests::serialize_nested_06 ... ok
[INFO] [stdout] test types::bytes::tests::serialize_nested_07 ... ok
[INFO] [stdout] test types::bytes::tests::size_01 ... ok
[INFO] [stdout] test types::bytes::tests::size_02 ... ok
[INFO] [stdout] test types::bytes::tests::size_03 ... ok
[INFO] [stdout] test types::bytes::tests::size_04 ... ok
[INFO] [stdout] test types::bytes::tests::size_05 ... ok
[INFO] [stdout] test types::list::tests::iter ... ok
[INFO] [stdout] test types::list::tests::iter_mut_update_and_check_log ... ok
[INFO] [stdout] test types::list::tests::merge_no_log ... ok
[INFO] [stdout] test types::list::tests::merge_push_new ... ok
[INFO] [stdout] test types::list::tests::push_and_check_log_01 ... ok
[INFO] [stdout] test types::list::tests::push_and_check_log_02 ... ok
[INFO] [stdout] test types::list::tests::push_and_get ... ok
[INFO] [stdout] test types::list::tests::remove_and_check_log ... ok
[INFO] [stdout] test types::list::tests::remove_and_get ... ok
[INFO] [stdout] test types::list::tests::replay_push_next_index ... ok
[INFO] [stdout] test types::list::tests::replay_push_no_log ... ok
[INFO] [stdout] test types::list::tests::replay_swap_remove ... ok
[INFO] [stdout] test types::list::tests::replay_update ... ok
[INFO] [stdout] test types::list::tests::replay_update_nested ... ok
[INFO] [stdout] test types::list::tests::serialize_01 ... ok
[INFO] [stdout] test types::list::tests::serialize_02 ... ok
[INFO] [stdout] test types::map::map::tests::insert_and_check_log_01 ... ok
[INFO] [stdout] test types::map::map::tests::insert_and_check_log_02 ... ok
[INFO] [stdout] test types::map::map::tests::iter ... ok
[INFO] [stdout] test types::map::map::tests::merge_no_log ... ok
[INFO] [stdout] test types::map::map::tests::iter_mut_update_and_check_log ... ok
[INFO] [stdout] test types::map::map::tests::insert_and_get ... ok
[INFO] [stdout] test types::map::map::tests::remove_and_get ... ok
[INFO] [stdout] test types::map::map::tests::replay_insert_no_log ... ok
[INFO] [stdout] test types::map::map::tests::merge_push_new ... ok
[INFO] [stdout] test types::map::map::tests::replay_remove ... ok
[INFO] [stdout] test types::map::map::tests::remove_and_check_log ... ok
[INFO] [stdout] test types::map::map::tests::replay_update ... ok
[INFO] [stdout] test types::map::map::tests::merge_update_nested ... ok
[INFO] [stdout] test types::map::map::tests::serialize_02 ... ok
[INFO] [stdout] test types::map::map::tests::replay_update_nested ... ok
[INFO] [stdout] test types::map::map::tests::serialize_01 ... ok
[INFO] [stdout] test types::list::tests::replay_update_out_of_bounds - should panic ... ok
[INFO] [stdout] test types::map::map::tests::replay_remove_key_not_found - should panic ... ok
[INFO] [stdout] 
[INFO] [stdout] test result: ok. 179 passed; 0 failed; 0 ignored; 0 measured; 0 filtered out; finished in 0.02s
[INFO] [stdout] 
[INFO] [stderr]      Running unittests src/lib.rs (/opt/rustwide/target/debug/deps/steit_derive-8a5e7a6601d36057)
[INFO] [stdout] 
[INFO] [stdout] running 0 tests
[INFO] [stdout] 
[INFO] [stdout] test result: ok. 0 passed; 0 failed; 0 ignored; 0 measured; 0 filtered out; finished in 0.00s
[INFO] [stdout] 
[INFO] [stderr]      Running unittests src/lib.rs (/opt/rustwide/target/debug/deps/steit_derive_test-886fcda7e7c807a7)
[INFO] [stdout] 
[INFO] [stdout] running 1 test
[INFO] [stdout] test tests::test ... FAILED
[INFO] [stdout] 
[INFO] [stdout] failures:
[INFO] [stdout] 
[INFO] [stdout] ---- tests::test stdout ----
[INFO] [stdout] thread 'tests::test' panicked at 'called `Result::unwrap()` on an `Err` value: Os { code: 30, kind: ReadOnlyFilesystem, message: "Read-only file system" }', steit-derive/test-crate/src/lib.rs:257:50
[INFO] [stdout] stack backtrace:
[INFO] [stdout]    0:     0x56039296331a - std::backtrace_rs::backtrace::libunwind::trace::h2f05d0192276a8f6
[INFO] [stdout]                                at /rustc/1b7dd2252b99671ce5d1cb9664c5f8636329436d/library/std/src/../../backtrace/src/backtrace/libunwind.rs:93:5
[INFO] [stdout]    1:     0x56039296331a - std::backtrace_rs::backtrace::trace_unsynchronized::hedc23dff7a1af150
[INFO] [stdout]                                at /rustc/1b7dd2252b99671ce5d1cb9664c5f8636329436d/library/std/src/../../backtrace/src/backtrace/mod.rs:66:5
[INFO] [stdout]    2:     0x56039296331a - std::sys_common::backtrace::_print_fmt::h17541ef7592f3ce2
[INFO] [stdout]                                at /rustc/1b7dd2252b99671ce5d1cb9664c5f8636329436d/library/std/src/sys_common/backtrace.rs:65:5
[INFO] [stdout]    3:     0x56039296331a - <std::sys_common::backtrace::_print::DisplayBacktrace as core::fmt::Display>::fmt::h20f75df5ab0c0792
[INFO] [stdout]                                at /rustc/1b7dd2252b99671ce5d1cb9664c5f8636329436d/library/std/src/sys_common/backtrace.rs:44:22
[INFO] [stdout]    4:     0x56039298703f - core::fmt::write::h78109e6f466b3af6
[INFO] [stdout]                                at /rustc/1b7dd2252b99671ce5d1cb9664c5f8636329436d/library/core/src/fmt/mod.rs:1254:17
[INFO] [stdout]    5:     0x560392960525 - std::io::Write::write_fmt::hd24bfb68a1b35a25
[INFO] [stdout]                                at /rustc/1b7dd2252b99671ce5d1cb9664c5f8636329436d/library/std/src/io/mod.rs:1698:15
[INFO] [stdout]    6:     0x5603929630e5 - std::sys_common::backtrace::_print::h8dac57a9f8fbf9a5
[INFO] [stdout]                                at /rustc/1b7dd2252b99671ce5d1cb9664c5f8636329436d/library/std/src/sys_common/backtrace.rs:47:5
[INFO] [stdout]    7:     0x5603929630e5 - std::sys_common::backtrace::print::hf9ecbf41d1aa712f
[INFO] [stdout]                                at /rustc/1b7dd2252b99671ce5d1cb9664c5f8636329436d/library/std/src/sys_common/backtrace.rs:34:9
[INFO] [stdout]    8:     0x560392964d9e - std::panicking::default_hook::{{closure}}::h04c07acfc84ca028
[INFO] [stdout]                                at /rustc/1b7dd2252b99671ce5d1cb9664c5f8636329436d/library/std/src/panicking.rs:269:22
[INFO] [stdout]    9:     0x560392964ad1 - std::panicking::default_hook::h01f6bb23e1eceb2c
[INFO] [stdout]                                at /rustc/1b7dd2252b99671ce5d1cb9664c5f8636329436d/library/std/src/panicking.rs:285:9
[INFO] [stdout]   10:     0x5603929057db - <alloc::boxed::Box<F,A> as core::ops::function::Fn<Args>>::call::h87fe9f7b2fd49e4c
[INFO] [stdout]                                at /rustc/1b7dd2252b99671ce5d1cb9664c5f8636329436d/library/alloc/src/boxed.rs:1987:9
[INFO] [stdout]   11:     0x5603929057db - test::test_main::{{closure}}::he94d679243a7531b
[INFO] [stdout]                                at /rustc/1b7dd2252b99671ce5d1cb9664c5f8636329436d/library/test/src/lib.rs:134:21
[INFO] [stdout]   12:     0x560392965484 - <alloc::boxed::Box<F,A> as core::ops::function::Fn<Args>>::call::h3f2d6d8b14c4769f
[INFO] [stdout]                                at /rustc/1b7dd2252b99671ce5d1cb9664c5f8636329436d/library/alloc/src/boxed.rs:1987:9
[INFO] [stdout]   13:     0x560392965484 - std::panicking::rust_panic_with_hook::h2bb3722bbaf2f6df
[INFO] [stdout]                                at /rustc/1b7dd2252b99671ce5d1cb9664c5f8636329436d/library/std/src/panicking.rs:695:13
[INFO] [stdout]   14:     0x5603929651f9 - std::panicking::begin_panic_handler::{{closure}}::h91bc7f36a4be011b
[INFO] [stdout]                                at /rustc/1b7dd2252b99671ce5d1cb9664c5f8636329436d/library/std/src/panicking.rs:582:13
[INFO] [stdout]   15:     0x560392963786 - std::sys_common::backtrace::__rust_end_short_backtrace::h8b3d3717114f9e59
[INFO] [stdout]                                at /rustc/1b7dd2252b99671ce5d1cb9664c5f8636329436d/library/std/src/sys_common/backtrace.rs:150:18
[INFO] [stdout]   16:     0x560392964f52 - rust_begin_unwind
[INFO] [stdout]                                at /rustc/1b7dd2252b99671ce5d1cb9664c5f8636329436d/library/std/src/panicking.rs:578:5
[INFO] [stdout]   17:     0x56039289dc23 - core::panicking::panic_fmt::hfd368e3fbdabea26
[INFO] [stdout]                                at /rustc/1b7dd2252b99671ce5d1cb9664c5f8636329436d/library/core/src/panicking.rs:67:14
[INFO] [stdout]   18:     0x56039289e163 - core::result::unwrap_failed::he54eb4b2f125b26f
[INFO] [stdout]                                at /rustc/1b7dd2252b99671ce5d1cb9664c5f8636329436d/library/core/src/result.rs:1687:5
[INFO] [stdout]   19:     0x5603928c990c - core::result::Result<T,E>::unwrap::h24eb50353489d6c4
[INFO] [stdout]                                at /rustc/1b7dd2252b99671ce5d1cb9664c5f8636329436d/library/core/src/result.rs:1089:23
[INFO] [stdout]   20:     0x5603928c6505 - steit_derive_test::tests::test::he4440f52bd1c4cc6
[INFO] [stdout]                                at /opt/rustwide/workdir/steit-derive/test-crate/src/lib.rs:257:9
[INFO] [stdout]   21:     0x5603928c6347 - steit_derive_test::tests::test::{{closure}}::hda4096d52517607d
[INFO] [stdout]                                at /opt/rustwide/workdir/steit-derive/test-crate/src/lib.rs:247:15
[INFO] [stdout]   22:     0x5603928b33f5 - core::ops::function::FnOnce::call_once::h03074c3f42bd392b
[INFO] [stdout]                                at /rustc/1b7dd2252b99671ce5d1cb9664c5f8636329436d/library/core/src/ops/function.rs:250:5
[INFO] [stdout]   23:     0x56039290a6af - core::ops::function::FnOnce::call_once::ha6a70e79f7481a7e
[INFO] [stdout]                                at /rustc/1b7dd2252b99671ce5d1cb9664c5f8636329436d/library/core/src/ops/function.rs:250:5
[INFO] [stdout]   24:     0x56039290a6af - test::__rust_begin_short_backtrace::hce33033019b61e69
[INFO] [stdout]                                at /rustc/1b7dd2252b99671ce5d1cb9664c5f8636329436d/library/test/src/lib.rs:655:18
[INFO] [stdout]   25:     0x5603928d7e9c - test::run_test::{{closure}}::h858d3528838ae3e5
[INFO] [stdout]                                at /rustc/1b7dd2252b99671ce5d1cb9664c5f8636329436d/library/test/src/lib.rs:646:30
[INFO] [stdout]   26:     0x5603928d7e9c - core::ops::function::FnOnce::call_once{{vtable.shim}}::he8ac2b00f01ae79e
[INFO] [stdout]                                at /rustc/1b7dd2252b99671ce5d1cb9664c5f8636329436d/library/core/src/ops/function.rs:250:5
[INFO] [stdout]   27:     0x560392909786 - <alloc::boxed::Box<F,A> as core::ops::function::FnOnce<Args>>::call_once::h8093d25b522725ef
[INFO] [stdout]                                at /rustc/1b7dd2252b99671ce5d1cb9664c5f8636329436d/library/alloc/src/boxed.rs:1973:9
[INFO] [stdout]   28:     0x560392909786 - <core::panic::unwind_safe::AssertUnwindSafe<F> as core::ops::function::FnOnce<()>>::call_once::h5c334c204e4a3913
[INFO] [stdout]                                at /rustc/1b7dd2252b99671ce5d1cb9664c5f8636329436d/library/core/src/panic/unwind_safe.rs:271:9
[INFO] [stdout]   29:     0x560392909786 - std::panicking::try::do_call::ha8b740c7b9478074
[INFO] [stdout]                                at /rustc/1b7dd2252b99671ce5d1cb9664c5f8636329436d/library/std/src/panicking.rs:485:40
[INFO] [stdout]   30:     0x560392909786 - std::panicking::try::h5d34f63d0e41b64e
[INFO] [stdout]                                at /rustc/1b7dd2252b99671ce5d1cb9664c5f8636329436d/library/std/src/panicking.rs:449:19
[INFO] [stdout]   31:     0x560392909786 - std::panic::catch_unwind::hcfbb511e1aa7fc67
[INFO] [stdout]                                at /rustc/1b7dd2252b99671ce5d1cb9664c5f8636329436d/library/std/src/panic.rs:140:14
[INFO] [stdout]   32:     0x560392909786 - test::run_test_in_process::h9abda90f802eaf21
[INFO] [stdout]                                at /rustc/1b7dd2252b99671ce5d1cb9664c5f8636329436d/library/test/src/lib.rs:678:27
[INFO] [stdout]   33:     0x560392909786 - test::run_test::run_test_inner::{{closure}}::h0f058de91f6c6edf
[INFO] [stdout]                                at /rustc/1b7dd2252b99671ce5d1cb9664c5f8636329436d/library/test/src/lib.rs:572:39
[INFO] [stdout]   34:     0x5603928d26a5 - test::run_test::run_test_inner::{{closure}}::h5ca48a4c59c6c1fb
[INFO] [stdout]                                at /rustc/1b7dd2252b99671ce5d1cb9664c5f8636329436d/library/test/src/lib.rs:599:37
[INFO] [stdout]   35:     0x5603928d26a5 - std::sys_common::backtrace::__rust_begin_short_backtrace::h32bd51e1495d4a33
[INFO] [stdout]                                at /rustc/1b7dd2252b99671ce5d1cb9664c5f8636329436d/library/std/src/sys_common/backtrace.rs:134:18
[INFO] [stdout]   36:     0x5603928d7be1 - std::thread::Builder::spawn_unchecked_::{{closure}}::{{closure}}::hc086fae9b128b2db
[INFO] [stdout]                                at /rustc/1b7dd2252b99671ce5d1cb9664c5f8636329436d/library/std/src/thread/mod.rs:526:17
[INFO] [stdout]   37:     0x5603928d7be1 - <core::panic::unwind_safe::AssertUnwindSafe<F> as core::ops::function::FnOnce<()>>::call_once::hb66571888d270d43
[INFO] [stdout]                                at /rustc/1b7dd2252b99671ce5d1cb9664c5f8636329436d/library/core/src/panic/unwind_safe.rs:271:9
[INFO] [stdout]   38:     0x5603928d7be1 - std::panicking::try::do_call::h4fa2ef4f6e51fecf
[INFO] [stdout]                                at /rustc/1b7dd2252b99671ce5d1cb9664c5f8636329436d/library/std/src/panicking.rs:485:40
[INFO] [stdout]   39:     0x5603928d7be1 - std::panicking::try::h1e9e22b8584489b5
[INFO] [stdout]                                at /rustc/1b7dd2252b99671ce5d1cb9664c5f8636329436d/library/std/src/panicking.rs:449:19
[INFO] [stdout]   40:     0x5603928d7be1 - std::panic::catch_unwind::h44698a3de0e0769e
[INFO] [stdout]                                at /rustc/1b7dd2252b99671ce5d1cb9664c5f8636329436d/library/std/src/panic.rs:140:14
[INFO] [stdout]   41:     0x5603928d7be1 - std::thread::Builder::spawn_unchecked_::{{closure}}::h50153abde3fe239e
[INFO] [stdout]                                at /rustc/1b7dd2252b99671ce5d1cb9664c5f8636329436d/library/std/src/thread/mod.rs:525:30
[INFO] [stdout]   42:     0x5603928d7be1 - core::ops::function::FnOnce::call_once{{vtable.shim}}::hbe5bbf6f38394364
[INFO] [stdout]                                at /rustc/1b7dd2252b99671ce5d1cb9664c5f8636329436d/library/core/src/ops/function.rs:250:5
[INFO] [stdout]   43:     0x560392969955 - <alloc::boxed::Box<F,A> as core::ops::function::FnOnce<Args>>::call_once::h0d83cb2920a49046
[INFO] [stdout]                                at /rustc/1b7dd2252b99671ce5d1cb9664c5f8636329436d/library/alloc/src/boxed.rs:1973:9
[INFO] [stdout]   44:     0x560392969955 - <alloc::boxed::Box<F,A> as core::ops::function::FnOnce<Args>>::call_once::hbe0a008aa7d9ef59
[INFO] [stdout]                                at /rustc/1b7dd2252b99671ce5d1cb9664c5f8636329436d/library/alloc/src/boxed.rs:1973:9
[INFO] [stdout]   45:     0x560392969955 - std::sys::unix::thread::Thread::new::thread_start::h3a466996bdf6b1f9
[INFO] [stdout]                                at /rustc/1b7dd2252b99671ce5d1cb9664c5f8636329436d/library/std/src/sys/unix/thread.rs:108:17
[INFO] [stdout]   46:     0x7f64f9ae4b43 - <unknown>
[INFO] [stdout]   47:     0x7f64f9b75bb4 - __clone
[INFO] [stdout]   48:                0x0 - <unknown>
[INFO] [stdout] 
[INFO] [stdout] 
[INFO] [stdout] failures:
[INFO] [stdout]     tests::test
[INFO] [stdout] 
[INFO] [stdout] test result: FAILED. 0 passed; 1 failed; 0 ignored; 0 measured; 0 filtered out; finished in 0.01s
[INFO] [stdout] 
[INFO] [stderr] error: test failed, to rerun pass `-p steit-derive-test --lib`
[INFO] running `Command { std: "docker" "inspect" "3d6a81796f647bb58bdc49671cb0b8835b5a902b1ae89b0656117756b2077764", kill_on_drop: false }`
[INFO] running `Command { std: "docker" "rm" "-f" "3d6a81796f647bb58bdc49671cb0b8835b5a902b1ae89b0656117756b2077764", kill_on_drop: false }`
[INFO] [stdout] 3d6a81796f647bb58bdc49671cb0b8835b5a902b1ae89b0656117756b2077764
