[INFO] cloning repository https://github.com/sk4zuzu/dduct.rs
[INFO] running `Command { std: "git" "-c" "credential.helper=" "-c" "credential.helper=/workspace/cargo-home/bin/git-credential-null" "clone" "--bare" "https://github.com/sk4zuzu/dduct.rs" "/workspace/cache/git-repos/https%3A%2F%2Fgithub.com%2Fsk4zuzu%2Fdduct.rs", kill_on_drop: false }`
[INFO] [stderr] Cloning into bare repository '/workspace/cache/git-repos/https%3A%2F%2Fgithub.com%2Fsk4zuzu%2Fdduct.rs'...
[INFO] running `Command { std: "git" "rev-parse" "HEAD", kill_on_drop: false }`
[INFO] [stdout] ff9744e3d3cb9116d3e40df50f76d9277cd62b27
[INFO] testing sk4zuzu/dduct.rs against beta-2023-04-20 for beta-1.70-1
[INFO] running `Command { std: "git" "clone" "/workspace/cache/git-repos/https%3A%2F%2Fgithub.com%2Fsk4zuzu%2Fdduct.rs" "/workspace/builds/worker-7-tc2/source", kill_on_drop: false }`
[INFO] [stderr] Cloning into '/workspace/builds/worker-7-tc2/source'...
[INFO] [stderr] done.
[INFO] validating manifest of git repo https://github.com/sk4zuzu/dduct.rs on toolchain beta-2023-04-20
[INFO] running `Command { std: CARGO_HOME="/workspace/cargo-home" RUSTUP_HOME="/workspace/rustup-home" "/workspace/cargo-home/bin/cargo" "+beta-2023-04-20" "metadata" "--manifest-path" "Cargo.toml" "--no-deps", kill_on_drop: false }`
[INFO] started tweaking git repo https://github.com/sk4zuzu/dduct.rs
[INFO] finished tweaking git repo https://github.com/sk4zuzu/dduct.rs
[INFO] tweaked toml for git repo https://github.com/sk4zuzu/dduct.rs written to /workspace/builds/worker-7-tc2/source/Cargo.toml
[INFO] crate git repo https://github.com/sk4zuzu/dduct.rs already has a lockfile, it will not be regenerated
[INFO] running `Command { std: CARGO_HOME="/workspace/cargo-home" RUSTUP_HOME="/workspace/rustup-home" "/workspace/cargo-home/bin/cargo" "+beta-2023-04-20" "fetch" "--manifest-path" "Cargo.toml", kill_on_drop: false }`
[INFO] running `Command { std: "docker" "create" "-v" "/var/lib/crater-agent-workspace/builds/worker-7-tc2/target:/opt/rustwide/target:rw,Z" "-v" "/var/lib/crater-agent-workspace/builds/worker-7-tc2/source:/opt/rustwide/workdir:ro,Z" "-v" "/var/lib/crater-agent-workspace/cargo-home:/opt/rustwide/cargo-home:ro,Z" "-v" "/var/lib/crater-agent-workspace/rustup-home:/opt/rustwide/rustup-home:ro,Z" "-e" "SOURCE_DIR=/opt/rustwide/workdir" "-e" "CARGO_TARGET_DIR=/opt/rustwide/target" "-e" "CARGO_HOME=/opt/rustwide/cargo-home" "-e" "RUSTUP_HOME=/opt/rustwide/rustup-home" "-w" "/opt/rustwide/workdir" "-m" "1610612736" "--user" "0:0" "--network" "none" "ghcr.io/rust-lang/crates-build-env/linux@sha256:5ff2268d62e97bff2cde7d5815dd6ed5b47097566f13b8d0ca110b04b60e07ed" "/opt/rustwide/cargo-home/bin/cargo" "+beta-2023-04-20" "metadata" "--no-deps" "--format-version=1", kill_on_drop: false }`
[INFO] [stdout] 88416c3e9d9ad472ae62e439a8b4b6f3518407dacf6d1ad3b3a3d5acff13ba97
[INFO] running `Command { std: "docker" "start" "-a" "88416c3e9d9ad472ae62e439a8b4b6f3518407dacf6d1ad3b3a3d5acff13ba97", kill_on_drop: false }`
[INFO] running `Command { std: "docker" "inspect" "88416c3e9d9ad472ae62e439a8b4b6f3518407dacf6d1ad3b3a3d5acff13ba97", kill_on_drop: false }`
[INFO] running `Command { std: "docker" "rm" "-f" "88416c3e9d9ad472ae62e439a8b4b6f3518407dacf6d1ad3b3a3d5acff13ba97", kill_on_drop: false }`
[INFO] [stdout] 88416c3e9d9ad472ae62e439a8b4b6f3518407dacf6d1ad3b3a3d5acff13ba97
[INFO] running `Command { std: "docker" "create" "-v" "/var/lib/crater-agent-workspace/builds/worker-7-tc2/target:/opt/rustwide/target:rw,Z" "-v" "/var/lib/crater-agent-workspace/builds/worker-7-tc2/source:/opt/rustwide/workdir:ro,Z" "-v" "/var/lib/crater-agent-workspace/cargo-home:/opt/rustwide/cargo-home:ro,Z" "-v" "/var/lib/crater-agent-workspace/rustup-home:/opt/rustwide/rustup-home:ro,Z" "-e" "SOURCE_DIR=/opt/rustwide/workdir" "-e" "CARGO_TARGET_DIR=/opt/rustwide/target" "-e" "CARGO_INCREMENTAL=0" "-e" "RUST_BACKTRACE=full" "-e" "RUSTFLAGS=--cap-lints=warn" "-e" "RUSTDOCFLAGS=--cap-lints=warn" "-e" "CARGO_HOME=/opt/rustwide/cargo-home" "-e" "RUSTUP_HOME=/opt/rustwide/rustup-home" "-w" "/opt/rustwide/workdir" "-m" "1610612736" "--user" "0:0" "--network" "none" "ghcr.io/rust-lang/crates-build-env/linux@sha256:5ff2268d62e97bff2cde7d5815dd6ed5b47097566f13b8d0ca110b04b60e07ed" "/opt/rustwide/cargo-home/bin/cargo" "+beta-2023-04-20" "build" "--frozen" "--message-format=json", kill_on_drop: false }`
[INFO] [stdout] e16d62856d0229ec6e216d0962fd8b36dc8993acfb280c0ddcf35effd70e7479
[INFO] running `Command { std: "docker" "start" "-a" "e16d62856d0229ec6e216d0962fd8b36dc8993acfb280c0ddcf35effd70e7479", kill_on_drop: false }`
[INFO] [stderr]    Compiling proc-macro2 v1.0.39
[INFO] [stderr]    Compiling unicode-ident v1.0.0
[INFO] [stderr]    Compiling autocfg v1.1.0
[INFO] [stderr]    Compiling syn v1.0.95
[INFO] [stderr]    Compiling libc v0.2.126
[INFO] [stderr]    Compiling cfg-if v1.0.0
[INFO] [stderr]    Compiling memchr v2.5.0
[INFO] [stderr]    Compiling log v0.4.17
[INFO] [stderr]    Compiling pin-project-lite v0.2.9
[INFO] [stderr]    Compiling cc v1.0.73
[INFO] [stderr]    Compiling pkg-config v0.3.25
[INFO] [stderr]    Compiling futures-core v0.3.21
[INFO] [stderr]    Compiling version_check v0.9.4
[INFO] [stderr]    Compiling typenum v1.15.0
[INFO] [stderr]    Compiling parking_lot_core v0.9.3
[INFO] [stderr]    Compiling futures-task v0.3.21
[INFO] [stderr]    Compiling once_cell v1.11.0
[INFO] [stderr]    Compiling futures-channel v0.3.21
[INFO] [stderr]    Compiling scopeguard v1.1.0
[INFO] [stderr]    Compiling smallvec v1.8.0
[INFO] [stderr]    Compiling futures-util v0.3.21
[INFO] [stderr]    Compiling futures-sink v0.3.21
[INFO] [stderr]    Compiling bytes v1.1.0
[INFO] [stderr]    Compiling generic-array v0.14.5
[INFO] [stderr]    Compiling pin-utils v0.1.0
[INFO] [stderr]    Compiling lock_api v0.4.7
[INFO] [stderr]    Compiling openssl v0.10.40
[INFO] [stderr]    Compiling futures-io v0.3.21
[INFO] [stderr]    Compiling slab v0.4.6
[INFO] [stderr]    Compiling bitflags v1.3.2
[INFO] [stderr]    Compiling foreign-types-shared v0.1.1
[INFO] [stderr]    Compiling memoffset v0.6.5
[INFO] [stderr]    Compiling native-tls v0.2.10
[INFO] [stderr]    Compiling lazy_static v1.4.0
[INFO] [stderr]    Compiling foreign-types v0.3.2
[INFO] [stderr]    Compiling openssl-probe v0.1.5
[INFO] [stderr]    Compiling anyhow v1.0.57
[INFO] [stderr]    Compiling regex-syntax v0.6.26
[INFO] [stderr]    Compiling tracing-core v0.1.26
[INFO] [stderr]    Compiling fnv v1.0.7
[INFO] [stderr]    Compiling termcolor v1.1.3
[INFO] [stderr]    Compiling aho-corasick v0.7.18
[INFO] [stderr]    Compiling quote v1.0.18
[INFO] [stderr]    Compiling cpufeatures v0.2.2
[INFO] [stderr]    Compiling humantime v2.1.0
[INFO] [stderr]    Compiling itoa v1.0.2
[INFO] [stderr]    Compiling openssl-sys v0.9.73
[INFO] [stderr]    Compiling http v0.2.7
[INFO] [stderr]    Compiling signal-hook-registry v1.4.0
[INFO] [stderr]    Compiling mio v0.8.3
[INFO] [stderr]    Compiling socket2 v0.4.4
[INFO] [stderr]    Compiling num_cpus v1.13.1
[INFO] [stderr]    Compiling atty v0.2.14
[INFO] [stderr]    Compiling nix v0.24.1
[INFO] [stderr]    Compiling parking_lot v0.12.0
[INFO] [stderr]    Compiling crypto-common v0.1.3
[INFO] [stderr]    Compiling block-buffer v0.10.2
[INFO] [stderr]    Compiling digest v0.10.3
[INFO] [stderr]    Compiling sha-1 v0.10.0
[INFO] [stderr]    Compiling regex v1.5.6
[INFO] [stderr]    Compiling env_logger v0.9.0
[INFO] [stderr]    Compiling tokio-macros v1.7.0
[INFO] [stderr]    Compiling futures-macro v0.3.21
[INFO] [stderr]    Compiling openssl-macros v0.1.0
[INFO] [stderr]    Compiling tracing-attributes v0.1.21
[INFO] [stderr]    Compiling thiserror-impl v1.0.31
[INFO] [stderr]    Compiling tokio v1.18.2
[INFO] [stderr]    Compiling tracing v0.1.34
[INFO] [stderr]    Compiling thiserror v1.0.31
[INFO] [stderr]    Compiling futures-executor v0.3.21
[INFO] [stderr]    Compiling futures v0.3.21
[INFO] [stderr]    Compiling tokio-util v0.7.2
[INFO] [stderr]    Compiling tokio-stream v0.1.8
[INFO] [stderr]    Compiling tokio-native-tls v0.3.0
[INFO] [stderr]    Compiling dduct v0.1.0 (/opt/rustwide/workdir)
[INFO] [stdout] warning: the type `[u8; 8192]` does not permit being left uninitialized
[INFO] [stdout]   --> src/double_copy.rs:46:32
[INFO] [stdout]    |
[INFO] [stdout] 46 |         buf: Box::new(unsafe { MaybeUninit::uninit().assume_init() }),
[INFO] [stdout]    |                                ^^^^^^^^^^^^^^^^^^^^^^^^^^^^^^^^^^^
[INFO] [stdout]    |                                |
[INFO] [stdout]    |                                this code causes undefined behavior when executed
[INFO] [stdout]    |                                help: use `MaybeUninit<T>` instead, and only call `assume_init` after initialization is done
[INFO] [stdout]    |
[INFO] [stdout]    = note: integers must be initialized
[INFO] [stdout]    = note: `#[warn(invalid_value)]` on by default
[INFO] [stdout] 
[INFO] [stdout] 
[INFO] [stdout] warning: 1 warning emitted
[INFO] [stdout] 
[INFO] [stdout] 
[INFO] [stderr]     Finished dev [unoptimized + debuginfo] target(s) in 15.07s
[INFO] running `Command { std: "docker" "inspect" "e16d62856d0229ec6e216d0962fd8b36dc8993acfb280c0ddcf35effd70e7479", kill_on_drop: false }`
[INFO] running `Command { std: "docker" "rm" "-f" "e16d62856d0229ec6e216d0962fd8b36dc8993acfb280c0ddcf35effd70e7479", kill_on_drop: false }`
[INFO] [stdout] e16d62856d0229ec6e216d0962fd8b36dc8993acfb280c0ddcf35effd70e7479
[INFO] running `Command { std: "docker" "create" "-v" "/var/lib/crater-agent-workspace/builds/worker-7-tc2/target:/opt/rustwide/target:rw,Z" "-v" "/var/lib/crater-agent-workspace/builds/worker-7-tc2/source:/opt/rustwide/workdir:ro,Z" "-v" "/var/lib/crater-agent-workspace/cargo-home:/opt/rustwide/cargo-home:ro,Z" "-v" "/var/lib/crater-agent-workspace/rustup-home:/opt/rustwide/rustup-home:ro,Z" "-e" "SOURCE_DIR=/opt/rustwide/workdir" "-e" "CARGO_TARGET_DIR=/opt/rustwide/target" "-e" "CARGO_INCREMENTAL=0" "-e" "RUST_BACKTRACE=full" "-e" "RUSTFLAGS=--cap-lints=warn" "-e" "RUSTDOCFLAGS=--cap-lints=warn" "-e" "CARGO_HOME=/opt/rustwide/cargo-home" "-e" "RUSTUP_HOME=/opt/rustwide/rustup-home" "-w" "/opt/rustwide/workdir" "-m" "1610612736" "--user" "0:0" "--network" "none" "ghcr.io/rust-lang/crates-build-env/linux@sha256:5ff2268d62e97bff2cde7d5815dd6ed5b47097566f13b8d0ca110b04b60e07ed" "/opt/rustwide/cargo-home/bin/cargo" "+beta-2023-04-20" "test" "--frozen" "--no-run" "--message-format=json", kill_on_drop: false }`
[INFO] [stdout] c8ba9bf11103b02284e23d42c1f78e528cdb5bc4d96969d14e77a15f28f37c2a
[INFO] running `Command { std: "docker" "start" "-a" "c8ba9bf11103b02284e23d42c1f78e528cdb5bc4d96969d14e77a15f28f37c2a", kill_on_drop: false }`
[INFO] [stderr]    Compiling getrandom v0.2.6
[INFO] [stderr]    Compiling ppv-lite86 v0.2.16
[INFO] [stderr]    Compiling rand v0.4.6
[INFO] [stderr]    Compiling remove_dir_all v0.5.3
[INFO] [stderr]    Compiling hex v0.4.3
[INFO] [stdout] warning: the type `[u8; 8192]` does not permit being left uninitialized
[INFO] [stdout]   --> src/double_copy.rs:46:32
[INFO] [stdout]    |
[INFO] [stdout] 46 |         buf: Box::new(unsafe { MaybeUninit::uninit().assume_init() }),
[INFO] [stdout]    |                                ^^^^^^^^^^^^^^^^^^^^^^^^^^^^^^^^^^^
[INFO] [stdout]    |                                |
[INFO] [stdout]    |                                this code causes undefined behavior when executed
[INFO] [stdout]    |                                help: use `MaybeUninit<T>` instead, and only call `assume_init` after initialization is done
[INFO] [stdout]    |
[INFO] [stdout]    = note: integers must be initialized
[INFO] [stdout]    = note: `#[warn(invalid_value)]` on by default
[INFO] [stdout] 
[INFO] [stdout] 
[INFO] [stdout] warning: 1 warning emitted
[INFO] [stdout] 
[INFO] [stdout] 
[INFO] [stderr]    Compiling rand_core v0.6.3
[INFO] [stderr]    Compiling rand_chacha v0.3.1
[INFO] [stderr]    Compiling tempdir v0.3.7
[INFO] [stderr]    Compiling rand v0.8.5
[INFO] [stderr]    Compiling dduct v0.1.0 (/opt/rustwide/workdir)
[INFO] [stdout] warning: the type `[u8; 8192]` does not permit being left uninitialized
[INFO] [stdout]   --> src/double_copy.rs:46:32
[INFO] [stdout]    |
[INFO] [stdout] 46 |         buf: Box::new(unsafe { MaybeUninit::uninit().assume_init() }),
[INFO] [stdout]    |                                ^^^^^^^^^^^^^^^^^^^^^^^^^^^^^^^^^^^
[INFO] [stdout]    |                                |
[INFO] [stdout]    |                                this code causes undefined behavior when executed
[INFO] [stdout]    |                                help: use `MaybeUninit<T>` instead, and only call `assume_init` after initialization is done
[INFO] [stdout]    |
[INFO] [stdout]    = note: integers must be initialized
[INFO] [stdout]    = note: `#[warn(invalid_value)]` on by default
[INFO] [stdout] 
[INFO] [stdout] 
[INFO] [stdout] warning: 1 warning emitted
[INFO] [stdout] 
[INFO] [stdout] 
[INFO] [stderr]     Finished test [unoptimized + debuginfo] target(s) in 4.77s
[INFO] running `Command { std: "docker" "inspect" "c8ba9bf11103b02284e23d42c1f78e528cdb5bc4d96969d14e77a15f28f37c2a", kill_on_drop: false }`
[INFO] running `Command { std: "docker" "rm" "-f" "c8ba9bf11103b02284e23d42c1f78e528cdb5bc4d96969d14e77a15f28f37c2a", kill_on_drop: false }`
[INFO] [stdout] c8ba9bf11103b02284e23d42c1f78e528cdb5bc4d96969d14e77a15f28f37c2a
[INFO] running `Command { std: "docker" "create" "-v" "/var/lib/crater-agent-workspace/builds/worker-7-tc2/target:/opt/rustwide/target:rw,Z" "-v" "/var/lib/crater-agent-workspace/builds/worker-7-tc2/source:/opt/rustwide/workdir:ro,Z" "-v" "/var/lib/crater-agent-workspace/cargo-home:/opt/rustwide/cargo-home:ro,Z" "-v" "/var/lib/crater-agent-workspace/rustup-home:/opt/rustwide/rustup-home:ro,Z" "-e" "SOURCE_DIR=/opt/rustwide/workdir" "-e" "CARGO_TARGET_DIR=/opt/rustwide/target" "-e" "CARGO_INCREMENTAL=0" "-e" "RUST_BACKTRACE=full" "-e" "RUSTFLAGS=--cap-lints=warn" "-e" "RUSTDOCFLAGS=--cap-lints=warn" "-e" "CARGO_HOME=/opt/rustwide/cargo-home" "-e" "RUSTUP_HOME=/opt/rustwide/rustup-home" "-w" "/opt/rustwide/workdir" "-m" "1610612736" "--user" "0:0" "--network" "none" "ghcr.io/rust-lang/crates-build-env/linux@sha256:5ff2268d62e97bff2cde7d5815dd6ed5b47097566f13b8d0ca110b04b60e07ed" "/opt/rustwide/cargo-home/bin/cargo" "+beta-2023-04-20" "test" "--frozen", kill_on_drop: false }`
[INFO] [stdout] e57bddea96dfa499736fd98c3b35d08e76f7016fb306fe9e737c866cc8a50c34
[INFO] running `Command { std: "docker" "start" "-a" "e57bddea96dfa499736fd98c3b35d08e76f7016fb306fe9e737c866cc8a50c34", kill_on_drop: false }`
[INFO] [stderr] warning: the type `[u8; 8192]` does not permit being left uninitialized
[INFO] [stderr]   --> src/double_copy.rs:46:32
[INFO] [stderr]    |
[INFO] [stderr] 46 |         buf: Box::new(unsafe { MaybeUninit::uninit().assume_init() }),
[INFO] [stderr]    |                                ^^^^^^^^^^^^^^^^^^^^^^^^^^^^^^^^^^^
[INFO] [stderr]    |                                |
[INFO] [stderr]    |                                this code causes undefined behavior when executed
[INFO] [stderr]    |                                help: use `MaybeUninit<T>` instead, and only call `assume_init` after initialization is done
[INFO] [stderr]    |
[INFO] [stderr]    = note: integers must be initialized
[INFO] [stderr]    = note: `#[warn(invalid_value)]` on by default
[INFO] [stderr] 
[INFO] [stderr] warning: `dduct` (lib) generated 1 warning
[INFO] [stderr] warning: `dduct` (lib test) generated 1 warning (1 duplicate)
[INFO] [stderr]     Finished test [unoptimized + debuginfo] target(s) in 0.05s
[INFO] [stderr]      Running unittests src/lib.rs (/opt/rustwide/target/debug/deps/dduct-31a51ea5002a2ebc)
[INFO] [stdout] 
[INFO] [stdout] running 6 tests
[INFO] [stdout] test http_renderer::tests::test_render_request ... ok
[INFO] [stdout] test http_renderer::tests::test_render_response ... ok
[INFO] [stdout] test http_parser::tests::test_parse_response ... ok
[INFO] [stdout] test http_parser::tests::test_parse_request ... ok
[INFO] [stderr] [2023-04-30T16:11:25Z DEBUG dduct::double_copy::tests] Write "/tmp/dduct.urwadbvgZURc/a" <<< "RfTnusO4mwrNmdkxADkwutDZG09bvyawgq6692nIR1YTuOi4I73ogo8jxwOgKf7huuXMezWikafA5UMHNpkk5hlj26UrKtNVFD0GAHyGYTxsuvzTwTPdWrTlf7TUyqqMXpVEGGAzhQQxagum1ArsspT4fqDk2M9AiNW7OvAUN2w4DvbOAhNGjf68dBipo9G7BOxWT6aU4HCERwrs3cGJZ3LA7yBiZ8XT3UQ813S7LEtKvf2gkVtbaIrGZlbClKG0cwaEgu7Hzf7oWdi7plxduF5kfF7vw6R760OYErk71IgraxfVrT2LKnhsYp9psjQ6PbtH6BusOfKrQe4QM8JV7DYKL2r5mMEtj2bvfgj62bhR0KNCEYLVVtVdurENDn2kgJ6sdAhdXnMMUOuIkmAzIwX9YA3Ng5WQ91vkOGi4KwtmyUcvB8VnUI2KPTG9qsgAhLTQ2KI1QZG0Q8I3ZTz0WqJhffyjYIhMU1IvRiUC3hRhFWYfBHUI5gceTT9k2oAX"
[INFO] [stdout] test double_copy::tests::test_double_copy ... ok
[INFO] [stderr] [2023-04-30T16:11:25Z INFO  dduct::ssl_certs] Write "/tmp/dduct.wXbZeKRMrwu8/ca.key"
[INFO] [stderr] [2023-04-30T16:11:25Z INFO  dduct::ssl_certs] Write "/tmp/dduct.wXbZeKRMrwu8/ca.crt"
[INFO] [stderr] [2023-04-30T16:11:31Z INFO  dduct::ssl_certs] Write "/tmp/dduct.wXbZeKRMrwu8/server.key"
[INFO] [stderr] [2023-04-30T16:11:31Z INFO  dduct::ssl_certs] Write "/tmp/dduct.wXbZeKRMrwu8/server.crt"
[INFO] [stderr] [2023-04-30T16:11:31Z INFO  dduct::ssl_certs] Write "/tmp/dduct.wXbZeKRMrwu8/server.p12"
[INFO] [stderr] [2023-04-30T16:11:38Z INFO  dduct::ssl_certs] Write "/tmp/dduct.wXbZeKRMrwu8/client.key"
[INFO] [stderr] [2023-04-30T16:11:38Z INFO  dduct::ssl_certs] Write "/tmp/dduct.wXbZeKRMrwu8/client.crt"
[INFO] [stderr] [2023-04-30T16:11:38Z INFO  dduct::ssl_certs] Write "/tmp/dduct.wXbZeKRMrwu8/client.p12"
[INFO] [stderr] [2023-04-30T16:11:38Z INFO  dduct::ssl_certs] Read "/tmp/dduct.wXbZeKRMrwu8/ca.key"
[INFO] [stderr] [2023-04-30T16:11:38Z INFO  dduct::ssl_certs] Read "/tmp/dduct.wXbZeKRMrwu8/ca.crt"
[INFO] [stderr] [2023-04-30T16:11:38Z INFO  dduct::ssl_certs] Read "/tmp/dduct.wXbZeKRMrwu8/server.key"
[INFO] [stderr] [2023-04-30T16:11:38Z INFO  dduct::ssl_certs] Read "/tmp/dduct.wXbZeKRMrwu8/server.crt"
[INFO] [stderr] [2023-04-30T16:11:38Z INFO  dduct::ssl_certs] Read "/tmp/dduct.wXbZeKRMrwu8/server.p12"
[INFO] [stderr] [2023-04-30T16:11:38Z INFO  dduct::ssl_certs] Read "/tmp/dduct.wXbZeKRMrwu8/client.key"
[INFO] [stderr] [2023-04-30T16:11:38Z INFO  dduct::ssl_certs] Read "/tmp/dduct.wXbZeKRMrwu8/client.crt"
[INFO] [stderr] [2023-04-30T16:11:38Z INFO  dduct::ssl_certs] Read "/tmp/dduct.wXbZeKRMrwu8/client.p12"
[INFO] [stdout] test ssl_certs::tests::test_ssl_certs ... ok
[INFO] [stdout] 
[INFO] [stdout] test result: ok. 6 passed; 0 failed; 0 ignored; 0 measured; 0 filtered out; finished in 13.17s
[INFO] [stdout] 
[INFO] [stderr]      Running unittests src/bin.rs (/opt/rustwide/target/debug/deps/dduct-726b56bb8633a467)
[INFO] [stdout] 
[INFO] [stdout] running 0 tests
[INFO] [stdout] 
[INFO] [stdout] test result: ok. 0 passed; 0 failed; 0 ignored; 0 measured; 0 filtered out; finished in 0.00s
[INFO] [stdout] 
[INFO] [stderr]      Running tests/integ.rs (/opt/rustwide/target/debug/deps/integ-dbde9e4d35dc1050)
[INFO] [stdout] 
[INFO] [stdout] running 3 tests
[INFO] [stderr] [2023-04-30T16:11:38Z INFO  integ] Work "/tmp/dduct.2WrVCnTWOGUo"
[INFO] [stderr] [2023-04-30T16:11:38Z INFO  integ] Work "/tmp/dduct.eG7HD6UI2h0d"
[INFO] [stderr] [2023-04-30T16:11:38Z INFO  integ] Work "/tmp/dduct.w0WSEkRZUGfq"
[INFO] [stderr] [2023-04-30T16:11:38Z INFO  integ] Static "/tmp/dduct.5tIA5B959yCH"
[INFO] [stderr] [2023-04-30T16:11:38Z INFO  integ] Static "/tmp/dduct.nwqQ1Ro2n6r4"
[INFO] [stderr] [2023-04-30T16:11:38Z INFO  integ] Certs "/tmp/dduct.8TM5PLb2eAEC"
[INFO] [stderr] [2023-04-30T16:11:38Z INFO  integ] Static "/tmp/dduct.I0sVO4vPPJuo"
[INFO] [stderr] [2023-04-30T16:11:38Z INFO  integ] Certs "/tmp/dduct.dMV9dhrMxqXD"
[INFO] [stderr] [2023-04-30T16:11:38Z INFO  integ] Files "/tmp/dduct.Pd9t7QU3vQjd"
[INFO] [stderr] [2023-04-30T16:11:38Z INFO  integ] Certs "/tmp/dduct.uGZwOKtc137y"
[INFO] [stderr] [2023-04-30T16:11:38Z INFO  integ] Files "/tmp/dduct.61SoOF8CazE7"
[INFO] [stderr] [2023-04-30T16:11:47Z INFO  dduct::ssl_certs] Write "/tmp/dduct.uGZwOKtc137y/ca.key"
[INFO] [stderr] [2023-04-30T16:11:47Z INFO  dduct::ssl_certs] Write "/tmp/dduct.uGZwOKtc137y/ca.crt"
[INFO] [stderr] [2023-04-30T16:11:48Z INFO  dduct::ssl_certs] Write "/tmp/dduct.dMV9dhrMxqXD/ca.key"
[INFO] [stderr] [2023-04-30T16:11:48Z INFO  dduct::ssl_certs] Write "/tmp/dduct.dMV9dhrMxqXD/ca.crt"
[INFO] [stderr] [2023-04-30T16:11:48Z INFO  dduct::ssl_certs] Write "/tmp/dduct.uGZwOKtc137y/server.key"
[INFO] [stderr] [2023-04-30T16:11:48Z INFO  dduct::ssl_certs] Write "/tmp/dduct.uGZwOKtc137y/server.crt"
[INFO] [stderr] [2023-04-30T16:11:48Z INFO  dduct::ssl_certs] Write "/tmp/dduct.uGZwOKtc137y/server.p12"
[INFO] [stderr] [2023-04-30T16:11:49Z INFO  dduct::ssl_certs] Write "/tmp/dduct.dMV9dhrMxqXD/server.key"
[INFO] [stderr] [2023-04-30T16:11:49Z INFO  dduct::ssl_certs] Write "/tmp/dduct.dMV9dhrMxqXD/server.crt"
[INFO] [stderr] [2023-04-30T16:11:49Z INFO  dduct::ssl_certs] Write "/tmp/dduct.dMV9dhrMxqXD/server.p12"
[INFO] [stderr] [2023-04-30T16:11:50Z INFO  dduct::ssl_certs] Write "/tmp/dduct.uGZwOKtc137y/client.key"
[INFO] [stderr] [2023-04-30T16:11:50Z INFO  dduct::ssl_certs] Write "/tmp/dduct.uGZwOKtc137y/client.crt"
[INFO] [stderr] [2023-04-30T16:11:50Z INFO  dduct::ssl_certs] Write "/tmp/dduct.uGZwOKtc137y/client.p12"
[INFO] [stderr] [2023-04-30T16:11:50Z INFO  dduct::http_proxy] Listening on 0.0.0.0:8001
[INFO] [stderr] [2023-04-30T16:11:50Z INFO  dduct::tls_mitm] Listening on 0.0.0.0:4432
[INFO] [stderr] [2023-04-30T16:11:50Z INFO  dduct::serve] Files "/tmp/dduct.61SoOF8CazE7"
[INFO] [stderr] [2023-04-30T16:11:50Z INFO  dduct::http_proxy] Listening on 0.0.0.0:8003
[INFO] [stderr] [2023-04-30T16:11:50Z INFO  dduct::tls_mitm] Listening on 127.0.0.1:4433
[INFO] [stderr] [2023-04-30T16:11:50Z INFO  dduct::ssl_certs] Write "/tmp/dduct.dMV9dhrMxqXD/client.key"
[INFO] [stderr] [2023-04-30T16:11:50Z INFO  dduct::ssl_certs] Write "/tmp/dduct.dMV9dhrMxqXD/client.crt"
[INFO] [stderr] [2023-04-30T16:11:50Z INFO  dduct::ssl_certs] Write "/tmp/dduct.dMV9dhrMxqXD/client.p12"
[INFO] [stderr] [2023-04-30T16:11:50Z DEBUG integ] Ok(Err(Io(Os { code: 98, kind: AddrInUse, message: "Address already in use" })))
[INFO] [stderr] [2023-04-30T16:11:50Z DEBUG integ] path = "/tmp/dduct.eG7HD6UI2h0d/1.gz"
[INFO] [stdout] test test_static ... FAILED
[INFO] [stderr] [2023-04-30T16:11:58Z INFO  integ] download_file(): "http://127.0.0.1:8001/1.gz"
[INFO] [stderr] [2023-04-30T16:11:58Z INFO  integ] download_file(): "http://127.0.0.1:8001/1.gz"
[INFO] [stderr] [2023-04-30T16:11:58Z INFO  integ] download_file(): "https://127.0.0.1:4432/2.gz"
[INFO] [stderr] [2023-04-30T16:11:58Z INFO  integ] download_file(): "https://127.0.0.1:4432/2.gz"
[INFO] [stderr] [2023-04-30T16:11:58Z INFO  integ] download_file(): "http://127.0.0.1:8001/3.gz"
[INFO] [stderr] [2023-04-30T16:11:58Z INFO  integ] download_file(): "http://127.0.0.1:8001/3.gz"
[INFO] [stderr] [2023-04-30T16:11:58Z INFO  integ] download_file(): "https://127.0.0.1:4432/4.gz"
[INFO] [stderr] [2023-04-30T16:11:58Z INFO  integ] download_file(): "https://127.0.0.1:4432/4.gz"
[INFO] [stderr] [2023-04-30T16:11:58Z DEBUG dduct::http_proxy] Accepted 127.0.0.1:55262
[INFO] [stderr] [2023-04-30T16:11:58Z DEBUG dduct::http_proxy] Accepted 127.0.0.1:55272
[INFO] [stderr] [2023-04-30T16:11:58Z DEBUG dduct::http_proxy] Accepted 127.0.0.1:55286
[INFO] [stderr] [2023-04-30T16:11:58Z DEBUG dduct::http_proxy] Accepted 127.0.0.1:55292
[INFO] [stderr] [2023-04-30T16:11:58Z DEBUG dduct::tls_mitm] Accepted 127.0.0.1:39708
[INFO] [stderr] [2023-04-30T16:11:58Z DEBUG dduct::tls_mitm] Accepted 127.0.0.1:39718
[INFO] [stderr] [2023-04-30T16:11:58Z DEBUG dduct::tls_mitm] Accepted 127.0.0.1:39724
[INFO] [stderr] [2023-04-30T16:11:58Z DEBUG dduct::proxy_engine] handle_get(): REQ http://127.0.0.1:8001/1.gz {"host": "127.0.0.1:8001", "user-agent": "curl/7.81.0", "accept": "*/*", "proxy-connection": "Keep-Alive"}
[INFO] [stderr] [2023-04-30T16:11:58Z DEBUG dduct::proxy_engine] handle_get(): REQ http://127.0.0.1:8001/1.gz {"host": "127.0.0.1:8001", "user-agent": "curl/7.81.0", "accept": "*/*", "proxy-connection": "Keep-Alive"}
[INFO] [stderr] [2023-04-30T16:11:58Z DEBUG dduct::proxy_engine] handle_connect(): REQ 127.0.0.1:4432 {"host": "127.0.0.1:4432", "user-agent": "curl/7.81.0", "proxy-connection": "Keep-Alive"}
[INFO] [stderr] [2023-04-30T16:11:58Z DEBUG dduct::proxy_engine] handle_connect(): REQ 127.0.0.1:4432 {"host": "127.0.0.1:4432", "user-agent": "curl/7.81.0", "proxy-connection": "Keep-Alive"}
[INFO] [stderr] [2023-04-30T16:11:58Z DEBUG dduct::proxy_engine] tcp_connect(): http://127.0.0.1:8001/1.gz {"host": "127.0.0.1:8001", "user-agent": "curl/7.81.0", "accept": "*/*", "proxy-connection": "Keep-Alive"}
[INFO] [stderr] [2023-04-30T16:11:58Z DEBUG dduct::proxy_engine] tcp_connect(): http://127.0.0.1:8001/1.gz {"host": "127.0.0.1:8001", "user-agent": "curl/7.81.0", "accept": "*/*", "proxy-connection": "Keep-Alive"}
[INFO] [stderr] [2023-04-30T16:11:58Z DEBUG dduct::http_proxy] Accepted 127.0.0.1:49414
[INFO] [stderr] [2023-04-30T16:11:58Z DEBUG dduct::http_proxy] Accepted 127.0.0.1:49430
[INFO] [stderr] [2023-04-30T16:11:58Z DEBUG dduct::tls_mitm] Accepted 127.0.0.1:39734
[INFO] [stderr] [2023-04-30T16:11:58Z DEBUG dduct::tls_mitm] Accepted 127.0.0.1:39750
[INFO] [stderr] [2023-04-30T16:11:58Z DEBUG dduct::tls_mitm] Accepted 127.0.0.1:39756
[INFO] [stderr] [2023-04-30T16:11:58Z DEBUG dduct::proxy_engine] proxy_request(): REQ http://127.0.0.1:8001/1.gz {"host": "127.0.0.1:8001", "user-agent": "curl/7.81.0", "accept": "*/*", "proxy-connection": "Keep-Alive"}
[INFO] [stderr] [2023-04-30T16:11:58Z DEBUG dduct::proxy_engine] proxy_request(): REQ http://127.0.0.1:8001/1.gz {"host": "127.0.0.1:8001", "user-agent": "curl/7.81.0", "accept": "*/*", "proxy-connection": "Keep-Alive"}
[INFO] [stderr] [2023-04-30T16:11:58Z DEBUG dduct::proxy_engine] handle_get(): REQ http://127.0.0.1:8001/1.gz {"host": "127.0.0.1:8001", "user-agent": "curl/7.81.0", "accept": "*/*", "proxy-connection": "Keep-Alive", "connection": "close"}
[INFO] [stderr] [2023-04-30T16:11:58Z DEBUG dduct::proxy_engine] handle_get(): REQ http://127.0.0.1:8001/1.gz {"host": "127.0.0.1:8001", "user-agent": "curl/7.81.0", "accept": "*/*", "proxy-connection": "Keep-Alive", "connection": "close"}
[INFO] [stderr] [2023-04-30T16:11:58Z DEBUG dduct::proxy_engine] handle_get(): REQ http://127.0.0.1:8001/3.gz {"host": "127.0.0.1:8001", "user-agent": "curl/7.81.0", "accept": "*/*", "proxy-connection": "Keep-Alive"}
[INFO] [stderr] [2023-04-30T16:11:58Z DEBUG dduct::proxy_engine] tcp_connect(): http://127.0.0.1:8001/3.gz {"host": "127.0.0.1:8001", "user-agent": "curl/7.81.0", "accept": "*/*", "proxy-connection": "Keep-Alive"}
[INFO] [stderr] [2023-04-30T16:11:58Z DEBUG dduct::http_proxy] Accepted 127.0.0.1:49432
[INFO] [stderr] [2023-04-30T16:11:58Z DEBUG dduct::proxy_engine] handle_get(): REQ http://127.0.0.1:8001/3.gz {"host": "127.0.0.1:8001", "user-agent": "curl/7.81.0", "accept": "*/*", "proxy-connection": "Keep-Alive"}
[INFO] [stderr] [2023-04-30T16:11:58Z DEBUG dduct::proxy_engine] handle_connect(): REQ 127.0.0.1:4432 {"host": "127.0.0.1:4432", "user-agent": "curl/7.81.0", "proxy-connection": "Keep-Alive"}
[INFO] [stderr] [2023-04-30T16:11:58Z DEBUG dduct::proxy_engine] proxy_request(): RSP 200 {"connection": "close", "content-length": "1064960"}
[INFO] [stderr] [2023-04-30T16:11:58Z DEBUG dduct::proxy_engine] proxy_request(): RSP 200 {"connection": "close", "content-length": "1064960"}
[INFO] [stderr] [2023-04-30T16:11:58Z DEBUG dduct::proxy_engine] proxy_request(): REQ http://127.0.0.1:8001/3.gz {"host": "127.0.0.1:8001", "user-agent": "curl/7.81.0", "accept": "*/*", "proxy-connection": "Keep-Alive"}
[INFO] [stderr] [2023-04-30T16:11:58Z DEBUG dduct::proxy_engine] tcp_connect(): http://127.0.0.1:8001/3.gz {"host": "127.0.0.1:8001", "user-agent": "curl/7.81.0", "accept": "*/*", "proxy-connection": "Keep-Alive"}
[INFO] [stderr] [2023-04-30T16:11:58Z DEBUG dduct::http_proxy] Accepted 127.0.0.1:49444
[INFO] [stderr] [2023-04-30T16:11:58Z DEBUG dduct::tls_mitm] Accepted 127.0.0.1:39770
[INFO] [stderr] [2023-04-30T16:11:58Z DEBUG dduct::proxy_engine] handle_get(): REQ http://127.0.0.1:8001/3.gz {"host": "127.0.0.1:8001", "user-agent": "curl/7.81.0", "accept": "*/*", "proxy-connection": "Keep-Alive", "connection": "close"}
[INFO] [stderr] [2023-04-30T16:11:58Z DEBUG dduct::proxy_engine] handle_connect(): REQ 127.0.0.1:4432 {"host": "127.0.0.1:4432", "user-agent": "curl/7.81.0", "proxy-connection": "Keep-Alive"}
[INFO] [stderr] [2023-04-30T16:11:58Z DEBUG dduct::proxy_engine] proxy_request(): REQ http://127.0.0.1:8001/3.gz {"host": "127.0.0.1:8001", "user-agent": "curl/7.81.0", "accept": "*/*", "proxy-connection": "Keep-Alive"}
[INFO] [stderr] [2023-04-30T16:11:58Z DEBUG dduct::tls_mitm] Accepted 127.0.0.1:39774
[INFO] [stderr] [2023-04-30T16:11:58Z DEBUG dduct::proxy_engine] handle_get(): REQ http://127.0.0.1:8001/3.gz {"host": "127.0.0.1:8001", "user-agent": "curl/7.81.0", "accept": "*/*", "proxy-connection": "Keep-Alive", "connection": "close"}
[INFO] [stderr] [2023-04-30T16:11:58Z DEBUG dduct::proxy_engine] proxy_request(): RSP 200 {"connection": "close", "content-length": "1064960"}
[INFO] [stderr] [2023-04-30T16:11:58Z DEBUG dduct::proxy_engine] proxy_request(): RSP 200 {"connection": "close", "content-length": "1064960"}
[INFO] [stderr] [2023-04-30T16:11:58Z DEBUG dduct::proxy_engine] handle_get(): REQ /2.gz {"host": "127.0.0.1:4432", "user-agent": "curl/7.81.0", "accept": "*/*"}
[INFO] [stderr] [2023-04-30T16:11:58Z DEBUG dduct::proxy_engine] tls_connect(): REQ /2.gz {"host": "127.0.0.1:4432", "user-agent": "curl/7.81.0", "accept": "*/*"}
[INFO] [stderr] [2023-04-30T16:11:58Z DEBUG dduct::tls_mitm] Accepted 127.0.0.1:33606
[INFO] [stderr] [2023-04-30T16:11:58Z DEBUG dduct::proxy_engine] handle_get(): REQ /2.gz {"host": "127.0.0.1:4432", "user-agent": "curl/7.81.0", "accept": "*/*"}
[INFO] [stderr] [2023-04-30T16:11:58Z DEBUG dduct::proxy_engine] tls_connect(): REQ /2.gz {"host": "127.0.0.1:4432", "user-agent": "curl/7.81.0", "accept": "*/*"}
[INFO] [stderr] [2023-04-30T16:11:58Z DEBUG dduct::tls_mitm] Accepted 127.0.0.1:33608
[INFO] [stderr] [2023-04-30T16:11:58Z DEBUG dduct::proxy_engine] handle_get(): REQ /4.gz {"host": "127.0.0.1:4432", "user-agent": "curl/7.81.0", "accept": "*/*"}
[INFO] [stderr] [2023-04-30T16:11:58Z DEBUG dduct::proxy_engine] tls_connect(): REQ /4.gz {"host": "127.0.0.1:4432", "user-agent": "curl/7.81.0", "accept": "*/*"}
[INFO] [stderr] [2023-04-30T16:11:58Z DEBUG dduct::tls_mitm] Accepted 127.0.0.1:33612
[INFO] [stderr] [2023-04-30T16:11:58Z DEBUG dduct::proxy_engine] proxy_request(): REQ /2.gz {"host": "127.0.0.1:4432", "user-agent": "curl/7.81.0", "accept": "*/*"}
[INFO] [stderr] [2023-04-30T16:11:58Z DEBUG dduct::proxy_engine] handle_get(): REQ /4.gz {"host": "127.0.0.1:4432", "user-agent": "curl/7.81.0", "accept": "*/*"}
[INFO] [stderr] [2023-04-30T16:11:58Z DEBUG dduct::proxy_engine] tls_connect(): REQ /4.gz {"host": "127.0.0.1:4432", "user-agent": "curl/7.81.0", "accept": "*/*"}
[INFO] [stderr] [2023-04-30T16:11:58Z DEBUG dduct::tls_mitm] Accepted 127.0.0.1:33628
[INFO] [stderr] [2023-04-30T16:11:58Z DEBUG dduct::proxy_engine] handle_get(): REQ /2.gz {"host": "127.0.0.1:4432", "user-agent": "curl/7.81.0", "accept": "*/*", "connection": "close"}
[INFO] [stderr] [2023-04-30T16:11:58Z DEBUG dduct::proxy_engine] proxy_request(): REQ /2.gz {"host": "127.0.0.1:4432", "user-agent": "curl/7.81.0", "accept": "*/*"}
[INFO] [stderr] [2023-04-30T16:11:58Z DEBUG dduct::proxy_engine] proxy_request(): RSP 200 {"connection": "close", "content-length": "1064960"}
[INFO] [stderr] [2023-04-30T16:11:59Z DEBUG dduct::proxy_engine] handle_get(): REQ /2.gz {"host": "127.0.0.1:4432", "user-agent": "curl/7.81.0", "accept": "*/*", "connection": "close"}
[INFO] [stderr] [2023-04-30T16:11:59Z DEBUG dduct::proxy_engine] proxy_request(): REQ /4.gz {"host": "127.0.0.1:4432", "user-agent": "curl/7.81.0", "accept": "*/*"}
[INFO] [stderr] [2023-04-30T16:11:59Z DEBUG dduct::proxy_engine] proxy_request(): RSP 200 {"connection": "close", "content-length": "1064960"}
[INFO] [stderr] [2023-04-30T16:11:59Z DEBUG dduct::proxy_engine] proxy_request(): REQ /4.gz {"host": "127.0.0.1:4432", "user-agent": "curl/7.81.0", "accept": "*/*"}
[INFO] [stderr] [2023-04-30T16:11:59Z DEBUG dduct::proxy_engine] handle_get(): REQ /4.gz {"host": "127.0.0.1:4432", "user-agent": "curl/7.81.0", "accept": "*/*", "connection": "close"}
[INFO] [stderr] [2023-04-30T16:11:59Z DEBUG dduct::proxy_engine] handle_get(): REQ /4.gz {"host": "127.0.0.1:4432", "user-agent": "curl/7.81.0", "accept": "*/*", "connection": "close"}
[INFO] [stderr] [2023-04-30T16:11:59Z DEBUG dduct::proxy_engine] proxy_request(): RSP 200 {"connection": "close", "content-length": "1064960"}
[INFO] [stderr] [2023-04-30T16:11:59Z DEBUG dduct::proxy_engine] proxy_request(): RSP 200 {"connection": "close", "content-length": "1064960"}
[INFO] [stderr] [2023-04-30T16:12:06Z INFO  dduct::ssl_certs] Write "/tmp/dduct.8TM5PLb2eAEC/ca.key"
[INFO] [stderr] [2023-04-30T16:12:06Z INFO  dduct::ssl_certs] Write "/tmp/dduct.8TM5PLb2eAEC/ca.crt"
[INFO] [stderr] [2023-04-30T16:12:08Z INFO  dduct::ssl_certs] Write "/tmp/dduct.8TM5PLb2eAEC/server.key"
[INFO] [stderr] [2023-04-30T16:12:08Z INFO  dduct::ssl_certs] Write "/tmp/dduct.8TM5PLb2eAEC/server.crt"
[INFO] [stderr] [2023-04-30T16:12:08Z INFO  dduct::ssl_certs] Write "/tmp/dduct.8TM5PLb2eAEC/server.p12"
[INFO] [stderr] [2023-04-30T16:12:09Z INFO  dduct::ssl_certs] Write "/tmp/dduct.8TM5PLb2eAEC/client.key"
[INFO] [stderr] [2023-04-30T16:12:09Z INFO  dduct::ssl_certs] Write "/tmp/dduct.8TM5PLb2eAEC/client.crt"
[INFO] [stderr] [2023-04-30T16:12:09Z INFO  dduct::ssl_certs] Write "/tmp/dduct.8TM5PLb2eAEC/client.p12"
[INFO] [stderr] [2023-04-30T16:12:09Z INFO  dduct::tls_mitm] Listening on 0.0.0.0:4434
[INFO] [stderr] [2023-04-30T16:12:09Z INFO  dduct::serve] Files "/tmp/dduct.Pd9t7QU3vQjd"
[INFO] [stderr] [2023-04-30T16:12:09Z INFO  dduct::http_proxy] Listening on 0.0.0.0:8005
[INFO] [stderr] [2023-04-30T16:12:09Z INFO  dduct::tls_mitm] Listening on 127.0.0.1:4435
[INFO] [stderr] [2023-04-30T16:12:17Z INFO  integ] download_file(): "https://127.0.0.1:4434/1.gz"
[INFO] [stderr] [2023-04-30T16:12:17Z INFO  integ] download_file(): "https://127.0.0.1:4434/1.gz"
[INFO] [stderr] [2023-04-30T16:12:17Z INFO  integ] download_file(): "https://127.0.0.1:4434/1.gz"
[INFO] [stderr] [2023-04-30T16:12:17Z DEBUG dduct::tls_mitm] Accepted 127.0.0.1:36692
[INFO] [stderr] [2023-04-30T16:12:17Z DEBUG dduct::tls_mitm] Accepted 127.0.0.1:36690
[INFO] [stderr] [2023-04-30T16:12:17Z DEBUG dduct::tls_mitm] Accepted 127.0.0.1:36708
[INFO] [stderr] [2023-04-30T16:12:17Z DEBUG dduct::proxy_engine] handle_connect(): REQ 127.0.0.1:4434 {"host": "127.0.0.1:4434", "user-agent": "curl/7.81.0", "proxy-connection": "Keep-Alive"}
[INFO] [stderr] [2023-04-30T16:12:17Z DEBUG dduct::proxy_engine] handle_connect(): REQ 127.0.0.1:4434 {"host": "127.0.0.1:4434", "user-agent": "curl/7.81.0", "proxy-connection": "Keep-Alive"}
[INFO] [stderr] [2023-04-30T16:12:17Z DEBUG dduct::tls_mitm] Accepted 127.0.0.1:36718
[INFO] [stderr] [2023-04-30T16:12:17Z DEBUG dduct::tls_mitm] Accepted 127.0.0.1:36722
[INFO] [stderr] [2023-04-30T16:12:17Z DEBUG dduct::proxy_engine] handle_connect(): REQ 127.0.0.1:4434 {"host": "127.0.0.1:4434", "user-agent": "curl/7.81.0", "proxy-connection": "Keep-Alive"}
[INFO] [stderr] [2023-04-30T16:12:17Z DEBUG dduct::tls_mitm] Accepted 127.0.0.1:36732
[INFO] [stderr] [2023-04-30T16:12:17Z DEBUG dduct::proxy_engine] handle_get(): REQ /1.gz {"host": "127.0.0.1:4434", "user-agent": "curl/7.81.0", "accept": "*/*"}
[INFO] [stderr] [2023-04-30T16:12:17Z DEBUG dduct::proxy_engine] handle_get(): REQ /1.gz {"host": "127.0.0.1:4434", "user-agent": "curl/7.81.0", "accept": "*/*"}
[INFO] [stderr] [2023-04-30T16:12:17Z DEBUG dduct::proxy_engine] handle_get(): REQ /1.gz {"host": "127.0.0.1:4434", "user-agent": "curl/7.81.0", "accept": "*/*"}
[INFO] [stderr] [2023-04-30T16:12:17Z DEBUG dduct::proxy_engine] tls_connect(): REQ /1.gz {"host": "127.0.0.1:4434", "user-agent": "curl/7.81.0", "accept": "*/*"}
[INFO] [stderr] [2023-04-30T16:12:17Z DEBUG dduct::proxy_engine] tls_connect(): REQ /1.gz {"host": "127.0.0.1:4434", "user-agent": "curl/7.81.0", "accept": "*/*"}
[INFO] [stderr] [2023-04-30T16:12:17Z DEBUG dduct::proxy_engine] tls_connect(): REQ /1.gz {"host": "127.0.0.1:4434", "user-agent": "curl/7.81.0", "accept": "*/*"}
[INFO] [stderr] [2023-04-30T16:12:17Z DEBUG dduct::tls_mitm] Accepted 127.0.0.1:35812
[INFO] [stderr] [2023-04-30T16:12:17Z DEBUG dduct::tls_mitm] Accepted 127.0.0.1:35814
[INFO] [stderr] [2023-04-30T16:12:17Z DEBUG dduct::tls_mitm] Accepted 127.0.0.1:35822
[INFO] [stderr] [2023-04-30T16:12:17Z DEBUG dduct::proxy_engine] proxy_request(): REQ /1.gz {"host": "127.0.0.1:4434", "user-agent": "curl/7.81.0", "accept": "*/*"}
[INFO] [stderr] [2023-04-30T16:12:17Z DEBUG dduct::proxy_engine] proxy_request(): REQ /1.gz {"host": "127.0.0.1:4434", "user-agent": "curl/7.81.0", "accept": "*/*"}
[INFO] [stderr] [2023-04-30T16:12:17Z DEBUG dduct::proxy_engine] proxy_request(): REQ /1.gz {"host": "127.0.0.1:4434", "user-agent": "curl/7.81.0", "accept": "*/*"}
[INFO] [stderr] [2023-04-30T16:12:17Z DEBUG dduct::proxy_engine] handle_get(): REQ /1.gz {"host": "127.0.0.1:4434", "user-agent": "curl/7.81.0", "accept": "*/*", "connection": "close"}
[INFO] [stderr] [2023-04-30T16:12:17Z DEBUG dduct::proxy_engine] handle_get(): REQ /1.gz {"host": "127.0.0.1:4434", "user-agent": "curl/7.81.0", "accept": "*/*", "connection": "close"}
[INFO] [stderr] [2023-04-30T16:12:17Z DEBUG dduct::proxy_engine] handle_get(): REQ /1.gz {"host": "127.0.0.1:4434", "user-agent": "curl/7.81.0", "accept": "*/*", "connection": "close"}
[INFO] [stderr] [2023-04-30T16:12:17Z DEBUG dduct::proxy_engine] proxy_request(): RSP 200 {"connection": "close", "content-length": "17039360"}
[INFO] [stderr] [2023-04-30T16:12:17Z DEBUG dduct::proxy_engine] proxy_request(): RSP 200 {"connection": "close", "content-length": "17039360"}
[INFO] [stderr] [2023-04-30T16:12:17Z DEBUG dduct::proxy_engine] proxy_request(): RSP 200 {"connection": "close", "content-length": "17039360"}
[INFO] [stderr] [2023-04-30T16:12:19Z ERROR dduct::proxy_engine] Io(Os { code: 104, kind: ConnectionReset, message: "Connection reset by peer" })
[INFO] [stderr] [2023-04-30T16:12:19Z ERROR dduct::proxy_engine] Io(Os { code: 104, kind: ConnectionReset, message: "Connection reset by peer" })
[INFO] [stderr] [2023-04-30T16:12:19Z ERROR dduct::proxy_engine] Io(Os { code: 104, kind: ConnectionReset, message: "Connection reset by peer" })
[INFO] [stderr] [2023-04-30T16:12:20Z DEBUG integ] Err(Elapsed(()))
[INFO] [stderr] [2023-04-30T16:12:20Z DEBUG integ] path = "/tmp/dduct.w0WSEkRZUGfq/1.gz"
[INFO] [stderr] [2023-04-30T16:12:20Z DEBUG integ] cksum = "6e9edf452cb703f994bdd84d6eaa692954c0311c"
[INFO] [stderr] [2023-04-30T16:12:20Z DEBUG integ] path = "/tmp/dduct.I0sVO4vPPJuo/2.gz"
[INFO] [stderr] [2023-04-30T16:12:20Z DEBUG integ] cksum = "6e9edf452cb703f994bdd84d6eaa692954c0311c"
[INFO] [stderr] [2023-04-30T16:12:20Z DEBUG integ] path = "/tmp/dduct.61SoOF8CazE7/3.gz"
[INFO] [stderr] [2023-04-30T16:12:20Z DEBUG integ] cksum = "6e9edf452cb703f994bdd84d6eaa692954c0311c"
[INFO] [stderr] [2023-04-30T16:12:20Z DEBUG integ] path = "/tmp/dduct.w0WSEkRZUGfq/4.gz"
[INFO] [stderr] [2023-04-30T16:12:20Z DEBUG integ] cksum = "6e9edf452cb703f994bdd84d6eaa692954c0311c"
[INFO] [stderr] [2023-04-30T16:12:20Z DEBUG integ] path = "/tmp/dduct.I0sVO4vPPJuo/1.gz"
[INFO] [stderr] [2023-04-30T16:12:20Z DEBUG integ] cksum = "6e9edf452cb703f994bdd84d6eaa692954c0311c"
[INFO] [stderr] [2023-04-30T16:12:20Z DEBUG integ] path = "/tmp/dduct.61SoOF8CazE7/2.gz"
[INFO] [stderr] [2023-04-30T16:12:20Z DEBUG integ] cksum = "6e9edf452cb703f994bdd84d6eaa692954c0311c"
[INFO] [stderr] [2023-04-30T16:12:20Z DEBUG integ] path = "/tmp/dduct.w0WSEkRZUGfq/3.gz"
[INFO] [stderr] [2023-04-30T16:12:20Z DEBUG integ] cksum = "6e9edf452cb703f994bdd84d6eaa692954c0311c"
[INFO] [stderr] [2023-04-30T16:12:20Z DEBUG integ] path = "/tmp/dduct.I0sVO4vPPJuo/4.gz"
[INFO] [stderr] [2023-04-30T16:12:20Z DEBUG integ] cksum = "6e9edf452cb703f994bdd84d6eaa692954c0311c"
[INFO] [stderr] [2023-04-30T16:12:20Z DEBUG integ] path = "/tmp/dduct.61SoOF8CazE7/1.gz"
[INFO] [stderr] [2023-04-30T16:12:20Z DEBUG integ] cksum = "6e9edf452cb703f994bdd84d6eaa692954c0311c"
[INFO] [stderr] [2023-04-30T16:12:20Z DEBUG integ] path = "/tmp/dduct.w0WSEkRZUGfq/2.gz"
[INFO] [stderr] [2023-04-30T16:12:20Z DEBUG integ] cksum = "6e9edf452cb703f994bdd84d6eaa692954c0311c"
[INFO] [stderr] [2023-04-30T16:12:20Z DEBUG integ] path = "/tmp/dduct.I0sVO4vPPJuo/3.gz"
[INFO] [stderr] [2023-04-30T16:12:20Z DEBUG integ] cksum = "6e9edf452cb703f994bdd84d6eaa692954c0311c"
[INFO] [stderr] [2023-04-30T16:12:20Z DEBUG integ] path = "/tmp/dduct.61SoOF8CazE7/4.gz"
[INFO] [stderr] [2023-04-30T16:12:20Z DEBUG integ] cksum = "6e9edf452cb703f994bdd84d6eaa692954c0311c"
[INFO] [stdout] test test_serial ... ok
[INFO] [stdout] test test_parallel has been running for over 60 seconds
[INFO] [stderr] [2023-04-30T16:12:39Z DEBUG integ] Err(Elapsed(()))
[INFO] [stderr] [2023-04-30T16:12:39Z DEBUG integ] path = "/tmp/dduct.5tIA5B959yCH/1.gz"
[INFO] [stderr] [2023-04-30T16:12:39Z DEBUG integ] cksum = "8e62349e21ba5f36cea9fe72eb4f44d662d96452"
[INFO] [stderr] [2023-04-30T16:12:39Z DEBUG integ] path = "/tmp/dduct.Pd9t7QU3vQjd/1.gz"
[INFO] [stderr] [2023-04-30T16:12:39Z DEBUG integ] cksum = "8e62349e21ba5f36cea9fe72eb4f44d662d96452"
[INFO] [stderr] [2023-04-30T16:12:39Z DEBUG integ] path = "/tmp/dduct.2WrVCnTWOGUo/A"
[INFO] [stdout] test test_parallel ... FAILED
[INFO] [stdout] 
[INFO] [stdout] failures:
[INFO] [stdout] 
[INFO] [stdout] ---- test_static stdout ----
[INFO] [stdout] thread 'test_static' panicked at 'called `Result::unwrap()` on an `Err` value: Os { code: 2, kind: NotFound, message: "No such file or directory" }', tests/integ.rs:90:46
[INFO] [stdout] stack backtrace:
[INFO] [stdout]    0:     0x559340e2fcda - std::backtrace_rs::backtrace::libunwind::trace::h2f05d0192276a8f6
[INFO] [stdout]                                at /rustc/1b7dd2252b99671ce5d1cb9664c5f8636329436d/library/std/src/../../backtrace/src/backtrace/libunwind.rs:93:5
[INFO] [stdout]    1:     0x559340e2fcda - std::backtrace_rs::backtrace::trace_unsynchronized::hedc23dff7a1af150
[INFO] [stdout]                                at /rustc/1b7dd2252b99671ce5d1cb9664c5f8636329436d/library/std/src/../../backtrace/src/backtrace/mod.rs:66:5
[INFO] [stdout]    2:     0x559340e2fcda - std::sys_common::backtrace::_print_fmt::h17541ef7592f3ce2
[INFO] [stdout]                                at /rustc/1b7dd2252b99671ce5d1cb9664c5f8636329436d/library/std/src/sys_common/backtrace.rs:65:5
[INFO] [stdout]    3:     0x559340e2fcda - <std::sys_common::backtrace::_print::DisplayBacktrace as core::fmt::Display>::fmt::h20f75df5ab0c0792
[INFO] [stdout]                                at /rustc/1b7dd2252b99671ce5d1cb9664c5f8636329436d/library/std/src/sys_common/backtrace.rs:44:22
[INFO] [stdout]    4:     0x559340e57f9f - core::fmt::write::h78109e6f466b3af6
[INFO] [stdout]                                at /rustc/1b7dd2252b99671ce5d1cb9664c5f8636329436d/library/core/src/fmt/mod.rs:1254:17
[INFO] [stdout]    5:     0x559340e2c6d5 - std::io::Write::write_fmt::hd24bfb68a1b35a25
[INFO] [stdout]                                at /rustc/1b7dd2252b99671ce5d1cb9664c5f8636329436d/library/std/src/io/mod.rs:1698:15
[INFO] [stdout]    6:     0x559340e2faa5 - std::sys_common::backtrace::_print::h8dac57a9f8fbf9a5
[INFO] [stdout]                                at /rustc/1b7dd2252b99671ce5d1cb9664c5f8636329436d/library/std/src/sys_common/backtrace.rs:47:5
[INFO] [stdout]    7:     0x559340e2faa5 - std::sys_common::backtrace::print::hf9ecbf41d1aa712f
[INFO] [stdout]                                at /rustc/1b7dd2252b99671ce5d1cb9664c5f8636329436d/library/std/src/sys_common/backtrace.rs:34:9
[INFO] [stdout]    8:     0x559340e3175e - std::panicking::default_hook::{{closure}}::h04c07acfc84ca028
[INFO] [stdout]                                at /rustc/1b7dd2252b99671ce5d1cb9664c5f8636329436d/library/std/src/panicking.rs:269:22
[INFO] [stdout]    9:     0x559340e31491 - std::panicking::default_hook::h01f6bb23e1eceb2c
[INFO] [stdout]                                at /rustc/1b7dd2252b99671ce5d1cb9664c5f8636329436d/library/std/src/panicking.rs:285:9
[INFO] [stdout]   10:     0x559340b0516b - <alloc::boxed::Box<F,A> as core::ops::function::Fn<Args>>::call::h87fe9f7b2fd49e4c
[INFO] [stdout]                                at /rustc/1b7dd2252b99671ce5d1cb9664c5f8636329436d/library/alloc/src/boxed.rs:1987:9
[INFO] [stdout]   11:     0x559340b0516b - test::test_main::{{closure}}::he94d679243a7531b
[INFO] [stdout]                                at /rustc/1b7dd2252b99671ce5d1cb9664c5f8636329436d/library/test/src/lib.rs:134:21
[INFO] [stdout]   12:     0x559340e31e44 - <alloc::boxed::Box<F,A> as core::ops::function::Fn<Args>>::call::h3f2d6d8b14c4769f
[INFO] [stdout]                                at /rustc/1b7dd2252b99671ce5d1cb9664c5f8636329436d/library/alloc/src/boxed.rs:1987:9
[INFO] [stdout]   13:     0x559340e31e44 - std::panicking::rust_panic_with_hook::h2bb3722bbaf2f6df
[INFO] [stdout]                                at /rustc/1b7dd2252b99671ce5d1cb9664c5f8636329436d/library/std/src/panicking.rs:695:13
[INFO] [stdout]   14:     0x559340e31bb9 - std::panicking::begin_panic_handler::{{closure}}::h91bc7f36a4be011b
[INFO] [stdout]                                at /rustc/1b7dd2252b99671ce5d1cb9664c5f8636329436d/library/std/src/panicking.rs:582:13
[INFO] [stdout]   15:     0x559340e30146 - std::sys_common::backtrace::__rust_end_short_backtrace::h8b3d3717114f9e59
[INFO] [stdout]                                at /rustc/1b7dd2252b99671ce5d1cb9664c5f8636329436d/library/std/src/sys_common/backtrace.rs:150:18
[INFO] [stdout]   16:     0x559340e31912 - rust_begin_unwind
[INFO] [stdout]                                at /rustc/1b7dd2252b99671ce5d1cb9664c5f8636329436d/library/std/src/panicking.rs:578:5
[INFO] [stdout]   17:     0x5593409d3a83 - core::panicking::panic_fmt::hfd368e3fbdabea26
[INFO] [stdout]                                at /rustc/1b7dd2252b99671ce5d1cb9664c5f8636329436d/library/core/src/panicking.rs:67:14
[INFO] [stdout]   18:     0x5593409d4023 - core::result::unwrap_failed::he54eb4b2f125b26f
[INFO] [stdout]                                at /rustc/1b7dd2252b99671ce5d1cb9664c5f8636329436d/library/core/src/result.rs:1687:5
[INFO] [stdout]   19:     0x559340a38902 - core::result::Result<T,E>::unwrap::h82c9e5bf3e3c2052
[INFO] [stdout]                                at /rustc/1b7dd2252b99671ce5d1cb9664c5f8636329436d/library/core/src/result.rs:1089:23
[INFO] [stdout]   20:     0x559340a5abac - integ::verify_cksums::{{closure}}::h1ecaf65ce94ce736
[INFO] [stdout]                                at /opt/rustwide/workdir/tests/integ.rs:90:21
[INFO] [stdout]   21:     0x559340a43fe2 - core::iter::adapters::map::map_fold::{{closure}}::h500580c971d8eaa6
[INFO] [stdout]                                at /rustc/1b7dd2252b99671ce5d1cb9664c5f8636329436d/library/core/src/iter/adapters/map.rs:84:28
[INFO] [stdout]   22:     0x559340a441e5 - core::iter::adapters::map::map_fold::{{closure}}::he456618fc6dca21e
[INFO] [stdout]                                at /rustc/1b7dd2252b99671ce5d1cb9664c5f8636329436d/library/core/src/iter/adapters/map.rs:84:21
[INFO] [stdout]   23:     0x559340a8b840 - core::iter::traits::iterator::Iterator::fold::hfadd784c8389ecf6
[INFO] [stdout]                                at /rustc/1b7dd2252b99671ce5d1cb9664c5f8636329436d/library/core/src/iter/traits/iterator.rs:2482:21
[INFO] [stdout]   24:     0x559340a40e82 - <core::iter::adapters::map::Map<I,F> as core::iter::traits::iterator::Iterator>::fold::h91e68ee98492b2ec
[INFO] [stdout]                                at /rustc/1b7dd2252b99671ce5d1cb9664c5f8636329436d/library/core/src/iter/adapters/map.rs:124:9
[INFO] [stdout]   25:     0x559340a40de2 - <core::iter::adapters::map::Map<I,F> as core::iter::traits::iterator::Iterator>::fold::h6f97ac8e500bd796
[INFO] [stdout]                                at /rustc/1b7dd2252b99671ce5d1cb9664c5f8636329436d/library/core/src/iter/adapters/map.rs:124:9
[INFO] [stdout]   26:     0x559340a40f22 - <core::iter::adapters::map::Map<I,F> as core::iter::traits::iterator::Iterator>::fold::hc102a90afb8fd8f2
[INFO] [stdout]                                at /rustc/1b7dd2252b99671ce5d1cb9664c5f8636329436d/library/core/src/iter/adapters/map.rs:124:9
[INFO] [stdout]   27:     0x559340a43676 - core::iter::traits::iterator::Iterator::for_each::h24d70545e9a41a79
[INFO] [stdout]                                at /rustc/1b7dd2252b99671ce5d1cb9664c5f8636329436d/library/core/src/iter/traits/iterator.rs:857:9
[INFO] [stdout]   28:     0x559340a847de - alloc::vec::Vec<T,A>::extend_trusted::h4c20bb4a289530f5
[INFO] [stdout]                                at /rustc/1b7dd2252b99671ce5d1cb9664c5f8636329436d/library/alloc/src/vec/mod.rs:2844:17
[INFO] [stdout]   29:     0x559340a88ec7 - <alloc::vec::Vec<T,A> as alloc::vec::spec_extend::SpecExtend<T,I>>::spec_extend::h2e327cb471bec717
[INFO] [stdout]                                at /rustc/1b7dd2252b99671ce5d1cb9664c5f8636329436d/library/alloc/src/vec/spec_extend.rs:26:9
[INFO] [stdout]   30:     0x559340a7ff29 - <alloc::vec::Vec<T> as alloc::vec::spec_from_iter_nested::SpecFromIterNested<T,I>>::from_iter::ha30eb23491361349
[INFO] [stdout]                                at /rustc/1b7dd2252b99671ce5d1cb9664c5f8636329436d/library/alloc/src/vec/spec_from_iter_nested.rs:62:9
[INFO] [stdout]   31:     0x559340a88fca - <alloc::vec::Vec<T> as alloc::vec::spec_from_iter::SpecFromIter<T,I>>::from_iter::h4324becb6d28a576
[INFO] [stdout]                                at /rustc/1b7dd2252b99671ce5d1cb9664c5f8636329436d/library/alloc/src/vec/spec_from_iter.rs:33:9
[INFO] [stdout]   32:     0x559340a88d04 - <alloc::vec::Vec<T> as core::iter::traits::collect::FromIterator<T>>::from_iter::h5733c0e9baa0b7dd
[INFO] [stdout]                                at /rustc/1b7dd2252b99671ce5d1cb9664c5f8636329436d/library/alloc/src/vec/mod.rs:2712:9
[INFO] [stdout]   33:     0x559340a435da - core::iter::traits::iterator::Iterator::collect::h1adbe5bd115570f0
[INFO] [stdout]                                at /rustc/1b7dd2252b99671ce5d1cb9664c5f8636329436d/library/core/src/iter/traits/iterator.rs:1896:9
[INFO] [stdout]   34:     0x559340a5a89d - integ::verify_cksums::h63613ebc12692c00
[INFO] [stdout]                                at /opt/rustwide/workdir/tests/integ.rs:88:26
[INFO] [stdout]   35:     0x559340a5d053 - integ::test_static::{{closure}}::h4fe1707f6eae2140
[INFO] [stdout]                                at /opt/rustwide/workdir/tests/integ.rs:154:5
[INFO] [stdout]   36:     0x559340a500ba - <core::pin::Pin<P> as core::future::future::Future>::poll::hd3c5a51b6915a149
[INFO] [stdout]                                at /rustc/1b7dd2252b99671ce5d1cb9664c5f8636329436d/library/core/src/future/future.rs:125:9
[INFO] [stdout]   37:     0x559340a4f363 - tokio::runtime::basic_scheduler::CoreGuard::block_on::{{closure}}::{{closure}}::{{closure}}::hfd25cbfab787c973
[INFO] [stdout]                                at /opt/rustwide/cargo-home/registry/src/index.crates.io-6f17d22bba15001f/tokio-1.18.2/src/runtime/basic_scheduler.rs:507:48
[INFO] [stdout]   38:     0x559340a1072a - tokio::coop::with_budget::{{closure}}::hc9aa0885f9756625
[INFO] [stdout]                                at /opt/rustwide/cargo-home/registry/src/index.crates.io-6f17d22bba15001f/tokio-1.18.2/src/coop.rs:102:9
[INFO] [stdout]   39:     0x559340aa246c - std::thread::local::LocalKey<T>::try_with::hdbea38bc822f43ce
[INFO] [stdout]                                at /rustc/1b7dd2252b99671ce5d1cb9664c5f8636329436d/library/std/src/thread/local.rs:252:16
[INFO] [stdout]   40:     0x559340aa078c - std::thread::local::LocalKey<T>::with::h5d4753c09c7b8f0d
[INFO] [stdout]                                at /rustc/1b7dd2252b99671ce5d1cb9664c5f8636329436d/library/std/src/thread/local.rs:228:9
[INFO] [stdout]   41:     0x559340a4f1fe - tokio::coop::with_budget::h68a3be44bdb99823
[INFO] [stdout]                                at /opt/rustwide/cargo-home/registry/src/index.crates.io-6f17d22bba15001f/tokio-1.18.2/src/coop.rs:95:5
[INFO] [stdout]   42:     0x559340a4f1fe - tokio::coop::budget::haadd115972442d94
[INFO] [stdout]                                at /opt/rustwide/cargo-home/registry/src/index.crates.io-6f17d22bba15001f/tokio-1.18.2/src/coop.rs:72:5
[INFO] [stdout]   43:     0x559340a4f1fe - tokio::runtime::basic_scheduler::CoreGuard::block_on::{{closure}}::{{closure}}::hd3099f233d371ccb
[INFO] [stdout]                                at /opt/rustwide/cargo-home/registry/src/index.crates.io-6f17d22bba15001f/tokio-1.18.2/src/runtime/basic_scheduler.rs:507:25
[INFO] [stdout]   44:     0x559340a4ade7 - tokio::runtime::basic_scheduler::Context::enter::hed4ecbbdd6126014
[INFO] [stdout]                                at /opt/rustwide/cargo-home/registry/src/index.crates.io-6f17d22bba15001f/tokio-1.18.2/src/runtime/basic_scheduler.rs:361:19
[INFO] [stdout]   45:     0x559340a4d34f - tokio::runtime::basic_scheduler::CoreGuard::block_on::{{closure}}::h4d378857bc4e9a8c
[INFO] [stdout]                                at /opt/rustwide/cargo-home/registry/src/index.crates.io-6f17d22bba15001f/tokio-1.18.2/src/runtime/basic_scheduler.rs:506:36
[INFO] [stdout]   46:     0x559340a4cfc2 - tokio::runtime::basic_scheduler::CoreGuard::enter::{{closure}}::h89bab2cdcf5fea20
[INFO] [stdout]                                at /opt/rustwide/cargo-home/registry/src/index.crates.io-6f17d22bba15001f/tokio-1.18.2/src/runtime/basic_scheduler.rs:564:57
[INFO] [stdout]   47:     0x559340a99c1c - tokio::macros::scoped_tls::ScopedKey<T>::set::h13158c9ffcd56880
[INFO] [stdout]                                at /opt/rustwide/cargo-home/registry/src/index.crates.io-6f17d22bba15001f/tokio-1.18.2/src/macros/scoped_tls.rs:61:9
[INFO] [stdout]   48:     0x559340a4cccd - tokio::runtime::basic_scheduler::CoreGuard::enter::hf764c3a5d97a1c47
[INFO] [stdout]                                at /opt/rustwide/cargo-home/registry/src/index.crates.io-6f17d22bba15001f/tokio-1.18.2/src/runtime/basic_scheduler.rs:564:27
[INFO] [stdout]   49:     0x559340a4d04f - tokio::runtime::basic_scheduler::CoreGuard::block_on::hfb71bd05fddfa281
[INFO] [stdout]                                at /opt/rustwide/cargo-home/registry/src/index.crates.io-6f17d22bba15001f/tokio-1.18.2/src/runtime/basic_scheduler.rs:497:9
[INFO] [stdout]   50:     0x559340a492a8 - tokio::runtime::basic_scheduler::BasicScheduler::block_on::h811693e5df6c7edf
[INFO] [stdout]                                at /opt/rustwide/cargo-home/registry/src/index.crates.io-6f17d22bba15001f/tokio-1.18.2/src/runtime/basic_scheduler.rs:173:24
[INFO] [stdout]   51:     0x559340aa72c8 - tokio::runtime::Runtime::block_on::h6fef47f9affb9c01
[INFO] [stdout]                                at /opt/rustwide/cargo-home/registry/src/index.crates.io-6f17d22bba15001f/tokio-1.18.2/src/runtime/mod.rs:475:46
[INFO] [stdout]   52:     0x559340a5af25 - integ::test_static::hef4a213365ad6c7b
[INFO] [stdout]                                at /opt/rustwide/workdir/tests/integ.rs:159:5
[INFO] [stdout]   53:     0x559340a5adbc - integ::test_static::{{closure}}::h68dc5a85c2ff94c6
[INFO] [stdout]                                at /opt/rustwide/workdir/tests/integ.rs:100:27
[INFO] [stdout]   54:     0x5593409d4a75 - core::ops::function::FnOnce::call_once::h5cac2dfa4ca16d27
[INFO] [stdout]                                at /rustc/1b7dd2252b99671ce5d1cb9664c5f8636329436d/library/core/src/ops/function.rs:250:5
[INFO] [stderr] error: test failed, to rerun pass `--test integ`
[INFO] [stdout]   55:     0x559340b0a03f - core::ops::function::FnOnce::call_once::ha6a70e79f7481a7e
[INFO] [stdout]                                at /rustc/1b7dd2252b99671ce5d1cb9664c5f8636329436d/library/core/src/ops/function.rs:250:5
[INFO] [stdout]   56:     0x559340b0a03f - test::__rust_begin_short_backtrace::hce33033019b61e69
[INFO] [stdout]                                at /rustc/1b7dd2252b99671ce5d1cb9664c5f8636329436d/library/test/src/lib.rs:655:18
[INFO] [stdout]   57:     0x559340ad782c - test::run_test::{{closure}}::h858d3528838ae3e5
[INFO] [stdout]                                at /rustc/1b7dd2252b99671ce5d1cb9664c5f8636329436d/library/test/src/lib.rs:646:30
[INFO] [stdout]   58:     0x559340ad782c - core::ops::function::FnOnce::call_once{{vtable.shim}}::he8ac2b00f01ae79e
[INFO] [stdout]                                at /rustc/1b7dd2252b99671ce5d1cb9664c5f8636329436d/library/core/src/ops/function.rs:250:5
[INFO] [stdout]   59:     0x559340b09116 - <alloc::boxed::Box<F,A> as core::ops::function::FnOnce<Args>>::call_once::h8093d25b522725ef
[INFO] [stdout]                                at /rustc/1b7dd2252b99671ce5d1cb9664c5f8636329436d/library/alloc/src/boxed.rs:1973:9
[INFO] [stdout]   60:     0x559340b09116 - <core::panic::unwind_safe::AssertUnwindSafe<F> as core::ops::function::FnOnce<()>>::call_once::h5c334c204e4a3913
[INFO] [stdout]                                at /rustc/1b7dd2252b99671ce5d1cb9664c5f8636329436d/library/core/src/panic/unwind_safe.rs:271:9
[INFO] [stdout]   61:     0x559340b09116 - std::panicking::try::do_call::ha8b740c7b9478074
[INFO] [stdout]                                at /rustc/1b7dd2252b99671ce5d1cb9664c5f8636329436d/library/std/src/panicking.rs:485:40
[INFO] [stdout]   62:     0x559340b09116 - std::panicking::try::h5d34f63d0e41b64e
[INFO] [stdout]                                at /rustc/1b7dd2252b99671ce5d1cb9664c5f8636329436d/library/std/src/panicking.rs:449:19
[INFO] [stdout]   63:     0x559340b09116 - std::panic::catch_unwind::hcfbb511e1aa7fc67
[INFO] [stdout]                                at /rustc/1b7dd2252b99671ce5d1cb9664c5f8636329436d/library/std/src/panic.rs:140:14
[INFO] [stdout]   64:     0x559340b09116 - test::run_test_in_process::h9abda90f802eaf21
[INFO] [stdout]                                at /rustc/1b7dd2252b99671ce5d1cb9664c5f8636329436d/library/test/src/lib.rs:678:27
[INFO] [stdout]   65:     0x559340b09116 - test::run_test::run_test_inner::{{closure}}::h0f058de91f6c6edf
[INFO] [stdout]                                at /rustc/1b7dd2252b99671ce5d1cb9664c5f8636329436d/library/test/src/lib.rs:572:39
[INFO] [stdout]   66:     0x559340ad2035 - test::run_test::run_test_inner::{{closure}}::h5ca48a4c59c6c1fb
[INFO] [stdout]                                at /rustc/1b7dd2252b99671ce5d1cb9664c5f8636329436d/library/test/src/lib.rs:599:37
[INFO] [stdout]   67:     0x559340ad2035 - std::sys_common::backtrace::__rust_begin_short_backtrace::h32bd51e1495d4a33
[INFO] [stdout]                                at /rustc/1b7dd2252b99671ce5d1cb9664c5f8636329436d/library/std/src/sys_common/backtrace.rs:134:18
[INFO] [stdout]   68:     0x559340ad7571 - std::thread::Builder::spawn_unchecked_::{{closure}}::{{closure}}::hc086fae9b128b2db
[INFO] [stdout]                                at /rustc/1b7dd2252b99671ce5d1cb9664c5f8636329436d/library/std/src/thread/mod.rs:526:17
[INFO] [stdout]   69:     0x559340ad7571 - <core::panic::unwind_safe::AssertUnwindSafe<F> as core::ops::function::FnOnce<()>>::call_once::hb66571888d270d43
[INFO] [stdout]                                at /rustc/1b7dd2252b99671ce5d1cb9664c5f8636329436d/library/core/src/panic/unwind_safe.rs:271:9
[INFO] [stdout]   70:     0x559340ad7571 - std::panicking::try::do_call::h4fa2ef4f6e51fecf
[INFO] [stdout]                                at /rustc/1b7dd2252b99671ce5d1cb9664c5f8636329436d/library/std/src/panicking.rs:485:40
[INFO] [stdout]   71:     0x559340ad7571 - std::panicking::try::h1e9e22b8584489b5
[INFO] [stdout]                                at /rustc/1b7dd2252b99671ce5d1cb9664c5f8636329436d/library/std/src/panicking.rs:449:19
[INFO] [stdout]   72:     0x559340ad7571 - std::panic::catch_unwind::h44698a3de0e0769e
[INFO] [stdout]                                at /rustc/1b7dd2252b99671ce5d1cb9664c5f8636329436d/library/std/src/panic.rs:140:14
[INFO] [stdout]   73:     0x559340ad7571 - std::thread::Builder::spawn_unchecked_::{{closure}}::h50153abde3fe239e
[INFO] [stdout]                                at /rustc/1b7dd2252b99671ce5d1cb9664c5f8636329436d/library/std/src/thread/mod.rs:525:30
[INFO] [stdout]   74:     0x559340ad7571 - core::ops::function::FnOnce::call_once{{vtable.shim}}::hbe5bbf6f38394364
[INFO] [stdout]                                at /rustc/1b7dd2252b99671ce5d1cb9664c5f8636329436d/library/core/src/ops/function.rs:250:5
[INFO] [stdout]   75:     0x559340e37075 - <alloc::boxed::Box<F,A> as core::ops::function::FnOnce<Args>>::call_once::h0d83cb2920a49046
[INFO] [stdout]                                at /rustc/1b7dd2252b99671ce5d1cb9664c5f8636329436d/library/alloc/src/boxed.rs:1973:9
[INFO] [stdout]   76:     0x559340e37075 - <alloc::boxed::Box<F,A> as core::ops::function::FnOnce<Args>>::call_once::hbe0a008aa7d9ef59
[INFO] [stdout]                                at /rustc/1b7dd2252b99671ce5d1cb9664c5f8636329436d/library/alloc/src/boxed.rs:1973:9
[INFO] [stdout]   77:     0x559340e37075 - std::sys::unix::thread::Thread::new::thread_start::h3a466996bdf6b1f9
[INFO] [stdout]                                at /rustc/1b7dd2252b99671ce5d1cb9664c5f8636329436d/library/std/src/sys/unix/thread.rs:108:17
[INFO] [stdout]   78:     0x7fe59d67ab43 - <unknown>
[INFO] [stdout]   79:     0x7fe59d70bbb4 - __clone
[INFO] [stdout]   80:                0x0 - <unknown>
[INFO] [stdout] 
[INFO] [stdout] ---- test_parallel stdout ----
[INFO] [stdout] thread 'test_parallel' panicked at 'called `Result::unwrap()` on an `Err` value: Os { code: 2, kind: NotFound, message: "No such file or directory" }', tests/integ.rs:90:46
[INFO] [stdout] stack backtrace:
[INFO] [stdout]    0:     0x559340e2fcda - std::backtrace_rs::backtrace::libunwind::trace::h2f05d0192276a8f6
[INFO] [stdout]                                at /rustc/1b7dd2252b99671ce5d1cb9664c5f8636329436d/library/std/src/../../backtrace/src/backtrace/libunwind.rs:93:5
[INFO] [stdout]    1:     0x559340e2fcda - std::backtrace_rs::backtrace::trace_unsynchronized::hedc23dff7a1af150
[INFO] [stdout]                                at /rustc/1b7dd2252b99671ce5d1cb9664c5f8636329436d/library/std/src/../../backtrace/src/backtrace/mod.rs:66:5
[INFO] [stdout]    2:     0x559340e2fcda - std::sys_common::backtrace::_print_fmt::h17541ef7592f3ce2
[INFO] [stdout]                                at /rustc/1b7dd2252b99671ce5d1cb9664c5f8636329436d/library/std/src/sys_common/backtrace.rs:65:5
[INFO] [stdout]    3:     0x559340e2fcda - <std::sys_common::backtrace::_print::DisplayBacktrace as core::fmt::Display>::fmt::h20f75df5ab0c0792
[INFO] [stdout]                                at /rustc/1b7dd2252b99671ce5d1cb9664c5f8636329436d/library/std/src/sys_common/backtrace.rs:44:22
[INFO] [stdout]    4:     0x559340e57f9f - core::fmt::write::h78109e6f466b3af6
[INFO] [stdout]                                at /rustc/1b7dd2252b99671ce5d1cb9664c5f8636329436d/library/core/src/fmt/mod.rs:1254:17
[INFO] [stdout]    5:     0x559340e2c6d5 - std::io::Write::write_fmt::hd24bfb68a1b35a25
[INFO] [stdout]                                at /rustc/1b7dd2252b99671ce5d1cb9664c5f8636329436d/library/std/src/io/mod.rs:1698:15
[INFO] [stdout]    6:     0x559340e2faa5 - std::sys_common::backtrace::_print::h8dac57a9f8fbf9a5
[INFO] [stdout]                                at /rustc/1b7dd2252b99671ce5d1cb9664c5f8636329436d/library/std/src/sys_common/backtrace.rs:47:5
[INFO] [stdout]    7:     0x559340e2faa5 - std::sys_common::backtrace::print::hf9ecbf41d1aa712f
[INFO] [stdout]                                at /rustc/1b7dd2252b99671ce5d1cb9664c5f8636329436d/library/std/src/sys_common/backtrace.rs:34:9
[INFO] [stdout]    8:     0x559340e3175e - std::panicking::default_hook::{{closure}}::h04c07acfc84ca028
[INFO] [stdout]                                at /rustc/1b7dd2252b99671ce5d1cb9664c5f8636329436d/library/std/src/panicking.rs:269:22
[INFO] [stdout]    9:     0x559340e31491 - std::panicking::default_hook::h01f6bb23e1eceb2c
[INFO] [stdout]                                at /rustc/1b7dd2252b99671ce5d1cb9664c5f8636329436d/library/std/src/panicking.rs:285:9
[INFO] [stdout]   10:     0x559340b0516b - <alloc::boxed::Box<F,A> as core::ops::function::Fn<Args>>::call::h87fe9f7b2fd49e4c
[INFO] [stdout]                                at /rustc/1b7dd2252b99671ce5d1cb9664c5f8636329436d/library/alloc/src/boxed.rs:1987:9
[INFO] [stdout]   11:     0x559340b0516b - test::test_main::{{closure}}::he94d679243a7531b
[INFO] [stdout]                                at /rustc/1b7dd2252b99671ce5d1cb9664c5f8636329436d/library/test/src/lib.rs:134:21
[INFO] [stdout]   12:     0x559340e31e44 - <alloc::boxed::Box<F,A> as core::ops::function::Fn<Args>>::call::h3f2d6d8b14c4769f
[INFO] [stdout]                                at /rustc/1b7dd2252b99671ce5d1cb9664c5f8636329436d/library/alloc/src/boxed.rs:1987:9
[INFO] [stdout]   13:     0x559340e31e44 - std::panicking::rust_panic_with_hook::h2bb3722bbaf2f6df
[INFO] [stdout]                                at /rustc/1b7dd2252b99671ce5d1cb9664c5f8636329436d/library/std/src/panicking.rs:695:13
[INFO] [stdout]   14:     0x559340e31bb9 - std::panicking::begin_panic_handler::{{closure}}::h91bc7f36a4be011b
[INFO] [stdout]                                at /rustc/1b7dd2252b99671ce5d1cb9664c5f8636329436d/library/std/src/panicking.rs:582:13
[INFO] [stdout]   15:     0x559340e30146 - std::sys_common::backtrace::__rust_end_short_backtrace::h8b3d3717114f9e59
[INFO] [stdout]                                at /rustc/1b7dd2252b99671ce5d1cb9664c5f8636329436d/library/std/src/sys_common/backtrace.rs:150:18
[INFO] [stdout]   16:     0x559340e31912 - rust_begin_unwind
[INFO] [stdout]                                at /rustc/1b7dd2252b99671ce5d1cb9664c5f8636329436d/library/std/src/panicking.rs:578:5
[INFO] [stdout]   17:     0x5593409d3a83 - core::panicking::panic_fmt::hfd368e3fbdabea26
[INFO] [stdout]                                at /rustc/1b7dd2252b99671ce5d1cb9664c5f8636329436d/library/core/src/panicking.rs:67:14
[INFO] [stdout]   18:     0x5593409d4023 - core::result::unwrap_failed::he54eb4b2f125b26f
[INFO] [stdout]                                at /rustc/1b7dd2252b99671ce5d1cb9664c5f8636329436d/library/core/src/result.rs:1687:5
[INFO] [stdout]   19:     0x559340a38902 - core::result::Result<T,E>::unwrap::h82c9e5bf3e3c2052
[INFO] [stdout]                                at /rustc/1b7dd2252b99671ce5d1cb9664c5f8636329436d/library/core/src/result.rs:1089:23
[INFO] [stdout]   20:     0x559340a5abac - integ::verify_cksums::{{closure}}::h1ecaf65ce94ce736
[INFO] [stdout]                                at /opt/rustwide/workdir/tests/integ.rs:90:21
[INFO] [stdout]   21:     0x559340a43fe2 - core::iter::adapters::map::map_fold::{{closure}}::h500580c971d8eaa6
[INFO] [stdout]                                at /rustc/1b7dd2252b99671ce5d1cb9664c5f8636329436d/library/core/src/iter/adapters/map.rs:84:28
[INFO] [stdout]   22:     0x559340a441e5 - core::iter::adapters::map::map_fold::{{closure}}::he456618fc6dca21e
[INFO] [stdout]                                at /rustc/1b7dd2252b99671ce5d1cb9664c5f8636329436d/library/core/src/iter/adapters/map.rs:84:21
[INFO] [stdout]   23:     0x559340a8b840 - core::iter::traits::iterator::Iterator::fold::hfadd784c8389ecf6
[INFO] [stdout]                                at /rustc/1b7dd2252b99671ce5d1cb9664c5f8636329436d/library/core/src/iter/traits/iterator.rs:2482:21
[INFO] [stdout]   24:     0x559340a40e82 - <core::iter::adapters::map::Map<I,F> as core::iter::traits::iterator::Iterator>::fold::h91e68ee98492b2ec
[INFO] [stdout]                                at /rustc/1b7dd2252b99671ce5d1cb9664c5f8636329436d/library/core/src/iter/adapters/map.rs:124:9
[INFO] [stdout]   25:     0x559340a40de2 - <core::iter::adapters::map::Map<I,F> as core::iter::traits::iterator::Iterator>::fold::h6f97ac8e500bd796
[INFO] [stdout]                                at /rustc/1b7dd2252b99671ce5d1cb9664c5f8636329436d/library/core/src/iter/adapters/map.rs:124:9
[INFO] [stdout]   26:     0x559340a40f22 - <core::iter::adapters::map::Map<I,F> as core::iter::traits::iterator::Iterator>::fold::hc102a90afb8fd8f2
[INFO] [stdout]                                at /rustc/1b7dd2252b99671ce5d1cb9664c5f8636329436d/library/core/src/iter/adapters/map.rs:124:9
[INFO] [stdout]   27:     0x559340a43676 - core::iter::traits::iterator::Iterator::for_each::h24d70545e9a41a79
[INFO] [stdout]                                at /rustc/1b7dd2252b99671ce5d1cb9664c5f8636329436d/library/core/src/iter/traits/iterator.rs:857:9
[INFO] [stdout]   28:     0x559340a847de - alloc::vec::Vec<T,A>::extend_trusted::h4c20bb4a289530f5
[INFO] [stdout]                                at /rustc/1b7dd2252b99671ce5d1cb9664c5f8636329436d/library/alloc/src/vec/mod.rs:2844:17
[INFO] [stdout]   29:     0x559340a88ec7 - <alloc::vec::Vec<T,A> as alloc::vec::spec_extend::SpecExtend<T,I>>::spec_extend::h2e327cb471bec717
[INFO] [stdout]                                at /rustc/1b7dd2252b99671ce5d1cb9664c5f8636329436d/library/alloc/src/vec/spec_extend.rs:26:9
[INFO] [stdout]   30:     0x559340a7ff29 - <alloc::vec::Vec<T> as alloc::vec::spec_from_iter_nested::SpecFromIterNested<T,I>>::from_iter::ha30eb23491361349
[INFO] [stdout]                                at /rustc/1b7dd2252b99671ce5d1cb9664c5f8636329436d/library/alloc/src/vec/spec_from_iter_nested.rs:62:9
[INFO] [stdout]   31:     0x559340a88fca - <alloc::vec::Vec<T> as alloc::vec::spec_from_iter::SpecFromIter<T,I>>::from_iter::h4324becb6d28a576
[INFO] [stdout]                                at /rustc/1b7dd2252b99671ce5d1cb9664c5f8636329436d/library/alloc/src/vec/spec_from_iter.rs:33:9
[INFO] [stdout]   32:     0x559340a88d04 - <alloc::vec::Vec<T> as core::iter::traits::collect::FromIterator<T>>::from_iter::h5733c0e9baa0b7dd
[INFO] [stdout]                                at /rustc/1b7dd2252b99671ce5d1cb9664c5f8636329436d/library/alloc/src/vec/mod.rs:2712:9
[INFO] [stdout]   33:     0x559340a435da - core::iter::traits::iterator::Iterator::collect::h1adbe5bd115570f0
[INFO] [stdout]                                at /rustc/1b7dd2252b99671ce5d1cb9664c5f8636329436d/library/core/src/iter/traits/iterator.rs:1896:9
[INFO] [stdout]   34:     0x559340a5a89d - integ::verify_cksums::h63613ebc12692c00
[INFO] [stdout]                                at /opt/rustwide/workdir/tests/integ.rs:88:26
[INFO] [stdout]   35:     0x559340a64bae - integ::test_parallel::{{closure}}::h8d980ed262506dbf
[INFO] [stdout]                                at /opt/rustwide/workdir/tests/integ.rs:301:5
[INFO] [stdout]   36:     0x559340a4ff9a - <core::pin::Pin<P> as core::future::future::Future>::poll::h209b44fd69ce5422
[INFO] [stdout]                                at /rustc/1b7dd2252b99671ce5d1cb9664c5f8636329436d/library/core/src/future/future.rs:125:9
[INFO] [stdout]   37:     0x559340a4f313 - tokio::runtime::basic_scheduler::CoreGuard::block_on::{{closure}}::{{closure}}::{{closure}}::hced5afae1c8616c3
[INFO] [stdout]                                at /opt/rustwide/cargo-home/registry/src/index.crates.io-6f17d22bba15001f/tokio-1.18.2/src/runtime/basic_scheduler.rs:507:48
[INFO] [stdout]   38:     0x559340a109aa - tokio::coop::with_budget::{{closure}}::hdb24e70fd4315842
[INFO] [stdout]                                at /opt/rustwide/cargo-home/registry/src/index.crates.io-6f17d22bba15001f/tokio-1.18.2/src/coop.rs:102:9
[INFO] [stdout]   39:     0x559340aa138c - std::thread::local::LocalKey<T>::try_with::h639d953a62998dfe
[INFO] [stdout]                                at /rustc/1b7dd2252b99671ce5d1cb9664c5f8636329436d/library/std/src/thread/local.rs:252:16
[INFO] [stdout]   40:     0x559340aa09bc - std::thread::local::LocalKey<T>::with::hb189e41dede030fb
[INFO] [stdout]                                at /rustc/1b7dd2252b99671ce5d1cb9664c5f8636329436d/library/std/src/thread/local.rs:228:9
[INFO] [stdout]   41:     0x559340a4ef5e - tokio::coop::with_budget::he0ef38a05d292aea
[INFO] [stdout]                                at /opt/rustwide/cargo-home/registry/src/index.crates.io-6f17d22bba15001f/tokio-1.18.2/src/coop.rs:95:5
[INFO] [stdout]   42:     0x559340a4ef5e - tokio::coop::budget::hf77e34a0a516a973
[INFO] [stdout]                                at /opt/rustwide/cargo-home/registry/src/index.crates.io-6f17d22bba15001f/tokio-1.18.2/src/coop.rs:72:5
[INFO] [stdout]   43:     0x559340a4ef5e - tokio::runtime::basic_scheduler::CoreGuard::block_on::{{closure}}::{{closure}}::h7b31968865df555b
[INFO] [stdout]                                at /opt/rustwide/cargo-home/registry/src/index.crates.io-6f17d22bba15001f/tokio-1.18.2/src/runtime/basic_scheduler.rs:507:25
[INFO] [stdout]   44:     0x559340a4b167 - tokio::runtime::basic_scheduler::Context::enter::hf28bd85f5886e6da
[INFO] [stdout]                                at /opt/rustwide/cargo-home/registry/src/index.crates.io-6f17d22bba15001f/tokio-1.18.2/src/runtime/basic_scheduler.rs:361:19
[INFO] [stdout]   45:     0x559340a4dcbf - tokio::runtime::basic_scheduler::CoreGuard::block_on::{{closure}}::he0f7d7a8d2c870b1
[INFO] [stdout]                                at /opt/rustwide/cargo-home/registry/src/index.crates.io-6f17d22bba15001f/tokio-1.18.2/src/runtime/basic_scheduler.rs:506:36
[INFO] [stdout]   46:     0x559340a4cf82 - tokio::runtime::basic_scheduler::CoreGuard::enter::{{closure}}::h7702d891cb5b56ae
[INFO] [stdout]                                at /opt/rustwide/cargo-home/registry/src/index.crates.io-6f17d22bba15001f/tokio-1.18.2/src/runtime/basic_scheduler.rs:564:57
[INFO] [stdout]   47:     0x559340a99d4c - tokio::macros::scoped_tls::ScopedKey<T>::set::h7c902b9f99506736
[INFO] [stdout]                                at /opt/rustwide/cargo-home/registry/src/index.crates.io-6f17d22bba15001f/tokio-1.18.2/src/macros/scoped_tls.rs:61:9
[INFO] [stdout]   48:     0x559340a4c8bd - tokio::runtime::basic_scheduler::CoreGuard::enter::hdda2febd4b58fc9a
[INFO] [stdout]                                at /opt/rustwide/cargo-home/registry/src/index.crates.io-6f17d22bba15001f/tokio-1.18.2/src/runtime/basic_scheduler.rs:564:27
[INFO] [stdout]   49:     0x559340a4d01f - tokio::runtime::basic_scheduler::CoreGuard::block_on::hfb138021fcd6238f
[INFO] [stdout]                                at /opt/rustwide/cargo-home/registry/src/index.crates.io-6f17d22bba15001f/tokio-1.18.2/src/runtime/basic_scheduler.rs:497:9
[INFO] [stdout]   50:     0x559340a48da7 - tokio::runtime::basic_scheduler::BasicScheduler::block_on::h1bfae795f5132771
[INFO] [stdout]                                at /opt/rustwide/cargo-home/registry/src/index.crates.io-6f17d22bba15001f/tokio-1.18.2/src/runtime/basic_scheduler.rs:173:24
[INFO] [stdout]   51:     0x559340aa6f37 - tokio::runtime::Runtime::block_on::h3612c0331052c4ac
[INFO] [stdout]                                at /opt/rustwide/cargo-home/registry/src/index.crates.io-6f17d22bba15001f/tokio-1.18.2/src/runtime/mod.rs:475:46
[INFO] [stdout]   52:     0x559340a62324 - integ::test_parallel::h74651e668e276581
[INFO] [stdout]                                at /opt/rustwide/workdir/tests/integ.rs:309:5
[INFO] [stdout]   53:     0x559340a621ac - integ::test_parallel::{{closure}}::h51c890d83b437a94
[INFO] [stdout]                                at /opt/rustwide/workdir/tests/integ.rs:241:29
[INFO] [stdout]   54:     0x5593409d48b5 - core::ops::function::FnOnce::call_once::h493e01f287fd45d1
[INFO] [stdout]                                at /rustc/1b7dd2252b99671ce5d1cb9664c5f8636329436d/library/core/src/ops/function.rs:250:5
[INFO] [stdout]   55:     0x559340b0a03f - core::ops::function::FnOnce::call_once::ha6a70e79f7481a7e
[INFO] [stdout]                                at /rustc/1b7dd2252b99671ce5d1cb9664c5f8636329436d/library/core/src/ops/function.rs:250:5
[INFO] [stdout]   56:     0x559340b0a03f - test::__rust_begin_short_backtrace::hce33033019b61e69
[INFO] [stdout]                                at /rustc/1b7dd2252b99671ce5d1cb9664c5f8636329436d/library/test/src/lib.rs:655:18
[INFO] [stdout]   57:     0x559340ad782c - test::run_test::{{closure}}::h858d3528838ae3e5
[INFO] [stdout]                                at /rustc/1b7dd2252b99671ce5d1cb9664c5f8636329436d/library/test/src/lib.rs:646:30
[INFO] [stdout]   58:     0x559340ad782c - core::ops::function::FnOnce::call_once{{vtable.shim}}::he8ac2b00f01ae79e
[INFO] [stdout]                                at /rustc/1b7dd2252b99671ce5d1cb9664c5f8636329436d/library/core/src/ops/function.rs:250:5
[INFO] [stdout]   59:     0x559340b09116 - <alloc::boxed::Box<F,A> as core::ops::function::FnOnce<Args>>::call_once::h8093d25b522725ef
[INFO] [stdout]                                at /rustc/1b7dd2252b99671ce5d1cb9664c5f8636329436d/library/alloc/src/boxed.rs:1973:9
[INFO] [stdout]   60:     0x559340b09116 - <core::panic::unwind_safe::AssertUnwindSafe<F> as core::ops::function::FnOnce<()>>::call_once::h5c334c204e4a3913
[INFO] [stdout]                                at /rustc/1b7dd2252b99671ce5d1cb9664c5f8636329436d/library/core/src/panic/unwind_safe.rs:271:9
[INFO] [stdout]   61:     0x559340b09116 - std::panicking::try::do_call::ha8b740c7b9478074
[INFO] [stdout]                                at /rustc/1b7dd2252b99671ce5d1cb9664c5f8636329436d/library/std/src/panicking.rs:485:40
[INFO] [stdout]   62:     0x559340b09116 - std::panicking::try::h5d34f63d0e41b64e
[INFO] [stdout]                                at /rustc/1b7dd2252b99671ce5d1cb9664c5f8636329436d/library/std/src/panicking.rs:449:19
[INFO] [stdout]   63:     0x559340b09116 - std::panic::catch_unwind::hcfbb511e1aa7fc67
[INFO] [stdout]                                at /rustc/1b7dd2252b99671ce5d1cb9664c5f8636329436d/library/std/src/panic.rs:140:14
[INFO] [stdout]   64:     0x559340b09116 - test::run_test_in_process::h9abda90f802eaf21
[INFO] [stdout]                                at /rustc/1b7dd2252b99671ce5d1cb9664c5f8636329436d/library/test/src/lib.rs:678:27
[INFO] [stdout]   65:     0x559340b09116 - test::run_test::run_test_inner::{{closure}}::h0f058de91f6c6edf
[INFO] [stdout]                                at /rustc/1b7dd2252b99671ce5d1cb9664c5f8636329436d/library/test/src/lib.rs:572:39
[INFO] [stdout]   66:     0x559340ad2035 - test::run_test::run_test_inner::{{closure}}::h5ca48a4c59c6c1fb
[INFO] [stdout]                                at /rustc/1b7dd2252b99671ce5d1cb9664c5f8636329436d/library/test/src/lib.rs:599:37
[INFO] [stdout]   67:     0x559340ad2035 - std::sys_common::backtrace::__rust_begin_short_backtrace::h32bd51e1495d4a33
[INFO] [stdout]                                at /rustc/1b7dd2252b99671ce5d1cb9664c5f8636329436d/library/std/src/sys_common/backtrace.rs:134:18
[INFO] [stdout]   68:     0x559340ad7571 - std::thread::Builder::spawn_unchecked_::{{closure}}::{{closure}}::hc086fae9b128b2db
[INFO] [stdout]                                at /rustc/1b7dd2252b99671ce5d1cb9664c5f8636329436d/library/std/src/thread/mod.rs:526:17
[INFO] [stdout]   69:     0x559340ad7571 - <core::panic::unwind_safe::AssertUnwindSafe<F> as core::ops::function::FnOnce<()>>::call_once::hb66571888d270d43
[INFO] [stdout]                                at /rustc/1b7dd2252b99671ce5d1cb9664c5f8636329436d/library/core/src/panic/unwind_safe.rs:271:9
[INFO] [stdout]   70:     0x559340ad7571 - std::panicking::try::do_call::h4fa2ef4f6e51fecf
[INFO] [stdout]                                at /rustc/1b7dd2252b99671ce5d1cb9664c5f8636329436d/library/std/src/panicking.rs:485:40
[INFO] [stdout]   71:     0x559340ad7571 - std::panicking::try::h1e9e22b8584489b5
[INFO] [stdout]                                at /rustc/1b7dd2252b99671ce5d1cb9664c5f8636329436d/library/std/src/panicking.rs:449:19
[INFO] [stdout]   72:     0x559340ad7571 - std::panic::catch_unwind::h44698a3de0e0769e
[INFO] [stdout]                                at /rustc/1b7dd2252b99671ce5d1cb9664c5f8636329436d/library/std/src/panic.rs:140:14
[INFO] [stdout]   73:     0x559340ad7571 - std::thread::Builder::spawn_unchecked_::{{closure}}::h50153abde3fe239e
[INFO] [stdout]                                at /rustc/1b7dd2252b99671ce5d1cb9664c5f8636329436d/library/std/src/thread/mod.rs:525:30
[INFO] [stdout]   74:     0x559340ad7571 - core::ops::function::FnOnce::call_once{{vtable.shim}}::hbe5bbf6f38394364
[INFO] [stdout]                                at /rustc/1b7dd2252b99671ce5d1cb9664c5f8636329436d/library/core/src/ops/function.rs:250:5
[INFO] [stdout]   75:     0x559340e37075 - <alloc::boxed::Box<F,A> as core::ops::function::FnOnce<Args>>::call_once::h0d83cb2920a49046
[INFO] [stdout]                                at /rustc/1b7dd2252b99671ce5d1cb9664c5f8636329436d/library/alloc/src/boxed.rs:1973:9
[INFO] [stdout]   76:     0x559340e37075 - <alloc::boxed::Box<F,A> as core::ops::function::FnOnce<Args>>::call_once::hbe0a008aa7d9ef59
[INFO] [stdout]                                at /rustc/1b7dd2252b99671ce5d1cb9664c5f8636329436d/library/alloc/src/boxed.rs:1973:9
[INFO] [stdout]   77:     0x559340e37075 - std::sys::unix::thread::Thread::new::thread_start::h3a466996bdf6b1f9
[INFO] [stdout]                                at /rustc/1b7dd2252b99671ce5d1cb9664c5f8636329436d/library/std/src/sys/unix/thread.rs:108:17
[INFO] [stdout]   78:     0x7fe59d67ab43 - <unknown>
[INFO] [stdout]   79:     0x7fe59d70bbb4 - __clone
[INFO] [stdout]   80:                0x0 - <unknown>
[INFO] [stdout] 
[INFO] [stdout] 
[INFO] [stdout] failures:
[INFO] [stdout]     test_parallel
[INFO] [stdout]     test_static
[INFO] [stdout] 
[INFO] [stdout] test result: FAILED. 1 passed; 2 failed; 0 ignored; 0 measured; 0 filtered out; finished in 61.66s
[INFO] [stdout] 
[INFO] running `Command { std: "docker" "inspect" "e57bddea96dfa499736fd98c3b35d08e76f7016fb306fe9e737c866cc8a50c34", kill_on_drop: false }`
[INFO] running `Command { std: "docker" "rm" "-f" "e57bddea96dfa499736fd98c3b35d08e76f7016fb306fe9e737c866cc8a50c34", kill_on_drop: false }`
[INFO] [stdout] e57bddea96dfa499736fd98c3b35d08e76f7016fb306fe9e737c866cc8a50c34
