[INFO] cloning repository https://github.com/sitegui/feattle-rs
[INFO] running `Command { std: "git" "-c" "credential.helper=" "-c" "credential.helper=/workspace/cargo-home/bin/git-credential-null" "clone" "--bare" "https://github.com/sitegui/feattle-rs" "/workspace/cache/git-repos/https%3A%2F%2Fgithub.com%2Fsitegui%2Ffeattle-rs", kill_on_drop: false }`
[INFO] [stderr] Cloning into bare repository '/workspace/cache/git-repos/https%3A%2F%2Fgithub.com%2Fsitegui%2Ffeattle-rs'...
[INFO] running `Command { std: "git" "rev-parse" "HEAD", kill_on_drop: false }`
[INFO] [stdout] 4a885596c31ea3a475ce3fd7be1dd0d44cdfd131
[INFO] testing sitegui/feattle-rs against 1.69.0 for beta-1.70-1
[INFO] running `Command { std: "git" "clone" "/workspace/cache/git-repos/https%3A%2F%2Fgithub.com%2Fsitegui%2Ffeattle-rs" "/workspace/builds/worker-0-tc1/source", kill_on_drop: false }`
[INFO] [stderr] Cloning into '/workspace/builds/worker-0-tc1/source'...
[INFO] [stderr] done.
[INFO] validating manifest of git repo https://github.com/sitegui/feattle-rs on toolchain 1.69.0
[INFO] running `Command { std: CARGO_HOME="/workspace/cargo-home" RUSTUP_HOME="/workspace/rustup-home" "/workspace/cargo-home/bin/cargo" "+1.69.0" "metadata" "--manifest-path" "Cargo.toml" "--no-deps", kill_on_drop: false }`
[INFO] removed /workspace/builds/worker-0-tc1/source/rust-toolchain
[INFO] started tweaking git repo https://github.com/sitegui/feattle-rs
[INFO] finished tweaking git repo https://github.com/sitegui/feattle-rs
[INFO] tweaked toml for git repo https://github.com/sitegui/feattle-rs written to /workspace/builds/worker-0-tc1/source/Cargo.toml
[INFO] crate git repo https://github.com/sitegui/feattle-rs already has a lockfile, it will not be regenerated
[INFO] running `Command { std: CARGO_HOME="/workspace/cargo-home" RUSTUP_HOME="/workspace/rustup-home" "/workspace/cargo-home/bin/cargo" "+1.69.0" "fetch" "--manifest-path" "Cargo.toml", kill_on_drop: false }`
[INFO] [stderr]  Downloading crates ...
[INFO] [stderr]   Downloaded regex v1.8.0
[INFO] [stderr]   Downloaded regex-syntax v0.7.0
[INFO] running `Command { std: "docker" "create" "-v" "/var/lib/crater-agent-workspace/builds/worker-0-tc1/target:/opt/rustwide/target:rw,Z" "-v" "/var/lib/crater-agent-workspace/builds/worker-0-tc1/source:/opt/rustwide/workdir:ro,Z" "-v" "/var/lib/crater-agent-workspace/cargo-home:/opt/rustwide/cargo-home:ro,Z" "-v" "/var/lib/crater-agent-workspace/rustup-home:/opt/rustwide/rustup-home:ro,Z" "-e" "SOURCE_DIR=/opt/rustwide/workdir" "-e" "CARGO_TARGET_DIR=/opt/rustwide/target" "-e" "CARGO_HOME=/opt/rustwide/cargo-home" "-e" "RUSTUP_HOME=/opt/rustwide/rustup-home" "-w" "/opt/rustwide/workdir" "-m" "1610612736" "--user" "0:0" "--network" "none" "ghcr.io/rust-lang/crates-build-env/linux@sha256:5ff2268d62e97bff2cde7d5815dd6ed5b47097566f13b8d0ca110b04b60e07ed" "/opt/rustwide/cargo-home/bin/cargo" "+1.69.0" "metadata" "--no-deps" "--format-version=1", kill_on_drop: false }`
[INFO] [stdout] f4bfb4264b5654d9ca3185a5750013b132f4f0b96c6b582e591ec7a40c3fc7a4
[INFO] running `Command { std: "docker" "start" "-a" "f4bfb4264b5654d9ca3185a5750013b132f4f0b96c6b582e591ec7a40c3fc7a4", kill_on_drop: false }`
[INFO] running `Command { std: "docker" "inspect" "f4bfb4264b5654d9ca3185a5750013b132f4f0b96c6b582e591ec7a40c3fc7a4", kill_on_drop: false }`
[INFO] running `Command { std: "docker" "rm" "-f" "f4bfb4264b5654d9ca3185a5750013b132f4f0b96c6b582e591ec7a40c3fc7a4", kill_on_drop: false }`
[INFO] [stdout] f4bfb4264b5654d9ca3185a5750013b132f4f0b96c6b582e591ec7a40c3fc7a4
[INFO] running `Command { std: "docker" "create" "-v" "/var/lib/crater-agent-workspace/builds/worker-0-tc1/target:/opt/rustwide/target:rw,Z" "-v" "/var/lib/crater-agent-workspace/builds/worker-0-tc1/source:/opt/rustwide/workdir:ro,Z" "-v" "/var/lib/crater-agent-workspace/cargo-home:/opt/rustwide/cargo-home:ro,Z" "-v" "/var/lib/crater-agent-workspace/rustup-home:/opt/rustwide/rustup-home:ro,Z" "-e" "SOURCE_DIR=/opt/rustwide/workdir" "-e" "CARGO_TARGET_DIR=/opt/rustwide/target" "-e" "CARGO_INCREMENTAL=0" "-e" "RUST_BACKTRACE=full" "-e" "RUSTFLAGS=--cap-lints=warn" "-e" "RUSTDOCFLAGS=--cap-lints=warn" "-e" "CARGO_HOME=/opt/rustwide/cargo-home" "-e" "RUSTUP_HOME=/opt/rustwide/rustup-home" "-w" "/opt/rustwide/workdir" "-m" "1610612736" "--user" "0:0" "--network" "none" "ghcr.io/rust-lang/crates-build-env/linux@sha256:5ff2268d62e97bff2cde7d5815dd6ed5b47097566f13b8d0ca110b04b60e07ed" "/opt/rustwide/cargo-home/bin/cargo" "+1.69.0" "build" "--frozen" "--message-format=json", kill_on_drop: false }`
[INFO] [stdout] e89eeb473829cc7d4ed1f026cbe7d5c7c3372da695a305a45c4390221ae82dcf
[INFO] running `Command { std: "docker" "start" "-a" "e89eeb473829cc7d4ed1f026cbe7d5c7c3372da695a305a45c4390221ae82dcf", kill_on_drop: false }`
[INFO] [stderr]     Blocking waiting for file lock on package cache
[INFO] [stderr]    Compiling proc-macro2 v1.0.56
[INFO] [stderr]    Compiling unicode-ident v1.0.8
[INFO] [stderr]    Compiling quote v1.0.26
[INFO] [stderr]    Compiling autocfg v1.1.0
[INFO] [stderr]    Compiling libc v0.2.142
[INFO] [stderr]    Compiling thiserror v1.0.40
[INFO] [stderr]    Compiling serde_derive v1.0.160
[INFO] [stderr]    Compiling cfg-if v1.0.0
[INFO] [stderr]    Compiling log v0.4.17
[INFO] [stderr]    Compiling serde v1.0.160
[INFO] [stderr]    Compiling parking_lot_core v0.9.7
[INFO] [stderr]    Compiling futures-core v0.3.28
[INFO] [stderr]    Compiling memchr v2.5.0
[INFO] [stderr]    Compiling serde_json v1.0.96
[INFO] [stderr]    Compiling futures-channel v0.3.28
[INFO] [stderr]    Compiling ucd-trie v0.1.5
[INFO] [stderr]    Compiling scopeguard v1.1.0
[INFO] [stderr]    Compiling smallvec v1.10.0
[INFO] [stderr]    Compiling futures-task v0.3.28
[INFO] [stderr]    Compiling pin-project-lite v0.2.9
[INFO] [stderr]    Compiling futures-util v0.3.28
[INFO] [stderr]    Compiling once_cell v1.17.1
[INFO] [stderr]    Compiling futures-sink v0.3.28
[INFO] [stderr]    Compiling async-trait v0.1.68
[INFO] [stderr]    Compiling itoa v1.0.6
[INFO] [stderr]    Compiling num-traits v0.2.15
[INFO] [stderr]    Compiling lock_api v0.4.9
[INFO] [stderr]    Compiling slab v0.4.8
[INFO] [stderr]    Compiling num-integer v0.1.45
[INFO] [stderr]    Compiling ryu v1.0.13
[INFO] [stderr]    Compiling futures-io v0.3.28
[INFO] [stderr]    Compiling pin-utils v0.1.0
[INFO] [stderr]    Compiling iana-time-zone v0.1.56
[INFO] [stderr]    Compiling tokio v1.27.0
[INFO] [stderr]    Compiling bytes v1.4.0
[INFO] [stderr]    Compiling syn v2.0.15
[INFO] [stderr]    Compiling time v0.1.45
[INFO] [stderr]    Compiling socket2 v0.4.9
[INFO] [stderr]    Compiling mio v0.8.6
[INFO] [stderr]    Compiling signal-hook-registry v1.4.1
[INFO] [stderr]    Compiling num_cpus v1.15.0
[INFO] [stderr]    Compiling parking_lot v0.12.1
[INFO] [stderr]    Compiling thiserror-impl v1.0.40
[INFO] [stderr]    Compiling futures-macro v0.3.28
[INFO] [stderr]    Compiling tokio-macros v2.0.0
[INFO] [stderr]    Compiling pest v2.5.7
[INFO] [stderr]    Compiling pest_meta v2.5.7
[INFO] [stderr]    Compiling pest_generator v2.5.7
[INFO] [stderr]    Compiling futures-executor v0.3.28
[INFO] [stderr]    Compiling pest_derive v2.5.7
[INFO] [stderr]    Compiling futures v0.3.28
[INFO] [stderr]    Compiling chrono v0.4.24
[INFO] [stderr]    Compiling handlebars v4.3.6
[INFO] [stderr]    Compiling feattle-core v0.9.0 (/opt/rustwide/workdir/feattle-core)
[INFO] [stderr]    Compiling feattle-sync v0.9.0 (/opt/rustwide/workdir/feattle-sync)
[INFO] [stderr]    Compiling feattle-ui v0.10.0 (/opt/rustwide/workdir/feattle-ui)
[INFO] [stderr]    Compiling feattle v0.10.0 (/opt/rustwide/workdir/feattle)
[INFO] [stderr]     Finished dev [unoptimized + debuginfo] target(s) in 13.73s
[INFO] running `Command { std: "docker" "inspect" "e89eeb473829cc7d4ed1f026cbe7d5c7c3372da695a305a45c4390221ae82dcf", kill_on_drop: false }`
[INFO] running `Command { std: "docker" "rm" "-f" "e89eeb473829cc7d4ed1f026cbe7d5c7c3372da695a305a45c4390221ae82dcf", kill_on_drop: false }`
[INFO] [stdout] e89eeb473829cc7d4ed1f026cbe7d5c7c3372da695a305a45c4390221ae82dcf
[INFO] running `Command { std: "docker" "create" "-v" "/var/lib/crater-agent-workspace/builds/worker-0-tc1/target:/opt/rustwide/target:rw,Z" "-v" "/var/lib/crater-agent-workspace/builds/worker-0-tc1/source:/opt/rustwide/workdir:ro,Z" "-v" "/var/lib/crater-agent-workspace/cargo-home:/opt/rustwide/cargo-home:ro,Z" "-v" "/var/lib/crater-agent-workspace/rustup-home:/opt/rustwide/rustup-home:ro,Z" "-e" "SOURCE_DIR=/opt/rustwide/workdir" "-e" "CARGO_TARGET_DIR=/opt/rustwide/target" "-e" "CARGO_INCREMENTAL=0" "-e" "RUST_BACKTRACE=full" "-e" "RUSTFLAGS=--cap-lints=warn" "-e" "RUSTDOCFLAGS=--cap-lints=warn" "-e" "CARGO_HOME=/opt/rustwide/cargo-home" "-e" "RUSTUP_HOME=/opt/rustwide/rustup-home" "-w" "/opt/rustwide/workdir" "-m" "1610612736" "--user" "0:0" "--network" "none" "ghcr.io/rust-lang/crates-build-env/linux@sha256:5ff2268d62e97bff2cde7d5815dd6ed5b47097566f13b8d0ca110b04b60e07ed" "/opt/rustwide/cargo-home/bin/cargo" "+1.69.0" "test" "--frozen" "--no-run" "--message-format=json", kill_on_drop: false }`
[INFO] [stdout] 5338fddf728f86ec2cae546a8b1d5c9c3de00781b88c8d2ad370e8fe23127e40
[INFO] running `Command { std: "docker" "start" "-a" "5338fddf728f86ec2cae546a8b1d5c9c3de00781b88c8d2ad370e8fe23127e40", kill_on_drop: false }`
[INFO] [stderr]    Compiling version_check v0.9.4
[INFO] [stderr]    Compiling once_cell v1.17.1
[INFO] [stderr]    Compiling typenum v1.16.0
[INFO] [stderr]    Compiling fnv v1.0.7
[INFO] [stderr]    Compiling bitflags v1.3.2
[INFO] [stderr]    Compiling httparse v1.8.0
[INFO] [stderr]    Compiling indexmap v1.9.3
[INFO] [stderr]    Compiling try-lock v0.2.4
[INFO] [stderr]    Compiling hashbrown v0.12.3
[INFO] [stderr]    Compiling percent-encoding v2.2.0
[INFO] [stderr]    Compiling tower-service v0.3.2
[INFO] [stderr]    Compiling httpdate v1.0.2
[INFO] [stderr]    Compiling pkg-config v0.3.26
[INFO] [stderr]    Compiling cc v1.0.79
[INFO] [stderr]    Compiling rustversion v1.0.12
[INFO] [stderr]    Compiling cpufeatures v0.2.7
[INFO] [stderr]    Compiling http v0.2.9
[INFO] [stderr]    Compiling want v0.3.0
[INFO] [stderr]    Compiling syn v1.0.109
[INFO] [stderr]    Compiling io-lifetimes v1.0.10
[INFO] [stderr]    Compiling semver v1.0.17
[INFO] [stderr]    Compiling tracing-core v0.1.30
[INFO] [stderr]    Compiling form_urlencoded v1.1.0
[INFO] [stderr]    Compiling pest_meta v2.5.7
[INFO] [stderr]    Compiling mime v0.3.17
[INFO] [stderr]    Compiling foreign-types-shared v0.1.1
[INFO] [stderr]    Compiling generic-array v0.14.7
[INFO] [stderr]    Compiling tinyvec_macros v0.1.1
[INFO] [stderr]    Compiling openssl v0.10.51
[INFO] [stderr]    Compiling rustix v0.37.13
[INFO] [stderr]    Compiling base64 v0.13.1
[INFO] [stderr]    Compiling tracing v0.1.37
[INFO] [stderr]    Compiling tinyvec v1.6.0
[INFO] [stderr]    Compiling foreign-types v0.3.2
[INFO] [stderr]    Compiling unicase v2.6.0
[INFO] [stderr]    Compiling openssl-macros v0.1.1
[INFO] [stderr]    Compiling http-body v0.4.5
[INFO] [stderr]    Compiling getrandom v0.2.9
[INFO] [stderr]    Compiling tokio-util v0.7.7
[INFO] [stderr]    Compiling pest_generator v2.5.7
[INFO] [stderr]    Compiling linux-raw-sys v0.3.3
[INFO] [stderr]    Compiling native-tls v0.2.11
[INFO] [stderr]    Compiling rand_core v0.6.4
[INFO] [stderr]    Compiling openssl-sys v0.9.86
[INFO] [stderr]    Compiling dirs-sys-next v0.1.2
[INFO] [stderr]    Compiling openssl-probe v0.1.5
[INFO] [stderr]    Compiling ppv-lite86 v0.2.17
[INFO] [stderr]    Compiling opaque-debug v0.3.0
[INFO] [stderr]    Compiling unicode-bidi v0.3.13
[INFO] [stderr]    Compiling h2 v0.3.18
[INFO] [stderr]    Compiling subtle v2.4.1
[INFO] [stderr]    Compiling axum-core v0.3.4
[INFO] [stderr]    Compiling unicode-normalization v0.1.22
[INFO] [stderr]    Compiling tower-layer v0.3.2
[INFO] [stderr]    Compiling rustc_version v0.4.0
[INFO] [stderr]    Compiling axum v0.6.16
[INFO] [stderr]    Compiling dirs-next v2.0.0
[INFO] [stderr]    Compiling serde_urlencoded v0.7.1
[INFO] [stderr]    Compiling rand_chacha v0.3.1
[INFO] [stderr]    Compiling shlex v1.1.0
[INFO] [stderr]    Compiling crc32fast v1.3.2
[INFO] [stderr]    Compiling zeroize v1.6.0
[INFO] [stderr]    Compiling mime_guess v2.0.4
[INFO] [stderr]    Compiling rusoto_core v0.48.0
[INFO] [stderr]    Compiling idna v0.3.0
[INFO] [stderr]    Compiling rand v0.8.5
[INFO] [stderr]    Compiling pest_derive v2.5.7
[INFO] [stderr]    Compiling serde_path_to_error v0.1.11
[INFO] [stderr]    Compiling matchit v0.7.0
[INFO] [stderr]    Compiling crypto-common v0.1.6
[INFO] [stderr]    Compiling block-buffer v0.10.4
[INFO] [stderr]    Compiling digest v0.9.0
[INFO] [stderr]    Compiling digest v0.10.6
[INFO] [stderr]    Compiling block-buffer v0.9.0
[INFO] [stderr]    Compiling crypto-mac v0.11.1
[INFO] [stderr]    Compiling url v2.3.1
[INFO] [stderr]    Compiling utf-8 v0.7.6
[INFO] [stderr]    Compiling md-5 v0.9.1
[INFO] [stderr]    Compiling sha1 v0.10.5
[INFO] [stderr]    Compiling sha2 v0.9.9
[INFO] [stderr]    Compiling hmac v0.11.0
[INFO] [stderr]    Compiling byteorder v1.4.3
[INFO] [stderr]    Compiling sync_wrapper v0.1.2
[INFO] [stderr]    Compiling hex v0.4.3
[INFO] [stderr]    Compiling handlebars v4.3.6
[INFO] [stderr]    Compiling headers-core v0.2.0
[INFO] [stderr]    Compiling aho-corasick v1.0.1
[INFO] [stderr]    Compiling regex-syntax v0.7.0
[INFO] [stderr]    Compiling tungstenite v0.18.0
[INFO] [stderr]    Compiling base64 v0.21.0
[INFO] [stderr]    Compiling lazy_static v1.4.0
[INFO] [stderr]    Compiling xml-rs v0.8.4
[INFO] [stderr]    Compiling dotenv v0.15.0
[INFO] [stderr]    Compiling headers v0.3.8
[INFO] [stderr]    Compiling rustls-pemfile v1.0.2
[INFO] [stderr]    Compiling is-terminal v0.4.7
[INFO] [stderr]    Compiling tokio-tungstenite v0.18.0
[INFO] [stderr]    Compiling multiparty v0.1.0
[INFO] [stderr]    Compiling tokio-stream v0.1.12
[INFO] [stderr]    Compiling termcolor v1.2.0
[INFO] [stderr]    Compiling scoped-tls v1.0.1
[INFO] [stderr]    Compiling fastrand v1.9.0
[INFO] [stderr]    Compiling regex v1.8.0
[INFO] [stderr]    Compiling feattle-ui v0.10.0 (/opt/rustwide/workdir/feattle-ui)
[INFO] [stderr]    Compiling humantime v2.1.0
[INFO] [stderr]    Compiling tempfile v3.5.0
[INFO] [stderr]    Compiling uuid v1.3.1
[INFO] [stderr]    Compiling feattle v0.10.0 (/opt/rustwide/workdir/feattle)
[INFO] [stderr]    Compiling feattle-core v0.9.0 (/opt/rustwide/workdir/feattle-core)
[INFO] [stderr]    Compiling feattle-sync v0.9.0 (/opt/rustwide/workdir/feattle-sync)
[INFO] [stderr]    Compiling env_logger v0.10.0
[INFO] [stderr]    Compiling hyper v0.14.26
[INFO] [stderr]    Compiling pin-project-internal v1.0.12
[INFO] [stderr]    Compiling tokio-native-tls v0.3.1
[INFO] [stderr]    Compiling pin-project v1.0.12
[INFO] [stderr]    Compiling tower v0.4.13
[INFO] [stderr]    Compiling rusoto_credential v0.48.0
[INFO] [stderr]    Compiling hyper-tls v0.5.0
[INFO] [stderr]    Compiling warp v0.3.4
[INFO] [stderr]    Compiling rusoto_signature v0.48.0
[INFO] [stderr]    Compiling rusoto_s3 v0.48.0
[INFO] [stderr]     Finished test [unoptimized + debuginfo] target(s) in 26.19s
[INFO] running `Command { std: "docker" "inspect" "5338fddf728f86ec2cae546a8b1d5c9c3de00781b88c8d2ad370e8fe23127e40", kill_on_drop: false }`
[INFO] running `Command { std: "docker" "rm" "-f" "5338fddf728f86ec2cae546a8b1d5c9c3de00781b88c8d2ad370e8fe23127e40", kill_on_drop: false }`
[INFO] [stdout] 5338fddf728f86ec2cae546a8b1d5c9c3de00781b88c8d2ad370e8fe23127e40
[INFO] running `Command { std: "docker" "create" "-v" "/var/lib/crater-agent-workspace/builds/worker-0-tc1/target:/opt/rustwide/target:rw,Z" "-v" "/var/lib/crater-agent-workspace/builds/worker-0-tc1/source:/opt/rustwide/workdir:ro,Z" "-v" "/var/lib/crater-agent-workspace/cargo-home:/opt/rustwide/cargo-home:ro,Z" "-v" "/var/lib/crater-agent-workspace/rustup-home:/opt/rustwide/rustup-home:ro,Z" "-e" "SOURCE_DIR=/opt/rustwide/workdir" "-e" "CARGO_TARGET_DIR=/opt/rustwide/target" "-e" "CARGO_INCREMENTAL=0" "-e" "RUST_BACKTRACE=full" "-e" "RUSTFLAGS=--cap-lints=warn" "-e" "RUSTDOCFLAGS=--cap-lints=warn" "-e" "CARGO_HOME=/opt/rustwide/cargo-home" "-e" "RUSTUP_HOME=/opt/rustwide/rustup-home" "-w" "/opt/rustwide/workdir" "-m" "1610612736" "--user" "0:0" "--network" "none" "ghcr.io/rust-lang/crates-build-env/linux@sha256:5ff2268d62e97bff2cde7d5815dd6ed5b47097566f13b8d0ca110b04b60e07ed" "/opt/rustwide/cargo-home/bin/cargo" "+1.69.0" "test" "--frozen", kill_on_drop: false }`
[INFO] [stdout] 87fa7c6872f8be48ec2cedf1584e247dd6c3071a0251bff53d272c637b2df9ee
[INFO] running `Command { std: "docker" "start" "-a" "87fa7c6872f8be48ec2cedf1584e247dd6c3071a0251bff53d272c637b2df9ee", kill_on_drop: false }`
[INFO] [stderr]     Finished test [unoptimized + debuginfo] target(s) in 0.18s
[INFO] [stderr]      Running unittests src/lib.rs (/opt/rustwide/target/debug/deps/feattle-3b7059f48eaf236e)
[INFO] [stdout] 
[INFO] [stdout] running 0 tests
[INFO] [stdout] 
[INFO] [stdout] test result: ok. 0 passed; 0 failed; 0 ignored; 0 measured; 0 filtered out; finished in 0.00s
[INFO] [stdout] 
[INFO] [stderr]      Running unittests src/lib.rs (/opt/rustwide/target/debug/deps/feattle_core-637fbf9c6e4f4255)
[INFO] [stdout] 
[INFO] [stdout] running 10 tests
[INFO] [stdout] test feattle_value::tests::bool ... ok
[INFO] [stdout] test feattle_value::tests::float ... ok
[INFO] [stdout] test feattle_value::tests::int ... ok
[INFO] [stdout] test feattle_value::tests::choices ... ok
[INFO] [stdout] test feattle_value::tests::option ... ok
[INFO] [stdout] test feattle_value::tests::string ... ok
[INFO] [stdout] test feattle_value::tests::map ... ok
[INFO] [stdout] test feattle_value::tests::set ... ok
[INFO] [stdout] test feattle_value::tests::vec ... ok
[INFO] [stdout] test tests::test ... ok
[INFO] [stdout] 
[INFO] [stdout] test result: ok. 10 passed; 0 failed; 0 ignored; 0 measured; 0 filtered out; finished in 0.00s
[INFO] [stdout] 
[INFO] [stderr]      Running unittests src/lib.rs (/opt/rustwide/target/debug/deps/feattle_sync-2d24c2bfbf0eb090)
[INFO] [stdout] 
[INFO] [stdout] running 2 tests
[INFO] [stdout] test disk::tests::disk ... ok
[INFO] [stdout] test background_sync::tests::test ... ok
[INFO] [stdout] 
[INFO] [stdout] test result: ok. 2 passed; 0 failed; 0 ignored; 0 measured; 0 filtered out; finished in 0.02s
[INFO] [stdout] 
[INFO] [stderr]      Running unittests src/lib.rs (/opt/rustwide/target/debug/deps/feattle_ui-4c919a07ed2c2745)
[INFO] [stdout] 
[INFO] [stdout] running 1 test
[INFO] [stdout] test tests::test ... ok
[INFO] [stdout] 
[INFO] [stdout] test result: ok. 1 passed; 0 failed; 0 ignored; 0 measured; 0 filtered out; finished in 0.01s
[INFO] [stdout] 
[INFO] [stderr]    Doc-tests feattle
[INFO] [stdout] 
[INFO] [stdout] running 1 test
[INFO] [stdout] test src/lib.rs - (line 15) - compile ... FAILED
[INFO] [stdout] 
[INFO] [stdout] failures:
[INFO] [stdout] 
[INFO] [stdout] ---- src/lib.rs - (line 15) stdout ----
[INFO] [stdout] error[E0433]: failed to resolve: use of undeclared type `S3`
[INFO] [stdout]   --> src/lib.rs:38:19
[INFO] [stdout]    |
[INFO] [stdout] 26 | let persistence = S3::new(s3_client, "my-bucket".to_owned(), "some/s3/prefix/".to_owned());
[INFO] [stdout]    |                   ^^ use of undeclared type `S3`
[INFO] [stdout]    |
[INFO] [stdout] help: consider importing this trait
[INFO] [stdout]    |
[INFO] [stdout] 2  | use rusoto_s3::S3;
[INFO] [stdout]    |
[INFO] [stdout] 
[INFO] [stdout] error[E0425]: cannot find function `run_warp_server` in this scope
[INFO] [stdout]   --> src/lib.rs:48:14
[INFO] [stdout]    |
[INFO] [stdout] 36 | tokio::spawn(run_warp_server(admin_panel.clone(), ([127, 0, 0, 1], 3030)));
[INFO] [stdout]    |              ^^^^^^^^^^^^^^^ not found in this scope
[INFO] [stdout] 
[INFO] [stdout] error[E0425]: cannot find function `axum_router` in this scope
[INFO] [stdout]   --> src/lib.rs:51:14
[INFO] [stdout]    |
[INFO] [stdout] 39 | let router = axum_router(admin_panel);
[INFO] [stdout]    |              ^^^^^^^^^^^ not found in this scope
[INFO] [stdout] 
[INFO] [stdout] error: aborting due to 3 previous errors
[INFO] [stdout] 
[INFO] [stdout] Some errors have detailed explanations: E0425, E0433.
[INFO] [stdout] For more information about an error, try `rustc --explain E0425`.
[INFO] [stdout] Couldn't compile the test.
[INFO] [stdout] 
[INFO] [stdout] failures:
[INFO] [stdout]     src/lib.rs - (line 15)
[INFO] [stdout] 
[INFO] [stdout] test result: FAILED. 0 passed; 1 failed; 0 ignored; 0 measured; 0 filtered out; finished in 0.12s
[INFO] [stdout] 
[INFO] [stderr] error: doctest failed, to rerun pass `-p feattle --doc`
[INFO] running `Command { std: "docker" "inspect" "87fa7c6872f8be48ec2cedf1584e247dd6c3071a0251bff53d272c637b2df9ee", kill_on_drop: false }`
[INFO] running `Command { std: "docker" "rm" "-f" "87fa7c6872f8be48ec2cedf1584e247dd6c3071a0251bff53d272c637b2df9ee", kill_on_drop: false }`
[INFO] [stdout] 87fa7c6872f8be48ec2cedf1584e247dd6c3071a0251bff53d272c637b2df9ee
