[INFO] cloning repository https://github.com/shunak/rust-train
[INFO] running `Command { std: "git" "-c" "credential.helper=" "-c" "credential.helper=/workspace/cargo-home/bin/git-credential-null" "clone" "--bare" "https://github.com/shunak/rust-train" "/workspace/cache/git-repos/https%3A%2F%2Fgithub.com%2Fshunak%2Frust-train", kill_on_drop: false }`
[INFO] [stderr] Cloning into bare repository '/workspace/cache/git-repos/https%3A%2F%2Fgithub.com%2Fshunak%2Frust-train'...
[INFO] running `Command { std: "git" "rev-parse" "HEAD", kill_on_drop: false }`
[INFO] [stdout] 891ce464fc37cecb0fbff0899b33b14c658f8bf5
[INFO] testing shunak/rust-train against beta-2023-04-20 for beta-1.70-1
[INFO] running `Command { std: "git" "clone" "/workspace/cache/git-repos/https%3A%2F%2Fgithub.com%2Fshunak%2Frust-train" "/workspace/builds/worker-6-tc2/source", kill_on_drop: false }`
[INFO] [stderr] Cloning into '/workspace/builds/worker-6-tc2/source'...
[INFO] [stderr] done.
[INFO] validating manifest of git repo https://github.com/shunak/rust-train on toolchain beta-2023-04-20
[INFO] running `Command { std: CARGO_HOME="/workspace/cargo-home" RUSTUP_HOME="/workspace/rustup-home" "/workspace/cargo-home/bin/cargo" "+beta-2023-04-20" "metadata" "--manifest-path" "Cargo.toml" "--no-deps", kill_on_drop: false }`
[INFO] started tweaking git repo https://github.com/shunak/rust-train
[INFO] finished tweaking git repo https://github.com/shunak/rust-train
[INFO] tweaked toml for git repo https://github.com/shunak/rust-train written to /workspace/builds/worker-6-tc2/source/Cargo.toml
[INFO] crate git repo https://github.com/shunak/rust-train already has a lockfile, it will not be regenerated
[INFO] running `Command { std: CARGO_HOME="/workspace/cargo-home" RUSTUP_HOME="/workspace/rustup-home" "/workspace/cargo-home/bin/cargo" "+beta-2023-04-20" "fetch" "--manifest-path" "Cargo.toml", kill_on_drop: false }`
[INFO] running `Command { std: "docker" "create" "-v" "/var/lib/crater-agent-workspace/builds/worker-6-tc2/target:/opt/rustwide/target:rw,Z" "-v" "/var/lib/crater-agent-workspace/builds/worker-6-tc2/source:/opt/rustwide/workdir:ro,Z" "-v" "/var/lib/crater-agent-workspace/cargo-home:/opt/rustwide/cargo-home:ro,Z" "-v" "/var/lib/crater-agent-workspace/rustup-home:/opt/rustwide/rustup-home:ro,Z" "-e" "SOURCE_DIR=/opt/rustwide/workdir" "-e" "CARGO_TARGET_DIR=/opt/rustwide/target" "-e" "CARGO_HOME=/opt/rustwide/cargo-home" "-e" "RUSTUP_HOME=/opt/rustwide/rustup-home" "-w" "/opt/rustwide/workdir" "-m" "1610612736" "--user" "0:0" "--network" "none" "ghcr.io/rust-lang/crates-build-env/linux@sha256:5ff2268d62e97bff2cde7d5815dd6ed5b47097566f13b8d0ca110b04b60e07ed" "/opt/rustwide/cargo-home/bin/cargo" "+beta-2023-04-20" "metadata" "--no-deps" "--format-version=1", kill_on_drop: false }`
[INFO] [stdout] 6c0dde0f1dad4cd47b64bcdceef6c667380b116274f0da2d02d01303331dbc73
[INFO] running `Command { std: "docker" "start" "-a" "6c0dde0f1dad4cd47b64bcdceef6c667380b116274f0da2d02d01303331dbc73", kill_on_drop: false }`
[INFO] running `Command { std: "docker" "inspect" "6c0dde0f1dad4cd47b64bcdceef6c667380b116274f0da2d02d01303331dbc73", kill_on_drop: false }`
[INFO] running `Command { std: "docker" "rm" "-f" "6c0dde0f1dad4cd47b64bcdceef6c667380b116274f0da2d02d01303331dbc73", kill_on_drop: false }`
[INFO] [stdout] 6c0dde0f1dad4cd47b64bcdceef6c667380b116274f0da2d02d01303331dbc73
[INFO] running `Command { std: "docker" "create" "-v" "/var/lib/crater-agent-workspace/builds/worker-6-tc2/target:/opt/rustwide/target:rw,Z" "-v" "/var/lib/crater-agent-workspace/builds/worker-6-tc2/source:/opt/rustwide/workdir:ro,Z" "-v" "/var/lib/crater-agent-workspace/cargo-home:/opt/rustwide/cargo-home:ro,Z" "-v" "/var/lib/crater-agent-workspace/rustup-home:/opt/rustwide/rustup-home:ro,Z" "-e" "SOURCE_DIR=/opt/rustwide/workdir" "-e" "CARGO_TARGET_DIR=/opt/rustwide/target" "-e" "CARGO_INCREMENTAL=0" "-e" "RUST_BACKTRACE=full" "-e" "RUSTFLAGS=--cap-lints=warn" "-e" "RUSTDOCFLAGS=--cap-lints=warn" "-e" "CARGO_HOME=/opt/rustwide/cargo-home" "-e" "RUSTUP_HOME=/opt/rustwide/rustup-home" "-w" "/opt/rustwide/workdir" "-m" "1610612736" "--user" "0:0" "--network" "none" "ghcr.io/rust-lang/crates-build-env/linux@sha256:5ff2268d62e97bff2cde7d5815dd6ed5b47097566f13b8d0ca110b04b60e07ed" "/opt/rustwide/cargo-home/bin/cargo" "+beta-2023-04-20" "build" "--frozen" "--message-format=json", kill_on_drop: false }`
[INFO] [stdout] dfe7cb06d237056ce46fdae66befff7f13ae5cc3d41237dd335a7718d7a02442
[INFO] running `Command { std: "docker" "start" "-a" "dfe7cb06d237056ce46fdae66befff7f13ae5cc3d41237dd335a7718d7a02442", kill_on_drop: false }`
[INFO] [stderr]    Compiling rust-train v0.1.0 (/opt/rustwide/workdir)
[INFO] [stdout] warning: unused import: `std::env`
[INFO] [stdout]  --> src/lib.rs:2:5
[INFO] [stdout]   |
[INFO] [stdout] 2 | use std::env;
[INFO] [stdout]   |     ^^^^^^^^
[INFO] [stdout]   |
[INFO] [stdout]   = note: `#[warn(unused_imports)]` on by default
[INFO] [stdout] 
[INFO] [stdout] 
[INFO] [stdout] warning: unused import: `proc_macro`
[INFO] [stdout]  --> src/lib.rs:4:5
[INFO] [stdout]   |
[INFO] [stdout] 4 | use proc_macro;
[INFO] [stdout]   |     ^^^^^^^^^^
[INFO] [stdout] 
[INFO] [stdout] 
[INFO] [stdout] warning: trait objects without an explicit `dyn` are deprecated
[INFO] [stdout]   --> src/lib.rs:63:47
[INFO] [stdout]    |
[INFO] [stdout] 63 |     fn request_review(self: Box<Self>) -> Box<State>;
[INFO] [stdout]    |                                               ^^^^^
[INFO] [stdout]    |
[INFO] [stdout]    = warning: this is accepted in the current edition (Rust 2018) but is a hard error in Rust 2021!
[INFO] [stdout]    = note: for more information, see <https://doc.rust-lang.org/nightly/edition-guide/rust-2021/warnings-promoted-to-error.html>
[INFO] [stdout]    = note: `#[warn(bare_trait_objects)]` on by default
[INFO] [stdout] help: use `dyn`
[INFO] [stdout]    |
[INFO] [stdout] 63 |     fn request_review(self: Box<Self>) -> Box<dyn State>;
[INFO] [stdout]    |                                               +++
[INFO] [stdout] 
[INFO] [stdout] 
[INFO] [stdout] warning: trait objects without an explicit `dyn` are deprecated
[INFO] [stdout]   --> src/lib.rs:64:40
[INFO] [stdout]    |
[INFO] [stdout] 64 |     fn approve(self: Box<Self>) -> Box<State>;
[INFO] [stdout]    |                                        ^^^^^
[INFO] [stdout]    |
[INFO] [stdout]    = warning: this is accepted in the current edition (Rust 2018) but is a hard error in Rust 2021!
[INFO] [stdout]    = note: for more information, see <https://doc.rust-lang.org/nightly/edition-guide/rust-2021/warnings-promoted-to-error.html>
[INFO] [stdout] help: use `dyn`
[INFO] [stdout]    |
[INFO] [stdout] 64 |     fn approve(self: Box<Self>) -> Box<dyn State>;
[INFO] [stdout]    |                                        +++
[INFO] [stdout] 
[INFO] [stdout] 
[INFO] [stdout] warning: trait objects without an explicit `dyn` are deprecated
[INFO] [stdout]   --> src/lib.rs:98:47
[INFO] [stdout]    |
[INFO] [stdout] 98 |     fn request_review(self: Box<Self>) -> Box<State> {
[INFO] [stdout]    |                                               ^^^^^
[INFO] [stdout]    |
[INFO] [stdout]    = warning: this is accepted in the current edition (Rust 2018) but is a hard error in Rust 2021!
[INFO] [stdout]    = note: for more information, see <https://doc.rust-lang.org/nightly/edition-guide/rust-2021/warnings-promoted-to-error.html>
[INFO] [stdout] help: use `dyn`
[INFO] [stdout]    |
[INFO] [stdout] 98 |     fn request_review(self: Box<Self>) -> Box<dyn State> {
[INFO] [stdout]    |                                               +++
[INFO] [stdout] 
[INFO] [stdout] 
[INFO] [stdout] warning: trait objects without an explicit `dyn` are deprecated
[INFO] [stdout]    --> src/lib.rs:101:40
[INFO] [stdout]     |
[INFO] [stdout] 101 |     fn approve(self: Box<Self>) -> Box<State> {
[INFO] [stdout]     |                                        ^^^^^
[INFO] [stdout]     |
[INFO] [stdout]     = warning: this is accepted in the current edition (Rust 2018) but is a hard error in Rust 2021!
[INFO] [stdout]     = note: for more information, see <https://doc.rust-lang.org/nightly/edition-guide/rust-2021/warnings-promoted-to-error.html>
[INFO] [stdout] help: use `dyn`
[INFO] [stdout]     |
[INFO] [stdout] 101 |     fn approve(self: Box<Self>) -> Box<dyn State> {
[INFO] [stdout]     |                                        +++
[INFO] [stdout] 
[INFO] [stdout] 
[INFO] [stdout] warning: trait objects without an explicit `dyn` are deprecated
[INFO] [stdout]    --> src/lib.rs:107:47
[INFO] [stdout]     |
[INFO] [stdout] 107 |     fn request_review(self: Box<Self>) -> Box<State>{
[INFO] [stdout]     |                                               ^^^^^
[INFO] [stdout]     |
[INFO] [stdout]     = warning: this is accepted in the current edition (Rust 2018) but is a hard error in Rust 2021!
[INFO] [stdout]     = note: for more information, see <https://doc.rust-lang.org/nightly/edition-guide/rust-2021/warnings-promoted-to-error.html>
[INFO] [stdout] help: use `dyn`
[INFO] [stdout]     |
[INFO] [stdout] 107 |     fn request_review(self: Box<Self>) -> Box<dyn State>{
[INFO] [stdout]     |                                               +++
[INFO] [stdout] 
[INFO] [stdout] 
[INFO] [stdout] warning: trait objects without an explicit `dyn` are deprecated
[INFO] [stdout]    --> src/lib.rs:110:40
[INFO] [stdout]     |
[INFO] [stdout] 110 |     fn approve(self: Box<Self>) -> Box<State> {
[INFO] [stdout]     |                                        ^^^^^
[INFO] [stdout]     |
[INFO] [stdout]     = warning: this is accepted in the current edition (Rust 2018) but is a hard error in Rust 2021!
[INFO] [stdout]     = note: for more information, see <https://doc.rust-lang.org/nightly/edition-guide/rust-2021/warnings-promoted-to-error.html>
[INFO] [stdout] help: use `dyn`
[INFO] [stdout]     |
[INFO] [stdout] 110 |     fn approve(self: Box<Self>) -> Box<dyn State> {
[INFO] [stdout]     |                                        +++
[INFO] [stdout] 
[INFO] [stdout] 
[INFO] [stdout] warning: trait objects without an explicit `dyn` are deprecated
[INFO] [stdout]    --> src/lib.rs:117:47
[INFO] [stdout]     |
[INFO] [stdout] 117 |     fn request_review(self: Box<Self>) -> Box<State> {
[INFO] [stdout]     |                                               ^^^^^
[INFO] [stdout]     |
[INFO] [stdout]     = warning: this is accepted in the current edition (Rust 2018) but is a hard error in Rust 2021!
[INFO] [stdout]     = note: for more information, see <https://doc.rust-lang.org/nightly/edition-guide/rust-2021/warnings-promoted-to-error.html>
[INFO] [stdout] help: use `dyn`
[INFO] [stdout]     |
[INFO] [stdout] 117 |     fn request_review(self: Box<Self>) -> Box<dyn State> {
[INFO] [stdout]     |                                               +++
[INFO] [stdout] 
[INFO] [stdout] 
[INFO] [stdout] warning: trait objects without an explicit `dyn` are deprecated
[INFO] [stdout]    --> src/lib.rs:120:40
[INFO] [stdout]     |
[INFO] [stdout] 120 |     fn approve(self: Box<Self>) -> Box<State> {
[INFO] [stdout]     |                                        ^^^^^
[INFO] [stdout]     |
[INFO] [stdout]     = warning: this is accepted in the current edition (Rust 2018) but is a hard error in Rust 2021!
[INFO] [stdout]     = note: for more information, see <https://doc.rust-lang.org/nightly/edition-guide/rust-2021/warnings-promoted-to-error.html>
[INFO] [stdout] help: use `dyn`
[INFO] [stdout]     |
[INFO] [stdout] 120 |     fn approve(self: Box<Self>) -> Box<dyn State> {
[INFO] [stdout]     |                                        +++
[INFO] [stdout] 
[INFO] [stdout] 
[INFO] [stdout] warning: unused variable: `post`
[INFO] [stdout]   --> src/lib.rs:65:27
[INFO] [stdout]    |
[INFO] [stdout] 65 |     fn content<'a>(&self, post: &'a Post) -> &'a str {
[INFO] [stdout]    |                           ^^^^ help: if this is intentional, prefix it with an underscore: `_post`
[INFO] [stdout]    |
[INFO] [stdout]    = note: `#[warn(unused_variables)]` on by default
[INFO] [stdout] 
[INFO] [stdout] 
[INFO] [stdout] warning: struct `Pair` is never constructed
[INFO] [stdout]    --> src/lib.rs:291:8
[INFO] [stdout]     |
[INFO] [stdout] 291 | struct Pair<T>{
[INFO] [stdout]     |        ^^^^
[INFO] [stdout]     |
[INFO] [stdout]     = note: `#[warn(dead_code)]` on by default
[INFO] [stdout] 
[INFO] [stdout] 
[INFO] [stdout] warning: associated function `new` is never used
[INFO] [stdout]    --> src/lib.rs:297:8
[INFO] [stdout]     |
[INFO] [stdout] 296 | impl<T> Pair<T> {
[INFO] [stdout]     | --------------- associated function in this implementation
[INFO] [stdout] 297 |     fn new(x: T, y: T) -> Self {
[INFO] [stdout]     |        ^^^
[INFO] [stdout] 
[INFO] [stdout] 
[INFO] [stdout] warning: method `cmp_display` is never used
[INFO] [stdout]    --> src/lib.rs:303:8
[INFO] [stdout]     |
[INFO] [stdout] 302 | impl<T: Display + PartialOrd> Pair<T> {
[INFO] [stdout]     | ------------------------------------- method in this implementation
[INFO] [stdout] 303 |     fn cmp_display(&self) {
[INFO] [stdout]     |        ^^^^^^^^^^^
[INFO] [stdout] 
[INFO] [stdout] 
[INFO] [stdout] warning: function `shoes_in_my_size` is never used
[INFO] [stdout]    --> src/lib.rs:361:4
[INFO] [stdout]     |
[INFO] [stdout] 361 | fn shoes_in_my_size(shoes: Vec<Shoe>, shoe_size: u32) -> Vec<Shoe> {
[INFO] [stdout]     |    ^^^^^^^^^^^^^^^^
[INFO] [stdout] 
[INFO] [stdout] 
[INFO] [stdout] warning: associated function `new` is never used
[INFO] [stdout]    --> src/lib.rs:390:8
[INFO] [stdout]     |
[INFO] [stdout] 389 | impl Counter {
[INFO] [stdout]     | ------------ associated function in this implementation
[INFO] [stdout] 390 |     fn new() -> Counter {
[INFO] [stdout]     |        ^^^
[INFO] [stdout] 
[INFO] [stdout] 
[INFO] [stdout] warning: 16 warnings emitted
[INFO] [stdout] 
[INFO] [stdout] 
[INFO] [stdout] warning: unused import: `std::process`
[INFO] [stdout]   --> src/main.rs:10:5
[INFO] [stdout]    |
[INFO] [stdout] 10 | use std::process;
[INFO] [stdout]    |     ^^^^^^^^^^^^
[INFO] [stdout]    |
[INFO] [stdout]    = note: `#[warn(unused_imports)]` on by default
[INFO] [stdout] 
[INFO] [stdout] 
[INFO] [stdout] warning: type `NumberOfPathsToReachLastCell_TD` should have an upper camel case name
[INFO] [stdout]   --> src/main.rs:42:8
[INFO] [stdout]    |
[INFO] [stdout] 42 | struct NumberOfPathsToReachLastCell_TD<'a> {
[INFO] [stdout]    |        ^^^^^^^^^^^^^^^^^^^^^^^^^^^^^^^ help: convert the identifier to upper camel case: `NumberOfPathsToReachLastCellTd`
[INFO] [stdout]    |
[INFO] [stdout]    = note: `#[warn(non_camel_case_types)]` on by default
[INFO] [stdout] 
[INFO] [stdout] 
[INFO] [stdout] warning: type `MinCostToReachLastCell_in2DArray_TD` should have an upper camel case name
[INFO] [stdout]   --> src/main.rs:77:8
[INFO] [stdout]    |
[INFO] [stdout] 77 | struct MinCostToReachLastCell_in2DArray_TD<'a>{
[INFO] [stdout]    |        ^^^^^^^^^^^^^^^^^^^^^^^^^^^^^^^^^^^ help: convert the identifier to upper camel case: `MinCostToReachLastCellIn2darrayTd`
[INFO] [stdout] 
[INFO] [stdout] 
[INFO] [stdout] warning: type `LongestPalindromicSubstringDP_TD` should have an upper camel case name
[INFO] [stdout]    --> src/main.rs:107:8
[INFO] [stdout]     |
[INFO] [stdout] 107 | struct LongestPalindromicSubstringDP_TD{
[INFO] [stdout]     |        ^^^^^^^^^^^^^^^^^^^^^^^^^^^^^^^^ help: convert the identifier to upper camel case: `LongestPalindromicSubstringDpTd`
[INFO] [stdout] 
[INFO] [stdout] 
[INFO] [stdout] warning: type `LongestPalindromicSubsequenceDP_TD` should have an upper camel case name
[INFO] [stdout]    --> src/main.rs:145:8
[INFO] [stdout]     |
[INFO] [stdout] 145 | struct LongestPalindromicSubsequenceDP_TD{
[INFO] [stdout]     |        ^^^^^^^^^^^^^^^^^^^^^^^^^^^^^^^^^^ help: convert the identifier to upper camel case: `LongestPalindromicSubsequenceDpTd`
[INFO] [stdout] 
[INFO] [stdout] 
[INFO] [stdout] warning: type `LongestCommonSubsequenceDP_TD` should have an upper camel case name
[INFO] [stdout]    --> src/main.rs:173:8
[INFO] [stdout]     |
[INFO] [stdout] 173 | struct LongestCommonSubsequenceDP_TD{
[INFO] [stdout]     |        ^^^^^^^^^^^^^^^^^^^^^^^^^^^^^ help: convert the identifier to upper camel case: `LongestCommonSubsequenceDpTd`
[INFO] [stdout] 
[INFO] [stdout] 
[INFO] [stdout] warning: type `ZeroOneKnapsack_DP_TD` should have an upper camel case name
[INFO] [stdout]    --> src/main.rs:211:8
[INFO] [stdout]     |
[INFO] [stdout] 211 | struct ZeroOneKnapsack_DP_TD {
[INFO] [stdout]     |        ^^^^^^^^^^^^^^^^^^^^^ help: convert the identifier to upper camel case: `ZeroOneKnapsackDpTd`
[INFO] [stdout] 
[INFO] [stdout] 
[INFO] [stdout] warning: type `ConvertOneStringToAnother_BU` should have an upper camel case name
[INFO] [stdout]    --> src/main.rs:241:8
[INFO] [stdout]     |
[INFO] [stdout] 241 | struct ConvertOneStringToAnother_BU<'a>{
[INFO] [stdout]     |        ^^^^^^^^^^^^^^^^^^^^^^^^^^^^ help: convert the identifier to upper camel case: `ConvertOneStringToAnotherBu`
[INFO] [stdout] 
[INFO] [stdout] 
[INFO] [stdout] warning: type `ConvertOneStringToAnother_TD` should have an upper camel case name
[INFO] [stdout]    --> src/main.rs:270:8
[INFO] [stdout]     |
[INFO] [stdout] 270 | struct ConvertOneStringToAnother_TD<'a> {
[INFO] [stdout]     |        ^^^^^^^^^^^^^^^^^^^^^^^^^^^^ help: convert the identifier to upper camel case: `ConvertOneStringToAnotherTd`
[INFO] [stdout] 
[INFO] [stdout] 
[INFO] [stdout] warning: type `HouseThief_BottomUp` should have an upper camel case name
[INFO] [stdout]    --> src/main.rs:309:8
[INFO] [stdout]     |
[INFO] [stdout] 309 | struct HouseThief_BottomUp<'a>{
[INFO] [stdout]     |        ^^^^^^^^^^^^^^^^^^^ help: convert the identifier to upper camel case: `HouseThiefBottomUp`
[INFO] [stdout] 
[INFO] [stdout] 
[INFO] [stdout] warning: type `HouseTheif_TopDown` should have an upper camel case name
[INFO] [stdout]    --> src/main.rs:324:8
[INFO] [stdout]     |
[INFO] [stdout] 324 | struct HouseTheif_TopDown<'a>{
[INFO] [stdout]     |        ^^^^^^^^^^^^^^^^^^ help: convert the identifier to upper camel case: `HouseTheifTopDown`
[INFO] [stdout] 
[INFO] [stdout] 
[INFO] [stdout] warning: type `ConvertOneStringToAnother_DC` should have an upper camel case name
[INFO] [stdout]    --> src/main.rs:553:8
[INFO] [stdout]     |
[INFO] [stdout] 553 | struct ConvertOneStringToAnother_DC<'a> {
[INFO] [stdout]     |        ^^^^^^^^^^^^^^^^^^^^^^^^^^^^ help: convert the identifier to upper camel case: `ConvertOneStringToAnotherDc`
[INFO] [stdout] 
[INFO] [stdout] 
[INFO] [stdout] warning: type `ZeroOneKnapsack_DC` should have an upper camel case name
[INFO] [stdout]    --> src/main.rs:579:8
[INFO] [stdout]     |
[INFO] [stdout] 579 | struct ZeroOneKnapsack_DC<'a> {
[INFO] [stdout]     |        ^^^^^^^^^^^^^^^^^^ help: convert the identifier to upper camel case: `ZeroOneKnapsackDc`
[INFO] [stdout] 
[INFO] [stdout] 
[INFO] [stdout] warning: `...` range patterns are deprecated
[INFO] [stdout]     --> src/main.rs:1101:45
[INFO] [stdout]      |
[INFO] [stdout] 1101 |         Message2::Hello {id: id_variable @ 3...7} => {
[INFO] [stdout]      |                                             ^^^ help: use `..=` for an inclusive range
[INFO] [stdout]      |
[INFO] [stdout]      = warning: this is accepted in the current edition (Rust 2018) but is a hard error in Rust 2021!
[INFO] [stdout]      = note: for more information, see <https://doc.rust-lang.org/nightly/edition-guide/rust-2021/warnings-promoted-to-error.html>
[INFO] [stdout]      = note: `#[warn(ellipsis_inclusive_range_patterns)]` on by default
[INFO] [stdout] 
[INFO] [stdout] 
[INFO] [stdout] warning: `...` range patterns are deprecated
[INFO] [stdout]     --> src/main.rs:1104:33
[INFO] [stdout]      |
[INFO] [stdout] 1104 |         Message2::Hello { id: 10...12} => {
[INFO] [stdout]      |                                 ^^^ help: use `..=` for an inclusive range
[INFO] [stdout]      |
[INFO] [stdout]      = warning: this is accepted in the current edition (Rust 2018) but is a hard error in Rust 2021!
[INFO] [stdout]      = note: for more information, see <https://doc.rust-lang.org/nightly/edition-guide/rust-2021/warnings-promoted-to-error.html>
[INFO] [stdout] 
[INFO] [stdout] 
[INFO] [stdout] warning: `...` range patterns are deprecated
[INFO] [stdout]     --> src/main.rs:1292:12
[INFO] [stdout]      |
[INFO] [stdout] 1292 |          1 ... 5 => println!("one through five"),
[INFO] [stdout]      |            ^^^ help: use `..=` for an inclusive range
[INFO] [stdout]      |
[INFO] [stdout]      = warning: this is accepted in the current edition (Rust 2018) but is a hard error in Rust 2021!
[INFO] [stdout]      = note: for more information, see <https://doc.rust-lang.org/nightly/edition-guide/rust-2021/warnings-promoted-to-error.html>
[INFO] [stdout] 
[INFO] [stdout] 
[INFO] [stdout] warning: `...` range patterns are deprecated
[INFO] [stdout]     --> src/main.rs:1300:17
[INFO] [stdout]      |
[INFO] [stdout] 1300 |             'a' ... 'j' => println!("early ASCII letter"),
[INFO] [stdout]      |                 ^^^ help: use `..=` for an inclusive range
[INFO] [stdout]      |
[INFO] [stdout]      = warning: this is accepted in the current edition (Rust 2018) but is a hard error in Rust 2021!
[INFO] [stdout]      = note: for more information, see <https://doc.rust-lang.org/nightly/edition-guide/rust-2021/warnings-promoted-to-error.html>
[INFO] [stdout] 
[INFO] [stdout] 
[INFO] [stdout] warning: `...` range patterns are deprecated
[INFO] [stdout]     --> src/main.rs:1301:17
[INFO] [stdout]      |
[INFO] [stdout] 1301 |             'k' ... 'z' => println!("late ASCII letter"),
[INFO] [stdout]      |                 ^^^ help: use `..=` for an inclusive range
[INFO] [stdout]      |
[INFO] [stdout]      = warning: this is accepted in the current edition (Rust 2018) but is a hard error in Rust 2021!
[INFO] [stdout]      = note: for more information, see <https://doc.rust-lang.org/nightly/edition-guide/rust-2021/warnings-promoted-to-error.html>
[INFO] [stdout] 
[INFO] [stdout] 
[INFO] [stdout] warning: unused variable: `n`
[INFO] [stdout]    --> src/main.rs:380:30
[INFO] [stdout]     |
[INFO] [stdout] 380 |     fn fbnc_bottom_up(&self, n:i32) -> i32{
[INFO] [stdout]     |                              ^ help: if this is intentional, prefix it with an underscore: `_n`
[INFO] [stdout]     |
[INFO] [stdout]     = note: `#[warn(unused_variables)]` on by default
[INFO] [stdout] 
[INFO] [stdout] 
[INFO] [stdout] warning: unused variable: `r1`
[INFO] [stdout]     --> src/main.rs:1090:9
[INFO] [stdout]      |
[INFO] [stdout] 1090 |     let r1 = &num as *const i32;
[INFO] [stdout]      |         ^^ help: if this is intentional, prefix it with an underscore: `_r1`
[INFO] [stdout] 
[INFO] [stdout] 
[INFO] [stdout] warning: unused variable: `r2`
[INFO] [stdout]     --> src/main.rs:1091:9
[INFO] [stdout]      |
[INFO] [stdout] 1091 |     let r2 = &mut num as *mut i32;
[INFO] [stdout]      |         ^^ help: if this is intentional, prefix it with an underscore: `_r2`
[INFO] [stdout] 
[INFO] [stdout] 
[INFO] [stdout] warning: unused variable: `y`
[INFO] [stdout]     --> src/main.rs:1167:9
[INFO] [stdout]      |
[INFO] [stdout] 1167 |     let y = 10;
[INFO] [stdout]      |         ^ help: if this is intentional, prefix it with an underscore: `_y`
[INFO] [stdout] 
[INFO] [stdout] 
[INFO] [stdout] warning: unused variable: `feet`
[INFO] [stdout]     --> src/main.rs:1198:6
[INFO] [stdout]      |
[INFO] [stdout] 1198 | let((feet, inches), Point{x,y}) = ((3,10), Point{x:3,y:4});
[INFO] [stdout]      |      ^^^^ help: if this is intentional, prefix it with an underscore: `_feet`
[INFO] [stdout] 
[INFO] [stdout] 
[INFO] [stdout] warning: unused variable: `inches`
[INFO] [stdout]     --> src/main.rs:1198:12
[INFO] [stdout]      |
[INFO] [stdout] 1198 | let((feet, inches), Point{x,y}) = ((3,10), Point{x:3,y:4});
[INFO] [stdout]      |            ^^^^^^ help: if this is intentional, prefix it with an underscore: `_inches`
[INFO] [stdout] 
[INFO] [stdout] 
[INFO] [stdout] warning: unused variable: `x`
[INFO] [stdout]     --> src/main.rs:1198:27
[INFO] [stdout]      |
[INFO] [stdout] 1198 | let((feet, inches), Point{x,y}) = ((3,10), Point{x:3,y:4});
[INFO] [stdout]      |                           ^ help: try ignoring the field: `x: _`
[INFO] [stdout] 
[INFO] [stdout] 
[INFO] [stdout] warning: unused variable: `y`
[INFO] [stdout]     --> src/main.rs:1198:29
[INFO] [stdout]      |
[INFO] [stdout] 1198 | let((feet, inches), Point{x,y}) = ((3,10), Point{x:3,y:4});
[INFO] [stdout]      |                             ^ help: try ignoring the field: `y: _`
[INFO] [stdout] 
[INFO] [stdout] 
[INFO] [stdout] warning: unused variable: `i`
[INFO] [stdout]     --> src/main.rs:1400:9
[INFO] [stdout]      |
[INFO] [stdout] 1400 |     for i in 0..12{
[INFO] [stdout]      |         ^ help: if this is intentional, prefix it with an underscore: `_i`
[INFO] [stdout] 
[INFO] [stdout] 
[INFO] [stdout] warning: unused variable: `args`
[INFO] [stdout]     --> src/main.rs:1779:9
[INFO] [stdout]      |
[INFO] [stdout] 1779 |     let args: Vec<String> = env::args().collect();
[INFO] [stdout]      |         ^^^^ help: if this is intentional, prefix it with an underscore: `_args`
[INFO] [stdout] 
[INFO] [stdout] 
[INFO] [stdout] warning: unused variable: `s`
[INFO] [stdout]     --> src/main.rs:1831:9
[INFO] [stdout]      |
[INFO] [stdout] 1831 |     let s: &'static str = "I have a static lifetime.";
[INFO] [stdout]      |         ^ help: if this is intentional, prefix it with an underscore: `_s`
[INFO] [stdout] 
[INFO] [stdout] 
[INFO] [stdout] warning: unused variable: `f`
[INFO] [stdout]     --> src/main.rs:1957:9
[INFO] [stdout]      |
[INFO] [stdout] 1957 |     let f = match f {
[INFO] [stdout]      |         ^ help: if this is intentional, prefix it with an underscore: `_f`
[INFO] [stdout] 
[INFO] [stdout] 
[INFO] [stdout] warning: unused variable: `v`
[INFO] [stdout]     --> src/main.rs:1981:9
[INFO] [stdout]      |
[INFO] [stdout] 1981 |     let v = vec![1,2,3];
[INFO] [stdout]      |         ^ help: if this is intentional, prefix it with an underscore: `_v`
[INFO] [stdout] 
[INFO] [stdout] 
[INFO] [stdout] warning: unused variable: `s`
[INFO] [stdout]     --> src/main.rs:2037:13
[INFO] [stdout]      |
[INFO] [stdout] 2037 |     let mut s = String::new();
[INFO] [stdout]      |             ^ help: if this is intentional, prefix it with an underscore: `_s`
[INFO] [stdout] 
[INFO] [stdout] 
[INFO] [stdout] warning: unused variable: `v`
[INFO] [stdout]     --> src/main.rs:2074:9
[INFO] [stdout]      |
[INFO] [stdout] 2074 |     let v: Vec<i32> = Vec::new();
[INFO] [stdout]      |         ^ help: if this is intentional, prefix it with an underscore: `_v`
[INFO] [stdout] 
[INFO] [stdout] 
[INFO] [stdout] warning: unused variable: `third`
[INFO] [stdout]     --> src/main.rs:2085:9
[INFO] [stdout]      |
[INFO] [stdout] 2085 |     let third: Option<&i32> = v.get(2);
[INFO] [stdout]      |         ^^^^^ help: if this is intentional, prefix it with an underscore: `_third`
[INFO] [stdout] 
[INFO] [stdout] 
[INFO] [stdout] warning: unused variable: `s`
[INFO] [stdout]     --> src/main.rs:2134:9
[INFO] [stdout]      |
[INFO] [stdout] 2134 |     let s = 5; // Declara variable
[INFO] [stdout]      |         ^ help: if this is intentional, prefix it with an underscore: `_s`
[INFO] [stdout] 
[INFO] [stdout] 
[INFO] [stdout] warning: unused variable: `k`
[INFO] [stdout]     --> src/main.rs:2139:13
[INFO] [stdout]      |
[INFO] [stdout] 2139 |         let k = 7; // Scope test. This variable is valid in this parenthes.
[INFO] [stdout]      |             ^ help: if this is intentional, prefix it with an underscore: `_k`
[INFO] [stdout] 
[INFO] [stdout] 
[INFO] [stdout] warning: variable `count` is assigned to, but never used
[INFO] [stdout]     --> src/main.rs:2275:17
[INFO] [stdout]      |
[INFO] [stdout] 2275 |         let mut count =0;
[INFO] [stdout]      |                 ^^^^^
[INFO] [stdout]      |
[INFO] [stdout]      = note: consider using `_count` instead
[INFO] [stdout] 
[INFO] [stdout] 
[INFO] [stdout] warning: value assigned to `count` is never read
[INFO] [stdout]     --> src/main.rs:2286:13
[INFO] [stdout]      |
[INFO] [stdout] 2286 |             count += 1;
[INFO] [stdout]      |             ^^^^^
[INFO] [stdout]      |
[INFO] [stdout]      = help: maybe it is overwritten before being read?
[INFO] [stdout]      = note: `#[warn(unused_assignments)]` on by default
[INFO] [stdout] 
[INFO] [stdout] 
[INFO] [stdout] warning: variable does not need to be mutable
[INFO] [stdout]   --> src/main.rs:56:17
[INFO] [stdout]    |
[INFO] [stdout] 56 |             let mut v: i32;
[INFO] [stdout]    |                 ----^
[INFO] [stdout]    |                 |
[INFO] [stdout]    |                 help: remove this `mut`
[INFO] [stdout]    |
[INFO] [stdout]    = note: `#[warn(unused_mut)]` on by default
[INFO] [stdout] 
[INFO] [stdout] 
[INFO] [stdout] warning: variable does not need to be mutable
[INFO] [stdout]    --> src/main.rs:219:13
[INFO] [stdout]     |
[INFO] [stdout] 219 |         let mut dp: &mut Vec<Vec<i32>> = &mut vec![vec![0; capacity as usize + 1]; profits.len()];
[INFO] [stdout]     |             ----^^
[INFO] [stdout]     |             |
[INFO] [stdout]     |             help: remove this `mut`
[INFO] [stdout] 
[INFO] [stdout] 
[INFO] [stdout] warning: variable does not need to be mutable
[INFO] [stdout]     --> src/main.rs:2037:9
[INFO] [stdout]      |
[INFO] [stdout] 2037 |     let mut s = String::new();
[INFO] [stdout]      |         ----^
[INFO] [stdout]      |         |
[INFO] [stdout]      |         help: remove this `mut`
[INFO] [stdout] 
[INFO] [stdout] 
[INFO] [stdout] warning: variable does not need to be mutable
[INFO] [stdout]     --> src/main.rs:2176:9
[INFO] [stdout]      |
[INFO] [stdout] 2176 |     let mut s4 = String::from("Hello world!");
[INFO] [stdout]      |         ----^^
[INFO] [stdout]      |         |
[INFO] [stdout]      |         help: remove this `mut`
[INFO] [stdout] 
[INFO] [stdout] 
[INFO] [stdout] warning: struct `ZeroOneKnapsack_DP_TD` is never constructed
[INFO] [stdout]    --> src/main.rs:211:8
[INFO] [stdout]     |
[INFO] [stdout] 211 | struct ZeroOneKnapsack_DP_TD {
[INFO] [stdout]     |        ^^^^^^^^^^^^^^^^^^^^^
[INFO] [stdout]     |
[INFO] [stdout]     = note: `#[warn(dead_code)]` on by default
[INFO] [stdout] 
[INFO] [stdout] 
[INFO] [stdout] warning: methods `knapsack` and `knapsackAux` are never used
[INFO] [stdout]    --> src/main.rs:217:12
[INFO] [stdout]     |
[INFO] [stdout] 216 | impl ZeroOneKnapsack_DP_TD {
[INFO] [stdout]     | -------------------------- methods in this implementation
[INFO] [stdout] 217 |     pub fn knapsack(&self, profits: &Vec<i32>, weights: &Vec<i32>, capacity:i32) -> i32 {
[INFO] [stdout]     |            ^^^^^^^^
[INFO] [stdout] ...
[INFO] [stdout] 223 |     fn knapsackAux(&self, dp: &mut Vec<Vec<i32>>, profits: &Vec<i32>, weights: &Vec<i32>, capacity: i32, currentIndex: i32) -> i32 {
[INFO] [stdout]     |        ^^^^^^^^^^^
[INFO] [stdout] 
[INFO] [stdout] 
[INFO] [stdout] warning: fields `value` and `children` are never read
[INFO] [stdout]    --> src/main.rs:628:5
[INFO] [stdout]     |
[INFO] [stdout] 627 | struct Node {
[INFO] [stdout]     |        ---- fields in this struct
[INFO] [stdout] 628 |     value: i32,
[INFO] [stdout]     |     ^^^^^
[INFO] [stdout] 629 |     parent: RefCell<Weak<Node>>,
[INFO] [stdout] 630 |     children: RefCell<Vec<Rc<Node>>>,
[INFO] [stdout]     |     ^^^^^^^^
[INFO] [stdout]     |
[INFO] [stdout]     = note: `Node` has a derived impl for the trait `Debug`, but this is intentionally ignored during dead code analysis
[INFO] [stdout] 
[INFO] [stdout] 
[INFO] [stdout] warning: function `simulated_expensive_calculation` is never used
[INFO] [stdout]    --> src/main.rs:633:4
[INFO] [stdout]     |
[INFO] [stdout] 633 | fn simulated_expensive_calculation(intensity: u32) -> u32{
[INFO] [stdout]     |    ^^^^^^^^^^^^^^^^^^^^^^^^^^^^^^^
[INFO] [stdout] 
[INFO] [stdout] 
[INFO] [stdout] warning: struct `Point` is never constructed
[INFO] [stdout]    --> src/main.rs:799:8
[INFO] [stdout]     |
[INFO] [stdout] 799 | struct Point {
[INFO] [stdout]     |        ^^^^^
[INFO] [stdout] 
[INFO] [stdout] 
[INFO] [stdout] warning: variants `Quit`, `Move`, and `Write` are never constructed
[INFO] [stdout]    --> src/main.rs:805:5
[INFO] [stdout]     |
[INFO] [stdout] 804 | enum Message {
[INFO] [stdout]     |      ------- variants in this enum
[INFO] [stdout] 805 |     Quit, 
[INFO] [stdout]     |     ^^^^
[INFO] [stdout] 806 |     Move { x: i32, y: i32},
[INFO] [stdout]     |     ^^^^
[INFO] [stdout] 807 |     Write(String),
[INFO] [stdout]     |     ^^^^^
[INFO] [stdout] 
[INFO] [stdout] 
[INFO] [stdout] warning: struct `Point3` is never constructed
[INFO] [stdout]    --> src/main.rs:814:8
[INFO] [stdout]     |
[INFO] [stdout] 814 | struct Point3 {
[INFO] [stdout]     |        ^^^^^^
[INFO] [stdout] 
[INFO] [stdout] 
[INFO] [stdout] warning: associated function `baby_name` is never used
[INFO] [stdout]    --> src/main.rs:886:12
[INFO] [stdout]     |
[INFO] [stdout] 885 |     impl Dog {
[INFO] [stdout]     |     -------- associated function in this implementation
[INFO] [stdout] 886 |         fn baby_name() -> String {
[INFO] [stdout]     |            ^^^^^^^^^
[INFO] [stdout] 
[INFO] [stdout] 
[INFO] [stdout] warning: fields `x` and `y` are never read
[INFO] [stdout]     --> src/main.rs:1907:9
[INFO] [stdout]      |
[INFO] [stdout] 1906 |     struct Point2<T,U> {
[INFO] [stdout]      |            ------ fields in this struct
[INFO] [stdout] 1907 |         x: T,
[INFO] [stdout]      |         ^
[INFO] [stdout] 1908 |         y: U,
[INFO] [stdout]      |         ^
[INFO] [stdout]      |
[INFO] [stdout]      = note: `Point2` has a derived impl for the trait `Debug`, but this is intentionally ignored during dead code analysis
[INFO] [stdout] 
[INFO] [stdout] 
[INFO] [stdout] warning: fields `username`, `sign_in_count`, and `active` are never read
[INFO] [stdout]     --> src/main.rs:2184:9
[INFO] [stdout]      |
[INFO] [stdout] 2183 |     struct User {
[INFO] [stdout]      |            ---- fields in this struct
[INFO] [stdout] 2184 |         username: String,
[INFO] [stdout]      |         ^^^^^^^^
[INFO] [stdout] 2185 |         email: String,
[INFO] [stdout] 2186 |         sign_in_count: u64,
[INFO] [stdout]      |         ^^^^^^^^^^^^^
[INFO] [stdout] 2187 |         active: bool,
[INFO] [stdout]      |         ^^^^^^
[INFO] [stdout]      |
[INFO] [stdout]      = note: `User` has a derived impl for the trait `Debug`, but this is intentionally ignored during dead code analysis
[INFO] [stdout] 
[INFO] [stdout] 
[INFO] [stdout] warning: variant `Alabama` is never constructed
[INFO] [stdout]     --> src/main.rs:2244:9
[INFO] [stdout]      |
[INFO] [stdout] 2243 |     enum UsState {
[INFO] [stdout]      |          ------- variant in this enum
[INFO] [stdout] 2244 |         Alabama,
[INFO] [stdout]      |         ^^^^^^^
[INFO] [stdout]      |
[INFO] [stdout]      = note: `UsState` has a derived impl for the trait `Debug`, but this is intentionally ignored during dead code analysis
[INFO] [stdout] 
[INFO] [stdout] 
[INFO] [stdout] warning: variants `Penny` and `Nickel` are never constructed
[INFO] [stdout]     --> src/main.rs:2249:9
[INFO] [stdout]      |
[INFO] [stdout] 2248 |     enum Coin {
[INFO] [stdout]      |          ---- variants in this enum
[INFO] [stdout] 2249 |         Penny,
[INFO] [stdout]      |         ^^^^^
[INFO] [stdout] 2250 |         Nickel,
[INFO] [stdout]      |         ^^^^^^
[INFO] [stdout] 
[INFO] [stdout] 
[INFO] [stdout] warning: method `numberOfPaths` should have a snake case name
[INFO] [stdout]   --> src/main.rs:47:12
[INFO] [stdout]    |
[INFO] [stdout] 47 |     pub fn numberOfPaths(&self, array: &Vec<Vec<i32>>, row: i32, col: i32, cost: i32) -> i32{
[INFO] [stdout]    |            ^^^^^^^^^^^^^ help: convert the identifier to snake case: `number_of_paths`
[INFO] [stdout]    |
[INFO] [stdout]    = note: `#[warn(non_snake_case)]` on by default
[INFO] [stdout] 
[INFO] [stdout] 
[INFO] [stdout] warning: method `numberOfPathsAux` should have a snake case name
[INFO] [stdout]   --> src/main.rs:51:12
[INFO] [stdout]    |
[INFO] [stdout] 51 |     pub fn numberOfPathsAux(&self, dp: &mut Vec<Vec<i32>>, array: &Vec<Vec<i32>>, row: i32, col: i32, cost: i32) -> i32{
[INFO] [stdout]    |            ^^^^^^^^^^^^^^^^ help: convert the identifier to snake case: `number_of_paths_aux`
[INFO] [stdout] 
[INFO] [stdout] 
[INFO] [stdout] warning: variable `numOfPathsFromPreviousRow` should have a snake case name
[INFO] [stdout]   --> src/main.rs:66:21
[INFO] [stdout]    |
[INFO] [stdout] 66 |                 let numOfPathsFromPreviousRow = self.numberOfPaths(array, row -1, col, cost - array[row as usize][col as usize]);
[INFO] [stdout]    |                     ^^^^^^^^^^^^^^^^^^^^^^^^^ help: convert the identifier to snake case: `num_of_paths_from_previous_row`
[INFO] [stdout] 
[INFO] [stdout] 
[INFO] [stdout] warning: variable `numOfPathsFromPreviousCol` should have a snake case name
[INFO] [stdout]   --> src/main.rs:67:21
[INFO] [stdout]    |
[INFO] [stdout] 67 |                 let numOfPathsFromPreviousCol = self.numberOfPaths(array, row, col -1, cost - array[row as usize][col as usize]);
[INFO] [stdout]    |                     ^^^^^^^^^^^^^^^^^^^^^^^^^ help: convert the identifier to snake case: `num_of_paths_from_previous_col`
[INFO] [stdout] 
[INFO] [stdout] 
[INFO] [stdout] warning: method `findMinCost` should have a snake case name
[INFO] [stdout]   --> src/main.rs:81:8
[INFO] [stdout]    |
[INFO] [stdout] 81 |     fn findMinCost(&self, array: &Vec<Vec<i32>>, row: i32, col: i32) -> i32 {
[INFO] [stdout]    |        ^^^^^^^^^^^ help: convert the identifier to snake case: `find_min_cost`
[INFO] [stdout] 
[INFO] [stdout] 
[INFO] [stdout] warning: method `findMinCost_aux` should have a snake case name
[INFO] [stdout]   --> src/main.rs:86:8
[INFO] [stdout]    |
[INFO] [stdout] 86 |     fn findMinCost_aux(&self, dp: &mut Vec<Vec<i32>>, array: &Vec<Vec<i32>>, row: i32, col: i32) -> i32 {
[INFO] [stdout]    |        ^^^^^^^^^^^^^^^ help: convert the identifier to snake case: `find_min_cost_aux`
[INFO] [stdout] 
[INFO] [stdout] 
[INFO] [stdout] warning: variable `minCost1` should have a snake case name
[INFO] [stdout]   --> src/main.rs:95:17
[INFO] [stdout]    |
[INFO] [stdout] 95 |             let minCost1 = self.findMinCost_aux(dp, array, row - 1, col);
[INFO] [stdout]    |                 ^^^^^^^^ help: convert the identifier to snake case: `min_cost1`
[INFO] [stdout] 
[INFO] [stdout] 
[INFO] [stdout] warning: variable `minCost2` should have a snake case name
[INFO] [stdout]   --> src/main.rs:96:17
[INFO] [stdout]    |
[INFO] [stdout] 96 |             let minCost2 = self.findMinCost_aux(dp, array, row, col - 1);
[INFO] [stdout]    |                 ^^^^^^^^ help: convert the identifier to snake case: `min_cost2`
[INFO] [stdout] 
[INFO] [stdout] 
[INFO] [stdout] warning: variable `minCost` should have a snake case name
[INFO] [stdout]   --> src/main.rs:97:17
[INFO] [stdout]    |
[INFO] [stdout] 97 |             let minCost = std::cmp::min(minCost1, minCost2);
[INFO] [stdout]    |                 ^^^^^^^ help: convert the identifier to snake case: `min_cost`
[INFO] [stdout] 
[INFO] [stdout] 
[INFO] [stdout] warning: variable `currentCellCost` should have a snake case name
[INFO] [stdout]   --> src/main.rs:98:17
[INFO] [stdout]    |
[INFO] [stdout] 98 |             let currentCellCost = array[row as usize][col as usize];
[INFO] [stdout]    |                 ^^^^^^^^^^^^^^^ help: convert the identifier to snake case: `current_cell_cost`
[INFO] [stdout] 
[INFO] [stdout] 
[INFO] [stdout] warning: method `findLPSLength` should have a snake case name
[INFO] [stdout]    --> src/main.rs:111:12
[INFO] [stdout]     |
[INFO] [stdout] 111 |     pub fn findLPSLength(&self, st: &str)-> i32{
[INFO] [stdout]     |            ^^^^^^^^^^^^^ help: convert the identifier to snake case: `find_lpslength`
[INFO] [stdout] 
[INFO] [stdout] 
[INFO] [stdout] warning: variable `startIdx` should have a snake case name
[INFO] [stdout]    --> src/main.rs:115:57
[INFO] [stdout]     |
[INFO] [stdout] 115 |     fn lps_aux(&self, dp: &mut Vec<Vec<i32>>, st: &str, startIdx: i32, endIdx: i32)-> i32 {
[INFO] [stdout]     |                                                         ^^^^^^^^ help: convert the identifier to snake case: `start_idx`
[INFO] [stdout] 
[INFO] [stdout] 
[INFO] [stdout] warning: variable `endIdx` should have a snake case name
[INFO] [stdout]    --> src/main.rs:115:72
[INFO] [stdout]     |
[INFO] [stdout] 115 |     fn lps_aux(&self, dp: &mut Vec<Vec<i32>>, st: &str, startIdx: i32, endIdx: i32)-> i32 {
[INFO] [stdout]     |                                                                        ^^^^^^ help: convert the identifier to snake case: `end_idx`
[INFO] [stdout] 
[INFO] [stdout] 
[INFO] [stdout] warning: variable `remainingLength` should have a snake case name
[INFO] [stdout]    --> src/main.rs:125:21
[INFO] [stdout]     |
[INFO] [stdout] 125 |                 let remainingLength = endIdx - startIdx -1;
[INFO] [stdout]     |                     ^^^^^^^^^^^^^^^ help: convert the identifier to snake case: `remaining_length`
[INFO] [stdout] 
[INFO] [stdout] 
[INFO] [stdout] warning: method `findLPSLength` should have a snake case name
[INFO] [stdout]    --> src/main.rs:149:12
[INFO] [stdout]     |
[INFO] [stdout] 149 |     pub fn findLPSLength(&self, sentence: &str) -> i32 {
[INFO] [stdout]     |            ^^^^^^^^^^^^^ help: convert the identifier to snake case: `find_lpslength`
[INFO] [stdout] 
[INFO] [stdout] 
[INFO] [stdout] warning: method `lps_Aux` should have a snake case name
[INFO] [stdout]    --> src/main.rs:153:8
[INFO] [stdout]     |
[INFO] [stdout] 153 |     fn lps_Aux(&self, dp: &mut Vec<Vec<i32>>, sentence: &str, startIdx: i32, endIdx: i32) -> i32 {
[INFO] [stdout]     |        ^^^^^^^ help: convert the identifier to snake case: `lps_aux`
[INFO] [stdout] 
[INFO] [stdout] 
[INFO] [stdout] warning: variable `startIdx` should have a snake case name
[INFO] [stdout]    --> src/main.rs:153:63
[INFO] [stdout]     |
[INFO] [stdout] 153 |     fn lps_Aux(&self, dp: &mut Vec<Vec<i32>>, sentence: &str, startIdx: i32, endIdx: i32) -> i32 {
[INFO] [stdout]     |                                                               ^^^^^^^^ help: convert the identifier to snake case: `start_idx`
[INFO] [stdout] 
[INFO] [stdout] 
[INFO] [stdout] warning: variable `endIdx` should have a snake case name
[INFO] [stdout]    --> src/main.rs:153:78
[INFO] [stdout]     |
[INFO] [stdout] 153 |     fn lps_Aux(&self, dp: &mut Vec<Vec<i32>>, sentence: &str, startIdx: i32, endIdx: i32) -> i32 {
[INFO] [stdout]     |                                                                              ^^^^^^ help: convert the identifier to snake case: `end_idx`
[INFO] [stdout] 
[INFO] [stdout] 
[INFO] [stdout] warning: method `findLCSLength` should have a snake case name
[INFO] [stdout]    --> src/main.rs:178:12
[INFO] [stdout]     |
[INFO] [stdout] 178 |     pub fn findLCSLength(&self, s1: &String, s2: &String) -> i32{
[INFO] [stdout]     |            ^^^^^^^^^^^^^ help: convert the identifier to snake case: `find_lcslength`
[INFO] [stdout] 
[INFO] [stdout] 
[INFO] [stdout] warning: method `findLCSLengthAux` should have a snake case name
[INFO] [stdout]    --> src/main.rs:183:8
[INFO] [stdout]     |
[INFO] [stdout] 183 |     fn findLCSLengthAux(&self, dp: &mut Vec<Vec<i32>>, s1: &String, s2: &String, i: usize, j: usize) -> i32{
[INFO] [stdout]     |        ^^^^^^^^^^^^^^^^ help: convert the identifier to snake case: `find_lcslength_aux`
[INFO] [stdout] 
[INFO] [stdout] 
[INFO] [stdout] warning: method `knapsackAux` should have a snake case name
[INFO] [stdout]    --> src/main.rs:223:8
[INFO] [stdout]     |
[INFO] [stdout] 223 |     fn knapsackAux(&self, dp: &mut Vec<Vec<i32>>, profits: &Vec<i32>, weights: &Vec<i32>, capacity: i32, currentIndex: i32) -> i32 {
[INFO] [stdout]     |        ^^^^^^^^^^^ help: convert the identifier to snake case: `knapsack_aux`
[INFO] [stdout] 
[INFO] [stdout] 
[INFO] [stdout] warning: variable `currentIndex` should have a snake case name
[INFO] [stdout]    --> src/main.rs:223:106
[INFO] [stdout]     |
[INFO] [stdout] 223 |     fn knapsackAux(&self, dp: &mut Vec<Vec<i32>>, profits: &Vec<i32>, weights: &Vec<i32>, capacity: i32, currentIndex: i32) -> i32 {
[INFO] [stdout]     |                                                                                                          ^^^^^^^^^^^^ help: convert the identifier to snake case: `current_index`
[INFO] [stdout] 
[INFO] [stdout] 
[INFO] [stdout] warning: method `findMinOperations` should have a snake case name
[INFO] [stdout]    --> src/main.rs:246:12
[INFO] [stdout]     |
[INFO] [stdout] 246 |     pub fn findMinOperations(&self, s1: &'a str, s2: &'a str) -> i32 {
[INFO] [stdout]     |            ^^^^^^^^^^^^^^^^^ help: convert the identifier to snake case: `find_min_operations`
[INFO] [stdout] 
[INFO] [stdout] 
[INFO] [stdout] warning: method `findMinOperations` should have a snake case name
[INFO] [stdout]    --> src/main.rs:275:12
[INFO] [stdout]     |
[INFO] [stdout] 275 |     pub fn findMinOperations(&self, s1: &'a str, s2: &'a str) -> i32 {
[INFO] [stdout]     |            ^^^^^^^^^^^^^^^^^ help: convert the identifier to snake case: `find_min_operations`
[INFO] [stdout] 
[INFO] [stdout] 
[INFO] [stdout] warning: method `findMinOperationsRecursive` should have a snake case name
[INFO] [stdout]    --> src/main.rs:281:8
[INFO] [stdout]     |
[INFO] [stdout] 281 |     fn findMinOperationsRecursive(&self, dp: &mut Vec<Vec<i32>>, s1: &'a str, s2: &'a str, i: usize, j: usize) -> i32 {
[INFO] [stdout]     |        ^^^^^^^^^^^^^^^^^^^^^^^^^^ help: convert the identifier to snake case: `find_min_operations_recursive`
[INFO] [stdout] 
[INFO] [stdout] 
[INFO] [stdout] warning: method `findMaxSteal` should have a snake case name
[INFO] [stdout]    --> src/main.rs:313:12
[INFO] [stdout]     |
[INFO] [stdout] 313 |     pub fn findMaxSteal(&self, worth_to_steal: &'a Vec<i32>) -> i32{
[INFO] [stdout]     |            ^^^^^^^^^^^^ help: convert the identifier to snake case: `find_max_steal`
[INFO] [stdout] 
[INFO] [stdout] 
[INFO] [stdout] warning: method `maxMoney` should have a snake case name
[INFO] [stdout]    --> src/main.rs:328:12
[INFO] [stdout]     |
[INFO] [stdout] 328 |     pub fn maxMoney(&self, worth_to_steal: &'a Vec<i32>) -> i32{
[INFO] [stdout]     |            ^^^^^^^^ help: convert the identifier to snake case: `max_money`
[INFO] [stdout] 
[INFO] [stdout] 
[INFO] [stdout] warning: method `maxMoney_TopDown` should have a snake case name
[INFO] [stdout]    --> src/main.rs:332:8
[INFO] [stdout]     |
[INFO] [stdout] 332 |     fn maxMoney_TopDown(&self, dp: &mut Vec<i32>, worth_to_steal: &'a Vec<i32>, index:usize) -> i32{
[INFO] [stdout]     |        ^^^^^^^^^^^^^^^^ help: convert the identifier to snake case: `max_money_top_down`
[INFO] [stdout] 
[INFO] [stdout] 
[INFO] [stdout] warning: variable `stealCurrent` should have a snake case name
[INFO] [stdout]    --> src/main.rs:337:17
[INFO] [stdout]     |
[INFO] [stdout] 337 |             let stealCurrent = worth_to_steal[index] + self.maxMoney_TopDown(dp, worth_to_steal, index+2);
[INFO] [stdout]     |                 ^^^^^^^^^^^^ help: convert the identifier to snake case: `steal_current`
[INFO] [stdout] 
[INFO] [stdout] 
[INFO] [stdout] warning: variable `skipCurrent` should have a snake case name
[INFO] [stdout]    --> src/main.rs:338:17
[INFO] [stdout]     |
[INFO] [stdout] 338 |             let skipCurrent = self.maxMoney_TopDown(dp, worth_to_steal, index+1);
[INFO] [stdout]     |                 ^^^^^^^^^^^ help: convert the identifier to snake case: `skip_current`
[INFO] [stdout] 
[INFO] [stdout] 
[INFO] [stdout] warning: method `waysToGetN` should have a snake case name
[INFO] [stdout]    --> src/main.rs:352:12
[INFO] [stdout]     |
[INFO] [stdout] 352 |     pub fn waysToGetN(&self, n: i32) -> i32{
[INFO] [stdout]     |            ^^^^^^^^^^ help: convert the identifier to snake case: `ways_to_get_n`
[INFO] [stdout] 
[INFO] [stdout] 
[INFO] [stdout] warning: method `waysToGetN_TopDown` should have a snake case name
[INFO] [stdout]    --> src/main.rs:357:12
[INFO] [stdout]     |
[INFO] [stdout] 357 |     pub fn waysToGetN_TopDown(&self, dp: &mut Vec<i32>, n: i32) -> i32{
[INFO] [stdout]     |            ^^^^^^^^^^^^^^^^^^ help: convert the identifier to snake case: `ways_to_get_n_top_down`
[INFO] [stdout] 
[INFO] [stdout] 
[INFO] [stdout] warning: method `fibonacciAux` should have a snake case name
[INFO] [stdout]    --> src/main.rs:395:12
[INFO] [stdout]     |
[INFO] [stdout] 395 |     pub fn fibonacciAux(&self, memo: &mut Vec<i32>, n:i32)->i32{
[INFO] [stdout]     |            ^^^^^^^^^^^^ help: convert the identifier to snake case: `fibonacci_aux`
[INFO] [stdout] 
[INFO] [stdout] 
[INFO] [stdout] warning: method `numberOfPaths` should have a snake case name
[INFO] [stdout]    --> src/main.rs:419:12
[INFO] [stdout]     |
[INFO] [stdout] 419 |     pub fn numberOfPaths(&self, array: [[isize;4];4], row: isize, col: isize, cost: isize) -> isize {
[INFO] [stdout]     |            ^^^^^^^^^^^^^ help: convert the identifier to snake case: `number_of_paths`
[INFO] [stdout] 
[INFO] [stdout] 
[INFO] [stdout] warning: variable `noOfPathsFromPreviousRow` should have a snake case name
[INFO] [stdout]    --> src/main.rs:432:13
[INFO] [stdout]     |
[INFO] [stdout] 432 |         let noOfPathsFromPreviousRow = self.numberOfPaths(array, row-1, col, cost-array[row as usize][col as usize]);
[INFO] [stdout]     |             ^^^^^^^^^^^^^^^^^^^^^^^^ help: convert the identifier to snake case: `no_of_paths_from_previous_row`
[INFO] [stdout] 
[INFO] [stdout] 
[INFO] [stdout] warning: variable `noOfPathsFromPreviousCol` should have a snake case name
[INFO] [stdout]    --> src/main.rs:433:13
[INFO] [stdout]     |
[INFO] [stdout] 433 |         let noOfPathsFromPreviousCol = self.numberOfPaths(array, row, col-1, cost-array[row as usize][col as usize]);
[INFO] [stdout]     |             ^^^^^^^^^^^^^^^^^^^^^^^^ help: convert the identifier to snake case: `no_of_paths_from_previous_col`
[INFO] [stdout] 
[INFO] [stdout] 
[INFO] [stdout] warning: method `findMinCost` should have a snake case name
[INFO] [stdout]    --> src/main.rs:444:8
[INFO] [stdout]     |
[INFO] [stdout] 444 |     fn findMinCost(&self,cost:[[isize;5];5] ,row: isize, col: isize) -> isize {
[INFO] [stdout]     |        ^^^^^^^^^^^ help: convert the identifier to snake case: `find_min_cost`
[INFO] [stdout] 
[INFO] [stdout] 
[INFO] [stdout] warning: variable `minCost1` should have a snake case name
[INFO] [stdout]    --> src/main.rs:451:9
[INFO] [stdout]     |
[INFO] [stdout] 451 |     let minCost1 = self.findMinCost(cost, row - 1, col);
[INFO] [stdout]     |         ^^^^^^^^ help: convert the identifier to snake case: `min_cost1`
[INFO] [stdout] 
[INFO] [stdout] 
[INFO] [stdout] warning: variable `minCost2` should have a snake case name
[INFO] [stdout]    --> src/main.rs:452:9
[INFO] [stdout]     |
[INFO] [stdout] 452 |     let minCost2 = self.findMinCost(cost, row, col - 1);
[INFO] [stdout]     |         ^^^^^^^^ help: convert the identifier to snake case: `min_cost2`
[INFO] [stdout] 
[INFO] [stdout] 
[INFO] [stdout] warning: variable `minCost` should have a snake case name
[INFO] [stdout]    --> src/main.rs:453:9
[INFO] [stdout]     |
[INFO] [stdout] 453 |     let minCost =std::cmp::min(minCost1, minCost2);
[INFO] [stdout]     |         ^^^^^^^ help: convert the identifier to snake case: `min_cost`
[INFO] [stdout] 
[INFO] [stdout] 
[INFO] [stdout] warning: variable `currentCellsCost` should have a snake case name
[INFO] [stdout]    --> src/main.rs:454:9
[INFO] [stdout]     |
[INFO] [stdout] 454 |     let currentCellsCost = cost[row as usize][col as usize];
[INFO] [stdout]     |         ^^^^^^^^^^^^^^^^ help: convert the identifier to snake case: `current_cells_cost`
[INFO] [stdout] 
[INFO] [stdout] 
[INFO] [stdout] warning: method `findLPSLength` should have a snake case name
[INFO] [stdout]    --> src/main.rs:466:12
[INFO] [stdout]     |
[INFO] [stdout] 466 |     pub fn findLPSLength(&self, st: &str)->usize{
[INFO] [stdout]     |            ^^^^^^^^^^^^^ help: convert the identifier to snake case: `find_lpslength`
[INFO] [stdout] 
[INFO] [stdout] 
[INFO] [stdout] warning: variable `startIdx` should have a snake case name
[INFO] [stdout]    --> src/main.rs:470:33
[INFO] [stdout]     |
[INFO] [stdout] 470 |     fn lps_aux(&self, st: &str, startIdx: usize, endIdx: usize)->usize{
[INFO] [stdout]     |                                 ^^^^^^^^ help: convert the identifier to snake case: `start_idx`
[INFO] [stdout] 
[INFO] [stdout] 
[INFO] [stdout] warning: variable `endIdx` should have a snake case name
[INFO] [stdout]    --> src/main.rs:470:50
[INFO] [stdout]     |
[INFO] [stdout] 470 |     fn lps_aux(&self, st: &str, startIdx: usize, endIdx: usize)->usize{
[INFO] [stdout]     |                                                  ^^^^^^ help: convert the identifier to snake case: `end_idx`
[INFO] [stdout] 
[INFO] [stdout] 
[INFO] [stdout] warning: variable `remainingLength` should have a snake case name
[INFO] [stdout]    --> src/main.rs:479:17
[INFO] [stdout]     |
[INFO] [stdout] 479 |             let remainingLength = endIdx - startIdx -1;
[INFO] [stdout]     |                 ^^^^^^^^^^^^^^^ help: convert the identifier to snake case: `remaining_length`
[INFO] [stdout] 
[INFO] [stdout] 
[INFO] [stdout] warning: method `findLPSLength` should have a snake case name
[INFO] [stdout]    --> src/main.rs:501:12
[INFO] [stdout]     |
[INFO] [stdout] 501 |     pub fn findLPSLength(&self, st: &str)->usize{
[INFO] [stdout]     |            ^^^^^^^^^^^^^ help: convert the identifier to snake case: `find_lpslength`
[INFO] [stdout] 
[INFO] [stdout] 
[INFO] [stdout] warning: method `LPSAux` should have a snake case name
[INFO] [stdout]    --> src/main.rs:504:8
[INFO] [stdout]     |
[INFO] [stdout] 504 |     fn LPSAux(&self, st: &str, startIdx: usize, endIdx: usize) -> usize {
[INFO] [stdout]     |        ^^^^^^ help: convert the identifier to snake case: `lpsaux`
[INFO] [stdout] 
[INFO] [stdout] 
[INFO] [stdout] warning: variable `startIdx` should have a snake case name
[INFO] [stdout]    --> src/main.rs:504:32
[INFO] [stdout]     |
[INFO] [stdout] 504 |     fn LPSAux(&self, st: &str, startIdx: usize, endIdx: usize) -> usize {
[INFO] [stdout]     |                                ^^^^^^^^ help: convert the identifier to snake case: `start_idx`
[INFO] [stdout] 
[INFO] [stdout] 
[INFO] [stdout] warning: variable `endIdx` should have a snake case name
[INFO] [stdout]    --> src/main.rs:504:49
[INFO] [stdout]     |
[INFO] [stdout] 504 |     fn LPSAux(&self, st: &str, startIdx: usize, endIdx: usize) -> usize {
[INFO] [stdout]     |                                                 ^^^^^^ help: convert the identifier to snake case: `end_idx`
[INFO] [stdout] 
[INFO] [stdout] 
[INFO] [stdout] warning: method `findLCSLength` should have a snake case name
[INFO] [stdout]    --> src/main.rs:530:12
[INFO] [stdout]     |
[INFO] [stdout] 530 |     pub fn findLCSLength(&self, s1: &str, s2: &str) -> usize {
[INFO] [stdout]     |            ^^^^^^^^^^^^^ help: convert the identifier to snake case: `find_lcslength`
[INFO] [stdout] 
[INFO] [stdout] 
[INFO] [stdout] warning: method `findLCSLengthAux` should have a snake case name
[INFO] [stdout]    --> src/main.rs:533:12
[INFO] [stdout]     |
[INFO] [stdout] 533 |         fn findLCSLengthAux(&self, s1: &str, s2: &str, i: usize, j: usize) -> usize {
[INFO] [stdout]     |            ^^^^^^^^^^^^^^^^ help: convert the identifier to snake case: `find_lcslength_aux`
[INFO] [stdout] 
[INFO] [stdout] 
[INFO] [stdout] warning: method `findMinOperations` should have a snake case name
[INFO] [stdout]    --> src/main.rs:558:12
[INFO] [stdout]     |
[INFO] [stdout] 558 |     pub fn findMinOperations(&self, s1: &'a str, s2: &'a str)-> i32 {
[INFO] [stdout]     |            ^^^^^^^^^^^^^^^^^ help: convert the identifier to snake case: `find_min_operations`
[INFO] [stdout] 
[INFO] [stdout] 
[INFO] [stdout] warning: method `findMinOperationsAux` should have a snake case name
[INFO] [stdout]    --> src/main.rs:561:12
[INFO] [stdout]     |
[INFO] [stdout] 561 |     pub fn findMinOperationsAux(&self, s1: &'a str, s2: &'a str, i: usize, j: usize)-> i32 {
[INFO] [stdout]     |            ^^^^^^^^^^^^^^^^^^^^ help: convert the identifier to snake case: `find_min_operations_aux`
[INFO] [stdout] 
[INFO] [stdout] 
[INFO] [stdout] warning: variable `currentIndex` should have a snake case name
[INFO] [stdout]    --> src/main.rs:588:93
[INFO] [stdout]     |
[INFO] [stdout] 588 |     pub fn knapsack_aux(&self, profits: &'a Vec<i32>, weights: &'a Vec<i32>, capacity: i32, currentIndex: i32)-> i32{
[INFO] [stdout]     |                                                                                             ^^^^^^^^^^^^ help: convert the identifier to snake case: `current_index`
[INFO] [stdout] 
[INFO] [stdout] 
[INFO] [stdout] warning: variable `costTu` should have a snake case name
[INFO] [stdout]     --> src/main.rs:1202:5
[INFO] [stdout]      |
[INFO] [stdout] 1202 | let costTu: ConvertOneStringToAnother_TD = ConvertOneStringToAnother_TD{
[INFO] [stdout]      |     ^^^^^^ help: convert the identifier to snake case: `cost_tu`
[INFO] [stdout] 
[INFO] [stdout] 
[INFO] [stdout] warning: variable `costBu` should have a snake case name
[INFO] [stdout]     --> src/main.rs:1209:5
[INFO] [stdout]      |
[INFO] [stdout] 1209 | let costBu: ConvertOneStringToAnother_BU = ConvertOneStringToAnother_BU {
[INFO] [stdout]      |     ^^^^^^ help: convert the identifier to snake case: `cost_bu`
[INFO] [stdout] 
[INFO] [stdout] 
[INFO] [stdout] warning: unused `Result` that must be used
[INFO] [stdout]     --> src/main.rs:1947:5
[INFO] [stdout]      |
[INFO] [stdout] 1947 |     read_username_from_file();
[INFO] [stdout]      |     ^^^^^^^^^^^^^^^^^^^^^^^^^
[INFO] [stdout]      |
[INFO] [stdout]      = note: this `Result` may be an `Err` variant, which should be handled
[INFO] [stdout]      = note: `#[warn(unused_must_use)]` on by default
[INFO] [stdout] help: use `let _ = ...` to ignore the resulting value
[INFO] [stdout]      |
[INFO] [stdout] 1947 |     let _ = read_username_from_file();
[INFO] [stdout]      |     +++++++
[INFO] [stdout] 
[INFO] [stdout] 
[INFO] [stdout] warning: 111 warnings emitted
[INFO] [stdout] 
[INFO] [stdout] 
[INFO] [stderr]     Finished dev [unoptimized + debuginfo] target(s) in 0.87s
[INFO] running `Command { std: "docker" "inspect" "dfe7cb06d237056ce46fdae66befff7f13ae5cc3d41237dd335a7718d7a02442", kill_on_drop: false }`
[INFO] running `Command { std: "docker" "rm" "-f" "dfe7cb06d237056ce46fdae66befff7f13ae5cc3d41237dd335a7718d7a02442", kill_on_drop: false }`
[INFO] [stdout] dfe7cb06d237056ce46fdae66befff7f13ae5cc3d41237dd335a7718d7a02442
[INFO] running `Command { std: "docker" "create" "-v" "/var/lib/crater-agent-workspace/builds/worker-6-tc2/target:/opt/rustwide/target:rw,Z" "-v" "/var/lib/crater-agent-workspace/builds/worker-6-tc2/source:/opt/rustwide/workdir:ro,Z" "-v" "/var/lib/crater-agent-workspace/cargo-home:/opt/rustwide/cargo-home:ro,Z" "-v" "/var/lib/crater-agent-workspace/rustup-home:/opt/rustwide/rustup-home:ro,Z" "-e" "SOURCE_DIR=/opt/rustwide/workdir" "-e" "CARGO_TARGET_DIR=/opt/rustwide/target" "-e" "CARGO_INCREMENTAL=0" "-e" "RUST_BACKTRACE=full" "-e" "RUSTFLAGS=--cap-lints=warn" "-e" "RUSTDOCFLAGS=--cap-lints=warn" "-e" "CARGO_HOME=/opt/rustwide/cargo-home" "-e" "RUSTUP_HOME=/opt/rustwide/rustup-home" "-w" "/opt/rustwide/workdir" "-m" "1610612736" "--user" "0:0" "--network" "none" "ghcr.io/rust-lang/crates-build-env/linux@sha256:5ff2268d62e97bff2cde7d5815dd6ed5b47097566f13b8d0ca110b04b60e07ed" "/opt/rustwide/cargo-home/bin/cargo" "+beta-2023-04-20" "test" "--frozen" "--no-run" "--message-format=json", kill_on_drop: false }`
[INFO] [stdout] 38cb38deae5bf49066540af8b68e8bb521b183d6821fd39eb279bf9f70e79f54
[INFO] running `Command { std: "docker" "start" "-a" "38cb38deae5bf49066540af8b68e8bb521b183d6821fd39eb279bf9f70e79f54", kill_on_drop: false }`
[INFO] [stdout] warning: unused import: `std::env`
[INFO] [stdout]  --> src/lib.rs:2:5
[INFO] [stdout]   |
[INFO] [stdout] 2 | use std::env;
[INFO] [stdout]   |     ^^^^^^^^
[INFO] [stdout]   |
[INFO] [stdout]   = note: `#[warn(unused_imports)]` on by default
[INFO] [stdout] 
[INFO] [stdout] 
[INFO] [stdout] warning: unused import: `proc_macro`
[INFO] [stdout]  --> src/lib.rs:4:5
[INFO] [stdout]   |
[INFO] [stdout] 4 | use proc_macro;
[INFO] [stdout]   |     ^^^^^^^^^^
[INFO] [stdout] 
[INFO] [stdout] 
[INFO] [stdout] warning: trait objects without an explicit `dyn` are deprecated
[INFO] [stdout]   --> src/lib.rs:63:47
[INFO] [stdout]    |
[INFO] [stdout] 63 |     fn request_review(self: Box<Self>) -> Box<State>;
[INFO] [stdout]    |                                               ^^^^^
[INFO] [stdout]    |
[INFO] [stdout]    = warning: this is accepted in the current edition (Rust 2018) but is a hard error in Rust 2021!
[INFO] [stdout]    = note: for more information, see <https://doc.rust-lang.org/nightly/edition-guide/rust-2021/warnings-promoted-to-error.html>
[INFO] [stdout]    = note: `#[warn(bare_trait_objects)]` on by default
[INFO] [stdout] help: use `dyn`
[INFO] [stdout]    |
[INFO] [stdout] 63 |     fn request_review(self: Box<Self>) -> Box<dyn State>;
[INFO] [stdout]    |                                               +++
[INFO] [stdout] 
[INFO] [stdout] 
[INFO] [stdout] warning: trait objects without an explicit `dyn` are deprecated
[INFO] [stdout]   --> src/lib.rs:64:40
[INFO] [stdout]    |
[INFO] [stdout] 64 |     fn approve(self: Box<Self>) -> Box<State>;
[INFO] [stdout]    |                                        ^^^^^
[INFO] [stdout]    |
[INFO] [stdout]    = warning: this is accepted in the current edition (Rust 2018) but is a hard error in Rust 2021!
[INFO] [stdout]    = note: for more information, see <https://doc.rust-lang.org/nightly/edition-guide/rust-2021/warnings-promoted-to-error.html>
[INFO] [stdout] help: use `dyn`
[INFO] [stdout]    |
[INFO] [stdout] 64 |     fn approve(self: Box<Self>) -> Box<dyn State>;
[INFO] [stdout]    |                                        +++
[INFO] [stdout] 
[INFO] [stdout] 
[INFO] [stdout] warning: trait objects without an explicit `dyn` are deprecated
[INFO] [stdout]   --> src/lib.rs:98:47
[INFO] [stdout]    |
[INFO] [stdout] 98 |     fn request_review(self: Box<Self>) -> Box<State> {
[INFO] [stdout]    |                                               ^^^^^
[INFO] [stdout]    |
[INFO] [stdout]    = warning: this is accepted in the current edition (Rust 2018) but is a hard error in Rust 2021!
[INFO] [stdout]    = note: for more information, see <https://doc.rust-lang.org/nightly/edition-guide/rust-2021/warnings-promoted-to-error.html>
[INFO] [stdout] help: use `dyn`
[INFO] [stdout]    |
[INFO] [stdout] 98 |     fn request_review(self: Box<Self>) -> Box<dyn State> {
[INFO] [stdout]    |                                               +++
[INFO] [stdout] 
[INFO] [stdout] 
[INFO] [stdout] warning: trait objects without an explicit `dyn` are deprecated
[INFO] [stdout]    --> src/lib.rs:101:40
[INFO] [stdout]     |
[INFO] [stdout] 101 |     fn approve(self: Box<Self>) -> Box<State> {
[INFO] [stdout]     |                                        ^^^^^
[INFO] [stdout]     |
[INFO] [stdout]     = warning: this is accepted in the current edition (Rust 2018) but is a hard error in Rust 2021!
[INFO] [stdout]     = note: for more information, see <https://doc.rust-lang.org/nightly/edition-guide/rust-2021/warnings-promoted-to-error.html>
[INFO] [stdout] help: use `dyn`
[INFO] [stdout]     |
[INFO] [stdout] 101 |     fn approve(self: Box<Self>) -> Box<dyn State> {
[INFO] [stdout]     |                                        +++
[INFO] [stdout] 
[INFO] [stdout] 
[INFO] [stderr]    Compiling rust-train v0.1.0 (/opt/rustwide/workdir)
[INFO] [stdout] warning: trait objects without an explicit `dyn` are deprecated
[INFO] [stdout]    --> src/lib.rs:107:47
[INFO] [stdout]     |
[INFO] [stdout] 107 |     fn request_review(self: Box<Self>) -> Box<State>{
[INFO] [stdout]     |                                               ^^^^^
[INFO] [stdout]     |
[INFO] [stdout]     = warning: this is accepted in the current edition (Rust 2018) but is a hard error in Rust 2021!
[INFO] [stdout]     = note: for more information, see <https://doc.rust-lang.org/nightly/edition-guide/rust-2021/warnings-promoted-to-error.html>
[INFO] [stdout] help: use `dyn`
[INFO] [stdout]     |
[INFO] [stdout] 107 |     fn request_review(self: Box<Self>) -> Box<dyn State>{
[INFO] [stdout]     |                                               +++
[INFO] [stdout] 
[INFO] [stdout] 
[INFO] [stdout] warning: trait objects without an explicit `dyn` are deprecated
[INFO] [stdout]    --> src/lib.rs:110:40
[INFO] [stdout]     |
[INFO] [stdout] 110 |     fn approve(self: Box<Self>) -> Box<State> {
[INFO] [stdout]     |                                        ^^^^^
[INFO] [stdout]     |
[INFO] [stdout]     = warning: this is accepted in the current edition (Rust 2018) but is a hard error in Rust 2021!
[INFO] [stdout]     = note: for more information, see <https://doc.rust-lang.org/nightly/edition-guide/rust-2021/warnings-promoted-to-error.html>
[INFO] [stdout] help: use `dyn`
[INFO] [stdout]     |
[INFO] [stdout] 110 |     fn approve(self: Box<Self>) -> Box<dyn State> {
[INFO] [stdout]     |                                        +++
[INFO] [stdout] 
[INFO] [stdout] 
[INFO] [stdout] warning: trait objects without an explicit `dyn` are deprecated
[INFO] [stdout]    --> src/lib.rs:117:47
[INFO] [stdout]     |
[INFO] [stdout] 117 |     fn request_review(self: Box<Self>) -> Box<State> {
[INFO] [stdout]     |                                               ^^^^^
[INFO] [stdout]     |
[INFO] [stdout]     = warning: this is accepted in the current edition (Rust 2018) but is a hard error in Rust 2021!
[INFO] [stdout]     = note: for more information, see <https://doc.rust-lang.org/nightly/edition-guide/rust-2021/warnings-promoted-to-error.html>
[INFO] [stdout] help: use `dyn`
[INFO] [stdout]     |
[INFO] [stdout] 117 |     fn request_review(self: Box<Self>) -> Box<dyn State> {
[INFO] [stdout]     |                                               +++
[INFO] [stdout] 
[INFO] [stdout] 
[INFO] [stdout] warning: trait objects without an explicit `dyn` are deprecated
[INFO] [stdout]    --> src/lib.rs:120:40
[INFO] [stdout]     |
[INFO] [stdout] 120 |     fn approve(self: Box<Self>) -> Box<State> {
[INFO] [stdout]     |                                        ^^^^^
[INFO] [stdout]     |
[INFO] [stdout]     = warning: this is accepted in the current edition (Rust 2018) but is a hard error in Rust 2021!
[INFO] [stdout]     = note: for more information, see <https://doc.rust-lang.org/nightly/edition-guide/rust-2021/warnings-promoted-to-error.html>
[INFO] [stdout] help: use `dyn`
[INFO] [stdout]     |
[INFO] [stdout] 120 |     fn approve(self: Box<Self>) -> Box<dyn State> {
[INFO] [stdout]     |                                        +++
[INFO] [stdout] 
[INFO] [stdout] 
[INFO] [stdout] warning: unused variable: `post`
[INFO] [stdout]   --> src/lib.rs:65:27
[INFO] [stdout]    |
[INFO] [stdout] 65 |     fn content<'a>(&self, post: &'a Post) -> &'a str {
[INFO] [stdout]    |                           ^^^^ help: if this is intentional, prefix it with an underscore: `_post`
[INFO] [stdout]    |
[INFO] [stdout]    = note: `#[warn(unused_variables)]` on by default
[INFO] [stdout] 
[INFO] [stdout] 
[INFO] [stdout] warning: struct `Pair` is never constructed
[INFO] [stdout]    --> src/lib.rs:291:8
[INFO] [stdout]     |
[INFO] [stdout] 291 | struct Pair<T>{
[INFO] [stdout]     |        ^^^^
[INFO] [stdout]     |
[INFO] [stdout]     = note: `#[warn(dead_code)]` on by default
[INFO] [stdout] 
[INFO] [stdout] 
[INFO] [stdout] warning: associated function `new` is never used
[INFO] [stdout]    --> src/lib.rs:297:8
[INFO] [stdout]     |
[INFO] [stdout] 296 | impl<T> Pair<T> {
[INFO] [stdout]     | --------------- associated function in this implementation
[INFO] [stdout] 297 |     fn new(x: T, y: T) -> Self {
[INFO] [stdout]     |        ^^^
[INFO] [stdout] 
[INFO] [stdout] 
[INFO] [stdout] warning: method `cmp_display` is never used
[INFO] [stdout]    --> src/lib.rs:303:8
[INFO] [stdout]     |
[INFO] [stdout] 302 | impl<T: Display + PartialOrd> Pair<T> {
[INFO] [stdout]     | ------------------------------------- method in this implementation
[INFO] [stdout] 303 |     fn cmp_display(&self) {
[INFO] [stdout]     |        ^^^^^^^^^^^
[INFO] [stdout] 
[INFO] [stdout] 
[INFO] [stdout] warning: function `shoes_in_my_size` is never used
[INFO] [stdout]    --> src/lib.rs:361:4
[INFO] [stdout]     |
[INFO] [stdout] 361 | fn shoes_in_my_size(shoes: Vec<Shoe>, shoe_size: u32) -> Vec<Shoe> {
[INFO] [stdout]     |    ^^^^^^^^^^^^^^^^
[INFO] [stdout] 
[INFO] [stdout] 
[INFO] [stdout] warning: associated function `new` is never used
[INFO] [stdout]    --> src/lib.rs:390:8
[INFO] [stdout]     |
[INFO] [stdout] 389 | impl Counter {
[INFO] [stdout]     | ------------ associated function in this implementation
[INFO] [stdout] 390 |     fn new() -> Counter {
[INFO] [stdout]     |        ^^^
[INFO] [stdout] 
[INFO] [stdout] 
[INFO] [stdout] warning: 16 warnings emitted
[INFO] [stdout] 
[INFO] [stdout] 
[INFO] [stdout] warning: unused import: `std::env`
[INFO] [stdout]  --> src/lib.rs:2:5
[INFO] [stdout]   |
[INFO] [stdout] 2 | use std::env;
[INFO] [stdout]   |     ^^^^^^^^
[INFO] [stdout]   |
[INFO] [stdout]   = note: `#[warn(unused_imports)]` on by default
[INFO] [stdout] 
[INFO] [stdout] 
[INFO] [stdout] warning: unused import: `proc_macro`
[INFO] [stdout]  --> src/lib.rs:4:5
[INFO] [stdout]   |
[INFO] [stdout] 4 | use proc_macro;
[INFO] [stdout]   |     ^^^^^^^^^^
[INFO] [stdout] 
[INFO] [stdout] 
[INFO] [stdout] warning: trait objects without an explicit `dyn` are deprecated
[INFO] [stdout]   --> src/lib.rs:63:47
[INFO] [stdout]    |
[INFO] [stdout] 63 |     fn request_review(self: Box<Self>) -> Box<State>;
[INFO] [stdout]    |                                               ^^^^^
[INFO] [stdout]    |
[INFO] [stdout]    = warning: this is accepted in the current edition (Rust 2018) but is a hard error in Rust 2021!
[INFO] [stdout]    = note: for more information, see <https://doc.rust-lang.org/nightly/edition-guide/rust-2021/warnings-promoted-to-error.html>
[INFO] [stdout]    = note: `#[warn(bare_trait_objects)]` on by default
[INFO] [stdout] help: use `dyn`
[INFO] [stdout]    |
[INFO] [stdout] 63 |     fn request_review(self: Box<Self>) -> Box<dyn State>;
[INFO] [stdout]    |                                               +++
[INFO] [stdout] 
[INFO] [stdout] 
[INFO] [stdout] warning: trait objects without an explicit `dyn` are deprecated
[INFO] [stdout]   --> src/lib.rs:64:40
[INFO] [stdout]    |
[INFO] [stdout] 64 |     fn approve(self: Box<Self>) -> Box<State>;
[INFO] [stdout]    |                                        ^^^^^
[INFO] [stdout]    |
[INFO] [stdout]    = warning: this is accepted in the current edition (Rust 2018) but is a hard error in Rust 2021!
[INFO] [stdout]    = note: for more information, see <https://doc.rust-lang.org/nightly/edition-guide/rust-2021/warnings-promoted-to-error.html>
[INFO] [stdout] help: use `dyn`
[INFO] [stdout]    |
[INFO] [stdout] 64 |     fn approve(self: Box<Self>) -> Box<dyn State>;
[INFO] [stdout]    |                                        +++
[INFO] [stdout] 
[INFO] [stdout] 
[INFO] [stdout] warning: trait objects without an explicit `dyn` are deprecated
[INFO] [stdout]   --> src/lib.rs:98:47
[INFO] [stdout]    |
[INFO] [stdout] 98 |     fn request_review(self: Box<Self>) -> Box<State> {
[INFO] [stdout]    |                                               ^^^^^
[INFO] [stdout]    |
[INFO] [stdout]    = warning: this is accepted in the current edition (Rust 2018) but is a hard error in Rust 2021!
[INFO] [stdout]    = note: for more information, see <https://doc.rust-lang.org/nightly/edition-guide/rust-2021/warnings-promoted-to-error.html>
[INFO] [stdout] help: use `dyn`
[INFO] [stdout]    |
[INFO] [stdout] 98 |     fn request_review(self: Box<Self>) -> Box<dyn State> {
[INFO] [stdout]    |                                               +++
[INFO] [stdout] 
[INFO] [stdout] 
[INFO] [stdout] warning: trait objects without an explicit `dyn` are deprecated
[INFO] [stdout]    --> src/lib.rs:101:40
[INFO] [stdout]     |
[INFO] [stdout] 101 |     fn approve(self: Box<Self>) -> Box<State> {
[INFO] [stdout]     |                                        ^^^^^
[INFO] [stdout]     |
[INFO] [stdout]     = warning: this is accepted in the current edition (Rust 2018) but is a hard error in Rust 2021!
[INFO] [stdout]     = note: for more information, see <https://doc.rust-lang.org/nightly/edition-guide/rust-2021/warnings-promoted-to-error.html>
[INFO] [stdout] help: use `dyn`
[INFO] [stdout]     |
[INFO] [stdout] 101 |     fn approve(self: Box<Self>) -> Box<dyn State> {
[INFO] [stdout]     |                                        +++
[INFO] [stdout] 
[INFO] [stdout] 
[INFO] [stdout] warning: trait objects without an explicit `dyn` are deprecated
[INFO] [stdout]    --> src/lib.rs:107:47
[INFO] [stdout]     |
[INFO] [stdout] 107 |     fn request_review(self: Box<Self>) -> Box<State>{
[INFO] [stdout]     |                                               ^^^^^
[INFO] [stdout]     |
[INFO] [stdout]     = warning: this is accepted in the current edition (Rust 2018) but is a hard error in Rust 2021!
[INFO] [stdout]     = note: for more information, see <https://doc.rust-lang.org/nightly/edition-guide/rust-2021/warnings-promoted-to-error.html>
[INFO] [stdout] help: use `dyn`
[INFO] [stdout]     |
[INFO] [stdout] 107 |     fn request_review(self: Box<Self>) -> Box<dyn State>{
[INFO] [stdout]     |                                               +++
[INFO] [stdout] 
[INFO] [stdout] 
[INFO] [stdout] warning: trait objects without an explicit `dyn` are deprecated
[INFO] [stdout]    --> src/lib.rs:110:40
[INFO] [stdout]     |
[INFO] [stdout] 110 |     fn approve(self: Box<Self>) -> Box<State> {
[INFO] [stdout]     |                                        ^^^^^
[INFO] [stdout]     |
[INFO] [stdout]     = warning: this is accepted in the current edition (Rust 2018) but is a hard error in Rust 2021!
[INFO] [stdout]     = note: for more information, see <https://doc.rust-lang.org/nightly/edition-guide/rust-2021/warnings-promoted-to-error.html>
[INFO] [stdout] help: use `dyn`
[INFO] [stdout]     |
[INFO] [stdout] 110 |     fn approve(self: Box<Self>) -> Box<dyn State> {
[INFO] [stdout]     |                                        +++
[INFO] [stdout] 
[INFO] [stdout] 
[INFO] [stdout] warning: trait objects without an explicit `dyn` are deprecated
[INFO] [stdout]    --> src/lib.rs:117:47
[INFO] [stdout]     |
[INFO] [stdout] 117 |     fn request_review(self: Box<Self>) -> Box<State> {
[INFO] [stdout]     |                                               ^^^^^
[INFO] [stdout]     |
[INFO] [stdout]     = warning: this is accepted in the current edition (Rust 2018) but is a hard error in Rust 2021!
[INFO] [stdout]     = note: for more information, see <https://doc.rust-lang.org/nightly/edition-guide/rust-2021/warnings-promoted-to-error.html>
[INFO] [stdout] help: use `dyn`
[INFO] [stdout]     |
[INFO] [stdout] 117 |     fn request_review(self: Box<Self>) -> Box<dyn State> {
[INFO] [stdout]     |                                               +++
[INFO] [stdout] 
[INFO] [stdout] 
[INFO] [stdout] warning: trait objects without an explicit `dyn` are deprecated
[INFO] [stdout]    --> src/lib.rs:120:40
[INFO] [stdout]     |
[INFO] [stdout] 120 |     fn approve(self: Box<Self>) -> Box<State> {
[INFO] [stdout]     |                                        ^^^^^
[INFO] [stdout]     |
[INFO] [stdout]     = warning: this is accepted in the current edition (Rust 2018) but is a hard error in Rust 2021!
[INFO] [stdout]     = note: for more information, see <https://doc.rust-lang.org/nightly/edition-guide/rust-2021/warnings-promoted-to-error.html>
[INFO] [stdout] help: use `dyn`
[INFO] [stdout]     |
[INFO] [stdout] 120 |     fn approve(self: Box<Self>) -> Box<dyn State> {
[INFO] [stdout]     |                                        +++
[INFO] [stdout] 
[INFO] [stdout] 
[INFO] [stdout] warning: unused import: `std::process`
[INFO] [stdout]   --> src/main.rs:10:5
[INFO] [stdout]    |
[INFO] [stdout] 10 | use std::process;
[INFO] [stdout]    |     ^^^^^^^^^^^^
[INFO] [stdout]    |
[INFO] [stdout]    = note: `#[warn(unused_imports)]` on by default
[INFO] [stdout] 
[INFO] [stdout] 
[INFO] [stdout] warning: type `NumberOfPathsToReachLastCell_TD` should have an upper camel case name
[INFO] [stdout]   --> src/main.rs:42:8
[INFO] [stdout]    |
[INFO] [stdout] 42 | struct NumberOfPathsToReachLastCell_TD<'a> {
[INFO] [stdout]    |        ^^^^^^^^^^^^^^^^^^^^^^^^^^^^^^^ help: convert the identifier to upper camel case: `NumberOfPathsToReachLastCellTd`
[INFO] [stdout]    |
[INFO] [stdout]    = note: `#[warn(non_camel_case_types)]` on by default
[INFO] [stdout] 
[INFO] [stdout] 
[INFO] [stdout] warning: type `MinCostToReachLastCell_in2DArray_TD` should have an upper camel case name
[INFO] [stdout]   --> src/main.rs:77:8
[INFO] [stdout]    |
[INFO] [stdout] 77 | struct MinCostToReachLastCell_in2DArray_TD<'a>{
[INFO] [stdout]    |        ^^^^^^^^^^^^^^^^^^^^^^^^^^^^^^^^^^^ help: convert the identifier to upper camel case: `MinCostToReachLastCellIn2darrayTd`
[INFO] [stdout] 
[INFO] [stdout] 
[INFO] [stdout] warning: type `LongestPalindromicSubstringDP_TD` should have an upper camel case name
[INFO] [stdout]    --> src/main.rs:107:8
[INFO] [stdout]     |
[INFO] [stdout] 107 | struct LongestPalindromicSubstringDP_TD{
[INFO] [stdout]     |        ^^^^^^^^^^^^^^^^^^^^^^^^^^^^^^^^ help: convert the identifier to upper camel case: `LongestPalindromicSubstringDpTd`
[INFO] [stdout] 
[INFO] [stdout] 
[INFO] [stdout] warning: type `LongestPalindromicSubsequenceDP_TD` should have an upper camel case name
[INFO] [stdout]    --> src/main.rs:145:8
[INFO] [stdout]     |
[INFO] [stdout] 145 | struct LongestPalindromicSubsequenceDP_TD{
[INFO] [stdout]     |        ^^^^^^^^^^^^^^^^^^^^^^^^^^^^^^^^^^ help: convert the identifier to upper camel case: `LongestPalindromicSubsequenceDpTd`
[INFO] [stdout] 
[INFO] [stdout] 
[INFO] [stdout] warning: type `LongestCommonSubsequenceDP_TD` should have an upper camel case name
[INFO] [stdout]    --> src/main.rs:173:8
[INFO] [stdout]     |
[INFO] [stdout] 173 | struct LongestCommonSubsequenceDP_TD{
[INFO] [stdout]     |        ^^^^^^^^^^^^^^^^^^^^^^^^^^^^^ help: convert the identifier to upper camel case: `LongestCommonSubsequenceDpTd`
[INFO] [stdout] 
[INFO] [stdout] 
[INFO] [stdout] warning: type `ZeroOneKnapsack_DP_TD` should have an upper camel case name
[INFO] [stdout]    --> src/main.rs:211:8
[INFO] [stdout]     |
[INFO] [stdout] 211 | struct ZeroOneKnapsack_DP_TD {
[INFO] [stdout]     |        ^^^^^^^^^^^^^^^^^^^^^ help: convert the identifier to upper camel case: `ZeroOneKnapsackDpTd`
[INFO] [stdout] 
[INFO] [stdout] 
[INFO] [stdout] warning: type `ConvertOneStringToAnother_BU` should have an upper camel case name
[INFO] [stdout]    --> src/main.rs:241:8
[INFO] [stdout]     |
[INFO] [stdout] 241 | struct ConvertOneStringToAnother_BU<'a>{
[INFO] [stdout]     |        ^^^^^^^^^^^^^^^^^^^^^^^^^^^^ help: convert the identifier to upper camel case: `ConvertOneStringToAnotherBu`
[INFO] [stdout] 
[INFO] [stdout] 
[INFO] [stdout] warning: type `ConvertOneStringToAnother_TD` should have an upper camel case name
[INFO] [stdout]    --> src/main.rs:270:8
[INFO] [stdout]     |
[INFO] [stdout] 270 | struct ConvertOneStringToAnother_TD<'a> {
[INFO] [stdout]     |        ^^^^^^^^^^^^^^^^^^^^^^^^^^^^ help: convert the identifier to upper camel case: `ConvertOneStringToAnotherTd`
[INFO] [stdout] 
[INFO] [stdout] 
[INFO] [stdout] warning: type `HouseThief_BottomUp` should have an upper camel case name
[INFO] [stdout]    --> src/main.rs:309:8
[INFO] [stdout]     |
[INFO] [stdout] 309 | struct HouseThief_BottomUp<'a>{
[INFO] [stdout]     |        ^^^^^^^^^^^^^^^^^^^ help: convert the identifier to upper camel case: `HouseThiefBottomUp`
[INFO] [stdout] 
[INFO] [stdout] 
[INFO] [stdout] warning: type `HouseTheif_TopDown` should have an upper camel case name
[INFO] [stdout]    --> src/main.rs:324:8
[INFO] [stdout]     |
[INFO] [stdout] 324 | struct HouseTheif_TopDown<'a>{
[INFO] [stdout]     |        ^^^^^^^^^^^^^^^^^^ help: convert the identifier to upper camel case: `HouseTheifTopDown`
[INFO] [stdout] 
[INFO] [stdout] 
[INFO] [stdout] warning: type `ConvertOneStringToAnother_DC` should have an upper camel case name
[INFO] [stdout]    --> src/main.rs:553:8
[INFO] [stdout]     |
[INFO] [stdout] 553 | struct ConvertOneStringToAnother_DC<'a> {
[INFO] [stdout]     |        ^^^^^^^^^^^^^^^^^^^^^^^^^^^^ help: convert the identifier to upper camel case: `ConvertOneStringToAnotherDc`
[INFO] [stdout] 
[INFO] [stdout] 
[INFO] [stdout] warning: type `ZeroOneKnapsack_DC` should have an upper camel case name
[INFO] [stdout]    --> src/main.rs:579:8
[INFO] [stdout]     |
[INFO] [stdout] 579 | struct ZeroOneKnapsack_DC<'a> {
[INFO] [stdout]     |        ^^^^^^^^^^^^^^^^^^ help: convert the identifier to upper camel case: `ZeroOneKnapsackDc`
[INFO] [stdout] 
[INFO] [stdout] 
[INFO] [stdout] warning: `...` range patterns are deprecated
[INFO] [stdout]     --> src/main.rs:1101:45
[INFO] [stdout]      |
[INFO] [stdout] 1101 |         Message2::Hello {id: id_variable @ 3...7} => {
[INFO] [stdout]      |                                             ^^^ help: use `..=` for an inclusive range
[INFO] [stdout]      |
[INFO] [stdout]      = warning: this is accepted in the current edition (Rust 2018) but is a hard error in Rust 2021!
[INFO] [stdout]      = note: for more information, see <https://doc.rust-lang.org/nightly/edition-guide/rust-2021/warnings-promoted-to-error.html>
[INFO] [stdout]      = note: `#[warn(ellipsis_inclusive_range_patterns)]` on by default
[INFO] [stdout] 
[INFO] [stdout] 
[INFO] [stdout] warning: `...` range patterns are deprecated
[INFO] [stdout]     --> src/main.rs:1104:33
[INFO] [stdout]      |
[INFO] [stdout] 1104 |         Message2::Hello { id: 10...12} => {
[INFO] [stdout]      |                                 ^^^ help: use `..=` for an inclusive range
[INFO] [stdout]      |
[INFO] [stdout]      = warning: this is accepted in the current edition (Rust 2018) but is a hard error in Rust 2021!
[INFO] [stdout]      = note: for more information, see <https://doc.rust-lang.org/nightly/edition-guide/rust-2021/warnings-promoted-to-error.html>
[INFO] [stdout] 
[INFO] [stdout] 
[INFO] [stdout] warning: `...` range patterns are deprecated
[INFO] [stdout]     --> src/main.rs:1292:12
[INFO] [stdout]      |
[INFO] [stdout] 1292 |          1 ... 5 => println!("one through five"),
[INFO] [stdout]      |            ^^^ help: use `..=` for an inclusive range
[INFO] [stdout]      |
[INFO] [stdout]      = warning: this is accepted in the current edition (Rust 2018) but is a hard error in Rust 2021!
[INFO] [stdout]      = note: for more information, see <https://doc.rust-lang.org/nightly/edition-guide/rust-2021/warnings-promoted-to-error.html>
[INFO] [stdout] 
[INFO] [stdout] 
[INFO] [stdout] warning: `...` range patterns are deprecated
[INFO] [stdout]     --> src/main.rs:1300:17
[INFO] [stdout]      |
[INFO] [stdout] 1300 |             'a' ... 'j' => println!("early ASCII letter"),
[INFO] [stdout]      |                 ^^^ help: use `..=` for an inclusive range
[INFO] [stdout]      |
[INFO] [stdout]      = warning: this is accepted in the current edition (Rust 2018) but is a hard error in Rust 2021!
[INFO] [stdout]      = note: for more information, see <https://doc.rust-lang.org/nightly/edition-guide/rust-2021/warnings-promoted-to-error.html>
[INFO] [stdout] 
[INFO] [stdout] 
[INFO] [stdout] warning: `...` range patterns are deprecated
[INFO] [stdout]     --> src/main.rs:1301:17
[INFO] [stdout]      |
[INFO] [stdout] 1301 |             'k' ... 'z' => println!("late ASCII letter"),
[INFO] [stdout]      |                 ^^^ help: use `..=` for an inclusive range
[INFO] [stdout]      |
[INFO] [stdout]      = warning: this is accepted in the current edition (Rust 2018) but is a hard error in Rust 2021!
[INFO] [stdout]      = note: for more information, see <https://doc.rust-lang.org/nightly/edition-guide/rust-2021/warnings-promoted-to-error.html>
[INFO] [stdout] 
[INFO] [stdout] 
[INFO] [stdout] warning: unused variable: `post`
[INFO] [stdout]   --> src/lib.rs:65:27
[INFO] [stdout]    |
[INFO] [stdout] 65 |     fn content<'a>(&self, post: &'a Post) -> &'a str {
[INFO] [stdout]    |                           ^^^^ help: if this is intentional, prefix it with an underscore: `_post`
[INFO] [stdout]    |
[INFO] [stdout]    = note: `#[warn(unused_variables)]` on by default
[INFO] [stdout] 
[INFO] [stdout] 
[INFO] [stdout] warning: struct `Pair` is never constructed
[INFO] [stdout]    --> src/lib.rs:291:8
[INFO] [stdout]     |
[INFO] [stdout] 291 | struct Pair<T>{
[INFO] [stdout]     |        ^^^^
[INFO] [stdout]     |
[INFO] [stdout]     = note: `#[warn(dead_code)]` on by default
[INFO] [stdout] 
[INFO] [stdout] 
[INFO] [stdout] warning: associated function `new` is never used
[INFO] [stdout]    --> src/lib.rs:297:8
[INFO] [stdout]     |
[INFO] [stdout] 296 | impl<T> Pair<T> {
[INFO] [stdout]     | --------------- associated function in this implementation
[INFO] [stdout] 297 |     fn new(x: T, y: T) -> Self {
[INFO] [stdout]     |        ^^^
[INFO] [stdout] 
[INFO] [stdout] 
[INFO] [stdout] warning: method `cmp_display` is never used
[INFO] [stdout]    --> src/lib.rs:303:8
[INFO] [stdout]     |
[INFO] [stdout] 302 | impl<T: Display + PartialOrd> Pair<T> {
[INFO] [stdout]     | ------------------------------------- method in this implementation
[INFO] [stdout] 303 |     fn cmp_display(&self) {
[INFO] [stdout]     |        ^^^^^^^^^^^
[INFO] [stdout] 
[INFO] [stdout] 
[INFO] [stdout] warning: unused variable: `n`
[INFO] [stdout]    --> src/main.rs:380:30
[INFO] [stdout]     |
[INFO] [stdout] 380 |     fn fbnc_bottom_up(&self, n:i32) -> i32{
[INFO] [stdout]     |                              ^ help: if this is intentional, prefix it with an underscore: `_n`
[INFO] [stdout]     |
[INFO] [stdout]     = note: `#[warn(unused_variables)]` on by default
[INFO] [stdout] 
[INFO] [stdout] 
[INFO] [stdout] warning: unused variable: `r1`
[INFO] [stdout]     --> src/main.rs:1090:9
[INFO] [stdout]      |
[INFO] [stdout] 1090 |     let r1 = &num as *const i32;
[INFO] [stdout]      |         ^^ help: if this is intentional, prefix it with an underscore: `_r1`
[INFO] [stdout] 
[INFO] [stdout] 
[INFO] [stdout] warning: unused variable: `r2`
[INFO] [stdout]     --> src/main.rs:1091:9
[INFO] [stdout]      |
[INFO] [stdout] 1091 |     let r2 = &mut num as *mut i32;
[INFO] [stdout]      |         ^^ help: if this is intentional, prefix it with an underscore: `_r2`
[INFO] [stdout] 
[INFO] [stdout] 
[INFO] [stdout] warning: unused variable: `y`
[INFO] [stdout]     --> src/main.rs:1167:9
[INFO] [stdout]      |
[INFO] [stdout] 1167 |     let y = 10;
[INFO] [stdout]      |         ^ help: if this is intentional, prefix it with an underscore: `_y`
[INFO] [stdout] 
[INFO] [stdout] 
[INFO] [stdout] warning: unused variable: `feet`
[INFO] [stdout]     --> src/main.rs:1198:6
[INFO] [stdout]      |
[INFO] [stdout] 1198 | let((feet, inches), Point{x,y}) = ((3,10), Point{x:3,y:4});
[INFO] [stdout]      |      ^^^^ help: if this is intentional, prefix it with an underscore: `_feet`
[INFO] [stdout] 
[INFO] [stdout] 
[INFO] [stdout] warning: unused variable: `inches`
[INFO] [stdout]     --> src/main.rs:1198:12
[INFO] [stdout]      |
[INFO] [stdout] 1198 | let((feet, inches), Point{x,y}) = ((3,10), Point{x:3,y:4});
[INFO] [stdout]      |            ^^^^^^ help: if this is intentional, prefix it with an underscore: `_inches`
[INFO] [stdout] 
[INFO] [stdout] 
[INFO] [stdout] warning: unused variable: `x`
[INFO] [stdout]     --> src/main.rs:1198:27
[INFO] [stdout]      |
[INFO] [stdout] 1198 | let((feet, inches), Point{x,y}) = ((3,10), Point{x:3,y:4});
[INFO] [stdout]      |                           ^ help: try ignoring the field: `x: _`
[INFO] [stdout] 
[INFO] [stdout] 
[INFO] [stdout] warning: unused variable: `y`
[INFO] [stdout]     --> src/main.rs:1198:29
[INFO] [stdout]      |
[INFO] [stdout] 1198 | let((feet, inches), Point{x,y}) = ((3,10), Point{x:3,y:4});
[INFO] [stdout]      |                             ^ help: try ignoring the field: `y: _`
[INFO] [stdout] 
[INFO] [stdout] 
[INFO] [stdout] warning: unused variable: `i`
[INFO] [stdout]     --> src/main.rs:1400:9
[INFO] [stdout]      |
[INFO] [stdout] 1400 |     for i in 0..12{
[INFO] [stdout]      |         ^ help: if this is intentional, prefix it with an underscore: `_i`
[INFO] [stdout] 
[INFO] [stdout] 
[INFO] [stdout] warning: unused variable: `args`
[INFO] [stdout]     --> src/main.rs:1779:9
[INFO] [stdout]      |
[INFO] [stdout] 1779 |     let args: Vec<String> = env::args().collect();
[INFO] [stdout]      |         ^^^^ help: if this is intentional, prefix it with an underscore: `_args`
[INFO] [stdout] 
[INFO] [stdout] 
[INFO] [stdout] warning: unused variable: `s`
[INFO] [stdout]     --> src/main.rs:1831:9
[INFO] [stdout]      |
[INFO] [stdout] 1831 |     let s: &'static str = "I have a static lifetime.";
[INFO] [stdout]      |         ^ help: if this is intentional, prefix it with an underscore: `_s`
[INFO] [stdout] 
[INFO] [stdout] 
[INFO] [stdout] warning: unused variable: `f`
[INFO] [stdout]     --> src/main.rs:1957:9
[INFO] [stdout]      |
[INFO] [stdout] 1957 |     let f = match f {
[INFO] [stdout]      |         ^ help: if this is intentional, prefix it with an underscore: `_f`
[INFO] [stdout] 
[INFO] [stdout] 
[INFO] [stdout] warning: unused variable: `v`
[INFO] [stdout]     --> src/main.rs:1981:9
[INFO] [stdout]      |
[INFO] [stdout] 1981 |     let v = vec![1,2,3];
[INFO] [stdout]      |         ^ help: if this is intentional, prefix it with an underscore: `_v`
[INFO] [stdout] 
[INFO] [stdout] 
[INFO] [stdout] warning: unused variable: `s`
[INFO] [stdout]     --> src/main.rs:2037:13
[INFO] [stdout]      |
[INFO] [stdout] 2037 |     let mut s = String::new();
[INFO] [stdout]      |             ^ help: if this is intentional, prefix it with an underscore: `_s`
[INFO] [stdout] 
[INFO] [stdout] 
[INFO] [stdout] warning: unused variable: `v`
[INFO] [stdout]     --> src/main.rs:2074:9
[INFO] [stdout]      |
[INFO] [stdout] 2074 |     let v: Vec<i32> = Vec::new();
[INFO] [stdout]      |         ^ help: if this is intentional, prefix it with an underscore: `_v`
[INFO] [stdout] 
[INFO] [stdout] 
[INFO] [stdout] warning: unused variable: `third`
[INFO] [stdout]     --> src/main.rs:2085:9
[INFO] [stdout]      |
[INFO] [stdout] 2085 |     let third: Option<&i32> = v.get(2);
[INFO] [stdout]      |         ^^^^^ help: if this is intentional, prefix it with an underscore: `_third`
[INFO] [stdout] 
[INFO] [stdout] 
[INFO] [stdout] warning: unused variable: `s`
[INFO] [stdout]     --> src/main.rs:2134:9
[INFO] [stdout]      |
[INFO] [stdout] 2134 |     let s = 5; // Declara variable
[INFO] [stdout]      |         ^ help: if this is intentional, prefix it with an underscore: `_s`
[INFO] [stdout] 
[INFO] [stdout] 
[INFO] [stdout] warning: unused variable: `k`
[INFO] [stdout]     --> src/main.rs:2139:13
[INFO] [stdout]      |
[INFO] [stdout] 2139 |         let k = 7; // Scope test. This variable is valid in this parenthes.
[INFO] [stdout]      |             ^ help: if this is intentional, prefix it with an underscore: `_k`
[INFO] [stdout] 
[INFO] [stdout] 
[INFO] [stdout] warning: variable `count` is assigned to, but never used
[INFO] [stdout]     --> src/main.rs:2275:17
[INFO] [stdout]      |
[INFO] [stdout] 2275 |         let mut count =0;
[INFO] [stdout]      |                 ^^^^^
[INFO] [stdout]      |
[INFO] [stdout]      = note: consider using `_count` instead
[INFO] [stdout] 
[INFO] [stdout] 
[INFO] [stdout] warning: value assigned to `count` is never read
[INFO] [stdout]     --> src/main.rs:2286:13
[INFO] [stdout]      |
[INFO] [stdout] 2286 |             count += 1;
[INFO] [stdout]      |             ^^^^^
[INFO] [stdout]      |
[INFO] [stdout]      = help: maybe it is overwritten before being read?
[INFO] [stdout]      = note: `#[warn(unused_assignments)]` on by default
[INFO] [stdout] 
[INFO] [stdout] 
[INFO] [stdout] warning: variable does not need to be mutable
[INFO] [stdout]   --> src/main.rs:56:17
[INFO] [stdout]    |
[INFO] [stdout] 56 |             let mut v: i32;
[INFO] [stdout]    |                 ----^
[INFO] [stdout]    |                 |
[INFO] [stdout]    |                 help: remove this `mut`
[INFO] [stdout]    |
[INFO] [stdout]    = note: `#[warn(unused_mut)]` on by default
[INFO] [stdout] 
[INFO] [stdout] 
[INFO] [stdout] warning: variable does not need to be mutable
[INFO] [stdout]    --> src/main.rs:219:13
[INFO] [stdout]     |
[INFO] [stdout] 219 |         let mut dp: &mut Vec<Vec<i32>> = &mut vec![vec![0; capacity as usize + 1]; profits.len()];
[INFO] [stdout]     |             ----^^
[INFO] [stdout]     |             |
[INFO] [stdout]     |             help: remove this `mut`
[INFO] [stdout] 
[INFO] [stdout] 
[INFO] [stdout] warning: variable does not need to be mutable
[INFO] [stdout]     --> src/main.rs:2037:9
[INFO] [stdout]      |
[INFO] [stdout] 2037 |     let mut s = String::new();
[INFO] [stdout]      |         ----^
[INFO] [stdout]      |         |
[INFO] [stdout]      |         help: remove this `mut`
[INFO] [stdout] 
[INFO] [stdout] 
[INFO] [stdout] warning: variable does not need to be mutable
[INFO] [stdout]     --> src/main.rs:2176:9
[INFO] [stdout]      |
[INFO] [stdout] 2176 |     let mut s4 = String::from("Hello world!");
[INFO] [stdout]      |         ----^^
[INFO] [stdout]      |         |
[INFO] [stdout]      |         help: remove this `mut`
[INFO] [stdout] 
[INFO] [stdout] 
[INFO] [stdout] warning: struct `ZeroOneKnapsack_DP_TD` is never constructed
[INFO] [stdout]    --> src/main.rs:211:8
[INFO] [stdout]     |
[INFO] [stdout] 211 | struct ZeroOneKnapsack_DP_TD {
[INFO] [stdout]     |        ^^^^^^^^^^^^^^^^^^^^^
[INFO] [stdout]     |
[INFO] [stdout]     = note: `#[warn(dead_code)]` on by default
[INFO] [stdout] 
[INFO] [stdout] 
[INFO] [stdout] warning: methods `knapsack` and `knapsackAux` are never used
[INFO] [stdout]    --> src/main.rs:217:12
[INFO] [stdout]     |
[INFO] [stdout] 216 | impl ZeroOneKnapsack_DP_TD {
[INFO] [stdout]     | -------------------------- methods in this implementation
[INFO] [stdout] 217 |     pub fn knapsack(&self, profits: &Vec<i32>, weights: &Vec<i32>, capacity:i32) -> i32 {
[INFO] [stdout]     |            ^^^^^^^^
[INFO] [stdout] ...
[INFO] [stdout] 223 |     fn knapsackAux(&self, dp: &mut Vec<Vec<i32>>, profits: &Vec<i32>, weights: &Vec<i32>, capacity: i32, currentIndex: i32) -> i32 {
[INFO] [stdout]     |        ^^^^^^^^^^^
[INFO] [stdout] 
[INFO] [stdout] 
[INFO] [stdout] warning: fields `value` and `children` are never read
[INFO] [stdout]    --> src/main.rs:628:5
[INFO] [stdout]     |
[INFO] [stdout] 627 | struct Node {
[INFO] [stdout]     |        ---- fields in this struct
[INFO] [stdout] 628 |     value: i32,
[INFO] [stdout]     |     ^^^^^
[INFO] [stdout] 629 |     parent: RefCell<Weak<Node>>,
[INFO] [stdout] 630 |     children: RefCell<Vec<Rc<Node>>>,
[INFO] [stdout]     |     ^^^^^^^^
[INFO] [stdout]     |
[INFO] [stdout]     = note: `Node` has a derived impl for the trait `Debug`, but this is intentionally ignored during dead code analysis
[INFO] [stdout] 
[INFO] [stdout] 
[INFO] [stdout] warning: function `simulated_expensive_calculation` is never used
[INFO] [stdout]    --> src/main.rs:633:4
[INFO] [stdout]     |
[INFO] [stdout] 633 | fn simulated_expensive_calculation(intensity: u32) -> u32{
[INFO] [stdout]     |    ^^^^^^^^^^^^^^^^^^^^^^^^^^^^^^^
[INFO] [stdout] 
[INFO] [stdout] 
[INFO] [stdout] warning: struct `Point` is never constructed
[INFO] [stdout]    --> src/main.rs:799:8
[INFO] [stdout]     |
[INFO] [stdout] 799 | struct Point {
[INFO] [stdout]     |        ^^^^^
[INFO] [stdout] 
[INFO] [stdout] 
[INFO] [stdout] warning: variants `Quit`, `Move`, and `Write` are never constructed
[INFO] [stdout]    --> src/main.rs:805:5
[INFO] [stdout]     |
[INFO] [stdout] 804 | enum Message {
[INFO] [stdout]     |      ------- variants in this enum
[INFO] [stdout] 805 |     Quit, 
[INFO] [stdout]     |     ^^^^
[INFO] [stdout] 806 |     Move { x: i32, y: i32},
[INFO] [stdout]     |     ^^^^
[INFO] [stdout] 807 |     Write(String),
[INFO] [stdout]     |     ^^^^^
[INFO] [stdout] 
[INFO] [stdout] 
[INFO] [stdout] warning: struct `Point3` is never constructed
[INFO] [stdout]    --> src/main.rs:814:8
[INFO] [stdout]     |
[INFO] [stdout] 814 | struct Point3 {
[INFO] [stdout]     |        ^^^^^^
[INFO] [stdout] 
[INFO] [stdout] 
[INFO] [stdout] warning: associated function `baby_name` is never used
[INFO] [stdout]    --> src/main.rs:886:12
[INFO] [stdout]     |
[INFO] [stdout] 885 |     impl Dog {
[INFO] [stdout]     |     -------- associated function in this implementation
[INFO] [stdout] 886 |         fn baby_name() -> String {
[INFO] [stdout]     |            ^^^^^^^^^
[INFO] [stdout] 
[INFO] [stdout] 
[INFO] [stdout] warning: method `numberOfPaths` should have a snake case name
[INFO] [stdout]   --> src/main.rs:47:12
[INFO] [stdout]    |
[INFO] [stdout] 47 |     pub fn numberOfPaths(&self, array: &Vec<Vec<i32>>, row: i32, col: i32, cost: i32) -> i32{
[INFO] [stdout]    |            ^^^^^^^^^^^^^ help: convert the identifier to snake case: `number_of_paths`
[INFO] [stdout]    |
[INFO] [stdout]    = note: `#[warn(non_snake_case)]` on by default
[INFO] [stdout] 
[INFO] [stdout] 
[INFO] [stdout] warning: method `numberOfPathsAux` should have a snake case name
[INFO] [stdout]   --> src/main.rs:51:12
[INFO] [stdout]    |
[INFO] [stdout] 51 |     pub fn numberOfPathsAux(&self, dp: &mut Vec<Vec<i32>>, array: &Vec<Vec<i32>>, row: i32, col: i32, cost: i32) -> i32{
[INFO] [stdout]    |            ^^^^^^^^^^^^^^^^ help: convert the identifier to snake case: `number_of_paths_aux`
[INFO] [stdout] 
[INFO] [stdout] 
[INFO] [stdout] warning: variable `numOfPathsFromPreviousRow` should have a snake case name
[INFO] [stdout]   --> src/main.rs:66:21
[INFO] [stdout]    |
[INFO] [stdout] 66 |                 let numOfPathsFromPreviousRow = self.numberOfPaths(array, row -1, col, cost - array[row as usize][col as usize]);
[INFO] [stdout]    |                     ^^^^^^^^^^^^^^^^^^^^^^^^^ help: convert the identifier to snake case: `num_of_paths_from_previous_row`
[INFO] [stdout] 
[INFO] [stdout] 
[INFO] [stdout] warning: variable `numOfPathsFromPreviousCol` should have a snake case name
[INFO] [stdout]   --> src/main.rs:67:21
[INFO] [stdout]    |
[INFO] [stdout] 67 |                 let numOfPathsFromPreviousCol = self.numberOfPaths(array, row, col -1, cost - array[row as usize][col as usize]);
[INFO] [stdout]    |                     ^^^^^^^^^^^^^^^^^^^^^^^^^ help: convert the identifier to snake case: `num_of_paths_from_previous_col`
[INFO] [stdout] 
[INFO] [stdout] 
[INFO] [stdout] warning: method `findMinCost` should have a snake case name
[INFO] [stdout]   --> src/main.rs:81:8
[INFO] [stdout]    |
[INFO] [stdout] 81 |     fn findMinCost(&self, array: &Vec<Vec<i32>>, row: i32, col: i32) -> i32 {
[INFO] [stdout]    |        ^^^^^^^^^^^ help: convert the identifier to snake case: `find_min_cost`
[INFO] [stdout] 
[INFO] [stdout] 
[INFO] [stdout] warning: method `findMinCost_aux` should have a snake case name
[INFO] [stdout]   --> src/main.rs:86:8
[INFO] [stdout]    |
[INFO] [stdout] 86 |     fn findMinCost_aux(&self, dp: &mut Vec<Vec<i32>>, array: &Vec<Vec<i32>>, row: i32, col: i32) -> i32 {
[INFO] [stdout]    |        ^^^^^^^^^^^^^^^ help: convert the identifier to snake case: `find_min_cost_aux`
[INFO] [stdout] 
[INFO] [stdout] 
[INFO] [stdout] warning: variable `minCost1` should have a snake case name
[INFO] [stdout]   --> src/main.rs:95:17
[INFO] [stdout]    |
[INFO] [stdout] 95 |             let minCost1 = self.findMinCost_aux(dp, array, row - 1, col);
[INFO] [stdout]    |                 ^^^^^^^^ help: convert the identifier to snake case: `min_cost1`
[INFO] [stdout] 
[INFO] [stdout] 
[INFO] [stdout] warning: variable `minCost2` should have a snake case name
[INFO] [stdout]   --> src/main.rs:96:17
[INFO] [stdout]    |
[INFO] [stdout] 96 |             let minCost2 = self.findMinCost_aux(dp, array, row, col - 1);
[INFO] [stdout]    |                 ^^^^^^^^ help: convert the identifier to snake case: `min_cost2`
[INFO] [stdout] 
[INFO] [stdout] 
[INFO] [stdout] warning: variable `minCost` should have a snake case name
[INFO] [stdout]   --> src/main.rs:97:17
[INFO] [stdout]    |
[INFO] [stdout] 97 |             let minCost = std::cmp::min(minCost1, minCost2);
[INFO] [stdout]    |                 ^^^^^^^ help: convert the identifier to snake case: `min_cost`
[INFO] [stdout] 
[INFO] [stdout] 
[INFO] [stdout] warning: variable `currentCellCost` should have a snake case name
[INFO] [stdout]   --> src/main.rs:98:17
[INFO] [stdout]    |
[INFO] [stdout] 98 |             let currentCellCost = array[row as usize][col as usize];
[INFO] [stdout]    |                 ^^^^^^^^^^^^^^^ help: convert the identifier to snake case: `current_cell_cost`
[INFO] [stdout] 
[INFO] [stdout] 
[INFO] [stdout] warning: method `findLPSLength` should have a snake case name
[INFO] [stdout]    --> src/main.rs:111:12
[INFO] [stdout]     |
[INFO] [stdout] 111 |     pub fn findLPSLength(&self, st: &str)-> i32{
[INFO] [stdout]     |            ^^^^^^^^^^^^^ help: convert the identifier to snake case: `find_lpslength`
[INFO] [stdout] 
[INFO] [stdout] 
[INFO] [stdout] warning: variable `startIdx` should have a snake case name
[INFO] [stdout]    --> src/main.rs:115:57
[INFO] [stdout]     |
[INFO] [stdout] 115 |     fn lps_aux(&self, dp: &mut Vec<Vec<i32>>, st: &str, startIdx: i32, endIdx: i32)-> i32 {
[INFO] [stdout]     |                                                         ^^^^^^^^ help: convert the identifier to snake case: `start_idx`
[INFO] [stdout] 
[INFO] [stdout] 
[INFO] [stdout] warning: variable `endIdx` should have a snake case name
[INFO] [stdout]    --> src/main.rs:115:72
[INFO] [stdout]     |
[INFO] [stdout] 115 |     fn lps_aux(&self, dp: &mut Vec<Vec<i32>>, st: &str, startIdx: i32, endIdx: i32)-> i32 {
[INFO] [stdout]     |                                                                        ^^^^^^ help: convert the identifier to snake case: `end_idx`
[INFO] [stdout] 
[INFO] [stdout] 
[INFO] [stdout] warning: variable `remainingLength` should have a snake case name
[INFO] [stdout]    --> src/main.rs:125:21
[INFO] [stdout]     |
[INFO] [stdout] 125 |                 let remainingLength = endIdx - startIdx -1;
[INFO] [stdout]     |                     ^^^^^^^^^^^^^^^ help: convert the identifier to snake case: `remaining_length`
[INFO] [stdout] 
[INFO] [stdout] 
[INFO] [stdout] warning: method `findLPSLength` should have a snake case name
[INFO] [stdout]    --> src/main.rs:149:12
[INFO] [stdout]     |
[INFO] [stdout] 149 |     pub fn findLPSLength(&self, sentence: &str) -> i32 {
[INFO] [stdout]     |            ^^^^^^^^^^^^^ help: convert the identifier to snake case: `find_lpslength`
[INFO] [stdout] 
[INFO] [stdout] 
[INFO] [stdout] warning: method `lps_Aux` should have a snake case name
[INFO] [stdout]    --> src/main.rs:153:8
[INFO] [stdout]     |
[INFO] [stdout] 153 |     fn lps_Aux(&self, dp: &mut Vec<Vec<i32>>, sentence: &str, startIdx: i32, endIdx: i32) -> i32 {
[INFO] [stdout]     |        ^^^^^^^ help: convert the identifier to snake case: `lps_aux`
[INFO] [stdout] 
[INFO] [stdout] 
[INFO] [stdout] warning: variable `startIdx` should have a snake case name
[INFO] [stdout]    --> src/main.rs:153:63
[INFO] [stdout]     |
[INFO] [stdout] 153 |     fn lps_Aux(&self, dp: &mut Vec<Vec<i32>>, sentence: &str, startIdx: i32, endIdx: i32) -> i32 {
[INFO] [stdout]     |                                                               ^^^^^^^^ help: convert the identifier to snake case: `start_idx`
[INFO] [stdout] 
[INFO] [stdout] 
[INFO] [stdout] warning: variable `endIdx` should have a snake case name
[INFO] [stdout]    --> src/main.rs:153:78
[INFO] [stdout]     |
[INFO] [stdout] 153 |     fn lps_Aux(&self, dp: &mut Vec<Vec<i32>>, sentence: &str, startIdx: i32, endIdx: i32) -> i32 {
[INFO] [stdout]     |                                                                              ^^^^^^ help: convert the identifier to snake case: `end_idx`
[INFO] [stdout] 
[INFO] [stdout] 
[INFO] [stdout] warning: method `findLCSLength` should have a snake case name
[INFO] [stdout]    --> src/main.rs:178:12
[INFO] [stdout]     |
[INFO] [stdout] 178 |     pub fn findLCSLength(&self, s1: &String, s2: &String) -> i32{
[INFO] [stdout]     |            ^^^^^^^^^^^^^ help: convert the identifier to snake case: `find_lcslength`
[INFO] [stdout] 
[INFO] [stdout] 
[INFO] [stdout] warning: method `findLCSLengthAux` should have a snake case name
[INFO] [stdout]    --> src/main.rs:183:8
[INFO] [stdout]     |
[INFO] [stdout] 183 |     fn findLCSLengthAux(&self, dp: &mut Vec<Vec<i32>>, s1: &String, s2: &String, i: usize, j: usize) -> i32{
[INFO] [stdout]     |        ^^^^^^^^^^^^^^^^ help: convert the identifier to snake case: `find_lcslength_aux`
[INFO] [stdout] 
[INFO] [stdout] 
[INFO] [stdout] warning: method `knapsackAux` should have a snake case name
[INFO] [stdout]    --> src/main.rs:223:8
[INFO] [stdout]     |
[INFO] [stdout] 223 |     fn knapsackAux(&self, dp: &mut Vec<Vec<i32>>, profits: &Vec<i32>, weights: &Vec<i32>, capacity: i32, currentIndex: i32) -> i32 {
[INFO] [stdout]     |        ^^^^^^^^^^^ help: convert the identifier to snake case: `knapsack_aux`
[INFO] [stdout] 
[INFO] [stdout] 
[INFO] [stdout] warning: variable `currentIndex` should have a snake case name
[INFO] [stdout]    --> src/main.rs:223:106
[INFO] [stdout]     |
[INFO] [stdout] 223 |     fn knapsackAux(&self, dp: &mut Vec<Vec<i32>>, profits: &Vec<i32>, weights: &Vec<i32>, capacity: i32, currentIndex: i32) -> i32 {
[INFO] [stdout]     |                                                                                                          ^^^^^^^^^^^^ help: convert the identifier to snake case: `current_index`
[INFO] [stdout] 
[INFO] [stdout] 
[INFO] [stdout] warning: method `findMinOperations` should have a snake case name
[INFO] [stdout]    --> src/main.rs:246:12
[INFO] [stdout]     |
[INFO] [stdout] 246 |     pub fn findMinOperations(&self, s1: &'a str, s2: &'a str) -> i32 {
[INFO] [stdout]     |            ^^^^^^^^^^^^^^^^^ help: convert the identifier to snake case: `find_min_operations`
[INFO] [stdout] 
[INFO] [stdout] 
[INFO] [stdout] warning: method `findMinOperations` should have a snake case name
[INFO] [stdout]    --> src/main.rs:275:12
[INFO] [stdout]     |
[INFO] [stdout] 275 |     pub fn findMinOperations(&self, s1: &'a str, s2: &'a str) -> i32 {
[INFO] [stdout]     |            ^^^^^^^^^^^^^^^^^ help: convert the identifier to snake case: `find_min_operations`
[INFO] [stdout] 
[INFO] [stdout] 
[INFO] [stdout] warning: method `findMinOperationsRecursive` should have a snake case name
[INFO] [stdout]    --> src/main.rs:281:8
[INFO] [stdout]     |
[INFO] [stdout] 281 |     fn findMinOperationsRecursive(&self, dp: &mut Vec<Vec<i32>>, s1: &'a str, s2: &'a str, i: usize, j: usize) -> i32 {
[INFO] [stdout]     |        ^^^^^^^^^^^^^^^^^^^^^^^^^^ help: convert the identifier to snake case: `find_min_operations_recursive`
[INFO] [stdout] 
[INFO] [stdout] 
[INFO] [stdout] warning: method `findMaxSteal` should have a snake case name
[INFO] [stdout]    --> src/main.rs:313:12
[INFO] [stdout]     |
[INFO] [stdout] 313 |     pub fn findMaxSteal(&self, worth_to_steal: &'a Vec<i32>) -> i32{
[INFO] [stdout]     |            ^^^^^^^^^^^^ help: convert the identifier to snake case: `find_max_steal`
[INFO] [stdout] 
[INFO] [stdout] 
[INFO] [stdout] warning: method `maxMoney` should have a snake case name
[INFO] [stdout]    --> src/main.rs:328:12
[INFO] [stdout]     |
[INFO] [stdout] 328 |     pub fn maxMoney(&self, worth_to_steal: &'a Vec<i32>) -> i32{
[INFO] [stdout]     |            ^^^^^^^^ help: convert the identifier to snake case: `max_money`
[INFO] [stdout] 
[INFO] [stdout] 
[INFO] [stdout] warning: method `maxMoney_TopDown` should have a snake case name
[INFO] [stdout]    --> src/main.rs:332:8
[INFO] [stdout]     |
[INFO] [stdout] 332 |     fn maxMoney_TopDown(&self, dp: &mut Vec<i32>, worth_to_steal: &'a Vec<i32>, index:usize) -> i32{
[INFO] [stdout]     |        ^^^^^^^^^^^^^^^^ help: convert the identifier to snake case: `max_money_top_down`
[INFO] [stdout] 
[INFO] [stdout] 
[INFO] [stdout] warning: variable `stealCurrent` should have a snake case name
[INFO] [stdout]    --> src/main.rs:337:17
[INFO] [stdout]     |
[INFO] [stdout] 337 |             let stealCurrent = worth_to_steal[index] + self.maxMoney_TopDown(dp, worth_to_steal, index+2);
[INFO] [stdout]     |                 ^^^^^^^^^^^^ help: convert the identifier to snake case: `steal_current`
[INFO] [stdout] 
[INFO] [stdout] 
[INFO] [stdout] warning: variable `skipCurrent` should have a snake case name
[INFO] [stdout]    --> src/main.rs:338:17
[INFO] [stdout]     |
[INFO] [stdout] 338 |             let skipCurrent = self.maxMoney_TopDown(dp, worth_to_steal, index+1);
[INFO] [stdout]     |                 ^^^^^^^^^^^ help: convert the identifier to snake case: `skip_current`
[INFO] [stdout] 
[INFO] [stdout] 
[INFO] [stdout] warning: method `waysToGetN` should have a snake case name
[INFO] [stdout]    --> src/main.rs:352:12
[INFO] [stdout]     |
[INFO] [stdout] 352 |     pub fn waysToGetN(&self, n: i32) -> i32{
[INFO] [stdout]     |            ^^^^^^^^^^ help: convert the identifier to snake case: `ways_to_get_n`
[INFO] [stdout] 
[INFO] [stdout] 
[INFO] [stdout] warning: method `waysToGetN_TopDown` should have a snake case name
[INFO] [stdout]    --> src/main.rs:357:12
[INFO] [stdout]     |
[INFO] [stdout] 357 |     pub fn waysToGetN_TopDown(&self, dp: &mut Vec<i32>, n: i32) -> i32{
[INFO] [stdout]     |            ^^^^^^^^^^^^^^^^^^ help: convert the identifier to snake case: `ways_to_get_n_top_down`
[INFO] [stdout] 
[INFO] [stdout] 
[INFO] [stdout] warning: method `fibonacciAux` should have a snake case name
[INFO] [stdout]    --> src/main.rs:395:12
[INFO] [stdout]     |
[INFO] [stdout] 395 |     pub fn fibonacciAux(&self, memo: &mut Vec<i32>, n:i32)->i32{
[INFO] [stdout]     |            ^^^^^^^^^^^^ help: convert the identifier to snake case: `fibonacci_aux`
[INFO] [stdout] 
[INFO] [stdout] 
[INFO] [stdout] warning: method `numberOfPaths` should have a snake case name
[INFO] [stdout]    --> src/main.rs:419:12
[INFO] [stdout]     |
[INFO] [stdout] 419 |     pub fn numberOfPaths(&self, array: [[isize;4];4], row: isize, col: isize, cost: isize) -> isize {
[INFO] [stdout]     |            ^^^^^^^^^^^^^ help: convert the identifier to snake case: `number_of_paths`
[INFO] [stdout] 
[INFO] [stdout] 
[INFO] [stdout] warning: variable `noOfPathsFromPreviousRow` should have a snake case name
[INFO] [stdout]    --> src/main.rs:432:13
[INFO] [stdout]     |
[INFO] [stdout] 432 |         let noOfPathsFromPreviousRow = self.numberOfPaths(array, row-1, col, cost-array[row as usize][col as usize]);
[INFO] [stdout]     |             ^^^^^^^^^^^^^^^^^^^^^^^^ help: convert the identifier to snake case: `no_of_paths_from_previous_row`
[INFO] [stdout] 
[INFO] [stdout] 
[INFO] [stdout] warning: variable `noOfPathsFromPreviousCol` should have a snake case name
[INFO] [stdout]    --> src/main.rs:433:13
[INFO] [stdout]     |
[INFO] [stdout] 433 |         let noOfPathsFromPreviousCol = self.numberOfPaths(array, row, col-1, cost-array[row as usize][col as usize]);
[INFO] [stdout]     |             ^^^^^^^^^^^^^^^^^^^^^^^^ help: convert the identifier to snake case: `no_of_paths_from_previous_col`
[INFO] [stdout] 
[INFO] [stdout] 
[INFO] [stdout] warning: method `findMinCost` should have a snake case name
[INFO] [stdout]    --> src/main.rs:444:8
[INFO] [stdout]     |
[INFO] [stdout] 444 |     fn findMinCost(&self,cost:[[isize;5];5] ,row: isize, col: isize) -> isize {
[INFO] [stdout]     |        ^^^^^^^^^^^ help: convert the identifier to snake case: `find_min_cost`
[INFO] [stdout] 
[INFO] [stdout] 
[INFO] [stdout] warning: variable `minCost1` should have a snake case name
[INFO] [stdout]    --> src/main.rs:451:9
[INFO] [stdout]     |
[INFO] [stdout] 451 |     let minCost1 = self.findMinCost(cost, row - 1, col);
[INFO] [stdout]     |         ^^^^^^^^ help: convert the identifier to snake case: `min_cost1`
[INFO] [stdout] 
[INFO] [stdout] 
[INFO] [stdout] warning: variable `minCost2` should have a snake case name
[INFO] [stdout]    --> src/main.rs:452:9
[INFO] [stdout]     |
[INFO] [stdout] 452 |     let minCost2 = self.findMinCost(cost, row, col - 1);
[INFO] [stdout]     |         ^^^^^^^^ help: convert the identifier to snake case: `min_cost2`
[INFO] [stdout] 
[INFO] [stdout] 
[INFO] [stdout] warning: variable `minCost` should have a snake case name
[INFO] [stdout]    --> src/main.rs:453:9
[INFO] [stdout]     |
[INFO] [stdout] 453 |     let minCost =std::cmp::min(minCost1, minCost2);
[INFO] [stdout]     |         ^^^^^^^ help: convert the identifier to snake case: `min_cost`
[INFO] [stdout] 
[INFO] [stdout] 
[INFO] [stdout] warning: variable `currentCellsCost` should have a snake case name
[INFO] [stdout]    --> src/main.rs:454:9
[INFO] [stdout]     |
[INFO] [stdout] 454 |     let currentCellsCost = cost[row as usize][col as usize];
[INFO] [stdout]     |         ^^^^^^^^^^^^^^^^ help: convert the identifier to snake case: `current_cells_cost`
[INFO] [stdout] 
[INFO] [stdout] 
[INFO] [stdout] warning: method `findLPSLength` should have a snake case name
[INFO] [stdout]    --> src/main.rs:466:12
[INFO] [stdout]     |
[INFO] [stdout] 466 |     pub fn findLPSLength(&self, st: &str)->usize{
[INFO] [stdout]     |            ^^^^^^^^^^^^^ help: convert the identifier to snake case: `find_lpslength`
[INFO] [stdout] 
[INFO] [stdout] 
[INFO] [stdout] warning: variable `startIdx` should have a snake case name
[INFO] [stdout]    --> src/main.rs:470:33
[INFO] [stdout]     |
[INFO] [stdout] 470 |     fn lps_aux(&self, st: &str, startIdx: usize, endIdx: usize)->usize{
[INFO] [stdout]     |                                 ^^^^^^^^ help: convert the identifier to snake case: `start_idx`
[INFO] [stdout] 
[INFO] [stdout] 
[INFO] [stdout] warning: variable `endIdx` should have a snake case name
[INFO] [stdout]    --> src/main.rs:470:50
[INFO] [stdout]     |
[INFO] [stdout] 470 |     fn lps_aux(&self, st: &str, startIdx: usize, endIdx: usize)->usize{
[INFO] [stdout]     |                                                  ^^^^^^ help: convert the identifier to snake case: `end_idx`
[INFO] [stdout] 
[INFO] [stdout] 
[INFO] [stdout] warning: variable `remainingLength` should have a snake case name
[INFO] [stdout]    --> src/main.rs:479:17
[INFO] [stdout]     |
[INFO] [stdout] 479 |             let remainingLength = endIdx - startIdx -1;
[INFO] [stdout]     |                 ^^^^^^^^^^^^^^^ help: convert the identifier to snake case: `remaining_length`
[INFO] [stdout] 
[INFO] [stdout] 
[INFO] [stdout] warning: method `findLPSLength` should have a snake case name
[INFO] [stdout]    --> src/main.rs:501:12
[INFO] [stdout]     |
[INFO] [stdout] 501 |     pub fn findLPSLength(&self, st: &str)->usize{
[INFO] [stdout]     |            ^^^^^^^^^^^^^ help: convert the identifier to snake case: `find_lpslength`
[INFO] [stdout] 
[INFO] [stdout] 
[INFO] [stdout] warning: method `LPSAux` should have a snake case name
[INFO] [stdout]    --> src/main.rs:504:8
[INFO] [stdout]     |
[INFO] [stdout] 504 |     fn LPSAux(&self, st: &str, startIdx: usize, endIdx: usize) -> usize {
[INFO] [stdout]     |        ^^^^^^ help: convert the identifier to snake case: `lpsaux`
[INFO] [stdout] 
[INFO] [stdout] 
[INFO] [stdout] warning: variable `startIdx` should have a snake case name
[INFO] [stdout]    --> src/main.rs:504:32
[INFO] [stdout]     |
[INFO] [stdout] 504 |     fn LPSAux(&self, st: &str, startIdx: usize, endIdx: usize) -> usize {
[INFO] [stdout]     |                                ^^^^^^^^ help: convert the identifier to snake case: `start_idx`
[INFO] [stdout] 
[INFO] [stdout] 
[INFO] [stdout] warning: variable `endIdx` should have a snake case name
[INFO] [stdout]    --> src/main.rs:504:49
[INFO] [stdout]     |
[INFO] [stdout] 504 |     fn LPSAux(&self, st: &str, startIdx: usize, endIdx: usize) -> usize {
[INFO] [stdout]     |                                                 ^^^^^^ help: convert the identifier to snake case: `end_idx`
[INFO] [stdout] 
[INFO] [stdout] 
[INFO] [stdout] warning: method `findLCSLength` should have a snake case name
[INFO] [stdout]    --> src/main.rs:530:12
[INFO] [stdout]     |
[INFO] [stdout] 530 |     pub fn findLCSLength(&self, s1: &str, s2: &str) -> usize {
[INFO] [stdout]     |            ^^^^^^^^^^^^^ help: convert the identifier to snake case: `find_lcslength`
[INFO] [stdout] 
[INFO] [stdout] 
[INFO] [stdout] warning: method `findLCSLengthAux` should have a snake case name
[INFO] [stdout]    --> src/main.rs:533:12
[INFO] [stdout]     |
[INFO] [stdout] 533 |         fn findLCSLengthAux(&self, s1: &str, s2: &str, i: usize, j: usize) -> usize {
[INFO] [stdout]     |            ^^^^^^^^^^^^^^^^ help: convert the identifier to snake case: `find_lcslength_aux`
[INFO] [stdout] 
[INFO] [stdout] 
[INFO] [stdout] warning: method `findMinOperations` should have a snake case name
[INFO] [stdout]    --> src/main.rs:558:12
[INFO] [stdout]     |
[INFO] [stdout] 558 |     pub fn findMinOperations(&self, s1: &'a str, s2: &'a str)-> i32 {
[INFO] [stdout]     |            ^^^^^^^^^^^^^^^^^ help: convert the identifier to snake case: `find_min_operations`
[INFO] [stdout] 
[INFO] [stdout] 
[INFO] [stdout] warning: method `findMinOperationsAux` should have a snake case name
[INFO] [stdout]    --> src/main.rs:561:12
[INFO] [stdout]     |
[INFO] [stdout] 561 |     pub fn findMinOperationsAux(&self, s1: &'a str, s2: &'a str, i: usize, j: usize)-> i32 {
[INFO] [stdout]     |            ^^^^^^^^^^^^^^^^^^^^ help: convert the identifier to snake case: `find_min_operations_aux`
[INFO] [stdout] 
[INFO] [stdout] 
[INFO] [stdout] warning: variable `currentIndex` should have a snake case name
[INFO] [stdout]    --> src/main.rs:588:93
[INFO] [stdout]     |
[INFO] [stdout] 588 |     pub fn knapsack_aux(&self, profits: &'a Vec<i32>, weights: &'a Vec<i32>, capacity: i32, currentIndex: i32)-> i32{
[INFO] [stdout]     |                                                                                             ^^^^^^^^^^^^ help: convert the identifier to snake case: `current_index`
[INFO] [stdout] 
[INFO] [stdout] 
[INFO] [stdout] warning: variable `costTu` should have a snake case name
[INFO] [stdout]     --> src/main.rs:1202:5
[INFO] [stdout]      |
[INFO] [stdout] 1202 | let costTu: ConvertOneStringToAnother_TD = ConvertOneStringToAnother_TD{
[INFO] [stdout]      |     ^^^^^^ help: convert the identifier to snake case: `cost_tu`
[INFO] [stdout] 
[INFO] [stdout] 
[INFO] [stdout] warning: variable `costBu` should have a snake case name
[INFO] [stdout]     --> src/main.rs:1209:5
[INFO] [stdout]      |
[INFO] [stdout] 1209 | let costBu: ConvertOneStringToAnother_BU = ConvertOneStringToAnother_BU {
[INFO] [stdout]      |     ^^^^^^ help: convert the identifier to snake case: `cost_bu`
[INFO] [stdout] 
[INFO] [stdout] 
[INFO] [stdout] warning: unused `Result` that must be used
[INFO] [stdout]     --> src/main.rs:1947:5
[INFO] [stdout]      |
[INFO] [stdout] 1947 |     read_username_from_file();
[INFO] [stdout]      |     ^^^^^^^^^^^^^^^^^^^^^^^^^
[INFO] [stdout]      |
[INFO] [stdout]      = note: this `Result` may be an `Err` variant, which should be handled
[INFO] [stdout]      = note: `#[warn(unused_must_use)]` on by default
[INFO] [stdout] help: use `let _ = ...` to ignore the resulting value
[INFO] [stdout]      |
[INFO] [stdout] 1947 |     let _ = read_username_from_file();
[INFO] [stdout]      |     +++++++
[INFO] [stdout] 
[INFO] [stdout] 
[INFO] [stdout] warning: 14 warnings emitted
[INFO] [stdout] 
[INFO] [stdout] 
[INFO] [stdout] warning: 107 warnings emitted
[INFO] [stdout] 
[INFO] [stdout] 
[INFO] [stderr]     Finished test [unoptimized + debuginfo] target(s) in 0.49s
[INFO] running `Command { std: "docker" "inspect" "38cb38deae5bf49066540af8b68e8bb521b183d6821fd39eb279bf9f70e79f54", kill_on_drop: false }`
[INFO] running `Command { std: "docker" "rm" "-f" "38cb38deae5bf49066540af8b68e8bb521b183d6821fd39eb279bf9f70e79f54", kill_on_drop: false }`
[INFO] [stdout] 38cb38deae5bf49066540af8b68e8bb521b183d6821fd39eb279bf9f70e79f54
[INFO] running `Command { std: "docker" "create" "-v" "/var/lib/crater-agent-workspace/builds/worker-6-tc2/target:/opt/rustwide/target:rw,Z" "-v" "/var/lib/crater-agent-workspace/builds/worker-6-tc2/source:/opt/rustwide/workdir:ro,Z" "-v" "/var/lib/crater-agent-workspace/cargo-home:/opt/rustwide/cargo-home:ro,Z" "-v" "/var/lib/crater-agent-workspace/rustup-home:/opt/rustwide/rustup-home:ro,Z" "-e" "SOURCE_DIR=/opt/rustwide/workdir" "-e" "CARGO_TARGET_DIR=/opt/rustwide/target" "-e" "CARGO_INCREMENTAL=0" "-e" "RUST_BACKTRACE=full" "-e" "RUSTFLAGS=--cap-lints=warn" "-e" "RUSTDOCFLAGS=--cap-lints=warn" "-e" "CARGO_HOME=/opt/rustwide/cargo-home" "-e" "RUSTUP_HOME=/opt/rustwide/rustup-home" "-w" "/opt/rustwide/workdir" "-m" "1610612736" "--user" "0:0" "--network" "none" "ghcr.io/rust-lang/crates-build-env/linux@sha256:5ff2268d62e97bff2cde7d5815dd6ed5b47097566f13b8d0ca110b04b60e07ed" "/opt/rustwide/cargo-home/bin/cargo" "+beta-2023-04-20" "test" "--frozen", kill_on_drop: false }`
[INFO] [stdout] 9910f61a06ee428b29a635fa756c6c1bcfe9da7c0cd15b08e0a0309f9a396c31
[INFO] running `Command { std: "docker" "start" "-a" "9910f61a06ee428b29a635fa756c6c1bcfe9da7c0cd15b08e0a0309f9a396c31", kill_on_drop: false }`
[INFO] [stderr] warning: unused import: `std::env`
[INFO] [stderr]  --> src/lib.rs:2:5
[INFO] [stderr]   |
[INFO] [stderr] 2 | use std::env;
[INFO] [stderr]   |     ^^^^^^^^
[INFO] [stderr]   |
[INFO] [stderr]   = note: `#[warn(unused_imports)]` on by default
[INFO] [stderr] 
[INFO] [stderr] warning: unused import: `proc_macro`
[INFO] [stderr]  --> src/lib.rs:4:5
[INFO] [stderr]   |
[INFO] [stderr] 4 | use proc_macro;
[INFO] [stderr]   |     ^^^^^^^^^^
[INFO] [stderr] 
[INFO] [stderr] warning: trait objects without an explicit `dyn` are deprecated
[INFO] [stderr]   --> src/lib.rs:63:47
[INFO] [stderr]    |
[INFO] [stderr] 63 |     fn request_review(self: Box<Self>) -> Box<State>;
[INFO] [stderr]    |                                               ^^^^^
[INFO] [stderr]    |
[INFO] [stderr]    = warning: this is accepted in the current edition (Rust 2018) but is a hard error in Rust 2021!
[INFO] [stderr]    = note: for more information, see <https://doc.rust-lang.org/nightly/edition-guide/rust-2021/warnings-promoted-to-error.html>
[INFO] [stderr]    = note: `#[warn(bare_trait_objects)]` on by default
[INFO] [stderr] help: use `dyn`
[INFO] [stderr]    |
[INFO] [stderr] 63 |     fn request_review(self: Box<Self>) -> Box<dyn State>;
[INFO] [stderr]    |                                               +++
[INFO] [stderr] 
[INFO] [stderr] warning: trait objects without an explicit `dyn` are deprecated
[INFO] [stderr]   --> src/lib.rs:64:40
[INFO] [stderr]    |
[INFO] [stderr] 64 |     fn approve(self: Box<Self>) -> Box<State>;
[INFO] [stderr]    |                                        ^^^^^
[INFO] [stderr]    |
[INFO] [stderr]    = warning: this is accepted in the current edition (Rust 2018) but is a hard error in Rust 2021!
[INFO] [stderr]    = note: for more information, see <https://doc.rust-lang.org/nightly/edition-guide/rust-2021/warnings-promoted-to-error.html>
[INFO] [stderr] help: use `dyn`
[INFO] [stderr]    |
[INFO] [stderr] 64 |     fn approve(self: Box<Self>) -> Box<dyn State>;
[INFO] [stderr]    |                                        +++
[INFO] [stderr] 
[INFO] [stderr] warning: trait objects without an explicit `dyn` are deprecated
[INFO] [stderr]   --> src/lib.rs:98:47
[INFO] [stderr]    |
[INFO] [stderr] 98 |     fn request_review(self: Box<Self>) -> Box<State> {
[INFO] [stderr]    |                                               ^^^^^
[INFO] [stderr]    |
[INFO] [stderr]    = warning: this is accepted in the current edition (Rust 2018) but is a hard error in Rust 2021!
[INFO] [stderr]    = note: for more information, see <https://doc.rust-lang.org/nightly/edition-guide/rust-2021/warnings-promoted-to-error.html>
[INFO] [stderr] help: use `dyn`
[INFO] [stderr]    |
[INFO] [stderr] 98 |     fn request_review(self: Box<Self>) -> Box<dyn State> {
[INFO] [stderr]    |                                               +++
[INFO] [stderr] 
[INFO] [stderr] warning: trait objects without an explicit `dyn` are deprecated
[INFO] [stderr]    --> src/lib.rs:101:40
[INFO] [stderr]     |
[INFO] [stderr] 101 |     fn approve(self: Box<Self>) -> Box<State> {
[INFO] [stderr]     |                                        ^^^^^
[INFO] [stderr]     |
[INFO] [stderr]     = warning: this is accepted in the current edition (Rust 2018) but is a hard error in Rust 2021!
[INFO] [stderr]     = note: for more information, see <https://doc.rust-lang.org/nightly/edition-guide/rust-2021/warnings-promoted-to-error.html>
[INFO] [stderr] help: use `dyn`
[INFO] [stderr]     |
[INFO] [stderr] 101 |     fn approve(self: Box<Self>) -> Box<dyn State> {
[INFO] [stderr]     |                                        +++
[INFO] [stderr] 
[INFO] [stderr] warning: trait objects without an explicit `dyn` are deprecated
[INFO] [stderr]    --> src/lib.rs:107:47
[INFO] [stderr]     |
[INFO] [stderr] 107 |     fn request_review(self: Box<Self>) -> Box<State>{
[INFO] [stderr]     |                                               ^^^^^
[INFO] [stderr]     |
[INFO] [stderr]     = warning: this is accepted in the current edition (Rust 2018) but is a hard error in Rust 2021!
[INFO] [stderr]     = note: for more information, see <https://doc.rust-lang.org/nightly/edition-guide/rust-2021/warnings-promoted-to-error.html>
[INFO] [stderr] help: use `dyn`
[INFO] [stderr]     |
[INFO] [stderr] 107 |     fn request_review(self: Box<Self>) -> Box<dyn State>{
[INFO] [stderr]     |                                               +++
[INFO] [stderr] 
[INFO] [stderr] warning: trait objects without an explicit `dyn` are deprecated
[INFO] [stderr]    --> src/lib.rs:110:40
[INFO] [stderr]     |
[INFO] [stderr] 110 |     fn approve(self: Box<Self>) -> Box<State> {
[INFO] [stderr]     |                                        ^^^^^
[INFO] [stderr]     |
[INFO] [stderr]     = warning: this is accepted in the current edition (Rust 2018) but is a hard error in Rust 2021!
[INFO] [stderr]     = note: for more information, see <https://doc.rust-lang.org/nightly/edition-guide/rust-2021/warnings-promoted-to-error.html>
[INFO] [stderr] help: use `dyn`
[INFO] [stderr]     |
[INFO] [stderr] 110 |     fn approve(self: Box<Self>) -> Box<dyn State> {
[INFO] [stderr]     |                                        +++
[INFO] [stderr] 
[INFO] [stderr] warning: trait objects without an explicit `dyn` are deprecated
[INFO] [stderr]    --> src/lib.rs:117:47
[INFO] [stderr]     |
[INFO] [stderr] 117 |     fn request_review(self: Box<Self>) -> Box<State> {
[INFO] [stderr]     |                                               ^^^^^
[INFO] [stderr]     |
[INFO] [stderr]     = warning: this is accepted in the current edition (Rust 2018) but is a hard error in Rust 2021!
[INFO] [stderr]     = note: for more information, see <https://doc.rust-lang.org/nightly/edition-guide/rust-2021/warnings-promoted-to-error.html>
[INFO] [stderr] help: use `dyn`
[INFO] [stderr]     |
[INFO] [stderr] 117 |     fn request_review(self: Box<Self>) -> Box<dyn State> {
[INFO] [stderr]     |                                               +++
[INFO] [stderr] 
[INFO] [stderr] warning: trait objects without an explicit `dyn` are deprecated
[INFO] [stderr]    --> src/lib.rs:120:40
[INFO] [stderr]     |
[INFO] [stderr] 120 |     fn approve(self: Box<Self>) -> Box<State> {
[INFO] [stderr]     |                                        ^^^^^
[INFO] [stderr]     |
[INFO] [stderr]     = warning: this is accepted in the current edition (Rust 2018) but is a hard error in Rust 2021!
[INFO] [stderr]     = note: for more information, see <https://doc.rust-lang.org/nightly/edition-guide/rust-2021/warnings-promoted-to-error.html>
[INFO] [stderr] help: use `dyn`
[INFO] [stderr]     |
[INFO] [stderr] 120 |     fn approve(self: Box<Self>) -> Box<dyn State> {
[INFO] [stderr]     |                                        +++
[INFO] [stderr] 
[INFO] [stderr] warning: unused variable: `post`
[INFO] [stderr]   --> src/lib.rs:65:27
[INFO] [stderr]    |
[INFO] [stderr] 65 |     fn content<'a>(&self, post: &'a Post) -> &'a str {
[INFO] [stderr]    |                           ^^^^ help: if this is intentional, prefix it with an underscore: `_post`
[INFO] [stderr]    |
[INFO] [stderr]    = note: `#[warn(unused_variables)]` on by default
[INFO] [stderr] 
[INFO] [stderr] warning: struct `Pair` is never constructed
[INFO] [stderr]    --> src/lib.rs:291:8
[INFO] [stderr]     |
[INFO] [stderr] 291 | struct Pair<T>{
[INFO] [stderr]     |        ^^^^
[INFO] [stderr]     |
[INFO] [stderr]     = note: `#[warn(dead_code)]` on by default
[INFO] [stderr] 
[INFO] [stderr] warning: associated function `new` is never used
[INFO] [stderr]    --> src/lib.rs:297:8
[INFO] [stderr]     |
[INFO] [stderr] 296 | impl<T> Pair<T> {
[INFO] [stderr]     | --------------- associated function in this implementation
[INFO] [stderr] 297 |     fn new(x: T, y: T) -> Self {
[INFO] [stderr]     |        ^^^
[INFO] [stderr] 
[INFO] [stderr] warning: method `cmp_display` is never used
[INFO] [stderr]    --> src/lib.rs:303:8
[INFO] [stderr]     |
[INFO] [stderr] 302 | impl<T: Display + PartialOrd> Pair<T> {
[INFO] [stderr]     | ------------------------------------- method in this implementation
[INFO] [stderr] 303 |     fn cmp_display(&self) {
[INFO] [stderr]     |        ^^^^^^^^^^^
[INFO] [stderr] 
[INFO] [stderr] warning: function `shoes_in_my_size` is never used
[INFO] [stderr]    --> src/lib.rs:361:4
[INFO] [stderr]     |
[INFO] [stderr] 361 | fn shoes_in_my_size(shoes: Vec<Shoe>, shoe_size: u32) -> Vec<Shoe> {
[INFO] [stderr]     |    ^^^^^^^^^^^^^^^^
[INFO] [stderr] 
[INFO] [stderr] warning: associated function `new` is never used
[INFO] [stderr]    --> src/lib.rs:390:8
[INFO] [stderr]     |
[INFO] [stderr] 389 | impl Counter {
[INFO] [stderr]     | ------------ associated function in this implementation
[INFO] [stderr] 390 |     fn new() -> Counter {
[INFO] [stderr]     |        ^^^
[INFO] [stderr] 
[INFO] [stderr] warning: `rust-train` (lib) generated 16 warnings (run `cargo fix --lib -p rust-train` to apply 11 suggestions)
[INFO] [stderr] warning: unused import: `std::process`
[INFO] [stderr]   --> src/main.rs:10:5
[INFO] [stderr]    |
[INFO] [stderr] 10 | use std::process;
[INFO] [stderr]    |     ^^^^^^^^^^^^
[INFO] [stderr]    |
[INFO] [stderr]    = note: `#[warn(unused_imports)]` on by default
[INFO] [stderr] 
[INFO] [stderr] warning: type `NumberOfPathsToReachLastCell_TD` should have an upper camel case name
[INFO] [stderr]   --> src/main.rs:42:8
[INFO] [stderr]    |
[INFO] [stderr] 42 | struct NumberOfPathsToReachLastCell_TD<'a> {
[INFO] [stderr]    |        ^^^^^^^^^^^^^^^^^^^^^^^^^^^^^^^ help: convert the identifier to upper camel case: `NumberOfPathsToReachLastCellTd`
[INFO] [stderr]    |
[INFO] [stderr]    = note: `#[warn(non_camel_case_types)]` on by default
[INFO] [stderr] 
[INFO] [stderr] warning: type `MinCostToReachLastCell_in2DArray_TD` should have an upper camel case name
[INFO] [stderr]   --> src/main.rs:77:8
[INFO] [stderr]    |
[INFO] [stderr] 77 | struct MinCostToReachLastCell_in2DArray_TD<'a>{
[INFO] [stderr]    |        ^^^^^^^^^^^^^^^^^^^^^^^^^^^^^^^^^^^ help: convert the identifier to upper camel case: `MinCostToReachLastCellIn2darrayTd`
[INFO] [stderr] 
[INFO] [stderr] warning: type `LongestPalindromicSubstringDP_TD` should have an upper camel case name
[INFO] [stderr]    --> src/main.rs:107:8
[INFO] [stderr]     |
[INFO] [stderr] 107 | struct LongestPalindromicSubstringDP_TD{
[INFO] [stderr]     |        ^^^^^^^^^^^^^^^^^^^^^^^^^^^^^^^^ help: convert the identifier to upper camel case: `LongestPalindromicSubstringDpTd`
[INFO] [stderr] 
[INFO] [stderr] warning: type `LongestPalindromicSubsequenceDP_TD` should have an upper camel case name
[INFO] [stderr]    --> src/main.rs:145:8
[INFO] [stderr]     |
[INFO] [stderr] 145 | struct LongestPalindromicSubsequenceDP_TD{
[INFO] [stderr]     |        ^^^^^^^^^^^^^^^^^^^^^^^^^^^^^^^^^^ help: convert the identifier to upper camel case: `LongestPalindromicSubsequenceDpTd`
[INFO] [stderr] 
[INFO] [stderr] warning: type `LongestCommonSubsequenceDP_TD` should have an upper camel case name
[INFO] [stderr]    --> src/main.rs:173:8
[INFO] [stderr]     |
[INFO] [stderr] 173 | struct LongestCommonSubsequenceDP_TD{
[INFO] [stderr]     |        ^^^^^^^^^^^^^^^^^^^^^^^^^^^^^ help: convert the identifier to upper camel case: `LongestCommonSubsequenceDpTd`
[INFO] [stderr] 
[INFO] [stderr] warning: type `ZeroOneKnapsack_DP_TD` should have an upper camel case name
[INFO] [stderr]    --> src/main.rs:211:8
[INFO] [stderr]     |
[INFO] [stderr] 211 | struct ZeroOneKnapsack_DP_TD {
[INFO] [stderr]     |        ^^^^^^^^^^^^^^^^^^^^^ help: convert the identifier to upper camel case: `ZeroOneKnapsackDpTd`
[INFO] [stderr] 
[INFO] [stderr] warning: type `ConvertOneStringToAnother_BU` should have an upper camel case name
[INFO] [stderr]    --> src/main.rs:241:8
[INFO] [stderr]     |
[INFO] [stderr] 241 | struct ConvertOneStringToAnother_BU<'a>{
[INFO] [stderr]     |        ^^^^^^^^^^^^^^^^^^^^^^^^^^^^ help: convert the identifier to upper camel case: `ConvertOneStringToAnotherBu`
[INFO] [stderr] 
[INFO] [stderr] warning: type `ConvertOneStringToAnother_TD` should have an upper camel case name
[INFO] [stderr]    --> src/main.rs:270:8
[INFO] [stderr]     |
[INFO] [stderr] 270 | struct ConvertOneStringToAnother_TD<'a> {
[INFO] [stderr]     |        ^^^^^^^^^^^^^^^^^^^^^^^^^^^^ help: convert the identifier to upper camel case: `ConvertOneStringToAnotherTd`
[INFO] [stderr] 
[INFO] [stderr] warning: type `HouseThief_BottomUp` should have an upper camel case name
[INFO] [stderr]    --> src/main.rs:309:8
[INFO] [stderr]     |
[INFO] [stderr] 309 | struct HouseThief_BottomUp<'a>{
[INFO] [stderr]     |        ^^^^^^^^^^^^^^^^^^^ help: convert the identifier to upper camel case: `HouseThiefBottomUp`
[INFO] [stderr] 
[INFO] [stderr] warning: type `HouseTheif_TopDown` should have an upper camel case name
[INFO] [stderr]    --> src/main.rs:324:8
[INFO] [stderr]     |
[INFO] [stderr] 324 | struct HouseTheif_TopDown<'a>{
[INFO] [stderr]     |        ^^^^^^^^^^^^^^^^^^ help: convert the identifier to upper camel case: `HouseTheifTopDown`
[INFO] [stderr] 
[INFO] [stderr] warning: type `ConvertOneStringToAnother_DC` should have an upper camel case name
[INFO] [stderr]    --> src/main.rs:553:8
[INFO] [stderr]     |
[INFO] [stderr] 553 | struct ConvertOneStringToAnother_DC<'a> {
[INFO] [stderr]     |        ^^^^^^^^^^^^^^^^^^^^^^^^^^^^ help: convert the identifier to upper camel case: `ConvertOneStringToAnotherDc`
[INFO] [stderr] 
[INFO] [stderr] warning: type `ZeroOneKnapsack_DC` should have an upper camel case name
[INFO] [stderr]    --> src/main.rs:579:8
[INFO] [stderr]     |
[INFO] [stderr] 579 | struct ZeroOneKnapsack_DC<'a> {
[INFO] [stderr]     |        ^^^^^^^^^^^^^^^^^^ help: convert the identifier to upper camel case: `ZeroOneKnapsackDc`
[INFO] [stderr] 
[INFO] [stderr] warning: `...` range patterns are deprecated
[INFO] [stderr]     --> src/main.rs:1101:45
[INFO] [stderr]      |
[INFO] [stderr] 1101 |         Message2::Hello {id: id_variable @ 3...7} => {
[INFO] [stderr]      |                                             ^^^ help: use `..=` for an inclusive range
[INFO] [stderr]      |
[INFO] [stderr]      = warning: this is accepted in the current edition (Rust 2018) but is a hard error in Rust 2021!
[INFO] [stderr]      = note: for more information, see <https://doc.rust-lang.org/nightly/edition-guide/rust-2021/warnings-promoted-to-error.html>
[INFO] [stderr]      = note: `#[warn(ellipsis_inclusive_range_patterns)]` on by default
[INFO] [stderr] 
[INFO] [stderr] warning: `...` range patterns are deprecated
[INFO] [stderr]     --> src/main.rs:1104:33
[INFO] [stderr]      |
[INFO] [stderr] 1104 |         Message2::Hello { id: 10...12} => {
[INFO] [stderr]      |                                 ^^^ help: use `..=` for an inclusive range
[INFO] [stderr]      |
[INFO] [stderr]      = warning: this is accepted in the current edition (Rust 2018) but is a hard error in Rust 2021!
[INFO] [stderr]      = note: for more information, see <https://doc.rust-lang.org/nightly/edition-guide/rust-2021/warnings-promoted-to-error.html>
[INFO] [stderr] 
[INFO] [stderr] warning: `...` range patterns are deprecated
[INFO] [stderr]     --> src/main.rs:1292:12
[INFO] [stderr]      |
[INFO] [stderr] 1292 |          1 ... 5 => println!("one through five"),
[INFO] [stderr]      |            ^^^ help: use `..=` for an inclusive range
[INFO] [stderr]      |
[INFO] [stderr]      = warning: this is accepted in the current edition (Rust 2018) but is a hard error in Rust 2021!
[INFO] [stderr]      = note: for more information, see <https://doc.rust-lang.org/nightly/edition-guide/rust-2021/warnings-promoted-to-error.html>
[INFO] [stderr] 
[INFO] [stderr] warning: `...` range patterns are deprecated
[INFO] [stderr]     --> src/main.rs:1300:17
[INFO] [stderr]      |
[INFO] [stderr] 1300 |             'a' ... 'j' => println!("early ASCII letter"),
[INFO] [stderr]      |                 ^^^ help: use `..=` for an inclusive range
[INFO] [stderr]      |
[INFO] [stderr]      = warning: this is accepted in the current edition (Rust 2018) but is a hard error in Rust 2021!
[INFO] [stderr]      = note: for more information, see <https://doc.rust-lang.org/nightly/edition-guide/rust-2021/warnings-promoted-to-error.html>
[INFO] [stderr] 
[INFO] [stderr] warning: `...` range patterns are deprecated
[INFO] [stderr]     --> src/main.rs:1301:17
[INFO] [stderr]      |
[INFO] [stderr] 1301 |             'k' ... 'z' => println!("late ASCII letter"),
[INFO] [stderr]      |                 ^^^ help: use `..=` for an inclusive range
[INFO] [stderr]      |
[INFO] [stderr]      = warning: this is accepted in the current edition (Rust 2018) but is a hard error in Rust 2021!
[INFO] [stderr]      = note: for more information, see <https://doc.rust-lang.org/nightly/edition-guide/rust-2021/warnings-promoted-to-error.html>
[INFO] [stderr] 
[INFO] [stderr] warning: unused variable: `n`
[INFO] [stderr]    --> src/main.rs:380:30
[INFO] [stderr]     |
[INFO] [stderr] 380 |     fn fbnc_bottom_up(&self, n:i32) -> i32{
[INFO] [stderr]     |                              ^ help: if this is intentional, prefix it with an underscore: `_n`
[INFO] [stderr]     |
[INFO] [stderr]     = note: `#[warn(unused_variables)]` on by default
[INFO] [stderr] 
[INFO] [stderr] warning: unused variable: `r1`
[INFO] [stderr]     --> src/main.rs:1090:9
[INFO] [stderr]      |
[INFO] [stderr] 1090 |     let r1 = &num as *const i32;
[INFO] [stderr]      |         ^^ help: if this is intentional, prefix it with an underscore: `_r1`
[INFO] [stderr] 
[INFO] [stderr] warning: unused variable: `r2`
[INFO] [stderr]     --> src/main.rs:1091:9
[INFO] [stderr]      |
[INFO] [stderr] 1091 |     let r2 = &mut num as *mut i32;
[INFO] [stderr]      |         ^^ help: if this is intentional, prefix it with an underscore: `_r2`
[INFO] [stderr] 
[INFO] [stderr] warning: unused variable: `y`
[INFO] [stderr]     --> src/main.rs:1167:9
[INFO] [stderr]      |
[INFO] [stderr] 1167 |     let y = 10;
[INFO] [stderr]      |         ^ help: if this is intentional, prefix it with an underscore: `_y`
[INFO] [stderr] 
[INFO] [stderr] warning: unused variable: `feet`
[INFO] [stderr]     --> src/main.rs:1198:6
[INFO] [stderr]      |
[INFO] [stderr] 1198 | let((feet, inches), Point{x,y}) = ((3,10), Point{x:3,y:4});
[INFO] [stderr]      |      ^^^^ help: if this is intentional, prefix it with an underscore: `_feet`
[INFO] [stderr] 
[INFO] [stderr] warning: unused variable: `inches`
[INFO] [stderr]     --> src/main.rs:1198:12
[INFO] [stderr]      |
[INFO] [stderr] 1198 | let((feet, inches), Point{x,y}) = ((3,10), Point{x:3,y:4});
[INFO] [stderr]      |            ^^^^^^ help: if this is intentional, prefix it with an underscore: `_inches`
[INFO] [stderr] 
[INFO] [stderr] warning: unused variable: `x`
[INFO] [stderr]     --> src/main.rs:1198:27
[INFO] [stderr]      |
[INFO] [stderr] 1198 | let((feet, inches), Point{x,y}) = ((3,10), Point{x:3,y:4});
[INFO] [stderr]      |                           ^ help: try ignoring the field: `x: _`
[INFO] [stderr] 
[INFO] [stderr] warning: unused variable: `y`
[INFO] [stderr]     --> src/main.rs:1198:29
[INFO] [stderr]      |
[INFO] [stderr] 1198 | let((feet, inches), Point{x,y}) = ((3,10), Point{x:3,y:4});
[INFO] [stderr]      |                             ^ help: try ignoring the field: `y: _`
[INFO] [stderr] 
[INFO] [stderr] warning: unused variable: `i`
[INFO] [stderr]     --> src/main.rs:1400:9
[INFO] [stderr]      |
[INFO] [stderr] 1400 |     for i in 0..12{
[INFO] [stderr]      |         ^ help: if this is intentional, prefix it with an underscore: `_i`
[INFO] [stderr] 
[INFO] [stderr] warning: unused variable: `args`
[INFO] [stderr]     --> src/main.rs:1779:9
[INFO] [stderr]      |
[INFO] [stderr] 1779 |     let args: Vec<String> = env::args().collect();
[INFO] [stderr]      |         ^^^^ help: if this is intentional, prefix it with an underscore: `_args`
[INFO] [stderr] 
[INFO] [stderr] warning: unused variable: `s`
[INFO] [stderr]     --> src/main.rs:1831:9
[INFO] [stderr]      |
[INFO] [stderr] 1831 |     let s: &'static str = "I have a static lifetime.";
[INFO] [stderr]      |         ^ help: if this is intentional, prefix it with an underscore: `_s`
[INFO] [stderr] 
[INFO] [stderr] warning: unused variable: `f`
[INFO] [stderr]     --> src/main.rs:1957:9
[INFO] [stderr]      |
[INFO] [stderr] 1957 |     let f = match f {
[INFO] [stderr]      |         ^ help: if this is intentional, prefix it with an underscore: `_f`
[INFO] [stderr] 
[INFO] [stderr] warning: unused variable: `v`
[INFO] [stderr]     --> src/main.rs:1981:9
[INFO] [stderr]      |
[INFO] [stderr] 1981 |     let v = vec![1,2,3];
[INFO] [stderr]      |         ^ help: if this is intentional, prefix it with an underscore: `_v`
[INFO] [stderr] 
[INFO] [stderr] warning: unused variable: `s`
[INFO] [stderr]     --> src/main.rs:2037:13
[INFO] [stderr]      |
[INFO] [stderr] 2037 |     let mut s = String::new();
[INFO] [stderr]      |             ^ help: if this is intentional, prefix it with an underscore: `_s`
[INFO] [stderr] 
[INFO] [stderr] warning: unused variable: `v`
[INFO] [stderr]     --> src/main.rs:2074:9
[INFO] [stderr]      |
[INFO] [stderr] 2074 |     let v: Vec<i32> = Vec::new();
[INFO] [stderr]      |         ^ help: if this is intentional, prefix it with an underscore: `_v`
[INFO] [stderr] 
[INFO] [stderr] warning: unused variable: `third`
[INFO] [stderr]     --> src/main.rs:2085:9
[INFO] [stderr]      |
[INFO] [stderr] 2085 |     let third: Option<&i32> = v.get(2);
[INFO] [stderr]      |         ^^^^^ help: if this is intentional, prefix it with an underscore: `_third`
[INFO] [stderr] 
[INFO] [stderr] warning: unused variable: `s`
[INFO] [stderr]     --> src/main.rs:2134:9
[INFO] [stderr]      |
[INFO] [stderr] 2134 |     let s = 5; // Declara variable
[INFO] [stderr]      |         ^ help: if this is intentional, prefix it with an underscore: `_s`
[INFO] [stderr] 
[INFO] [stderr] warning: unused variable: `k`
[INFO] [stderr]     --> src/main.rs:2139:13
[INFO] [stderr]      |
[INFO] [stderr] 2139 |         let k = 7; // Scope test. This variable is valid in this parenthes.
[INFO] [stderr]      |             ^ help: if this is intentional, prefix it with an underscore: `_k`
[INFO] [stderr] 
[INFO] [stderr] warning: variable `count` is assigned to, but never used
[INFO] [stderr]     --> src/main.rs:2275:17
[INFO] [stderr]      |
[INFO] [stderr] 2275 |         let mut count =0;
[INFO] [stderr]      |                 ^^^^^
[INFO] [stderr]      |
[INFO] [stderr]      = note: consider using `_count` instead
[INFO] [stderr] 
[INFO] [stderr] warning: value assigned to `count` is never read
[INFO] [stderr]     --> src/main.rs:2286:13
[INFO] [stderr]      |
[INFO] [stderr] 2286 |             count += 1;
[INFO] [stderr]      |             ^^^^^
[INFO] [stderr]      |
[INFO] [stderr]      = help: maybe it is overwritten before being read?
[INFO] [stderr]      = note: `#[warn(unused_assignments)]` on by default
[INFO] [stderr] 
[INFO] [stderr] warning: variable does not need to be mutable
[INFO] [stderr]   --> src/main.rs:56:17
[INFO] [stderr]    |
[INFO] [stderr] 56 |             let mut v: i32;
[INFO] [stderr]    |                 ----^
[INFO] [stderr]    |                 |
[INFO] [stderr]    |                 help: remove this `mut`
[INFO] [stderr]    |
[INFO] [stderr]    = note: `#[warn(unused_mut)]` on by default
[INFO] [stderr] 
[INFO] [stderr] warning: variable does not need to be mutable
[INFO] [stderr]    --> src/main.rs:219:13
[INFO] [stderr]     |
[INFO] [stderr] 219 |         let mut dp: &mut Vec<Vec<i32>> = &mut vec![vec![0; capacity as usize + 1]; profits.len()];
[INFO] [stderr]     |             ----^^
[INFO] [stderr]     |             |
[INFO] [stderr]     |             help: remove this `mut`
[INFO] [stderr] 
[INFO] [stderr] warning: variable does not need to be mutable
[INFO] [stderr]     --> src/main.rs:2037:9
[INFO] [stderr]      |
[INFO] [stderr] 2037 |     let mut s = String::new();
[INFO] [stderr]      |         ----^
[INFO] [stderr]      |         |
[INFO] [stderr]      |         help: remove this `mut`
[INFO] [stderr] 
[INFO] [stderr] warning: variable does not need to be mutable
[INFO] [stderr]     --> src/main.rs:2176:9
[INFO] [stderr]      |
[INFO] [stderr] 2176 |     let mut s4 = String::from("Hello world!");
[INFO] [stderr]      |         ----^^
[INFO] [stderr]      |         |
[INFO] [stderr]      |         help: remove this `mut`
[INFO] [stderr] 
[INFO] [stderr] warning: struct `ZeroOneKnapsack_DP_TD` is never constructed
[INFO] [stderr]    --> src/main.rs:211:8
[INFO] [stderr]     |
[INFO] [stderr] 211 | struct ZeroOneKnapsack_DP_TD {
[INFO] [stderr]     |        ^^^^^^^^^^^^^^^^^^^^^
[INFO] [stderr]     |
[INFO] [stderr]     = note: `#[warn(dead_code)]` on by default
[INFO] [stderr] 
[INFO] [stderr] warning: methods `knapsack` and `knapsackAux` are never used
[INFO] [stderr]    --> src/main.rs:217:12
[INFO] [stderr]     |
[INFO] [stderr] 216 | impl ZeroOneKnapsack_DP_TD {
[INFO] [stderr]     | -------------------------- methods in this implementation
[INFO] [stderr] 217 |     pub fn knapsack(&self, profits: &Vec<i32>, weights: &Vec<i32>, capacity:i32) -> i32 {
[INFO] [stderr]     |            ^^^^^^^^
[INFO] [stderr] ...
[INFO] [stderr] 223 |     fn knapsackAux(&self, dp: &mut Vec<Vec<i32>>, profits: &Vec<i32>, weights: &Vec<i32>, capacity: i32, currentIndex: i32) -> i32 {
[INFO] [stderr]     |        ^^^^^^^^^^^
[INFO] [stderr] 
[INFO] [stderr] warning: fields `value` and `children` are never read
[INFO] [stderr]    --> src/main.rs:628:5
[INFO] [stderr]     |
[INFO] [stderr] 627 | struct Node {
[INFO] [stderr]     |        ---- fields in this struct
[INFO] [stderr] 628 |     value: i32,
[INFO] [stderr]     |     ^^^^^
[INFO] [stderr] 629 |     parent: RefCell<Weak<Node>>,
[INFO] [stderr] 630 |     children: RefCell<Vec<Rc<Node>>>,
[INFO] [stderr]     |     ^^^^^^^^
[INFO] [stderr]     |
[INFO] [stderr]     = note: `Node` has a derived impl for the trait `Debug`, but this is intentionally ignored during dead code analysis
[INFO] [stderr] 
[INFO] [stderr] warning: function `simulated_expensive_calculation` is never used
[INFO] [stderr]    --> src/main.rs:633:4
[INFO] [stderr]     |
[INFO] [stderr] 633 | fn simulated_expensive_calculation(intensity: u32) -> u32{
[INFO] [stderr]     |    ^^^^^^^^^^^^^^^^^^^^^^^^^^^^^^^
[INFO] [stderr] 
[INFO] [stderr] warning: struct `Point` is never constructed
[INFO] [stderr]    --> src/main.rs:799:8
[INFO] [stderr]     |
[INFO] [stderr] 799 | struct Point {
[INFO] [stderr]     |        ^^^^^
[INFO] [stderr] 
[INFO] [stderr] warning: variants `Quit`, `Move`, and `Write` are never constructed
[INFO] [stderr]    --> src/main.rs:805:5
[INFO] [stderr]     |
[INFO] [stderr] 804 | enum Message {
[INFO] [stderr]     |      ------- variants in this enum
[INFO] [stderr] 805 |     Quit, 
[INFO] [stderr]     |     ^^^^
[INFO] [stderr] 806 |     Move { x: i32, y: i32},
[INFO] [stderr]     |     ^^^^
[INFO] [stderr] 807 |     Write(String),
[INFO] [stderr]     |     ^^^^^
[INFO] [stderr] 
[INFO] [stderr] warning: struct `Point3` is never constructed
[INFO] [stderr]    --> src/main.rs:814:8
[INFO] [stderr]     |
[INFO] [stderr] 814 | struct Point3 {
[INFO] [stderr]     |        ^^^^^^
[INFO] [stderr] 
[INFO] [stderr] warning: associated function `baby_name` is never used
[INFO] [stderr]    --> src/main.rs:886:12
[INFO] [stderr]     |
[INFO] [stderr] 885 |     impl Dog {
[INFO] [stderr]     |     -------- associated function in this implementation
[INFO] [stderr] 886 |         fn baby_name() -> String {
[INFO] [stderr]     |            ^^^^^^^^^
[INFO] [stderr] 
[INFO] [stderr] warning: method `numberOfPaths` should have a snake case name
[INFO] [stderr]   --> src/main.rs:47:12
[INFO] [stderr]    |
[INFO] [stderr] 47 |     pub fn numberOfPaths(&self, array: &Vec<Vec<i32>>, row: i32, col: i32, cost: i32) -> i32{
[INFO] [stderr]    |            ^^^^^^^^^^^^^ help: convert the identifier to snake case: `number_of_paths`
[INFO] [stderr]    |
[INFO] [stderr]    = note: `#[warn(non_snake_case)]` on by default
[INFO] [stderr] 
[INFO] [stderr] warning: method `numberOfPathsAux` should have a snake case name
[INFO] [stderr]   --> src/main.rs:51:12
[INFO] [stderr]    |
[INFO] [stderr] 51 |     pub fn numberOfPathsAux(&self, dp: &mut Vec<Vec<i32>>, array: &Vec<Vec<i32>>, row: i32, col: i32, cost: i32) -> i32{
[INFO] [stderr]    |            ^^^^^^^^^^^^^^^^ help: convert the identifier to snake case: `number_of_paths_aux`
[INFO] [stderr] 
[INFO] [stderr] warning: variable `numOfPathsFromPreviousRow` should have a snake case name
[INFO] [stderr]   --> src/main.rs:66:21
[INFO] [stderr]    |
[INFO] [stderr] 66 |                 let numOfPathsFromPreviousRow = self.numberOfPaths(array, row -1, col, cost - array[row as usize][col as usize]);
[INFO] [stderr]    |                     ^^^^^^^^^^^^^^^^^^^^^^^^^ help: convert the identifier to snake case: `num_of_paths_from_previous_row`
[INFO] [stderr] 
[INFO] [stderr] warning: variable `numOfPathsFromPreviousCol` should have a snake case name
[INFO] [stderr]   --> src/main.rs:67:21
[INFO] [stderr]    |
[INFO] [stderr] 67 |                 let numOfPathsFromPreviousCol = self.numberOfPaths(array, row, col -1, cost - array[row as usize][col as usize]);
[INFO] [stderr]    |                     ^^^^^^^^^^^^^^^^^^^^^^^^^ help: convert the identifier to snake case: `num_of_paths_from_previous_col`
[INFO] [stderr] 
[INFO] [stderr] warning: method `findMinCost` should have a snake case name
[INFO] [stderr]   --> src/main.rs:81:8
[INFO] [stderr]    |
[INFO] [stderr] 81 |     fn findMinCost(&self, array: &Vec<Vec<i32>>, row: i32, col: i32) -> i32 {
[INFO] [stderr]    |        ^^^^^^^^^^^ help: convert the identifier to snake case: `find_min_cost`
[INFO] [stderr] 
[INFO] [stderr] warning: method `findMinCost_aux` should have a snake case name
[INFO] [stderr]   --> src/main.rs:86:8
[INFO] [stderr]    |
[INFO] [stderr] 86 |     fn findMinCost_aux(&self, dp: &mut Vec<Vec<i32>>, array: &Vec<Vec<i32>>, row: i32, col: i32) -> i32 {
[INFO] [stderr]    |        ^^^^^^^^^^^^^^^ help: convert the identifier to snake case: `find_min_cost_aux`
[INFO] [stderr] 
[INFO] [stderr] warning: variable `minCost1` should have a snake case name
[INFO] [stderr]   --> src/main.rs:95:17
[INFO] [stderr]    |
[INFO] [stderr] 95 |             let minCost1 = self.findMinCost_aux(dp, array, row - 1, col);
[INFO] [stderr]    |                 ^^^^^^^^ help: convert the identifier to snake case: `min_cost1`
[INFO] [stderr] 
[INFO] [stderr] warning: variable `minCost2` should have a snake case name
[INFO] [stderr]   --> src/main.rs:96:17
[INFO] [stderr]    |
[INFO] [stderr] 96 |             let minCost2 = self.findMinCost_aux(dp, array, row, col - 1);
[INFO] [stderr]    |                 ^^^^^^^^ help: convert the identifier to snake case: `min_cost2`
[INFO] [stderr] 
[INFO] [stderr] warning: variable `minCost` should have a snake case name
[INFO] [stderr]   --> src/main.rs:97:17
[INFO] [stderr]    |
[INFO] [stderr] 97 |             let minCost = std::cmp::min(minCost1, minCost2);
[INFO] [stderr]    |                 ^^^^^^^ help: convert the identifier to snake case: `min_cost`
[INFO] [stderr] 
[INFO] [stderr] warning: variable `currentCellCost` should have a snake case name
[INFO] [stderr]   --> src/main.rs:98:17
[INFO] [stderr]    |
[INFO] [stderr] 98 |             let currentCellCost = array[row as usize][col as usize];
[INFO] [stderr]    |                 ^^^^^^^^^^^^^^^ help: convert the identifier to snake case: `current_cell_cost`
[INFO] [stderr] 
[INFO] [stderr] warning: method `findLPSLength` should have a snake case name
[INFO] [stderr]    --> src/main.rs:111:12
[INFO] [stderr]     |
[INFO] [stderr] 111 |     pub fn findLPSLength(&self, st: &str)-> i32{
[INFO] [stderr]     |            ^^^^^^^^^^^^^ help: convert the identifier to snake case: `find_lpslength`
[INFO] [stderr] 
[INFO] [stderr] warning: variable `startIdx` should have a snake case name
[INFO] [stderr]    --> src/main.rs:115:57
[INFO] [stderr]     |
[INFO] [stderr] 115 |     fn lps_aux(&self, dp: &mut Vec<Vec<i32>>, st: &str, startIdx: i32, endIdx: i32)-> i32 {
[INFO] [stderr]     |                                                         ^^^^^^^^ help: convert the identifier to snake case: `start_idx`
[INFO] [stderr] 
[INFO] [stderr] warning: variable `endIdx` should have a snake case name
[INFO] [stderr]    --> src/main.rs:115:72
[INFO] [stderr]     |
[INFO] [stderr] 115 |     fn lps_aux(&self, dp: &mut Vec<Vec<i32>>, st: &str, startIdx: i32, endIdx: i32)-> i32 {
[INFO] [stderr]     |                                                                        ^^^^^^ help: convert the identifier to snake case: `end_idx`
[INFO] [stderr] 
[INFO] [stderr] warning: variable `remainingLength` should have a snake case name
[INFO] [stderr]    --> src/main.rs:125:21
[INFO] [stderr]     |
[INFO] [stderr] 125 |                 let remainingLength = endIdx - startIdx -1;
[INFO] [stderr]     |                     ^^^^^^^^^^^^^^^ help: convert the identifier to snake case: `remaining_length`
[INFO] [stderr] 
[INFO] [stderr] warning: method `findLPSLength` should have a snake case name
[INFO] [stderr]    --> src/main.rs:149:12
[INFO] [stderr]     |
[INFO] [stderr] 149 |     pub fn findLPSLength(&self, sentence: &str) -> i32 {
[INFO] [stderr]     |            ^^^^^^^^^^^^^ help: convert the identifier to snake case: `find_lpslength`
[INFO] [stderr] 
[INFO] [stderr] warning: method `lps_Aux` should have a snake case name
[INFO] [stderr]    --> src/main.rs:153:8
[INFO] [stderr]     |
[INFO] [stderr] 153 |     fn lps_Aux(&self, dp: &mut Vec<Vec<i32>>, sentence: &str, startIdx: i32, endIdx: i32) -> i32 {
[INFO] [stderr]     |        ^^^^^^^ help: convert the identifier to snake case: `lps_aux`
[INFO] [stderr] 
[INFO] [stderr] warning: variable `startIdx` should have a snake case name
[INFO] [stderr]    --> src/main.rs:153:63
[INFO] [stderr]     |
[INFO] [stderr] 153 |     fn lps_Aux(&self, dp: &mut Vec<Vec<i32>>, sentence: &str, startIdx: i32, endIdx: i32) -> i32 {
[INFO] [stderr]     |                                                               ^^^^^^^^ help: convert the identifier to snake case: `start_idx`
[INFO] [stderr] 
[INFO] [stderr] warning: variable `endIdx` should have a snake case name
[INFO] [stderr]    --> src/main.rs:153:78
[INFO] [stderr]     |
[INFO] [stderr] 153 |     fn lps_Aux(&self, dp: &mut Vec<Vec<i32>>, sentence: &str, startIdx: i32, endIdx: i32) -> i32 {
[INFO] [stderr]     |                                                                              ^^^^^^ help: convert the identifier to snake case: `end_idx`
[INFO] [stderr] 
[INFO] [stderr] warning: method `findLCSLength` should have a snake case name
[INFO] [stderr]    --> src/main.rs:178:12
[INFO] [stderr]     |
[INFO] [stderr] 178 |     pub fn findLCSLength(&self, s1: &String, s2: &String) -> i32{
[INFO] [stderr]     |            ^^^^^^^^^^^^^ help: convert the identifier to snake case: `find_lcslength`
[INFO] [stderr] 
[INFO] [stderr] warning: method `findLCSLengthAux` should have a snake case name
[INFO] [stderr]    --> src/main.rs:183:8
[INFO] [stderr]     |
[INFO] [stderr] 183 |     fn findLCSLengthAux(&self, dp: &mut Vec<Vec<i32>>, s1: &String, s2: &String, i: usize, j: usize) -> i32{
[INFO] [stderr]     |        ^^^^^^^^^^^^^^^^ help: convert the identifier to snake case: `find_lcslength_aux`
[INFO] [stderr] 
[INFO] [stderr] warning: method `knapsackAux` should have a snake case name
[INFO] [stderr]    --> src/main.rs:223:8
[INFO] [stderr]     |
[INFO] [stderr] 223 |     fn knapsackAux(&self, dp: &mut Vec<Vec<i32>>, profits: &Vec<i32>, weights: &Vec<i32>, capacity: i32, currentIndex: i32) -> i32 {
[INFO] [stderr]     |        ^^^^^^^^^^^ help: convert the identifier to snake case: `knapsack_aux`
[INFO] [stderr] 
[INFO] [stderr] warning: variable `currentIndex` should have a snake case name
[INFO] [stderr]    --> src/main.rs:223:106
[INFO] [stderr]     |
[INFO] [stderr] 223 |     fn knapsackAux(&self, dp: &mut Vec<Vec<i32>>, profits: &Vec<i32>, weights: &Vec<i32>, capacity: i32, currentIndex: i32) -> i32 {
[INFO] [stderr]     |                                                                                                          ^^^^^^^^^^^^ help: convert the identifier to snake case: `current_index`
[INFO] [stderr] 
[INFO] [stderr] warning: method `findMinOperations` should have a snake case name
[INFO] [stderr]    --> src/main.rs:246:12
[INFO] [stderr]     |
[INFO] [stderr] 246 |     pub fn findMinOperations(&self, s1: &'a str, s2: &'a str) -> i32 {
[INFO] [stderr]     |            ^^^^^^^^^^^^^^^^^ help: convert the identifier to snake case: `find_min_operations`
[INFO] [stderr] 
[INFO] [stderr] warning: method `findMinOperations` should have a snake case name
[INFO] [stderr]    --> src/main.rs:275:12
[INFO] [stderr]     |
[INFO] [stderr] 275 |     pub fn findMinOperations(&self, s1: &'a str, s2: &'a str) -> i32 {
[INFO] [stderr]     |            ^^^^^^^^^^^^^^^^^ help: convert the identifier to snake case: `find_min_operations`
[INFO] [stderr] 
[INFO] [stderr] warning: method `findMinOperationsRecursive` should have a snake case name
[INFO] [stderr]    --> src/main.rs:281:8
[INFO] [stderr]     |
[INFO] [stderr] 281 |     fn findMinOperationsRecursive(&self, dp: &mut Vec<Vec<i32>>, s1: &'a str, s2: &'a str, i: usize, j: usize) -> i32 {
[INFO] [stderr]     |        ^^^^^^^^^^^^^^^^^^^^^^^^^^ help: convert the identifier to snake case: `find_min_operations_recursive`
[INFO] [stderr] 
[INFO] [stderr] warning: method `findMaxSteal` should have a snake case name
[INFO] [stderr]    --> src/main.rs:313:12
[INFO] [stderr]     |
[INFO] [stderr] 313 |     pub fn findMaxSteal(&self, worth_to_steal: &'a Vec<i32>) -> i32{
[INFO] [stderr]     |            ^^^^^^^^^^^^ help: convert the identifier to snake case: `find_max_steal`
[INFO] [stderr] 
[INFO] [stderr] warning: method `maxMoney` should have a snake case name
[INFO] [stderr]    --> src/main.rs:328:12
[INFO] [stderr]     |
[INFO] [stderr] 328 |     pub fn maxMoney(&self, worth_to_steal: &'a Vec<i32>) -> i32{
[INFO] [stderr]     |            ^^^^^^^^ help: convert the identifier to snake case: `max_money`
[INFO] [stderr] 
[INFO] [stderr] warning: method `maxMoney_TopDown` should have a snake case name
[INFO] [stderr]    --> src/main.rs:332:8
[INFO] [stderr]     |
[INFO] [stderr] 332 |     fn maxMoney_TopDown(&self, dp: &mut Vec<i32>, worth_to_steal: &'a Vec<i32>, index:usize) -> i32{
[INFO] [stderr]     |        ^^^^^^^^^^^^^^^^ help: convert the identifier to snake case: `max_money_top_down`
[INFO] [stderr] 
[INFO] [stderr] warning: variable `stealCurrent` should have a snake case name
[INFO] [stderr]    --> src/main.rs:337:17
[INFO] [stderr]     |
[INFO] [stderr] 337 |             let stealCurrent = worth_to_steal[index] + self.maxMoney_TopDown(dp, worth_to_steal, index+2);
[INFO] [stderr]     |                 ^^^^^^^^^^^^ help: convert the identifier to snake case: `steal_current`
[INFO] [stderr] 
[INFO] [stderr] warning: variable `skipCurrent` should have a snake case name
[INFO] [stderr]    --> src/main.rs:338:17
[INFO] [stderr]     |
[INFO] [stderr] 338 |             let skipCurrent = self.maxMoney_TopDown(dp, worth_to_steal, index+1);
[INFO] [stderr]     |                 ^^^^^^^^^^^ help: convert the identifier to snake case: `skip_current`
[INFO] [stderr] 
[INFO] [stderr] warning: method `waysToGetN` should have a snake case name
[INFO] [stderr]    --> src/main.rs:352:12
[INFO] [stderr]     |
[INFO] [stderr] 352 |     pub fn waysToGetN(&self, n: i32) -> i32{
[INFO] [stderr]     |            ^^^^^^^^^^ help: convert the identifier to snake case: `ways_to_get_n`
[INFO] [stderr] 
[INFO] [stderr] warning: method `waysToGetN_TopDown` should have a snake case name
[INFO] [stderr]    --> src/main.rs:357:12
[INFO] [stderr]     |
[INFO] [stderr] 357 |     pub fn waysToGetN_TopDown(&self, dp: &mut Vec<i32>, n: i32) -> i32{
[INFO] [stderr]     |            ^^^^^^^^^^^^^^^^^^ help: convert the identifier to snake case: `ways_to_get_n_top_down`
[INFO] [stderr] 
[INFO] [stderr] warning: method `fibonacciAux` should have a snake case name
[INFO] [stderr]    --> src/main.rs:395:12
[INFO] [stderr]     |
[INFO] [stderr] 395 |     pub fn fibonacciAux(&self, memo: &mut Vec<i32>, n:i32)->i32{
[INFO] [stderr]     |            ^^^^^^^^^^^^ help: convert the identifier to snake case: `fibonacci_aux`
[INFO] [stderr] 
[INFO] [stderr] warning: method `numberOfPaths` should have a snake case name
[INFO] [stderr]    --> src/main.rs:419:12
[INFO] [stderr]     |
[INFO] [stderr] 419 |     pub fn numberOfPaths(&self, array: [[isize;4];4], row: isize, col: isize, cost: isize) -> isize {
[INFO] [stderr]     |            ^^^^^^^^^^^^^ help: convert the identifier to snake case: `number_of_paths`
[INFO] [stderr] 
[INFO] [stderr] warning: variable `noOfPathsFromPreviousRow` should have a snake case name
[INFO] [stderr]    --> src/main.rs:432:13
[INFO] [stderr]     |
[INFO] [stderr] 432 |         let noOfPathsFromPreviousRow = self.numberOfPaths(array, row-1, col, cost-array[row as usize][col as usize]);
[INFO] [stderr]     |             ^^^^^^^^^^^^^^^^^^^^^^^^ help: convert the identifier to snake case: `no_of_paths_from_previous_row`
[INFO] [stderr] 
[INFO] [stderr] warning: variable `noOfPathsFromPreviousCol` should have a snake case name
[INFO] [stderr]    --> src/main.rs:433:13
[INFO] [stderr]     |
[INFO] [stderr] 433 |         let noOfPathsFromPreviousCol = self.numberOfPaths(array, row, col-1, cost-array[row as usize][col as usize]);
[INFO] [stderr]     |             ^^^^^^^^^^^^^^^^^^^^^^^^ help: convert the identifier to snake case: `no_of_paths_from_previous_col`
[INFO] [stderr] 
[INFO] [stderr] warning: method `findMinCost` should have a snake case name
[INFO] [stderr]    --> src/main.rs:444:8
[INFO] [stderr]     |
[INFO] [stderr] 444 |     fn findMinCost(&self,cost:[[isize;5];5] ,row: isize, col: isize) -> isize {
[INFO] [stderr]     |        ^^^^^^^^^^^ help: convert the identifier to snake case: `find_min_cost`
[INFO] [stderr] 
[INFO] [stderr] warning: variable `minCost1` should have a snake case name
[INFO] [stderr]    --> src/main.rs:451:9
[INFO] [stderr]     |
[INFO] [stderr] 451 |     let minCost1 = self.findMinCost(cost, row - 1, col);
[INFO] [stderr]     |         ^^^^^^^^ help: convert the identifier to snake case: `min_cost1`
[INFO] [stderr] 
[INFO] [stderr] warning: variable `minCost2` should have a snake case name
[INFO] [stderr]    --> src/main.rs:452:9
[INFO] [stderr]     |
[INFO] [stderr] 452 |     let minCost2 = self.findMinCost(cost, row, col - 1);
[INFO] [stderr]     |         ^^^^^^^^ help: convert the identifier to snake case: `min_cost2`
[INFO] [stderr] 
[INFO] [stderr] warning: variable `minCost` should have a snake case name
[INFO] [stderr]    --> src/main.rs:453:9
[INFO] [stderr]     |
[INFO] [stderr] 453 |     let minCost =std::cmp::min(minCost1, minCost2);
[INFO] [stderr]     |         ^^^^^^^ help: convert the identifier to snake case: `min_cost`
[INFO] [stderr] 
[INFO] [stderr] warning: variable `currentCellsCost` should have a snake case name
[INFO] [stderr]    --> src/main.rs:454:9
[INFO] [stderr]     |
[INFO] [stderr] 454 |     let currentCellsCost = cost[row as usize][col as usize];
[INFO] [stderr]     |         ^^^^^^^^^^^^^^^^ help: convert the identifier to snake case: `current_cells_cost`
[INFO] [stderr] 
[INFO] [stderr] warning: method `findLPSLength` should have a snake case name
[INFO] [stderr]    --> src/main.rs:466:12
[INFO] [stderr]     |
[INFO] [stderr] 466 |     pub fn findLPSLength(&self, st: &str)->usize{
[INFO] [stderr]     |            ^^^^^^^^^^^^^ help: convert the identifier to snake case: `find_lpslength`
[INFO] [stderr] 
[INFO] [stderr] warning: variable `startIdx` should have a snake case name
[INFO] [stderr]    --> src/main.rs:470:33
[INFO] [stderr]     |
[INFO] [stderr] 470 |     fn lps_aux(&self, st: &str, startIdx: usize, endIdx: usize)->usize{
[INFO] [stderr]     |                                 ^^^^^^^^ help: convert the identifier to snake case: `start_idx`
[INFO] [stderr] 
[INFO] [stderr] warning: variable `endIdx` should have a snake case name
[INFO] [stderr]    --> src/main.rs:470:50
[INFO] [stderr]     |
[INFO] [stderr] 470 |     fn lps_aux(&self, st: &str, startIdx: usize, endIdx: usize)->usize{
[INFO] [stderr]     |                                                  ^^^^^^ help: convert the identifier to snake case: `end_idx`
[INFO] [stderr] 
[INFO] [stderr] warning: variable `remainingLength` should have a snake case name
[INFO] [stderr]    --> src/main.rs:479:17
[INFO] [stderr]     |
[INFO] [stderr] 479 |             let remainingLength = endIdx - startIdx -1;
[INFO] [stderr]     |                 ^^^^^^^^^^^^^^^ help: convert the identifier to snake case: `remaining_length`
[INFO] [stderr] 
[INFO] [stderr] warning: method `findLPSLength` should have a snake case name
[INFO] [stderr]    --> src/main.rs:501:12
[INFO] [stderr]     |
[INFO] [stderr] 501 |     pub fn findLPSLength(&self, st: &str)->usize{
[INFO] [stderr]     |            ^^^^^^^^^^^^^ help: convert the identifier to snake case: `find_lpslength`
[INFO] [stderr] 
[INFO] [stderr] warning: method `LPSAux` should have a snake case name
[INFO] [stderr]    --> src/main.rs:504:8
[INFO] [stderr]     |
[INFO] [stderr] 504 |     fn LPSAux(&self, st: &str, startIdx: usize, endIdx: usize) -> usize {
[INFO] [stderr]     |        ^^^^^^ help: convert the identifier to snake case: `lpsaux`
[INFO] [stderr] 
[INFO] [stderr] warning: variable `startIdx` should have a snake case name
[INFO] [stderr]    --> src/main.rs:504:32
[INFO] [stderr]     |
[INFO] [stderr] 504 |     fn LPSAux(&self, st: &str, startIdx: usize, endIdx: usize) -> usize {
[INFO] [stderr]     |                                ^^^^^^^^ help: convert the identifier to snake case: `start_idx`
[INFO] [stderr] 
[INFO] [stderr] warning: variable `endIdx` should have a snake case name
[INFO] [stderr]    --> src/main.rs:504:49
[INFO] [stderr]     |
[INFO] [stderr] 504 |     fn LPSAux(&self, st: &str, startIdx: usize, endIdx: usize) -> usize {
[INFO] [stderr]     |                                                 ^^^^^^ help: convert the identifier to snake case: `end_idx`
[INFO] [stderr] 
[INFO] [stderr] warning: method `findLCSLength` should have a snake case name
[INFO] [stderr]    --> src/main.rs:530:12
[INFO] [stderr]     |
[INFO] [stderr] 530 |     pub fn findLCSLength(&self, s1: &str, s2: &str) -> usize {
[INFO] [stderr]     |            ^^^^^^^^^^^^^ help: convert the identifier to snake case: `find_lcslength`
[INFO] [stderr] 
[INFO] [stderr] warning: method `findLCSLengthAux` should have a snake case name
[INFO] [stderr]    --> src/main.rs:533:12
[INFO] [stderr]     |
[INFO] [stderr] 533 |         fn findLCSLengthAux(&self, s1: &str, s2: &str, i: usize, j: usize) -> usize {
[INFO] [stderr]     |            ^^^^^^^^^^^^^^^^ help: convert the identifier to snake case: `find_lcslength_aux`
[INFO] [stderr] 
[INFO] [stderr] warning: method `findMinOperations` should have a snake case name
[INFO] [stderr]    --> src/main.rs:558:12
[INFO] [stderr]     |
[INFO] [stderr] 558 |     pub fn findMinOperations(&self, s1: &'a str, s2: &'a str)-> i32 {
[INFO] [stderr]     |            ^^^^^^^^^^^^^^^^^ help: convert the identifier to snake case: `find_min_operations`
[INFO] [stderr] 
[INFO] [stderr] warning: method `findMinOperationsAux` should have a snake case name
[INFO] [stderr]    --> src/main.rs:561:12
[INFO] [stderr]     |
[INFO] [stderr] 561 |     pub fn findMinOperationsAux(&self, s1: &'a str, s2: &'a str, i: usize, j: usize)-> i32 {
[INFO] [stderr]     |            ^^^^^^^^^^^^^^^^^^^^ help: convert the identifier to snake case: `find_min_operations_aux`
[INFO] [stderr] 
[INFO] [stderr] warning: variable `currentIndex` should have a snake case name
[INFO] [stderr]    --> src/main.rs:588:93
[INFO] [stderr]     |
[INFO] [stderr] 588 |     pub fn knapsack_aux(&self, profits: &'a Vec<i32>, weights: &'a Vec<i32>, capacity: i32, currentIndex: i32)-> i32{
[INFO] [stderr]     |                                                                                             ^^^^^^^^^^^^ help: convert the identifier to snake case: `current_index`
[INFO] [stderr] 
[INFO] [stderr] warning: variable `costTu` should have a snake case name
[INFO] [stderr]     --> src/main.rs:1202:5
[INFO] [stderr]      |
[INFO] [stderr] 1202 | let costTu: ConvertOneStringToAnother_TD = ConvertOneStringToAnother_TD{
[INFO] [stderr]      |     ^^^^^^ help: convert the identifier to snake case: `cost_tu`
[INFO] [stderr] 
[INFO] [stderr] warning: variable `costBu` should have a snake case name
[INFO] [stderr]     --> src/main.rs:1209:5
[INFO] [stderr]      |
[INFO] [stderr] 1209 | let costBu: ConvertOneStringToAnother_BU = ConvertOneStringToAnother_BU {
[INFO] [stderr]      |     ^^^^^^ help: convert the identifier to snake case: `cost_bu`
[INFO] [stderr] 
[INFO] [stderr] warning: unused `Result` that must be used
[INFO] [stderr]     --> src/main.rs:1947:5
[INFO] [stderr]      |
[INFO] [stderr] 1947 |     read_username_from_file();
[INFO] [stderr]      |     ^^^^^^^^^^^^^^^^^^^^^^^^^
[INFO] [stderr]      |
[INFO] [stderr]      = note: this `Result` may be an `Err` variant, which should be handled
[INFO] [stderr]      = note: `#[warn(unused_must_use)]` on by default
[INFO] [stderr] help: use `let _ = ...` to ignore the resulting value
[INFO] [stderr]      |
[INFO] [stderr] 1947 |     let _ = read_username_from_file();
[INFO] [stderr]      |     +++++++
[INFO] [stderr] 
[INFO] [stderr] warning: `rust-train` (bin "rust-train" test) generated 107 warnings (run `cargo fix --bin "rust-train" --tests` to apply 28 suggestions)
[INFO] [stderr] warning: `rust-train` (lib test) generated 14 warnings (14 duplicates)
[INFO] [stderr]     Finished test [unoptimized + debuginfo] target(s) in 0.01s
[INFO] [stderr]      Running unittests src/lib.rs (/opt/rustwide/target/debug/deps/rust_train-8060810d967540bb)
[INFO] [stdout] 
[INFO] [stdout] running 8 tests
[INFO] [stdout] test calling_next_directly ... ok
[INFO] [stdout] test iterator_sum ... ok
[INFO] [stdout] test test_map_iter ... ok
[INFO] [stdout] test filters_by_size ... ok
[INFO] [stdout] test using_other_iterator_trait_methods ... ok
[INFO] [stdout] test iterator_demonstration ... ok
[INFO] [stdout] test iterator_with_map ... ok
[INFO] [stdout] test tests::it_sends_an_over_75_percent_warning_message ... FAILED
[INFO] [stdout] 
[INFO] [stdout] failures:
[INFO] [stdout] 
[INFO] [stdout] ---- tests::it_sends_an_over_75_percent_warning_message stdout ----
[INFO] [stdout] thread 'tests::it_sends_an_over_75_percent_warning_message' panicked at 'already borrowed: BorrowMutError', src/lib.rs:459:53
[INFO] [stdout] stack backtrace:
[INFO] [stdout]    0:     0x55a33f457a2a - std::backtrace_rs::backtrace::libunwind::trace::h2f05d0192276a8f6
[INFO] [stdout]                                at /rustc/1b7dd2252b99671ce5d1cb9664c5f8636329436d/library/std/src/../../backtrace/src/backtrace/libunwind.rs:93:5
[INFO] [stdout]    1:     0x55a33f457a2a - std::backtrace_rs::backtrace::trace_unsynchronized::hedc23dff7a1af150
[INFO] [stdout]                                at /rustc/1b7dd2252b99671ce5d1cb9664c5f8636329436d/library/std/src/../../backtrace/src/backtrace/mod.rs:66:5
[INFO] [stdout]    2:     0x55a33f457a2a - std::sys_common::backtrace::_print_fmt::h17541ef7592f3ce2
[INFO] [stdout]                                at /rustc/1b7dd2252b99671ce5d1cb9664c5f8636329436d/library/std/src/sys_common/backtrace.rs:65:5
[INFO] [stdout]    3:     0x55a33f457a2a - <std::sys_common::backtrace::_print::DisplayBacktrace as core::fmt::Display>::fmt::h20f75df5ab0c0792
[INFO] [stdout]                                at /rustc/1b7dd2252b99671ce5d1cb9664c5f8636329436d/library/std/src/sys_common/backtrace.rs:44:22
[INFO] [stdout]    4:     0x55a33f47b69f - core::fmt::write::h78109e6f466b3af6
[INFO] [stdout]                                at /rustc/1b7dd2252b99671ce5d1cb9664c5f8636329436d/library/core/src/fmt/mod.rs:1254:17
[INFO] [stdout]    5:     0x55a33f454d75 - std::io::Write::write_fmt::hd24bfb68a1b35a25
[INFO] [stdout]                                at /rustc/1b7dd2252b99671ce5d1cb9664c5f8636329436d/library/std/src/io/mod.rs:1698:15
[INFO] [stdout]    6:     0x55a33f4577f5 - std::sys_common::backtrace::_print::h8dac57a9f8fbf9a5
[INFO] [stdout]                                at /rustc/1b7dd2252b99671ce5d1cb9664c5f8636329436d/library/std/src/sys_common/backtrace.rs:47:5
[INFO] [stdout]    7:     0x55a33f4577f5 - std::sys_common::backtrace::print::hf9ecbf41d1aa712f
[INFO] [stdout]                                at /rustc/1b7dd2252b99671ce5d1cb9664c5f8636329436d/library/std/src/sys_common/backtrace.rs:34:9
[INFO] [stdout]    8:     0x55a33f4594ae - std::panicking::default_hook::{{closure}}::h04c07acfc84ca028
[INFO] [stdout]                                at /rustc/1b7dd2252b99671ce5d1cb9664c5f8636329436d/library/std/src/panicking.rs:269:22
[INFO] [stdout]    9:     0x55a33f4591e1 - std::panicking::default_hook::h01f6bb23e1eceb2c
[INFO] [stdout]                                at /rustc/1b7dd2252b99671ce5d1cb9664c5f8636329436d/library/std/src/panicking.rs:285:9
[INFO] [stdout]   10:     0x55a33f42cb7b - <alloc::boxed::Box<F,A> as core::ops::function::Fn<Args>>::call::h87fe9f7b2fd49e4c
[INFO] [stdout]                                at /rustc/1b7dd2252b99671ce5d1cb9664c5f8636329436d/library/alloc/src/boxed.rs:1987:9
[INFO] [stdout]   11:     0x55a33f42cb7b - test::test_main::{{closure}}::he94d679243a7531b
[INFO] [stdout]                                at /rustc/1b7dd2252b99671ce5d1cb9664c5f8636329436d/library/test/src/lib.rs:134:21
[INFO] [stdout]   12:     0x55a33f459b94 - <alloc::boxed::Box<F,A> as core::ops::function::Fn<Args>>::call::h3f2d6d8b14c4769f
[INFO] [stdout]                                at /rustc/1b7dd2252b99671ce5d1cb9664c5f8636329436d/library/alloc/src/boxed.rs:1987:9
[INFO] [stdout]   13:     0x55a33f459b94 - std::panicking::rust_panic_with_hook::h2bb3722bbaf2f6df
[INFO] [stdout]                                at /rustc/1b7dd2252b99671ce5d1cb9664c5f8636329436d/library/std/src/panicking.rs:695:13
[INFO] [stdout]   14:     0x55a33f459909 - std::panicking::begin_panic_handler::{{closure}}::h91bc7f36a4be011b
[INFO] [stdout]                                at /rustc/1b7dd2252b99671ce5d1cb9664c5f8636329436d/library/std/src/panicking.rs:582:13
[INFO] [stdout]   15:     0x55a33f457e96 - std::sys_common::backtrace::__rust_end_short_backtrace::h8b3d3717114f9e59
[INFO] [stdout]                                at /rustc/1b7dd2252b99671ce5d1cb9664c5f8636329436d/library/std/src/sys_common/backtrace.rs:150:18
[INFO] [stdout]   16:     0x55a33f459662 - rust_begin_unwind
[INFO] [stdout]                                at /rustc/1b7dd2252b99671ce5d1cb9664c5f8636329436d/library/std/src/panicking.rs:578:5
[INFO] [stdout]   17:     0x55a33f3ebba3 - core::panicking::panic_fmt::hfd368e3fbdabea26
[INFO] [stdout]                                at /rustc/1b7dd2252b99671ce5d1cb9664c5f8636329436d/library/core/src/panicking.rs:67:14
[INFO] [stdout]   18:     0x55a33f3ec0e3 - core::result::unwrap_failed::he54eb4b2f125b26f
[INFO] [stdout]                                at /rustc/1b7dd2252b99671ce5d1cb9664c5f8636329436d/library/core/src/result.rs:1687:5
[INFO] [stdout]   19:     0x55a33f3f114e - core::result::Result<T,E>::expect::h2adfa149be6fc409
[INFO] [stdout]                                at /rustc/1b7dd2252b99671ce5d1cb9664c5f8636329436d/library/core/src/result.rs:1046:23
[INFO] [stdout]   20:     0x55a33f3f7e2f - core::cell::RefCell<T>::borrow_mut::h5233b4b8acd158b3
[INFO] [stdout]                                at /rustc/1b7dd2252b99671ce5d1cb9664c5f8636329436d/library/core/src/cell.rs:1018:9
[INFO] [stdout]   21:     0x55a33f3f1a85 - <rust_train::tests::MockMessenger as rust_train::Messenger>::send::h001513d2dbfd9591
[INFO] [stdout]                                at /opt/rustwide/workdir/src/lib.rs:459:34
[INFO] [stdout]   22:     0x55a33f3f4dab - rust_train::LimitTracker<T>::set_value::h4762f5866324de5c
[INFO] [stdout]                                at /opt/rustwide/workdir/src/lib.rs:226:13
[INFO] [stdout]   23:     0x55a33f3f1c30 - rust_train::tests::it_sends_an_over_75_percent_warning_message::h7a014fe4f22fbc83
[INFO] [stdout]                                at /opt/rustwide/workdir/src/lib.rs:478:9
[INFO] [stdout]   24:     0x55a33f3f1bb7 - rust_train::tests::it_sends_an_over_75_percent_warning_message::{{closure}}::h068385f1c5b79f38
[INFO] [stdout]                                at /opt/rustwide/workdir/src/lib.rs:474:53
[INFO] [stdout]   25:     0x55a33f3f8225 - core::ops::function::FnOnce::call_once::h3d7788e5150e30f1
[INFO] [stdout]                                at /rustc/1b7dd2252b99671ce5d1cb9664c5f8636329436d/library/core/src/ops/function.rs:250:5
[INFO] [stdout]   26:     0x55a33f431a4f - core::ops::function::FnOnce::call_once::ha6a70e79f7481a7e
[INFO] [stdout]                                at /rustc/1b7dd2252b99671ce5d1cb9664c5f8636329436d/library/core/src/ops/function.rs:250:5
[INFO] [stdout]   27:     0x55a33f431a4f - test::__rust_begin_short_backtrace::hce33033019b61e69
[INFO] [stdout]                                at /rustc/1b7dd2252b99671ce5d1cb9664c5f8636329436d/library/test/src/lib.rs:655:18
[INFO] [stdout]   28:     0x55a33f3ff23c - test::run_test::{{closure}}::h858d3528838ae3e5
[INFO] [stdout]                                at /rustc/1b7dd2252b99671ce5d1cb9664c5f8636329436d/library/test/src/lib.rs:646:30
[INFO] [stdout]   29:     0x55a33f3ff23c - core::ops::function::FnOnce::call_once{{vtable.shim}}::he8ac2b00f01ae79e
[INFO] [stdout]                                at /rustc/1b7dd2252b99671ce5d1cb9664c5f8636329436d/library/core/src/ops/function.rs:250:5
[INFO] [stdout]   30:     0x55a33f430b26 - <alloc::boxed::Box<F,A> as core::ops::function::FnOnce<Args>>::call_once::h8093d25b522725ef
[INFO] [stdout]                                at /rustc/1b7dd2252b99671ce5d1cb9664c5f8636329436d/library/alloc/src/boxed.rs:1973:9
[INFO] [stdout]   31:     0x55a33f430b26 - <core::panic::unwind_safe::AssertUnwindSafe<F> as core::ops::function::FnOnce<()>>::call_once::h5c334c204e4a3913
[INFO] [stdout]                                at /rustc/1b7dd2252b99671ce5d1cb9664c5f8636329436d/library/core/src/panic/unwind_safe.rs:271:9
[INFO] [stdout]   32:     0x55a33f430b26 - std::panicking::try::do_call::ha8b740c7b9478074
[INFO] [stdout]                                at /rustc/1b7dd2252b99671ce5d1cb9664c5f8636329436d/library/std/src/panicking.rs:485:40
[INFO] [stdout]   33:     0x55a33f430b26 - std::panicking::try::h5d34f63d0e41b64e
[INFO] [stdout]                                at /rustc/1b7dd2252b99671ce5d1cb9664c5f8636329436d/library/std/src/panicking.rs:449:19
[INFO] [stdout]   34:     0x55a33f430b26 - std::panic::catch_unwind::hcfbb511e1aa7fc67
[INFO] [stdout]                                at /rustc/1b7dd2252b99671ce5d1cb9664c5f8636329436d/library/std/src/panic.rs:140:14
[INFO] [stdout]   35:     0x55a33f430b26 - test::run_test_in_process::h9abda90f802eaf21
[INFO] [stdout]                                at /rustc/1b7dd2252b99671ce5d1cb9664c5f8636329436d/library/test/src/lib.rs:678:27
[INFO] [stdout]   36:     0x55a33f430b26 - test::run_test::run_test_inner::{{closure}}::h0f058de91f6c6edf
[INFO] [stdout]                                at /rustc/1b7dd2252b99671ce5d1cb9664c5f8636329436d/library/test/src/lib.rs:572:39
[INFO] [stdout]   37:     0x55a33f3f9a45 - test::run_test::run_test_inner::{{closure}}::h5ca48a4c59c6c1fb
[INFO] [stdout]                                at /rustc/1b7dd2252b99671ce5d1cb9664c5f8636329436d/library/test/src/lib.rs:599:37
[INFO] [stdout]   38:     0x55a33f3f9a45 - std::sys_common::backtrace::__rust_begin_short_backtrace::h32bd51e1495d4a33
[INFO] [stdout]                                at /rustc/1b7dd2252b99671ce5d1cb9664c5f8636329436d/library/std/src/sys_common/backtrace.rs:134:18
[INFO] [stdout]   39:     0x55a33f3fef81 - std::thread::Builder::spawn_unchecked_::{{closure}}::{{closure}}::hc086fae9b128b2db
[INFO] [stdout]                                at /rustc/1b7dd2252b99671ce5d1cb9664c5f8636329436d/library/std/src/thread/mod.rs:526:17
[INFO] [stdout]   40:     0x55a33f3fef81 - <core::panic::unwind_safe::AssertUnwindSafe<F> as core::ops::function::FnOnce<()>>::call_once::hb66571888d270d43
[INFO] [stdout]                                at /rustc/1b7dd2252b99671ce5d1cb9664c5f8636329436d/library/core/src/panic/unwind_safe.rs:271:9
[INFO] [stdout]   41:     0x55a33f3fef81 - std::panicking::try::do_call::h4fa2ef4f6e51fecf
[INFO] [stdout]                                at /rustc/1b7dd2252b99671ce5d1cb9664c5f8636329436d/library/std/src/panicking.rs:485:40
[INFO] [stdout]   42:     0x55a33f3fef81 - std::panicking::try::h1e9e22b8584489b5
[INFO] [stdout]                                at /rustc/1b7dd2252b99671ce5d1cb9664c5f8636329436d/library/std/src/panicking.rs:449:19
[INFO] [stdout]   43:     0x55a33f3fef81 - std::panic::catch_unwind::h44698a3de0e0769e
[INFO] [stdout]                                at /rustc/1b7dd2252b99671ce5d1cb9664c5f8636329436d/library/std/src/panic.rs:140:14
[INFO] [stdout]   44:     0x55a33f3fef81 - std::thread::Builder::spawn_unchecked_::{{closure}}::h50153abde3fe239e
[INFO] [stdout]                                at /rustc/1b7dd2252b99671ce5d1cb9664c5f8636329436d/library/std/src/thread/mod.rs:525:30
[INFO] [stdout]   45:     0x55a33f3fef81 - core::ops::function::FnOnce::call_once{{vtable.shim}}::hbe5bbf6f38394364
[INFO] [stdout]                                at /rustc/1b7dd2252b99671ce5d1cb9664c5f8636329436d/library/core/src/ops/function.rs:250:5
[INFO] [stdout]   46:     0x55a33f45e065 - <alloc::boxed::Box<F,A> as core::ops::function::FnOnce<Args>>::call_once::h0d83cb2920a49046
[INFO] [stdout]                                at /rustc/1b7dd2252b99671ce5d1cb9664c5f8636329436d/library/alloc/src/boxed.rs:1973:9
[INFO] [stdout]   47:     0x55a33f45e065 - <alloc::boxed::Box<F,A> as core::ops::function::FnOnce<Args>>::call_once::hbe0a008aa7d9ef59
[INFO] [stdout]                                at /rustc/1b7dd2252b99671ce5d1cb9664c5f8636329436d/library/alloc/src/boxed.rs:1973:9
[INFO] [stdout]   48:     0x55a33f45e065 - std::sys::unix::thread::Thread::new::thread_start::h3a466996bdf6b1f9
[INFO] [stdout]                                at /rustc/1b7dd2252b99671ce5d1cb9664c5f8636329436d/library/std/src/sys/unix/thread.rs:108:17
[INFO] [stdout]   49:     0x7f06f367cb43 - <unknown>
[INFO] [stdout]   50:     0x7f06f370dbb4 - __clone
[INFO] [stdout]   51:                0x0 - <unknown>
[INFO] [stdout] 
[INFO] [stdout] 
[INFO] [stdout] failures:
[INFO] [stdout]     tests::it_sends_an_over_75_percent_warning_message
[INFO] [stdout] 
[INFO] [stdout] test result: FAILED. 7 passed; 1 failed; 0 ignored; 0 measured; 0 filtered out; finished in 0.01s
[INFO] [stdout] 
[INFO] [stderr] error: test failed, to rerun pass `--lib`
[INFO] running `Command { std: "docker" "inspect" "9910f61a06ee428b29a635fa756c6c1bcfe9da7c0cd15b08e0a0309f9a396c31", kill_on_drop: false }`
[INFO] running `Command { std: "docker" "rm" "-f" "9910f61a06ee428b29a635fa756c6c1bcfe9da7c0cd15b08e0a0309f9a396c31", kill_on_drop: false }`
[INFO] [stdout] 9910f61a06ee428b29a635fa756c6c1bcfe9da7c0cd15b08e0a0309f9a396c31
