[INFO] cloning repository https://github.com/shish/minilog
[INFO] running `Command { std: "git" "-c" "credential.helper=" "-c" "credential.helper=/workspace/cargo-home/bin/git-credential-null" "clone" "--bare" "https://github.com/shish/minilog" "/workspace/cache/git-repos/https%3A%2F%2Fgithub.com%2Fshish%2Fminilog", kill_on_drop: false }`
[INFO] [stderr] Cloning into bare repository '/workspace/cache/git-repos/https%3A%2F%2Fgithub.com%2Fshish%2Fminilog'...
[INFO] running `Command { std: "git" "rev-parse" "HEAD", kill_on_drop: false }`
[INFO] [stdout] adbe8853172e64e4150ffdf1dbec0aa66b473322
[INFO] testing shish/minilog against beta-2023-04-20 for beta-1.70-1
[INFO] running `Command { std: "git" "clone" "/workspace/cache/git-repos/https%3A%2F%2Fgithub.com%2Fshish%2Fminilog" "/workspace/builds/worker-5-tc2/source", kill_on_drop: false }`
[INFO] [stderr] Cloning into '/workspace/builds/worker-5-tc2/source'...
[INFO] [stderr] done.
[INFO] validating manifest of git repo https://github.com/shish/minilog on toolchain beta-2023-04-20
[INFO] running `Command { std: CARGO_HOME="/workspace/cargo-home" RUSTUP_HOME="/workspace/rustup-home" "/workspace/cargo-home/bin/cargo" "+beta-2023-04-20" "metadata" "--manifest-path" "Cargo.toml" "--no-deps", kill_on_drop: false }`
[INFO] started tweaking git repo https://github.com/shish/minilog
[INFO] finished tweaking git repo https://github.com/shish/minilog
[INFO] tweaked toml for git repo https://github.com/shish/minilog written to /workspace/builds/worker-5-tc2/source/Cargo.toml
[INFO] crate git repo https://github.com/shish/minilog already has a lockfile, it will not be regenerated
[INFO] running `Command { std: CARGO_HOME="/workspace/cargo-home" RUSTUP_HOME="/workspace/rustup-home" "/workspace/cargo-home/bin/cargo" "+beta-2023-04-20" "fetch" "--manifest-path" "Cargo.toml", kill_on_drop: false }`
[INFO] [stderr]  Downloading crates ...
[INFO] [stderr]   Downloaded plotters-svg v0.3.2
[INFO] [stderr]   Downloaded plotters v0.3.2
[INFO] running `Command { std: "docker" "create" "-v" "/var/lib/crater-agent-workspace/builds/worker-5-tc2/target:/opt/rustwide/target:rw,Z" "-v" "/var/lib/crater-agent-workspace/builds/worker-5-tc2/source:/opt/rustwide/workdir:ro,Z" "-v" "/var/lib/crater-agent-workspace/cargo-home:/opt/rustwide/cargo-home:ro,Z" "-v" "/var/lib/crater-agent-workspace/rustup-home:/opt/rustwide/rustup-home:ro,Z" "-e" "SOURCE_DIR=/opt/rustwide/workdir" "-e" "CARGO_TARGET_DIR=/opt/rustwide/target" "-e" "CARGO_HOME=/opt/rustwide/cargo-home" "-e" "RUSTUP_HOME=/opt/rustwide/rustup-home" "-w" "/opt/rustwide/workdir" "-m" "1610612736" "--user" "0:0" "--network" "none" "ghcr.io/rust-lang/crates-build-env/linux@sha256:5ff2268d62e97bff2cde7d5815dd6ed5b47097566f13b8d0ca110b04b60e07ed" "/opt/rustwide/cargo-home/bin/cargo" "+beta-2023-04-20" "metadata" "--no-deps" "--format-version=1", kill_on_drop: false }`
[INFO] [stdout] 14c62de08d4baa46c313d20bb873a818389c50550d0e27c28949311aa198d1bb
[INFO] running `Command { std: "docker" "start" "-a" "14c62de08d4baa46c313d20bb873a818389c50550d0e27c28949311aa198d1bb", kill_on_drop: false }`
[INFO] running `Command { std: "docker" "inspect" "14c62de08d4baa46c313d20bb873a818389c50550d0e27c28949311aa198d1bb", kill_on_drop: false }`
[INFO] running `Command { std: "docker" "rm" "-f" "14c62de08d4baa46c313d20bb873a818389c50550d0e27c28949311aa198d1bb", kill_on_drop: false }`
[INFO] [stdout] 14c62de08d4baa46c313d20bb873a818389c50550d0e27c28949311aa198d1bb
[INFO] running `Command { std: "docker" "create" "-v" "/var/lib/crater-agent-workspace/builds/worker-5-tc2/target:/opt/rustwide/target:rw,Z" "-v" "/var/lib/crater-agent-workspace/builds/worker-5-tc2/source:/opt/rustwide/workdir:ro,Z" "-v" "/var/lib/crater-agent-workspace/cargo-home:/opt/rustwide/cargo-home:ro,Z" "-v" "/var/lib/crater-agent-workspace/rustup-home:/opt/rustwide/rustup-home:ro,Z" "-e" "SOURCE_DIR=/opt/rustwide/workdir" "-e" "CARGO_TARGET_DIR=/opt/rustwide/target" "-e" "CARGO_INCREMENTAL=0" "-e" "RUST_BACKTRACE=full" "-e" "RUSTFLAGS=--cap-lints=warn" "-e" "RUSTDOCFLAGS=--cap-lints=warn" "-e" "CARGO_HOME=/opt/rustwide/cargo-home" "-e" "RUSTUP_HOME=/opt/rustwide/rustup-home" "-w" "/opt/rustwide/workdir" "-m" "1610612736" "--user" "0:0" "--network" "none" "ghcr.io/rust-lang/crates-build-env/linux@sha256:5ff2268d62e97bff2cde7d5815dd6ed5b47097566f13b8d0ca110b04b60e07ed" "/opt/rustwide/cargo-home/bin/cargo" "+beta-2023-04-20" "build" "--frozen" "--message-format=json", kill_on_drop: false }`
[INFO] [stdout] 51433a8226ddc161240fa1845695b6d54cfc65d30d3f1363cfe2eb0c9e7a6381
[INFO] running `Command { std: "docker" "start" "-a" "51433a8226ddc161240fa1845695b6d54cfc65d30d3f1363cfe2eb0c9e7a6381", kill_on_drop: false }`
[INFO] [stderr]    Compiling libc v0.2.126
[INFO] [stderr]    Compiling autocfg v1.1.0
[INFO] [stderr]    Compiling zstd-safe v5.0.2+zstd.1.5.2
[INFO] [stderr]    Compiling anyhow v1.0.58
[INFO] [stderr]    Compiling unicode-width v0.1.9
[INFO] [stderr]    Compiling ansi_term v0.12.1
[INFO] [stderr]    Compiling strsim v0.8.0
[INFO] [stderr]    Compiling vec_map v0.8.2
[INFO] [stderr]    Compiling bitflags v1.3.2
[INFO] [stderr]    Compiling arrayvec v0.7.2
[INFO] [stderr]    Compiling nohash-hasher v0.2.0
[INFO] [stderr]    Compiling textwrap v0.11.0
[INFO] [stderr]    Compiling num-traits v0.2.15
[INFO] [stderr]    Compiling num-integer v0.1.45
[INFO] [stderr]    Compiling jobserver v0.1.24
[INFO] [stderr]    Compiling atty v0.2.14
[INFO] [stderr]    Compiling time v0.1.44
[INFO] [stderr]    Compiling clap v2.34.0
[INFO] [stderr]    Compiling cc v1.0.73
[INFO] [stderr]    Compiling zstd-sys v2.0.1+zstd.1.5.2
[INFO] [stderr]    Compiling chrono v0.4.19
[INFO] [stderr]    Compiling zstd v0.11.2+zstd.1.5.2
[INFO] [stderr]    Compiling minilog v0.1.0 (/opt/rustwide/workdir)
[INFO] [stdout] warning: found module declaration for lib.rs
[INFO] [stdout]   --> src/main.rs:10:1
[INFO] [stdout]    |
[INFO] [stdout] 10 | pub mod lib;
[INFO] [stdout]    | ^^^^^^^^^^^^
[INFO] [stdout]    |
[INFO] [stdout]    = note: lib.rs is the root of this crate's library target
[INFO] [stdout]    = help: to refer to it from other targets, use the library's name as the path
[INFO] [stdout]    = note: `#[warn(special_module_name)]` on by default
[INFO] [stdout] 
[INFO] [stdout] 
[INFO] [stdout] warning: 1 warning emitted
[INFO] [stdout] 
[INFO] [stdout] 
[INFO] [stderr]     Finished dev [unoptimized + debuginfo] target(s) in 31.24s
[INFO] running `Command { std: "docker" "inspect" "51433a8226ddc161240fa1845695b6d54cfc65d30d3f1363cfe2eb0c9e7a6381", kill_on_drop: false }`
[INFO] running `Command { std: "docker" "rm" "-f" "51433a8226ddc161240fa1845695b6d54cfc65d30d3f1363cfe2eb0c9e7a6381", kill_on_drop: false }`
[INFO] [stdout] 51433a8226ddc161240fa1845695b6d54cfc65d30d3f1363cfe2eb0c9e7a6381
[INFO] running `Command { std: "docker" "create" "-v" "/var/lib/crater-agent-workspace/builds/worker-5-tc2/target:/opt/rustwide/target:rw,Z" "-v" "/var/lib/crater-agent-workspace/builds/worker-5-tc2/source:/opt/rustwide/workdir:ro,Z" "-v" "/var/lib/crater-agent-workspace/cargo-home:/opt/rustwide/cargo-home:ro,Z" "-v" "/var/lib/crater-agent-workspace/rustup-home:/opt/rustwide/rustup-home:ro,Z" "-e" "SOURCE_DIR=/opt/rustwide/workdir" "-e" "CARGO_TARGET_DIR=/opt/rustwide/target" "-e" "CARGO_INCREMENTAL=0" "-e" "RUST_BACKTRACE=full" "-e" "RUSTFLAGS=--cap-lints=warn" "-e" "RUSTDOCFLAGS=--cap-lints=warn" "-e" "CARGO_HOME=/opt/rustwide/cargo-home" "-e" "RUSTUP_HOME=/opt/rustwide/rustup-home" "-w" "/opt/rustwide/workdir" "-m" "1610612736" "--user" "0:0" "--network" "none" "ghcr.io/rust-lang/crates-build-env/linux@sha256:5ff2268d62e97bff2cde7d5815dd6ed5b47097566f13b8d0ca110b04b60e07ed" "/opt/rustwide/cargo-home/bin/cargo" "+beta-2023-04-20" "test" "--frozen" "--no-run" "--message-format=json", kill_on_drop: false }`
[INFO] [stdout] ab3182049607a453a09dce5dcc8b70ba4153256afa83d8dbbeadc8d407209d22
[INFO] running `Command { std: "docker" "start" "-a" "ab3182049607a453a09dce5dcc8b70ba4153256afa83d8dbbeadc8d407209d22", kill_on_drop: false }`
[INFO] [stderr]    Compiling cfg-if v1.0.0
[INFO] [stderr]    Compiling serde v1.0.140
[INFO] [stderr]    Compiling crossbeam-utils v0.8.11
[INFO] [stderr]    Compiling once_cell v1.13.0
[INFO] [stderr]    Compiling memchr v2.5.0
[INFO] [stderr]    Compiling proc-macro2 v1.0.40
[INFO] [stderr]    Compiling quote v1.0.20
[INFO] [stderr]    Compiling unicode-ident v1.0.2
[INFO] [stderr]    Compiling scopeguard v1.1.0
[INFO] [stderr]    Compiling rayon-core v1.9.3
[INFO] [stderr]    Compiling either v1.7.0
[INFO] [stderr]    Compiling syn v1.0.98
[INFO] [stderr]    Compiling memoffset v0.6.5
[INFO] [stderr]    Compiling crossbeam-epoch v0.9.10
[INFO] [stderr]    Compiling ryu v1.0.10
[INFO] [stderr]    Compiling serde_json v1.0.82
[INFO] [stderr]    Compiling getrandom v0.2.7
[INFO] [stderr]    Compiling num_cpus v1.13.1
[INFO] [stderr]    Compiling rayon v1.5.3
[INFO] [stderr]    Compiling lazy_static v1.4.0
[INFO] [stderr]    Compiling plotters-backend v0.3.4
[INFO] [stderr]    Compiling serde_derive v1.0.140
[INFO] [stderr]    Compiling itoa v1.0.2
[INFO] [stderr]    Compiling regex-automata v0.1.10
[INFO] [stderr]    Compiling rand_core v0.6.3
[INFO] [stderr]    Compiling itertools v0.10.3
[INFO] [stderr]    Compiling cast v0.3.0
[INFO] [stderr]    Compiling regex-syntax v0.6.27
[INFO] [stderr]    Compiling itoa v0.4.8
[INFO] [stderr]    Compiling same-file v1.0.6
[INFO] [stderr]    Compiling plotters-svg v0.3.2
[INFO] [stderr]    Compiling half v1.8.2
[INFO] [stderr]    Compiling ppv-lite86 v0.2.16
[INFO] [stderr]    Compiling walkdir v2.3.2
[INFO] [stderr]    Compiling oorandom v11.1.3
[INFO] [stderr]    Compiling plotters v0.3.2
[INFO] [stderr]    Compiling crossbeam-channel v0.5.6
[INFO] [stderr]    Compiling csv-core v0.1.10
[INFO] [stderr]    Compiling rand_chacha v0.3.1
[INFO] [stderr]    Compiling crossbeam-deque v0.8.2
[INFO] [stderr]    Compiling rand v0.8.5
[INFO] [stderr]    Compiling regex v1.6.0
[INFO] [stderr]    Compiling criterion-plot v0.4.5
[INFO] [stderr]    Compiling bstr v0.2.17
[INFO] [stderr]    Compiling serde_cbor v0.11.2
[INFO] [stderr]    Compiling csv v1.1.6
[INFO] [stderr]    Compiling tinytemplate v1.2.1
[INFO] [stderr]    Compiling criterion v0.3.6
[INFO] [stderr]    Compiling minilog v0.1.0 (/opt/rustwide/workdir)
[INFO] [stdout] warning: found module declaration for lib.rs
[INFO] [stdout]   --> src/main.rs:10:1
[INFO] [stdout]    |
[INFO] [stdout] 10 | pub mod lib;
[INFO] [stdout]    | ^^^^^^^^^^^^
[INFO] [stdout]    |
[INFO] [stdout]    = note: lib.rs is the root of this crate's library target
[INFO] [stdout]    = help: to refer to it from other targets, use the library's name as the path
[INFO] [stdout]    = note: `#[warn(special_module_name)]` on by default
[INFO] [stdout] 
[INFO] [stdout] 
[INFO] [stdout] warning: 1 warning emitted
[INFO] [stdout] 
[INFO] [stdout] 
[INFO] [stderr]     Finished test [unoptimized + debuginfo] target(s) in 20.26s
[INFO] running `Command { std: "docker" "inspect" "ab3182049607a453a09dce5dcc8b70ba4153256afa83d8dbbeadc8d407209d22", kill_on_drop: false }`
[INFO] running `Command { std: "docker" "rm" "-f" "ab3182049607a453a09dce5dcc8b70ba4153256afa83d8dbbeadc8d407209d22", kill_on_drop: false }`
[INFO] [stdout] ab3182049607a453a09dce5dcc8b70ba4153256afa83d8dbbeadc8d407209d22
[INFO] running `Command { std: "docker" "create" "-v" "/var/lib/crater-agent-workspace/builds/worker-5-tc2/target:/opt/rustwide/target:rw,Z" "-v" "/var/lib/crater-agent-workspace/builds/worker-5-tc2/source:/opt/rustwide/workdir:ro,Z" "-v" "/var/lib/crater-agent-workspace/cargo-home:/opt/rustwide/cargo-home:ro,Z" "-v" "/var/lib/crater-agent-workspace/rustup-home:/opt/rustwide/rustup-home:ro,Z" "-e" "SOURCE_DIR=/opt/rustwide/workdir" "-e" "CARGO_TARGET_DIR=/opt/rustwide/target" "-e" "CARGO_INCREMENTAL=0" "-e" "RUST_BACKTRACE=full" "-e" "RUSTFLAGS=--cap-lints=warn" "-e" "RUSTDOCFLAGS=--cap-lints=warn" "-e" "CARGO_HOME=/opt/rustwide/cargo-home" "-e" "RUSTUP_HOME=/opt/rustwide/rustup-home" "-w" "/opt/rustwide/workdir" "-m" "1610612736" "--user" "0:0" "--network" "none" "ghcr.io/rust-lang/crates-build-env/linux@sha256:5ff2268d62e97bff2cde7d5815dd6ed5b47097566f13b8d0ca110b04b60e07ed" "/opt/rustwide/cargo-home/bin/cargo" "+beta-2023-04-20" "test" "--frozen", kill_on_drop: false }`
[INFO] [stdout] fe1a5f3c43244b8393dd0b2601dd2b459d192b6538e95747ad9ac651b802247b
[INFO] running `Command { std: "docker" "start" "-a" "fe1a5f3c43244b8393dd0b2601dd2b459d192b6538e95747ad9ac651b802247b", kill_on_drop: false }`
[INFO] [stderr] warning: found module declaration for lib.rs
[INFO] [stderr]   --> src/main.rs:10:1
[INFO] [stderr]    |
[INFO] [stderr] 10 | pub mod lib;
[INFO] [stderr]    | ^^^^^^^^^^^^
[INFO] [stderr]    |
[INFO] [stderr]    = note: lib.rs is the root of this crate's library target
[INFO] [stderr]    = help: to refer to it from other targets, use the library's name as the path
[INFO] [stderr]    = note: `#[warn(special_module_name)]` on by default
[INFO] [stderr] 
[INFO] [stderr] warning: `minilog` (bin "minilog" test) generated 1 warning
[INFO] [stderr]     Finished test [unoptimized + debuginfo] target(s) in 0.04s
[INFO] [stderr]      Running unittests src/lib.rs (/opt/rustwide/target/debug/deps/minilog-21a263f3941c87a8)
[INFO] [stdout] 
[INFO] [stdout] running 0 tests
[INFO] [stdout] 
[INFO] [stdout] test result: ok. 0 passed; 0 failed; 0 ignored; 0 measured; 0 filtered out; finished in 0.00s
[INFO] [stdout] 
[INFO] [stderr]      Running unittests src/main.rs (/opt/rustwide/target/debug/deps/minilog-c3af73a2d85fbac1)
[INFO] [stdout] 
[INFO] [stdout] running 0 tests
[INFO] [stdout] 
[INFO] [stdout] test result: ok. 0 passed; 0 failed; 0 ignored; 0 measured; 0 filtered out; finished in 0.00s
[INFO] [stdout] 
[INFO] [stderr]    Doc-tests minilog
[INFO] [stdout] 
[INFO] [stdout] running 1 test
[INFO] [stdout] test src/lib.rs - parse_log_line (line 58) ... FAILED
[INFO] [stdout] 
[INFO] [stdout] failures:
[INFO] [stdout] 
[INFO] [stdout] ---- src/lib.rs - parse_log_line (line 58) stdout ----
[INFO] [stdout] error[E0061]: this function takes 2 arguments but 1 argument was supplied
[INFO] [stdout]   --> src/lib.rs:61:5
[INFO] [stdout]    |
[INFO] [stdout] 6  |     minilog::parse_log_line(line).unwrap(),
[INFO] [stdout]    |     ^^^^^^^^^^^^^^^^^^^^^^^------ an argument of type `&Vec<chrono::format::Item<'_>>` is missing
[INFO] [stdout]    |
[INFO] [stdout] note: function defined here
[INFO] [stdout]   --> /opt/rustwide/workdir/src/lib.rs:65:8
[INFO] [stdout]    |
[INFO] [stdout] 65 | pub fn parse_log_line(
[INFO] [stdout]    |        ^^^^^^^^^^^^^^
[INFO] [stdout] help: provide the argument
[INFO] [stdout]    |
[INFO] [stdout] 6  |     minilog::parse_log_line(line, /* &Vec<chrono::format::Item<'_>> */).unwrap(),
[INFO] [stdout]    |                            ~~~~~~~~~~~~~~~~~~~~~~~~~~~~~~~~~~~~~~~~~~~~
[INFO] [stdout] 
[INFO] [stdout] error: aborting due to previous error
[INFO] [stdout] 
[INFO] [stdout] For more information about this error, try `rustc --explain E0061`.
[INFO] [stdout] Couldn't compile the test.
[INFO] [stdout] 
[INFO] [stdout] failures:
[INFO] [stdout]     src/lib.rs - parse_log_line (line 58)
[INFO] [stdout] 
[INFO] [stdout] test result: FAILED. 0 passed; 1 failed; 0 ignored; 0 measured; 0 filtered out; finished in 0.03s
[INFO] [stdout] 
[INFO] [stderr] error: doctest failed, to rerun pass `--doc`
[INFO] running `Command { std: "docker" "inspect" "fe1a5f3c43244b8393dd0b2601dd2b459d192b6538e95747ad9ac651b802247b", kill_on_drop: false }`
[INFO] running `Command { std: "docker" "rm" "-f" "fe1a5f3c43244b8393dd0b2601dd2b459d192b6538e95747ad9ac651b802247b", kill_on_drop: false }`
[INFO] [stdout] fe1a5f3c43244b8393dd0b2601dd2b459d192b6538e95747ad9ac651b802247b
