[INFO] cloning repository https://github.com/shigedangao/annyeong
[INFO] running `Command { std: "git" "-c" "credential.helper=" "-c" "credential.helper=/workspace/cargo-home/bin/git-credential-null" "clone" "--bare" "https://github.com/shigedangao/annyeong" "/workspace/cache/git-repos/https%3A%2F%2Fgithub.com%2Fshigedangao%2Fannyeong", kill_on_drop: false }`
[INFO] [stderr] Cloning into bare repository '/workspace/cache/git-repos/https%3A%2F%2Fgithub.com%2Fshigedangao%2Fannyeong'...
[INFO] running `Command { std: "git" "rev-parse" "HEAD", kill_on_drop: false }`
[INFO] [stdout] 3877f779e2022081bf5442bb9abb8b15575150b7
[INFO] testing shigedangao/annyeong against beta-2023-04-20 for beta-1.70-1
[INFO] running `Command { std: "git" "clone" "/workspace/cache/git-repos/https%3A%2F%2Fgithub.com%2Fshigedangao%2Fannyeong" "/workspace/builds/worker-4-tc2/source", kill_on_drop: false }`
[INFO] [stderr] Cloning into '/workspace/builds/worker-4-tc2/source'...
[INFO] [stderr] done.
[INFO] validating manifest of git repo https://github.com/shigedangao/annyeong on toolchain beta-2023-04-20
[INFO] running `Command { std: CARGO_HOME="/workspace/cargo-home" RUSTUP_HOME="/workspace/rustup-home" "/workspace/cargo-home/bin/cargo" "+beta-2023-04-20" "metadata" "--manifest-path" "Cargo.toml" "--no-deps", kill_on_drop: false }`
[INFO] started tweaking git repo https://github.com/shigedangao/annyeong
[INFO] finished tweaking git repo https://github.com/shigedangao/annyeong
[INFO] tweaked toml for git repo https://github.com/shigedangao/annyeong written to /workspace/builds/worker-4-tc2/source/Cargo.toml
[INFO] crate git repo https://github.com/shigedangao/annyeong already has a lockfile, it will not be regenerated
[INFO] running `Command { std: CARGO_HOME="/workspace/cargo-home" RUSTUP_HOME="/workspace/rustup-home" "/workspace/cargo-home/bin/cargo" "+beta-2023-04-20" "fetch" "--manifest-path" "Cargo.toml", kill_on_drop: false }`
[INFO] [stderr]  Downloading crates ...
[INFO] [stderr]   Downloaded kube-runtime v0.63.2
[INFO] [stderr]   Downloaded kube-client v0.63.2
[INFO] [stderr]   Downloaded kube-derive v0.63.2
[INFO] [stderr]   Downloaded kube-core v0.63.2
[INFO] [stderr]   Downloaded openssl-sys v0.9.68
[INFO] [stderr]   Downloaded openssl v0.10.37
[INFO] [stderr]   Downloaded kube v0.63.2
[INFO] [stderr]   Downloaded k8s-openapi v0.13.1
[INFO] running `Command { std: "docker" "create" "-v" "/var/lib/crater-agent-workspace/builds/worker-4-tc2/target:/opt/rustwide/target:rw,Z" "-v" "/var/lib/crater-agent-workspace/builds/worker-4-tc2/source:/opt/rustwide/workdir:ro,Z" "-v" "/var/lib/crater-agent-workspace/cargo-home:/opt/rustwide/cargo-home:ro,Z" "-v" "/var/lib/crater-agent-workspace/rustup-home:/opt/rustwide/rustup-home:ro,Z" "-e" "SOURCE_DIR=/opt/rustwide/workdir" "-e" "CARGO_TARGET_DIR=/opt/rustwide/target" "-e" "CARGO_HOME=/opt/rustwide/cargo-home" "-e" "RUSTUP_HOME=/opt/rustwide/rustup-home" "-w" "/opt/rustwide/workdir" "-m" "1610612736" "--user" "0:0" "--network" "none" "ghcr.io/rust-lang/crates-build-env/linux@sha256:5ff2268d62e97bff2cde7d5815dd6ed5b47097566f13b8d0ca110b04b60e07ed" "/opt/rustwide/cargo-home/bin/cargo" "+beta-2023-04-20" "metadata" "--no-deps" "--format-version=1", kill_on_drop: false }`
[INFO] [stdout] c8862aea5236f4fc46974e54219930b4019dd36a0b343d19cc7985550d750587
[INFO] running `Command { std: "docker" "start" "-a" "c8862aea5236f4fc46974e54219930b4019dd36a0b343d19cc7985550d750587", kill_on_drop: false }`
[INFO] running `Command { std: "docker" "inspect" "c8862aea5236f4fc46974e54219930b4019dd36a0b343d19cc7985550d750587", kill_on_drop: false }`
[INFO] running `Command { std: "docker" "rm" "-f" "c8862aea5236f4fc46974e54219930b4019dd36a0b343d19cc7985550d750587", kill_on_drop: false }`
[INFO] [stdout] c8862aea5236f4fc46974e54219930b4019dd36a0b343d19cc7985550d750587
[INFO] running `Command { std: "docker" "create" "-v" "/var/lib/crater-agent-workspace/builds/worker-4-tc2/target:/opt/rustwide/target:rw,Z" "-v" "/var/lib/crater-agent-workspace/builds/worker-4-tc2/source:/opt/rustwide/workdir:ro,Z" "-v" "/var/lib/crater-agent-workspace/cargo-home:/opt/rustwide/cargo-home:ro,Z" "-v" "/var/lib/crater-agent-workspace/rustup-home:/opt/rustwide/rustup-home:ro,Z" "-e" "SOURCE_DIR=/opt/rustwide/workdir" "-e" "CARGO_TARGET_DIR=/opt/rustwide/target" "-e" "CARGO_INCREMENTAL=0" "-e" "RUST_BACKTRACE=full" "-e" "RUSTFLAGS=--cap-lints=warn" "-e" "RUSTDOCFLAGS=--cap-lints=warn" "-e" "CARGO_HOME=/opt/rustwide/cargo-home" "-e" "RUSTUP_HOME=/opt/rustwide/rustup-home" "-w" "/opt/rustwide/workdir" "-m" "1610612736" "--user" "0:0" "--network" "none" "ghcr.io/rust-lang/crates-build-env/linux@sha256:5ff2268d62e97bff2cde7d5815dd6ed5b47097566f13b8d0ca110b04b60e07ed" "/opt/rustwide/cargo-home/bin/cargo" "+beta-2023-04-20" "build" "--frozen" "--message-format=json", kill_on_drop: false }`
[INFO] [stdout] cd8b4c7dd20ca72fe751186887c11e2fa66bff55dbfebc00587a1267c4e35102
[INFO] running `Command { std: "docker" "start" "-a" "cd8b4c7dd20ca72fe751186887c11e2fa66bff55dbfebc00587a1267c4e35102", kill_on_drop: false }`
[INFO] [stderr]    Compiling proc-macro2 v1.0.32
[INFO] [stderr]    Compiling unicode-xid v0.2.2
[INFO] [stderr]    Compiling autocfg v1.0.1
[INFO] [stderr]    Compiling syn v1.0.81
[INFO] [stderr]    Compiling libc v0.2.105
[INFO] [stderr]    Compiling cfg-if v1.0.0
[INFO] [stderr]    Compiling memchr v2.4.1
[INFO] [stderr]    Compiling log v0.4.14
[INFO] [stderr]    Compiling pin-project-lite v0.2.7
[INFO] [stderr]    Compiling bytes v1.1.0
[INFO] [stderr]    Compiling futures-core v0.3.17
[INFO] [stderr]    Compiling itoa v0.4.8
[INFO] [stderr]    Compiling once_cell v1.8.0
[INFO] [stderr]    Compiling serde_derive v1.0.130
[INFO] [stderr]    Compiling parking_lot_core v0.8.5
[INFO] [stderr]    Compiling proc-macro-hack v0.5.19
[INFO] [stderr]    Compiling serde v1.0.130
[INFO] [stderr]    Compiling fnv v1.0.7
[INFO] [stderr]    Compiling futures-macro v0.3.17
[INFO] [stderr]    Compiling indexmap v1.7.0
[INFO] [stderr]    Compiling quote v1.0.10
[INFO] [stderr]    Compiling instant v0.1.12
[INFO] [stderr]    Compiling futures-channel v0.3.17
[INFO] [stderr]    Compiling smallvec v1.7.0
[INFO] [stderr]    Compiling ryu v1.0.5
[INFO] [stderr]    Compiling futures-sink v0.3.17
[INFO] [stderr]    Compiling scopeguard v1.1.0
[INFO] [stderr]    Compiling futures-task v0.3.17
[INFO] [stderr]    Compiling proc-macro-nested v0.1.7
[INFO] [stderr]    Compiling lock_api v0.4.5
[INFO] [stderr]    Compiling num_cpus v1.13.0
[INFO] [stderr]    Compiling futures-util v0.3.17
[INFO] [stderr]    Compiling tokio v1.12.0
[INFO] [stderr]    Compiling slab v0.4.5
[INFO] [stderr]    Compiling hashbrown v0.11.2
[INFO] [stderr]    Compiling cc v1.0.71
[INFO] [stderr]    Compiling pkg-config v0.3.22
[INFO] [stderr]    Compiling parking_lot v0.11.2
[INFO] [stderr]    Compiling mio v0.7.14
[INFO] [stderr]    Compiling signal-hook-registry v1.4.0
[INFO] [stderr]    Compiling num-traits v0.2.14
[INFO] [stderr]    Compiling version_check v0.9.3
[INFO] [stderr]    Compiling pin-utils v0.1.0
[INFO] [stderr]    Compiling futures-io v0.3.17
[INFO] [stderr]    Compiling lazy_static v1.4.0
[INFO] [stderr]    Compiling serde_json v1.0.68
[INFO] [stderr]    Compiling tracing-core v0.1.21
[INFO] [stderr]    Compiling http v0.2.5
[INFO] [stderr]    Compiling openssl-sys v0.9.68
[INFO] [stderr]    Compiling num-integer v0.1.44
[INFO] [stderr]    Compiling bitflags v1.3.2
[INFO] [stderr]    Compiling openssl v0.10.37
[INFO] [stderr]    Compiling httparse v1.5.1
[INFO] [stderr]    Compiling tower-service v0.3.1
[INFO] [stderr]    Compiling foreign-types-shared v0.1.1
[INFO] [stderr]    Compiling foreign-types v0.3.2
[INFO] [stderr]    Compiling try-lock v0.2.3
[INFO] [stderr]    Compiling base64 v0.13.0
[INFO] [stderr]    Compiling native-tls v0.2.8
[INFO] [stderr]    Compiling want v0.3.0
[INFO] [stderr]    Compiling ordered-float v2.8.0
[INFO] [stderr]    Compiling socket2 v0.4.2
[INFO] [stderr]    Compiling time v0.1.44
[INFO] [stderr]    Compiling pin-project-internal v0.4.28
[INFO] [stderr]    Compiling strsim v0.10.0
[INFO] [stderr]    Compiling k8s-openapi v0.13.1
[INFO] [stderr]    Compiling openssl-probe v0.1.4
[INFO] [stderr]    Compiling httpdate v1.0.1
[INFO] [stderr]    Compiling http-body v0.4.4
[INFO] [stderr]    Compiling proc-macro-error-attr v1.0.4
[INFO] [stderr]    Compiling tower-layer v0.3.1
[INFO] [stderr]    Compiling ident_case v1.0.1
[INFO] [stderr]    Compiling linked-hash-map v0.5.4
[INFO] [stderr]    Compiling regex-syntax v0.6.25
[INFO] [stderr]    Compiling percent-encoding v2.1.0
[INFO] [stderr]    Compiling matches v0.1.9
[INFO] [stderr]    Compiling doc-comment v0.3.3
[INFO] [stderr]    Compiling yaml-rust v0.4.5
[INFO] [stderr]    Compiling form_urlencoded v1.0.1
[INFO] [stderr]    Compiling darling_core v0.13.0
[INFO] [stderr]    Compiling proc-macro-error v1.0.4
[INFO] [stderr]    Compiling dirs-sys-next v0.1.2
[INFO] [stderr]    Compiling dtoa v0.4.8
[INFO] [stderr]    Compiling regex v1.5.4
[INFO] [stderr]    Compiling dirs-next v2.0.0
[INFO] [stderr]    Compiling pem v0.8.3
[INFO] [stderr]    Compiling unicase v2.6.0
[INFO] [stderr]    Compiling unicode-segmentation v1.8.0
[INFO] [stderr]    Compiling either v1.6.1
[INFO] [stderr]    Compiling heck v0.3.3
[INFO] [stderr]    Compiling dashmap v4.0.2
[INFO] [stderr]    Compiling unicode-width v0.1.9
[INFO] [stderr]    Compiling atty v0.2.14
[INFO] [stderr]    Compiling textwrap v0.14.2
[INFO] [stderr]    Compiling os_str_bytes v4.2.0
[INFO] [stderr]    Compiling termcolor v1.1.2
[INFO] [stderr]    Compiling tokio-macros v1.5.0
[INFO] [stderr]    Compiling tracing-attributes v0.1.18
[INFO] [stderr]    Compiling pin-project-internal v1.0.8
[INFO] [stderr]    Compiling thiserror-impl v1.0.30
[INFO] [stderr]    Compiling tracing v0.1.29
[INFO] [stderr]    Compiling darling_macro v0.13.0
[INFO] [stderr]    Compiling pin-project v1.0.8
[INFO] [stderr]    Compiling snafu-derive v0.6.10
[INFO] [stderr]    Compiling thiserror v1.0.30
[INFO] [stderr]    Compiling derivative v2.2.0
[INFO] [stderr]    Compiling pin-project v0.4.28
[INFO] [stderr]    Compiling darling v0.13.0
[INFO] [stderr]    Compiling clap_derive v3.0.0-beta.5
[INFO] [stderr]    Compiling kube-derive v0.63.2
[INFO] [stderr]    Compiling snafu v0.6.10
[INFO] [stderr]    Compiling futures-executor v0.3.17
[INFO] [stderr]    Compiling tower-http v0.1.1
[INFO] [stderr]    Compiling tokio-native-tls v0.3.0
[INFO] [stderr]    Compiling tokio-util v0.6.8
[INFO] [stderr]    Compiling tokio-io-timeout v1.1.1
[INFO] [stderr]    Compiling futures v0.3.17
[INFO] [stderr]    Compiling clap v3.0.0-beta.5
[INFO] [stderr]    Compiling tower v0.4.10
[INFO] [stderr]    Compiling hyper v0.14.14
[INFO] [stderr]    Compiling serde-value v0.7.0
[INFO] [stderr]    Compiling chrono v0.4.19
[INFO] [stderr]    Compiling serde_yaml v0.8.21
[INFO] [stderr]    Compiling treediff v3.0.2
[INFO] [stderr]    Compiling json-patch v0.2.6
[INFO] [stderr]    Compiling jsonpath_lib v0.3.0
[INFO] [stderr]    Compiling hyper-tls v0.5.0
[INFO] [stderr]    Compiling hyper-timeout v0.4.1
[INFO] [stderr]    Compiling kube-core v0.63.2
[INFO] [stderr]    Compiling kube-client v0.63.2
[INFO] [stderr]    Compiling kube-runtime v0.63.2
[INFO] [stderr]    Compiling kube v0.63.2
[INFO] [stderr]    Compiling annyeong v0.1.0 (/opt/rustwide/workdir)
[INFO] [stderr]     Finished dev [unoptimized + debuginfo] target(s) in 1m 08s
[INFO] running `Command { std: "docker" "inspect" "cd8b4c7dd20ca72fe751186887c11e2fa66bff55dbfebc00587a1267c4e35102", kill_on_drop: false }`
[INFO] running `Command { std: "docker" "rm" "-f" "cd8b4c7dd20ca72fe751186887c11e2fa66bff55dbfebc00587a1267c4e35102", kill_on_drop: false }`
[INFO] [stdout] cd8b4c7dd20ca72fe751186887c11e2fa66bff55dbfebc00587a1267c4e35102
[INFO] running `Command { std: "docker" "create" "-v" "/var/lib/crater-agent-workspace/builds/worker-4-tc2/target:/opt/rustwide/target:rw,Z" "-v" "/var/lib/crater-agent-workspace/builds/worker-4-tc2/source:/opt/rustwide/workdir:ro,Z" "-v" "/var/lib/crater-agent-workspace/cargo-home:/opt/rustwide/cargo-home:ro,Z" "-v" "/var/lib/crater-agent-workspace/rustup-home:/opt/rustwide/rustup-home:ro,Z" "-e" "SOURCE_DIR=/opt/rustwide/workdir" "-e" "CARGO_TARGET_DIR=/opt/rustwide/target" "-e" "CARGO_INCREMENTAL=0" "-e" "RUST_BACKTRACE=full" "-e" "RUSTFLAGS=--cap-lints=warn" "-e" "RUSTDOCFLAGS=--cap-lints=warn" "-e" "CARGO_HOME=/opt/rustwide/cargo-home" "-e" "RUSTUP_HOME=/opt/rustwide/rustup-home" "-w" "/opt/rustwide/workdir" "-m" "1610612736" "--user" "0:0" "--network" "none" "ghcr.io/rust-lang/crates-build-env/linux@sha256:5ff2268d62e97bff2cde7d5815dd6ed5b47097566f13b8d0ca110b04b60e07ed" "/opt/rustwide/cargo-home/bin/cargo" "+beta-2023-04-20" "test" "--frozen" "--no-run" "--message-format=json", kill_on_drop: false }`
[INFO] [stdout] 82b1519e9b56b94410e07ea5220c162ca3b3c3a64fbd6455efa7d62fac17976f
[INFO] running `Command { std: "docker" "start" "-a" "82b1519e9b56b94410e07ea5220c162ca3b3c3a64fbd6455efa7d62fac17976f", kill_on_drop: false }`
[INFO] [stderr]    Compiling annyeong v0.1.0 (/opt/rustwide/workdir)
[INFO] [stderr]     Finished test [unoptimized + debuginfo] target(s) in 6.59s
[INFO] running `Command { std: "docker" "inspect" "82b1519e9b56b94410e07ea5220c162ca3b3c3a64fbd6455efa7d62fac17976f", kill_on_drop: false }`
[INFO] running `Command { std: "docker" "rm" "-f" "82b1519e9b56b94410e07ea5220c162ca3b3c3a64fbd6455efa7d62fac17976f", kill_on_drop: false }`
[INFO] [stdout] 82b1519e9b56b94410e07ea5220c162ca3b3c3a64fbd6455efa7d62fac17976f
[INFO] running `Command { std: "docker" "create" "-v" "/var/lib/crater-agent-workspace/builds/worker-4-tc2/target:/opt/rustwide/target:rw,Z" "-v" "/var/lib/crater-agent-workspace/builds/worker-4-tc2/source:/opt/rustwide/workdir:ro,Z" "-v" "/var/lib/crater-agent-workspace/cargo-home:/opt/rustwide/cargo-home:ro,Z" "-v" "/var/lib/crater-agent-workspace/rustup-home:/opt/rustwide/rustup-home:ro,Z" "-e" "SOURCE_DIR=/opt/rustwide/workdir" "-e" "CARGO_TARGET_DIR=/opt/rustwide/target" "-e" "CARGO_INCREMENTAL=0" "-e" "RUST_BACKTRACE=full" "-e" "RUSTFLAGS=--cap-lints=warn" "-e" "RUSTDOCFLAGS=--cap-lints=warn" "-e" "CARGO_HOME=/opt/rustwide/cargo-home" "-e" "RUSTUP_HOME=/opt/rustwide/rustup-home" "-w" "/opt/rustwide/workdir" "-m" "1610612736" "--user" "0:0" "--network" "none" "ghcr.io/rust-lang/crates-build-env/linux@sha256:5ff2268d62e97bff2cde7d5815dd6ed5b47097566f13b8d0ca110b04b60e07ed" "/opt/rustwide/cargo-home/bin/cargo" "+beta-2023-04-20" "test" "--frozen", kill_on_drop: false }`
[INFO] [stdout] 04b4ca281736dddcd774c800d5dd0f6b6594a7abf1ed75fda3c130a35ba5f90b
[INFO] running `Command { std: "docker" "start" "-a" "04b4ca281736dddcd774c800d5dd0f6b6594a7abf1ed75fda3c130a35ba5f90b", kill_on_drop: false }`
[INFO] [stderr]     Finished test [unoptimized + debuginfo] target(s) in 0.12s
[INFO] [stderr]      Running unittests src/main.rs (/opt/rustwide/target/debug/deps/annyeong-6bad0e7be8355333)
[INFO] [stdout] 
[INFO] [stdout] running 1 test
[INFO] [stderr] error: test failed, to rerun pass `--bin annyeong`
[INFO] [stdout] test pods::tests::expect_to_get_pods ... FAILED
[INFO] [stdout] 
[INFO] [stdout] failures:
[INFO] [stdout] 
[INFO] [stdout] ---- pods::tests::expect_to_get_pods stdout ----
[INFO] [stdout] thread 'pods::tests::expect_to_get_pods' panicked at 'assertion failed: pods.is_ok()', src/pods.rs:47:9
[INFO] [stdout] stack backtrace:
[INFO] [stdout]    0:     0x5619b52dafea - std::backtrace_rs::backtrace::libunwind::trace::h2f05d0192276a8f6
[INFO] [stdout]                                at /rustc/1b7dd2252b99671ce5d1cb9664c5f8636329436d/library/std/src/../../backtrace/src/backtrace/libunwind.rs:93:5
[INFO] [stdout]    1:     0x5619b52dafea - std::backtrace_rs::backtrace::trace_unsynchronized::hedc23dff7a1af150
[INFO] [stdout]                                at /rustc/1b7dd2252b99671ce5d1cb9664c5f8636329436d/library/std/src/../../backtrace/src/backtrace/mod.rs:66:5
[INFO] [stdout]    2:     0x5619b52dafea - std::sys_common::backtrace::_print_fmt::h17541ef7592f3ce2
[INFO] [stdout]                                at /rustc/1b7dd2252b99671ce5d1cb9664c5f8636329436d/library/std/src/sys_common/backtrace.rs:65:5
[INFO] [stdout]    3:     0x5619b52dafea - <std::sys_common::backtrace::_print::DisplayBacktrace as core::fmt::Display>::fmt::h20f75df5ab0c0792
[INFO] [stdout]                                at /rustc/1b7dd2252b99671ce5d1cb9664c5f8636329436d/library/std/src/sys_common/backtrace.rs:44:22
[INFO] [stdout]    4:     0x5619b530476f - core::fmt::write::h78109e6f466b3af6
[INFO] [stdout]                                at /rustc/1b7dd2252b99671ce5d1cb9664c5f8636329436d/library/core/src/fmt/mod.rs:1254:17
[INFO] [stdout]    5:     0x5619b52d7745 - std::io::Write::write_fmt::hd24bfb68a1b35a25
[INFO] [stdout]                                at /rustc/1b7dd2252b99671ce5d1cb9664c5f8636329436d/library/std/src/io/mod.rs:1698:15
[INFO] [stdout]    6:     0x5619b52dadb5 - std::sys_common::backtrace::_print::h8dac57a9f8fbf9a5
[INFO] [stdout]                                at /rustc/1b7dd2252b99671ce5d1cb9664c5f8636329436d/library/std/src/sys_common/backtrace.rs:47:5
[INFO] [stdout]    7:     0x5619b52dadb5 - std::sys_common::backtrace::print::hf9ecbf41d1aa712f
[INFO] [stdout]                                at /rustc/1b7dd2252b99671ce5d1cb9664c5f8636329436d/library/std/src/sys_common/backtrace.rs:34:9
[INFO] [stdout]    8:     0x5619b52dcaee - std::panicking::default_hook::{{closure}}::h04c07acfc84ca028
[INFO] [stdout]                                at /rustc/1b7dd2252b99671ce5d1cb9664c5f8636329436d/library/std/src/panicking.rs:269:22
[INFO] [stdout]    9:     0x5619b52dc821 - std::panicking::default_hook::h01f6bb23e1eceb2c
[INFO] [stdout]                                at /rustc/1b7dd2252b99671ce5d1cb9664c5f8636329436d/library/std/src/panicking.rs:285:9
[INFO] [stdout]   10:     0x5619b4d3c48b - <alloc::boxed::Box<F,A> as core::ops::function::Fn<Args>>::call::h87fe9f7b2fd49e4c
[INFO] [stdout]                                at /rustc/1b7dd2252b99671ce5d1cb9664c5f8636329436d/library/alloc/src/boxed.rs:1987:9
[INFO] [stdout]   11:     0x5619b4d3c48b - test::test_main::{{closure}}::he94d679243a7531b
[INFO] [stdout]                                at /rustc/1b7dd2252b99671ce5d1cb9664c5f8636329436d/library/test/src/lib.rs:134:21
[INFO] [stdout]   12:     0x5619b52dd1d4 - <alloc::boxed::Box<F,A> as core::ops::function::Fn<Args>>::call::h3f2d6d8b14c4769f
[INFO] [stdout]                                at /rustc/1b7dd2252b99671ce5d1cb9664c5f8636329436d/library/alloc/src/boxed.rs:1987:9
[INFO] [stdout]   13:     0x5619b52dd1d4 - std::panicking::rust_panic_with_hook::h2bb3722bbaf2f6df
[INFO] [stdout]                                at /rustc/1b7dd2252b99671ce5d1cb9664c5f8636329436d/library/std/src/panicking.rs:695:13
[INFO] [stdout]   14:     0x5619b52dcf02 - std::panicking::begin_panic_handler::{{closure}}::h91bc7f36a4be011b
[INFO] [stdout]                                at /rustc/1b7dd2252b99671ce5d1cb9664c5f8636329436d/library/std/src/panicking.rs:580:13
[INFO] [stdout]   15:     0x5619b52db456 - std::sys_common::backtrace::__rust_end_short_backtrace::h8b3d3717114f9e59
[INFO] [stdout]                                at /rustc/1b7dd2252b99671ce5d1cb9664c5f8636329436d/library/std/src/sys_common/backtrace.rs:150:18
[INFO] [stdout]   16:     0x5619b52dcca2 - rust_begin_unwind
[INFO] [stdout]                                at /rustc/1b7dd2252b99671ce5d1cb9664c5f8636329436d/library/std/src/panicking.rs:578:5
[INFO] [stdout]   17:     0x5619b4bb2443 - core::panicking::panic_fmt::hfd368e3fbdabea26
[INFO] [stdout]                                at /rustc/1b7dd2252b99671ce5d1cb9664c5f8636329436d/library/core/src/panicking.rs:67:14
[INFO] [stdout]   18:     0x5619b4bb24dd - core::panicking::panic::h3f9042d09bd0bf2e
[INFO] [stdout]                                at /rustc/1b7dd2252b99671ce5d1cb9664c5f8636329436d/library/core/src/panicking.rs:117:5
[INFO] [stdout]   19:     0x5619b4c6f854 - annyeong::pods::tests::expect_to_get_pods::{{closure}}::h59c5aa7db218b5c4
[INFO] [stdout]                                at /opt/rustwide/workdir/src/pods.rs:47:9
[INFO] [stdout]   20:     0x5619b4c9a79b - <core::pin::Pin<P> as core::future::future::Future>::poll::h7681005169416142
[INFO] [stdout]                                at /rustc/1b7dd2252b99671ce5d1cb9664c5f8636329436d/library/core/src/future/future.rs:125:9
[INFO] [stdout]   21:     0x5619b4c6d8e4 - tokio::runtime::basic_scheduler::Inner<P>::block_on::{{closure}}::{{closure}}::he020ec3ad7f74aec
[INFO] [stdout]                                at /opt/rustwide/cargo-home/registry/src/index.crates.io-6f17d22bba15001f/tokio-1.12.0/src/runtime/basic_scheduler.rs:230:62
[INFO] [stdout]   22:     0x5619b4c9a020 - tokio::coop::with_budget::{{closure}}::h32cc6d90be1d83cd
[INFO] [stdout]                                at /opt/rustwide/cargo-home/registry/src/index.crates.io-6f17d22bba15001f/tokio-1.12.0/src/coop.rs:106:9
[INFO] [stdout]   23:     0x5619b4c97f99 - std::thread::local::LocalKey<T>::try_with::h6f25047311a4c3be
[INFO] [stdout]                                at /rustc/1b7dd2252b99671ce5d1cb9664c5f8636329436d/library/std/src/thread/local.rs:252:16
[INFO] [stdout]   24:     0x5619b4c97c2a - std::thread::local::LocalKey<T>::with::h399f8ef9d68f7552
[INFO] [stdout]                                at /rustc/1b7dd2252b99671ce5d1cb9664c5f8636329436d/library/std/src/thread/local.rs:228:9
[INFO] [stdout]   25:     0x5619b4c6cfcb - tokio::coop::with_budget::hb02f9abcd3af6413
[INFO] [stdout]                                at /opt/rustwide/cargo-home/registry/src/index.crates.io-6f17d22bba15001f/tokio-1.12.0/src/coop.rs:99:5
[INFO] [stdout]   26:     0x5619b4c6cfcb - tokio::coop::budget::hc0c6d56f7899ca00
[INFO] [stdout]                                at /opt/rustwide/cargo-home/registry/src/index.crates.io-6f17d22bba15001f/tokio-1.12.0/src/coop.rs:76:5
[INFO] [stdout]   27:     0x5619b4c6cfcb - tokio::runtime::basic_scheduler::Inner<P>::block_on::{{closure}}::h81ebf59e742a045d
[INFO] [stdout]                                at /opt/rustwide/cargo-home/registry/src/index.crates.io-6f17d22bba15001f/tokio-1.12.0/src/runtime/basic_scheduler.rs:230:39
[INFO] [stdout]   28:     0x5619b4c6e361 - tokio::runtime::basic_scheduler::enter::{{closure}}::h1feefff5f1ad85b8
[INFO] [stdout]                                at /opt/rustwide/cargo-home/registry/src/index.crates.io-6f17d22bba15001f/tokio-1.12.0/src/runtime/basic_scheduler.rs:339:29
[INFO] [stdout]   29:     0x5619b4c6cb77 - tokio::macros::scoped_tls::ScopedKey<T>::set::h134c3e9a72b734f5
[INFO] [stdout]                                at /opt/rustwide/cargo-home/registry/src/index.crates.io-6f17d22bba15001f/tokio-1.12.0/src/macros/scoped_tls.rs:61:9
[INFO] [stdout]   30:     0x5619b4c6e2dd - tokio::runtime::basic_scheduler::enter::h408b9d3c7fad0dfa
[INFO] [stdout]                                at /opt/rustwide/cargo-home/registry/src/index.crates.io-6f17d22bba15001f/tokio-1.12.0/src/runtime/basic_scheduler.rs:339:5
[INFO] [stdout]   31:     0x5619b4c6cc3b - tokio::runtime::basic_scheduler::Inner<P>::block_on::h8fe8200fa8e54bf4
[INFO] [stdout]                                at /opt/rustwide/cargo-home/registry/src/index.crates.io-6f17d22bba15001f/tokio-1.12.0/src/runtime/basic_scheduler.rs:218:9
[INFO] [stdout]   32:     0x5619b4c6d962 - tokio::runtime::basic_scheduler::InnerGuard<P>::block_on::hdaeb2610f58435b4
[INFO] [stdout]                                at /opt/rustwide/cargo-home/registry/src/index.crates.io-6f17d22bba15001f/tokio-1.12.0/src/runtime/basic_scheduler.rs:489:9
[INFO] [stdout]   33:     0x5619b4c6dc63 - tokio::runtime::basic_scheduler::BasicScheduler<P>::block_on::h984feb6676bdb4f2
[INFO] [stdout]                                at /opt/rustwide/cargo-home/registry/src/index.crates.io-6f17d22bba15001f/tokio-1.12.0/src/runtime/basic_scheduler.rs:178:24
[INFO] [stdout]   34:     0x5619b4c6e586 - tokio::runtime::Runtime::block_on::h01866aced949bc0b
[INFO] [stdout]                                at /opt/rustwide/cargo-home/registry/src/index.crates.io-6f17d22bba15001f/tokio-1.12.0/src/runtime/mod.rs:461:46
[INFO] [stdout]   35:     0x5619b4c6f43c - annyeong::pods::tests::expect_to_get_pods::h44881b0f880e9263
[INFO] [stdout]                                at /opt/rustwide/workdir/src/pods.rs:50:9
[INFO] [stdout]   36:     0x5619b4c6f2f7 - annyeong::pods::tests::expect_to_get_pods::{{closure}}::hfb9e74f78f136302
[INFO] [stdout]                                at /opt/rustwide/workdir/src/pods.rs:45:35
[INFO] [stdout]   37:     0x5619b4cbe375 - core::ops::function::FnOnce::call_once::h28b34a8427c69cc4
[INFO] [stdout]                                at /rustc/1b7dd2252b99671ce5d1cb9664c5f8636329436d/library/core/src/ops/function.rs:250:5
[INFO] [stdout]   38:     0x5619b4d4135f - core::ops::function::FnOnce::call_once::ha6a70e79f7481a7e
[INFO] [stdout]                                at /rustc/1b7dd2252b99671ce5d1cb9664c5f8636329436d/library/core/src/ops/function.rs:250:5
[INFO] [stdout]   39:     0x5619b4d4135f - test::__rust_begin_short_backtrace::hce33033019b61e69
[INFO] [stdout]                                at /rustc/1b7dd2252b99671ce5d1cb9664c5f8636329436d/library/test/src/lib.rs:655:18
[INFO] [stdout]   40:     0x5619b4d0eb4c - test::run_test::{{closure}}::h858d3528838ae3e5
[INFO] [stdout]                                at /rustc/1b7dd2252b99671ce5d1cb9664c5f8636329436d/library/test/src/lib.rs:646:30
[INFO] [stdout]   41:     0x5619b4d0eb4c - core::ops::function::FnOnce::call_once{{vtable.shim}}::he8ac2b00f01ae79e
[INFO] [stdout]                                at /rustc/1b7dd2252b99671ce5d1cb9664c5f8636329436d/library/core/src/ops/function.rs:250:5
[INFO] [stdout]   42:     0x5619b4d40436 - <alloc::boxed::Box<F,A> as core::ops::function::FnOnce<Args>>::call_once::h8093d25b522725ef
[INFO] [stdout]                                at /rustc/1b7dd2252b99671ce5d1cb9664c5f8636329436d/library/alloc/src/boxed.rs:1973:9
[INFO] [stdout]   43:     0x5619b4d40436 - <core::panic::unwind_safe::AssertUnwindSafe<F> as core::ops::function::FnOnce<()>>::call_once::h5c334c204e4a3913
[INFO] [stdout]                                at /rustc/1b7dd2252b99671ce5d1cb9664c5f8636329436d/library/core/src/panic/unwind_safe.rs:271:9
[INFO] [stdout]   44:     0x5619b4d40436 - std::panicking::try::do_call::ha8b740c7b9478074
[INFO] [stdout]                                at /rustc/1b7dd2252b99671ce5d1cb9664c5f8636329436d/library/std/src/panicking.rs:485:40
[INFO] [stdout]   45:     0x5619b4d40436 - std::panicking::try::h5d34f63d0e41b64e
[INFO] [stdout]                                at /rustc/1b7dd2252b99671ce5d1cb9664c5f8636329436d/library/std/src/panicking.rs:449:19
[INFO] [stdout]   46:     0x5619b4d40436 - std::panic::catch_unwind::hcfbb511e1aa7fc67
[INFO] [stdout]                                at /rustc/1b7dd2252b99671ce5d1cb9664c5f8636329436d/library/std/src/panic.rs:140:14
[INFO] [stdout]   47:     0x5619b4d40436 - test::run_test_in_process::h9abda90f802eaf21
[INFO] [stdout]                                at /rustc/1b7dd2252b99671ce5d1cb9664c5f8636329436d/library/test/src/lib.rs:678:27
[INFO] [stdout]   48:     0x5619b4d40436 - test::run_test::run_test_inner::{{closure}}::h0f058de91f6c6edf
[INFO] [stdout]                                at /rustc/1b7dd2252b99671ce5d1cb9664c5f8636329436d/library/test/src/lib.rs:572:39
[INFO] [stdout]   49:     0x5619b4d09355 - test::run_test::run_test_inner::{{closure}}::h5ca48a4c59c6c1fb
[INFO] [stdout]                                at /rustc/1b7dd2252b99671ce5d1cb9664c5f8636329436d/library/test/src/lib.rs:599:37
[INFO] [stdout]   50:     0x5619b4d09355 - std::sys_common::backtrace::__rust_begin_short_backtrace::h32bd51e1495d4a33
[INFO] [stdout]                                at /rustc/1b7dd2252b99671ce5d1cb9664c5f8636329436d/library/std/src/sys_common/backtrace.rs:134:18
[INFO] [stdout]   51:     0x5619b4d0e891 - std::thread::Builder::spawn_unchecked_::{{closure}}::{{closure}}::hc086fae9b128b2db
[INFO] [stdout]                                at /rustc/1b7dd2252b99671ce5d1cb9664c5f8636329436d/library/std/src/thread/mod.rs:526:17
[INFO] [stdout]   52:     0x5619b4d0e891 - <core::panic::unwind_safe::AssertUnwindSafe<F> as core::ops::function::FnOnce<()>>::call_once::hb66571888d270d43
[INFO] [stdout]                                at /rustc/1b7dd2252b99671ce5d1cb9664c5f8636329436d/library/core/src/panic/unwind_safe.rs:271:9
[INFO] [stdout]   53:     0x5619b4d0e891 - std::panicking::try::do_call::h4fa2ef4f6e51fecf
[INFO] [stdout]                                at /rustc/1b7dd2252b99671ce5d1cb9664c5f8636329436d/library/std/src/panicking.rs:485:40
[INFO] [stdout]   54:     0x5619b4d0e891 - std::panicking::try::h1e9e22b8584489b5
[INFO] [stdout]                                at /rustc/1b7dd2252b99671ce5d1cb9664c5f8636329436d/library/std/src/panicking.rs:449:19
[INFO] [stdout]   55:     0x5619b4d0e891 - std::panic::catch_unwind::h44698a3de0e0769e
[INFO] [stdout]                                at /rustc/1b7dd2252b99671ce5d1cb9664c5f8636329436d/library/std/src/panic.rs:140:14
[INFO] [stdout]   56:     0x5619b4d0e891 - std::thread::Builder::spawn_unchecked_::{{closure}}::h50153abde3fe239e
[INFO] [stdout]                                at /rustc/1b7dd2252b99671ce5d1cb9664c5f8636329436d/library/std/src/thread/mod.rs:525:30
[INFO] [stdout]   57:     0x5619b4d0e891 - core::ops::function::FnOnce::call_once{{vtable.shim}}::hbe5bbf6f38394364
[INFO] [stdout]                                at /rustc/1b7dd2252b99671ce5d1cb9664c5f8636329436d/library/core/src/ops/function.rs:250:5
[INFO] [stdout]   58:     0x5619b52e2065 - <alloc::boxed::Box<F,A> as core::ops::function::FnOnce<Args>>::call_once::h0d83cb2920a49046
[INFO] [stdout]                                at /rustc/1b7dd2252b99671ce5d1cb9664c5f8636329436d/library/alloc/src/boxed.rs:1973:9
[INFO] [stdout]   59:     0x5619b52e2065 - <alloc::boxed::Box<F,A> as core::ops::function::FnOnce<Args>>::call_once::hbe0a008aa7d9ef59
[INFO] [stdout]                                at /rustc/1b7dd2252b99671ce5d1cb9664c5f8636329436d/library/alloc/src/boxed.rs:1973:9
[INFO] [stdout]   60:     0x5619b52e2065 - std::sys::unix::thread::Thread::new::thread_start::h3a466996bdf6b1f9
[INFO] [stdout]                                at /rustc/1b7dd2252b99671ce5d1cb9664c5f8636329436d/library/std/src/sys/unix/thread.rs:108:17
[INFO] [stdout]   61:     0x7f166458cb43 - <unknown>
[INFO] [stdout]   62:     0x7f166461dbb4 - __clone
[INFO] [stdout]   63:                0x0 - <unknown>
[INFO] [stdout] 
[INFO] [stdout] 
[INFO] [stdout] failures:
[INFO] [stdout]     pods::tests::expect_to_get_pods
[INFO] [stdout] 
[INFO] [stdout] test result: FAILED. 0 passed; 1 failed; 0 ignored; 0 measured; 0 filtered out; finished in 0.04s
[INFO] [stdout] 
[INFO] running `Command { std: "docker" "inspect" "04b4ca281736dddcd774c800d5dd0f6b6594a7abf1ed75fda3c130a35ba5f90b", kill_on_drop: false }`
[INFO] running `Command { std: "docker" "rm" "-f" "04b4ca281736dddcd774c800d5dd0f6b6594a7abf1ed75fda3c130a35ba5f90b", kill_on_drop: false }`
[INFO] [stdout] 04b4ca281736dddcd774c800d5dd0f6b6594a7abf1ed75fda3c130a35ba5f90b
