[INFO] cloning repository https://github.com/shakyShane/dsa
[INFO] running `Command { std: "git" "-c" "credential.helper=" "-c" "credential.helper=/workspace/cargo-home/bin/git-credential-null" "clone" "--bare" "https://github.com/shakyShane/dsa" "/workspace/cache/git-repos/https%3A%2F%2Fgithub.com%2FshakyShane%2Fdsa", kill_on_drop: false }`
[INFO] [stderr] Cloning into bare repository '/workspace/cache/git-repos/https%3A%2F%2Fgithub.com%2FshakyShane%2Fdsa'...
[INFO] running `Command { std: "git" "rev-parse" "HEAD", kill_on_drop: false }`
[INFO] [stdout] 8cf73728bd5bd28f189f8d263bf02000f72984f9
[INFO] testing shakyShane/dsa against beta-2023-04-20 for beta-1.70-1
[INFO] running `Command { std: "git" "clone" "/workspace/cache/git-repos/https%3A%2F%2Fgithub.com%2FshakyShane%2Fdsa" "/workspace/builds/worker-2-tc2/source", kill_on_drop: false }`
[INFO] [stderr] Cloning into '/workspace/builds/worker-2-tc2/source'...
[INFO] [stderr] done.
[INFO] validating manifest of git repo https://github.com/shakyShane/dsa on toolchain beta-2023-04-20
[INFO] running `Command { std: CARGO_HOME="/workspace/cargo-home" RUSTUP_HOME="/workspace/rustup-home" "/workspace/cargo-home/bin/cargo" "+beta-2023-04-20" "metadata" "--manifest-path" "Cargo.toml" "--no-deps", kill_on_drop: false }`
[INFO] started tweaking git repo https://github.com/shakyShane/dsa
[INFO] finished tweaking git repo https://github.com/shakyShane/dsa
[INFO] tweaked toml for git repo https://github.com/shakyShane/dsa written to /workspace/builds/worker-2-tc2/source/Cargo.toml
[INFO] crate git repo https://github.com/shakyShane/dsa already has a lockfile, it will not be regenerated
[INFO] running `Command { std: CARGO_HOME="/workspace/cargo-home" RUSTUP_HOME="/workspace/rustup-home" "/workspace/cargo-home/bin/cargo" "+beta-2023-04-20" "fetch" "--manifest-path" "Cargo.toml", kill_on_drop: false }`
[INFO] running `Command { std: "docker" "create" "-v" "/var/lib/crater-agent-workspace/builds/worker-2-tc2/target:/opt/rustwide/target:rw,Z" "-v" "/var/lib/crater-agent-workspace/builds/worker-2-tc2/source:/opt/rustwide/workdir:ro,Z" "-v" "/var/lib/crater-agent-workspace/cargo-home:/opt/rustwide/cargo-home:ro,Z" "-v" "/var/lib/crater-agent-workspace/rustup-home:/opt/rustwide/rustup-home:ro,Z" "-e" "SOURCE_DIR=/opt/rustwide/workdir" "-e" "CARGO_TARGET_DIR=/opt/rustwide/target" "-e" "CARGO_HOME=/opt/rustwide/cargo-home" "-e" "RUSTUP_HOME=/opt/rustwide/rustup-home" "-w" "/opt/rustwide/workdir" "-m" "1610612736" "--user" "0:0" "--network" "none" "ghcr.io/rust-lang/crates-build-env/linux@sha256:5ff2268d62e97bff2cde7d5815dd6ed5b47097566f13b8d0ca110b04b60e07ed" "/opt/rustwide/cargo-home/bin/cargo" "+beta-2023-04-20" "metadata" "--no-deps" "--format-version=1", kill_on_drop: false }`
[INFO] [stdout] 2506dd71ec1364af7def2d1662c6b68058e57da5d60afe4735f51ba874d560f1
[INFO] running `Command { std: "docker" "start" "-a" "2506dd71ec1364af7def2d1662c6b68058e57da5d60afe4735f51ba874d560f1", kill_on_drop: false }`
[INFO] running `Command { std: "docker" "inspect" "2506dd71ec1364af7def2d1662c6b68058e57da5d60afe4735f51ba874d560f1", kill_on_drop: false }`
[INFO] running `Command { std: "docker" "rm" "-f" "2506dd71ec1364af7def2d1662c6b68058e57da5d60afe4735f51ba874d560f1", kill_on_drop: false }`
[INFO] [stdout] 2506dd71ec1364af7def2d1662c6b68058e57da5d60afe4735f51ba874d560f1
[INFO] running `Command { std: "docker" "create" "-v" "/var/lib/crater-agent-workspace/builds/worker-2-tc2/target:/opt/rustwide/target:rw,Z" "-v" "/var/lib/crater-agent-workspace/builds/worker-2-tc2/source:/opt/rustwide/workdir:ro,Z" "-v" "/var/lib/crater-agent-workspace/cargo-home:/opt/rustwide/cargo-home:ro,Z" "-v" "/var/lib/crater-agent-workspace/rustup-home:/opt/rustwide/rustup-home:ro,Z" "-e" "SOURCE_DIR=/opt/rustwide/workdir" "-e" "CARGO_TARGET_DIR=/opt/rustwide/target" "-e" "CARGO_INCREMENTAL=0" "-e" "RUST_BACKTRACE=full" "-e" "RUSTFLAGS=--cap-lints=warn" "-e" "RUSTDOCFLAGS=--cap-lints=warn" "-e" "CARGO_HOME=/opt/rustwide/cargo-home" "-e" "RUSTUP_HOME=/opt/rustwide/rustup-home" "-w" "/opt/rustwide/workdir" "-m" "1610612736" "--user" "0:0" "--network" "none" "ghcr.io/rust-lang/crates-build-env/linux@sha256:5ff2268d62e97bff2cde7d5815dd6ed5b47097566f13b8d0ca110b04b60e07ed" "/opt/rustwide/cargo-home/bin/cargo" "+beta-2023-04-20" "build" "--frozen" "--message-format=json", kill_on_drop: false }`
[INFO] [stdout] fe2927ffb2bcf74ca59e2c0e904737f7f06daa7f7cdd00856256f12dd13641ca
[INFO] running `Command { std: "docker" "start" "-a" "fe2927ffb2bcf74ca59e2c0e904737f7f06daa7f7cdd00856256f12dd13641ca", kill_on_drop: false }`
[INFO] [stderr]    Compiling dsa v0.1.0 (/opt/rustwide/workdir)
[INFO] [stdout] warning: unused import: `std::cmp::Ordering`
[INFO] [stdout]  --> src/coins.rs:1:5
[INFO] [stdout]   |
[INFO] [stdout] 1 | use std::cmp::Ordering;
[INFO] [stdout]   |     ^^^^^^^^^^^^^^^^^^
[INFO] [stdout]   |
[INFO] [stdout]   = note: `#[warn(unused_imports)]` on by default
[INFO] [stdout] 
[INFO] [stdout] 
[INFO] [stdout] warning: function `balanced_recursive` is never used
[INFO] [stdout]  --> src/balanced_recursive.rs:3:4
[INFO] [stdout]   |
[INFO] [stdout] 3 | fn balanced_recursive(input: &str) -> bool {
[INFO] [stdout]   |    ^^^^^^^^^^^^^^^^^^
[INFO] [stdout]   |
[INFO] [stdout]   = note: `#[warn(dead_code)]` on by default
[INFO] [stdout] 
[INFO] [stdout] 
[INFO] [stdout] warning: function `expect` is never used
[INFO] [stdout]  --> src/balanced_recursive.rs:7:4
[INFO] [stdout]   |
[INFO] [stdout] 7 | fn expect(end: Option<char>, input: &mut Chars) -> bool {
[INFO] [stdout]   |    ^^^^^^
[INFO] [stdout] 
[INFO] [stdout] 
[INFO] [stdout] warning: function `balanced` is never used
[INFO] [stdout]  --> src/balanced_stack.rs:2:4
[INFO] [stdout]   |
[INFO] [stdout] 2 | fn balanced(input: &str) -> bool {
[INFO] [stdout]   |    ^^^^^^^^
[INFO] [stdout] 
[INFO] [stdout] 
[INFO] [stdout] warning: function `binary_search` is never used
[INFO] [stdout]   --> src/binary_search.rs:14:4
[INFO] [stdout]    |
[INFO] [stdout] 14 | fn binary_search(k: i32, items: &[i32]) -> Option<usize> {
[INFO] [stdout]    |    ^^^^^^^^^^^^^
[INFO] [stdout] 
[INFO] [stdout] 
[INFO] [stdout] warning: function `count_matrix` is never used
[INFO] [stdout]  --> src/coins.rs:3:4
[INFO] [stdout]   |
[INFO] [stdout] 3 | fn count_matrix(matrix: &[Vec<usize>]) -> usize {
[INFO] [stdout]   |    ^^^^^^^^^^^^
[INFO] [stdout] 
[INFO] [stdout] 
[INFO] [stdout] warning: function `coins` is never used
[INFO] [stdout]  --> src/coins.rs:9:4
[INFO] [stdout]   |
[INFO] [stdout] 9 | fn coins(m: usize, n: usize, matrix: &[Vec<usize>]) -> usize {
[INFO] [stdout]   |    ^^^^^
[INFO] [stdout] 
[INFO] [stdout] 
[INFO] [stdout] warning: function `quicksort` is never used
[INFO] [stdout]  --> src/quick_sort_1.rs:5:4
[INFO] [stdout]   |
[INFO] [stdout] 5 | fn quicksort(a: &mut [usize], lo: usize, hi: usize) {
[INFO] [stdout]   |    ^^^^^^^^^
[INFO] [stdout] 
[INFO] [stdout] 
[INFO] [stdout] warning: function `partition` is never used
[INFO] [stdout]   --> src/quick_sort_1.rs:17:4
[INFO] [stdout]    |
[INFO] [stdout] 17 | fn partition(a: &mut [usize], lo: usize, hi: usize) -> usize {
[INFO] [stdout]    |    ^^^^^^^^^
[INFO] [stdout] 
[INFO] [stdout] 
[INFO] [stdout] warning: function `swap` is never used
[INFO] [stdout]   --> src/quick_sort_1.rs:30:4
[INFO] [stdout]    |
[INFO] [stdout] 30 | fn swap(a: &mut [usize], lo: usize, hi: usize) {
[INFO] [stdout]    |    ^^^^
[INFO] [stdout] 
[INFO] [stdout] 
[INFO] [stdout] warning: associated functions `new` and `serialize` are never used
[INFO] [stdout]   --> src/serialize_tree.rs:9:12
[INFO] [stdout]    |
[INFO] [stdout] 8  | impl Node {
[INFO] [stdout]    | --------- associated functions in this implementation
[INFO] [stdout] 9  |     pub fn new(
[INFO] [stdout]    |            ^^^
[INFO] [stdout] ...
[INFO] [stdout] 33 |     pub fn serialize(root: &Option<Box<Node>>) -> String {
[INFO] [stdout]    |            ^^^^^^^^^
[INFO] [stdout] 
[INFO] [stdout] 
[INFO] [stdout] warning: struct `Tree` is never constructed
[INFO] [stdout]   --> src/serialize_tree.rs:45:8
[INFO] [stdout]    |
[INFO] [stdout] 45 | struct Tree {
[INFO] [stdout]    |        ^^^^
[INFO] [stdout] 
[INFO] [stdout] 
[INFO] [stdout] warning: associated items `deserialize` and `from_str` are never used
[INFO] [stdout]   --> src/serialize_tree.rs:64:12
[INFO] [stdout]    |
[INFO] [stdout] 49 | impl Tree {
[INFO] [stdout]    | --------- associated items in this implementation
[INFO] [stdout] ...
[INFO] [stdout] 64 |     pub fn deserialize(&mut self) -> Option<Box<Node>> {
[INFO] [stdout]    |            ^^^^^^^^^^^
[INFO] [stdout] ...
[INFO] [stdout] 76 |     pub fn from_str(input: impl Into<String>) -> Tree {
[INFO] [stdout]    |            ^^^^^^^^
[INFO] [stdout] 
[INFO] [stdout] 
[INFO] [stdout] warning: fields `value`, `left`, and `right` are never read
[INFO] [stdout]  --> src/unival_subtrees.rs:3:5
[INFO] [stdout]   |
[INFO] [stdout] 2 | struct Node {
[INFO] [stdout]   |        ---- fields in this struct
[INFO] [stdout] 3 |     value: String,
[INFO] [stdout]   |     ^^^^^
[INFO] [stdout] 4 |     left: Option<Box<Node>>,
[INFO] [stdout]   |     ^^^^
[INFO] [stdout] 5 |     right: Option<Box<Node>>,
[INFO] [stdout]   |     ^^^^^
[INFO] [stdout]   |
[INFO] [stdout]   = note: `Node` has a derived impl for the trait `Debug`, but this is intentionally ignored during dead code analysis
[INFO] [stdout] 
[INFO] [stdout] 
[INFO] [stdout] warning: associated function `new` is never used
[INFO] [stdout]  --> src/unival_subtrees.rs:9:12
[INFO] [stdout]   |
[INFO] [stdout] 8 | impl Node {
[INFO] [stdout]   | --------- associated function in this implementation
[INFO] [stdout] 9 |     pub fn new(value: impl Into<String>, left: Option<Box<Node>>, right: Option<Box<Node>>) -> Node {
[INFO] [stdout]   |            ^^^
[INFO] [stdout] 
[INFO] [stdout] 
[INFO] [stdout] warning: function `count_unival_subtrees` is never used
[INFO] [stdout]   --> src/unival_subtrees.rs:40:4
[INFO] [stdout]    |
[INFO] [stdout] 40 | fn count_unival_subtrees(root: &Option<Box<Node>>) -> (usize, bool) {
[INFO] [stdout]    |    ^^^^^^^^^^^^^^^^^^^^^
[INFO] [stdout] 
[INFO] [stdout] 
[INFO] [stdout] warning: function `sum_of_two_bruteforce` is never used
[INFO] [stdout]  --> src/sum_of_two.rs:8:4
[INFO] [stdout]   |
[INFO] [stdout] 8 | fn sum_of_two_bruteforce(arr1: &[usize], arr2: &[usize], value: usize) -> bool {
[INFO] [stdout]   |    ^^^^^^^^^^^^^^^^^^^^^
[INFO] [stdout] 
[INFO] [stdout] 
[INFO] [stdout] warning: function `sum_of_two` is never used
[INFO] [stdout]   --> src/sum_of_two.rs:37:4
[INFO] [stdout]    |
[INFO] [stdout] 37 | fn sum_of_two(arr1: &[usize], arr2: &[usize], value: usize) -> bool {
[INFO] [stdout]    |    ^^^^^^^^^^
[INFO] [stdout] 
[INFO] [stdout] 
[INFO] [stdout] warning: function `sum_of_two_functional` is never used
[INFO] [stdout]   --> src/sum_of_two.rs:62:4
[INFO] [stdout]    |
[INFO] [stdout] 62 | fn sum_of_two_functional(arr1: &[usize], arr2: &[usize], value: usize) -> bool {
[INFO] [stdout]    |    ^^^^^^^^^^^^^^^^^^^^^
[INFO] [stdout] 
[INFO] [stdout] 
[INFO] [stdout] warning: 19 warnings emitted
[INFO] [stdout] 
[INFO] [stdout] 
[INFO] [stderr]     Finished dev [unoptimized + debuginfo] target(s) in 0.34s
[INFO] running `Command { std: "docker" "inspect" "fe2927ffb2bcf74ca59e2c0e904737f7f06daa7f7cdd00856256f12dd13641ca", kill_on_drop: false }`
[INFO] running `Command { std: "docker" "rm" "-f" "fe2927ffb2bcf74ca59e2c0e904737f7f06daa7f7cdd00856256f12dd13641ca", kill_on_drop: false }`
[INFO] [stdout] fe2927ffb2bcf74ca59e2c0e904737f7f06daa7f7cdd00856256f12dd13641ca
[INFO] running `Command { std: "docker" "create" "-v" "/var/lib/crater-agent-workspace/builds/worker-2-tc2/target:/opt/rustwide/target:rw,Z" "-v" "/var/lib/crater-agent-workspace/builds/worker-2-tc2/source:/opt/rustwide/workdir:ro,Z" "-v" "/var/lib/crater-agent-workspace/cargo-home:/opt/rustwide/cargo-home:ro,Z" "-v" "/var/lib/crater-agent-workspace/rustup-home:/opt/rustwide/rustup-home:ro,Z" "-e" "SOURCE_DIR=/opt/rustwide/workdir" "-e" "CARGO_TARGET_DIR=/opt/rustwide/target" "-e" "CARGO_INCREMENTAL=0" "-e" "RUST_BACKTRACE=full" "-e" "RUSTFLAGS=--cap-lints=warn" "-e" "RUSTDOCFLAGS=--cap-lints=warn" "-e" "CARGO_HOME=/opt/rustwide/cargo-home" "-e" "RUSTUP_HOME=/opt/rustwide/rustup-home" "-w" "/opt/rustwide/workdir" "-m" "1610612736" "--user" "0:0" "--network" "none" "ghcr.io/rust-lang/crates-build-env/linux@sha256:5ff2268d62e97bff2cde7d5815dd6ed5b47097566f13b8d0ca110b04b60e07ed" "/opt/rustwide/cargo-home/bin/cargo" "+beta-2023-04-20" "test" "--frozen" "--no-run" "--message-format=json", kill_on_drop: false }`
[INFO] [stdout] 7a9c67601445d20f76d074ca1f935fd2eaedaf2e5d1cca56ba26e0b00e57867c
[INFO] running `Command { std: "docker" "start" "-a" "7a9c67601445d20f76d074ca1f935fd2eaedaf2e5d1cca56ba26e0b00e57867c", kill_on_drop: false }`
[INFO] [stderr]    Compiling dsa v0.1.0 (/opt/rustwide/workdir)
[INFO] [stdout] warning: unused import: `std::cmp::Ordering`
[INFO] [stdout]  --> src/coins.rs:1:5
[INFO] [stdout]   |
[INFO] [stdout] 1 | use std::cmp::Ordering;
[INFO] [stdout]   |     ^^^^^^^^^^^^^^^^^^
[INFO] [stdout]   |
[INFO] [stdout]   = note: `#[warn(unused_imports)]` on by default
[INFO] [stdout] 
[INFO] [stdout] 
[INFO] [stdout] warning: function `count_matrix` is never used
[INFO] [stdout]  --> src/coins.rs:3:4
[INFO] [stdout]   |
[INFO] [stdout] 3 | fn count_matrix(matrix: &[Vec<usize>]) -> usize {
[INFO] [stdout]   |    ^^^^^^^^^^^^
[INFO] [stdout]   |
[INFO] [stdout]   = note: `#[warn(dead_code)]` on by default
[INFO] [stdout] 
[INFO] [stdout] 
[INFO] [stdout] warning: 2 warnings emitted
[INFO] [stdout] 
[INFO] [stdout] 
[INFO] [stderr]     Finished test [unoptimized + debuginfo] target(s) in 0.42s
[INFO] running `Command { std: "docker" "inspect" "7a9c67601445d20f76d074ca1f935fd2eaedaf2e5d1cca56ba26e0b00e57867c", kill_on_drop: false }`
[INFO] running `Command { std: "docker" "rm" "-f" "7a9c67601445d20f76d074ca1f935fd2eaedaf2e5d1cca56ba26e0b00e57867c", kill_on_drop: false }`
[INFO] [stdout] 7a9c67601445d20f76d074ca1f935fd2eaedaf2e5d1cca56ba26e0b00e57867c
[INFO] running `Command { std: "docker" "create" "-v" "/var/lib/crater-agent-workspace/builds/worker-2-tc2/target:/opt/rustwide/target:rw,Z" "-v" "/var/lib/crater-agent-workspace/builds/worker-2-tc2/source:/opt/rustwide/workdir:ro,Z" "-v" "/var/lib/crater-agent-workspace/cargo-home:/opt/rustwide/cargo-home:ro,Z" "-v" "/var/lib/crater-agent-workspace/rustup-home:/opt/rustwide/rustup-home:ro,Z" "-e" "SOURCE_DIR=/opt/rustwide/workdir" "-e" "CARGO_TARGET_DIR=/opt/rustwide/target" "-e" "CARGO_INCREMENTAL=0" "-e" "RUST_BACKTRACE=full" "-e" "RUSTFLAGS=--cap-lints=warn" "-e" "RUSTDOCFLAGS=--cap-lints=warn" "-e" "CARGO_HOME=/opt/rustwide/cargo-home" "-e" "RUSTUP_HOME=/opt/rustwide/rustup-home" "-w" "/opt/rustwide/workdir" "-m" "1610612736" "--user" "0:0" "--network" "none" "ghcr.io/rust-lang/crates-build-env/linux@sha256:5ff2268d62e97bff2cde7d5815dd6ed5b47097566f13b8d0ca110b04b60e07ed" "/opt/rustwide/cargo-home/bin/cargo" "+beta-2023-04-20" "test" "--frozen", kill_on_drop: false }`
[INFO] [stdout] 5fa2bba4ee589db77b874a34341fd177c2706cac5040b1a619d48110c51814e8
[INFO] running `Command { std: "docker" "start" "-a" "5fa2bba4ee589db77b874a34341fd177c2706cac5040b1a619d48110c51814e8", kill_on_drop: false }`
[INFO] [stderr] warning: unused import: `std::cmp::Ordering`
[INFO] [stderr]  --> src/coins.rs:1:5
[INFO] [stderr]   |
[INFO] [stderr] 1 | use std::cmp::Ordering;
[INFO] [stderr]   |     ^^^^^^^^^^^^^^^^^^
[INFO] [stderr]   |
[INFO] [stderr]   = note: `#[warn(unused_imports)]` on by default
[INFO] [stderr] 
[INFO] [stderr] warning: function `count_matrix` is never used
[INFO] [stderr]  --> src/coins.rs:3:4
[INFO] [stderr]   |
[INFO] [stderr] 3 | fn count_matrix(matrix: &[Vec<usize>]) -> usize {
[INFO] [stderr]   |    ^^^^^^^^^^^^
[INFO] [stderr]   |
[INFO] [stderr]   = note: `#[warn(dead_code)]` on by default
[INFO] [stderr] 
[INFO] [stderr] warning: `dsa` (bin "dsa" test) generated 2 warnings (run `cargo fix --bin "dsa" --tests` to apply 1 suggestion)
[INFO] [stderr]     Finished test [unoptimized + debuginfo] target(s) in 0.00s
[INFO] [stderr]      Running unittests src/main.rs (/opt/rustwide/target/debug/deps/dsa-8902203280de195c)
[INFO] [stdout] 
[INFO] [stdout] running 11 tests
[INFO] [stdout] test binary_search::test_binary_search ... ok
[INFO] [stdout] test balanced_recursive::test_balanced_recursive ... ok
[INFO] [stdout] test quick_sort_1::test_quick_sort_1 ... ok
[INFO] [stdout] test coins::test_coins ... ok
[INFO] [stdout] test serialize_tree::test_deserialize ... ok
[INFO] [stdout] test serialize_tree::test_serialize_deserialize ... ok
[INFO] [stdout] test sum_of_two::test_sum_of_two ... ok
[INFO] [stdout] test sum_of_two::test_sum_of_two_bruteforce ... ok
[INFO] [stdout] test sum_of_two::test_sum_of_two_functional ... ok
[INFO] [stdout] test unival_subtrees::test_count_unival_subtrees ... ok
[INFO] [stdout] test balanced_stack::test_balanced ... FAILED
[INFO] [stdout] 
[INFO] [stdout] failures:
[INFO] [stdout] 
[INFO] [stdout] ---- balanced_stack::test_balanced stdout ----
[INFO] [stdout] thread 'balanced_stack::test_balanced' panicked at 'assertion failed: `(left == right)`
[INFO] [stdout]   left: `false`,
[INFO] [stdout]  right: `true`', src/balanced_stack.rs:18:5
[INFO] [stdout] stack backtrace:
[INFO] [stdout]    0:     0x556774612b5a - std::backtrace_rs::backtrace::libunwind::trace::h2f05d0192276a8f6
[INFO] [stdout]                                at /rustc/1b7dd2252b99671ce5d1cb9664c5f8636329436d/library/std/src/../../backtrace/src/backtrace/libunwind.rs:93:5
[INFO] [stdout]    1:     0x556774612b5a - std::backtrace_rs::backtrace::trace_unsynchronized::hedc23dff7a1af150
[INFO] [stdout]                                at /rustc/1b7dd2252b99671ce5d1cb9664c5f8636329436d/library/std/src/../../backtrace/src/backtrace/mod.rs:66:5
[INFO] [stdout]    2:     0x556774612b5a - std::sys_common::backtrace::_print_fmt::h17541ef7592f3ce2
[INFO] [stdout]                                at /rustc/1b7dd2252b99671ce5d1cb9664c5f8636329436d/library/std/src/sys_common/backtrace.rs:65:5
[INFO] [stdout]    3:     0x556774612b5a - <std::sys_common::backtrace::_print::DisplayBacktrace as core::fmt::Display>::fmt::h20f75df5ab0c0792
[INFO] [stdout]                                at /rustc/1b7dd2252b99671ce5d1cb9664c5f8636329436d/library/std/src/sys_common/backtrace.rs:44:22
[INFO] [stdout]    4:     0x5567746367af - core::fmt::write::h78109e6f466b3af6
[INFO] [stdout]                                at /rustc/1b7dd2252b99671ce5d1cb9664c5f8636329436d/library/core/src/fmt/mod.rs:1254:17
[INFO] [stdout]    5:     0x55677460fea5 - std::io::Write::write_fmt::hd24bfb68a1b35a25
[INFO] [stdout]                                at /rustc/1b7dd2252b99671ce5d1cb9664c5f8636329436d/library/std/src/io/mod.rs:1698:15
[INFO] [stdout]    6:     0x556774612925 - std::sys_common::backtrace::_print::h8dac57a9f8fbf9a5
[INFO] [stdout]                                at /rustc/1b7dd2252b99671ce5d1cb9664c5f8636329436d/library/std/src/sys_common/backtrace.rs:47:5
[INFO] [stdout]    7:     0x556774612925 - std::sys_common::backtrace::print::hf9ecbf41d1aa712f
[INFO] [stdout]                                at /rustc/1b7dd2252b99671ce5d1cb9664c5f8636329436d/library/std/src/sys_common/backtrace.rs:34:9
[INFO] [stdout]    8:     0x5567746145de - std::panicking::default_hook::{{closure}}::h04c07acfc84ca028
[INFO] [stdout]                                at /rustc/1b7dd2252b99671ce5d1cb9664c5f8636329436d/library/std/src/panicking.rs:269:22
[INFO] [stdout]    9:     0x556774614311 - std::panicking::default_hook::h01f6bb23e1eceb2c
[INFO] [stdout]                                at /rustc/1b7dd2252b99671ce5d1cb9664c5f8636329436d/library/std/src/panicking.rs:285:9
[INFO] [stdout]   10:     0x5567745e7cab - <alloc::boxed::Box<F,A> as core::ops::function::Fn<Args>>::call::h87fe9f7b2fd49e4c
[INFO] [stdout]                                at /rustc/1b7dd2252b99671ce5d1cb9664c5f8636329436d/library/alloc/src/boxed.rs:1987:9
[INFO] [stdout]   11:     0x5567745e7cab - test::test_main::{{closure}}::he94d679243a7531b
[INFO] [stdout]                                at /rustc/1b7dd2252b99671ce5d1cb9664c5f8636329436d/library/test/src/lib.rs:134:21
[INFO] [stdout]   12:     0x556774614cc4 - <alloc::boxed::Box<F,A> as core::ops::function::Fn<Args>>::call::h3f2d6d8b14c4769f
[INFO] [stdout]                                at /rustc/1b7dd2252b99671ce5d1cb9664c5f8636329436d/library/alloc/src/boxed.rs:1987:9
[INFO] [stdout]   13:     0x556774614cc4 - std::panicking::rust_panic_with_hook::h2bb3722bbaf2f6df
[INFO] [stdout]                                at /rustc/1b7dd2252b99671ce5d1cb9664c5f8636329436d/library/std/src/panicking.rs:695:13
[INFO] [stdout]   14:     0x556774614a39 - std::panicking::begin_panic_handler::{{closure}}::h91bc7f36a4be011b
[INFO] [stdout]                                at /rustc/1b7dd2252b99671ce5d1cb9664c5f8636329436d/library/std/src/panicking.rs:582:13
[INFO] [stdout]   15:     0x556774612fc6 - std::sys_common::backtrace::__rust_end_short_backtrace::h8b3d3717114f9e59
[INFO] [stdout]                                at /rustc/1b7dd2252b99671ce5d1cb9664c5f8636329436d/library/std/src/sys_common/backtrace.rs:150:18
[INFO] [stdout]   16:     0x556774614792 - rust_begin_unwind
[INFO] [stdout]                                at /rustc/1b7dd2252b99671ce5d1cb9664c5f8636329436d/library/std/src/panicking.rs:578:5
[INFO] [stdout]   17:     0x55677459aba3 - core::panicking::panic_fmt::hfd368e3fbdabea26
[INFO] [stdout]                                at /rustc/1b7dd2252b99671ce5d1cb9664c5f8636329436d/library/core/src/panicking.rs:67:14
[INFO] [stdout]   18:     0x55677459af6f - core::panicking::assert_failed_inner::haef49168e1798a91
[INFO] [stdout]   19:     0x5567745a4bba - core::panicking::assert_failed::h209d56bb86fa3b7f
[INFO] [stdout]                                at /rustc/1b7dd2252b99671ce5d1cb9664c5f8636329436d/library/core/src/panicking.rs:228:5
[INFO] [stdout]   20:     0x5567745b1317 - dsa::balanced_stack::test_balanced::hb44fb13160d6f577
[INFO] [stdout]                                at /opt/rustwide/workdir/src/balanced_stack.rs:18:5
[INFO] [stdout]   21:     0x5567745b11c7 - dsa::balanced_stack::test_balanced::{{closure}}::hf8ecac7d482b5456
[INFO] [stdout]                                at /opt/rustwide/workdir/src/balanced_stack.rs:17:20
[INFO] [stdout]   22:     0x5567745ae305 - core::ops::function::FnOnce::call_once::h93992f3e618d26f9
[INFO] [stdout]                                at /rustc/1b7dd2252b99671ce5d1cb9664c5f8636329436d/library/core/src/ops/function.rs:250:5
[INFO] [stdout]   23:     0x5567745ecb7f - core::ops::function::FnOnce::call_once::ha6a70e79f7481a7e
[INFO] [stdout]                                at /rustc/1b7dd2252b99671ce5d1cb9664c5f8636329436d/library/core/src/ops/function.rs:250:5
[INFO] [stdout]   24:     0x5567745ecb7f - test::__rust_begin_short_backtrace::hce33033019b61e69
[INFO] [stdout]                                at /rustc/1b7dd2252b99671ce5d1cb9664c5f8636329436d/library/test/src/lib.rs:655:18
[INFO] [stdout]   25:     0x5567745ba36c - test::run_test::{{closure}}::h858d3528838ae3e5
[INFO] [stdout]                                at /rustc/1b7dd2252b99671ce5d1cb9664c5f8636329436d/library/test/src/lib.rs:646:30
[INFO] [stdout]   26:     0x5567745ba36c - core::ops::function::FnOnce::call_once{{vtable.shim}}::he8ac2b00f01ae79e
[INFO] [stdout]                                at /rustc/1b7dd2252b99671ce5d1cb9664c5f8636329436d/library/core/src/ops/function.rs:250:5
[INFO] [stdout]   27:     0x5567745ebc56 - <alloc::boxed::Box<F,A> as core::ops::function::FnOnce<Args>>::call_once::h8093d25b522725ef
[INFO] [stdout]                                at /rustc/1b7dd2252b99671ce5d1cb9664c5f8636329436d/library/alloc/src/boxed.rs:1973:9
[INFO] [stdout]   28:     0x5567745ebc56 - <core::panic::unwind_safe::AssertUnwindSafe<F> as core::ops::function::FnOnce<()>>::call_once::h5c334c204e4a3913
[INFO] [stdout]                                at /rustc/1b7dd2252b99671ce5d1cb9664c5f8636329436d/library/core/src/panic/unwind_safe.rs:271:9
[INFO] [stdout]   29:     0x5567745ebc56 - std::panicking::try::do_call::ha8b740c7b9478074
[INFO] [stdout]                                at /rustc/1b7dd2252b99671ce5d1cb9664c5f8636329436d/library/std/src/panicking.rs:485:40
[INFO] [stdout]   30:     0x5567745ebc56 - std::panicking::try::h5d34f63d0e41b64e
[INFO] [stdout]                                at /rustc/1b7dd2252b99671ce5d1cb9664c5f8636329436d/library/std/src/panicking.rs:449:19
[INFO] [stdout]   31:     0x5567745ebc56 - std::panic::catch_unwind::hcfbb511e1aa7fc67
[INFO] [stdout]                                at /rustc/1b7dd2252b99671ce5d1cb9664c5f8636329436d/library/std/src/panic.rs:140:14
[INFO] [stdout]   32:     0x5567745ebc56 - test::run_test_in_process::h9abda90f802eaf21
[INFO] [stdout]                                at /rustc/1b7dd2252b99671ce5d1cb9664c5f8636329436d/library/test/src/lib.rs:678:27
[INFO] [stdout]   33:     0x5567745ebc56 - test::run_test::run_test_inner::{{closure}}::h0f058de91f6c6edf
[INFO] [stdout]                                at /rustc/1b7dd2252b99671ce5d1cb9664c5f8636329436d/library/test/src/lib.rs:572:39
[INFO] [stdout]   34:     0x5567745b4b75 - test::run_test::run_test_inner::{{closure}}::h5ca48a4c59c6c1fb
[INFO] [stdout]                                at /rustc/1b7dd2252b99671ce5d1cb9664c5f8636329436d/library/test/src/lib.rs:599:37
[INFO] [stdout]   35:     0x5567745b4b75 - std::sys_common::backtrace::__rust_begin_short_backtrace::h32bd51e1495d4a33
[INFO] [stdout]                                at /rustc/1b7dd2252b99671ce5d1cb9664c5f8636329436d/library/std/src/sys_common/backtrace.rs:134:18
[INFO] [stdout]   36:     0x5567745ba0b1 - std::thread::Builder::spawn_unchecked_::{{closure}}::{{closure}}::hc086fae9b128b2db
[INFO] [stdout]                                at /rustc/1b7dd2252b99671ce5d1cb9664c5f8636329436d/library/std/src/thread/mod.rs:526:17
[INFO] [stdout]   37:     0x5567745ba0b1 - <core::panic::unwind_safe::AssertUnwindSafe<F> as core::ops::function::FnOnce<()>>::call_once::hb66571888d270d43
[INFO] [stdout]                                at /rustc/1b7dd2252b99671ce5d1cb9664c5f8636329436d/library/core/src/panic/unwind_safe.rs:271:9
[INFO] [stdout]   38:     0x5567745ba0b1 - std::panicking::try::do_call::h4fa2ef4f6e51fecf
[INFO] [stdout]                                at /rustc/1b7dd2252b99671ce5d1cb9664c5f8636329436d/library/std/src/panicking.rs:485:40
[INFO] [stdout]   39:     0x5567745ba0b1 - std::panicking::try::h1e9e22b8584489b5
[INFO] [stdout]                                at /rustc/1b7dd2252b99671ce5d1cb9664c5f8636329436d/library/std/src/panicking.rs:449:19
[INFO] [stdout]   40:     0x5567745ba0b1 - std::panic::catch_unwind::h44698a3de0e0769e
[INFO] [stdout]                                at /rustc/1b7dd2252b99671ce5d1cb9664c5f8636329436d/library/std/src/panic.rs:140:14
[INFO] [stdout]   41:     0x5567745ba0b1 - std::thread::Builder::spawn_unchecked_::{{closure}}::h50153abde3fe239e
[INFO] [stdout]                                at /rustc/1b7dd2252b99671ce5d1cb9664c5f8636329436d/library/std/src/thread/mod.rs:525:30
[INFO] [stdout]   42:     0x5567745ba0b1 - core::ops::function::FnOnce::call_once{{vtable.shim}}::hbe5bbf6f38394364
[INFO] [stdout]                                at /rustc/1b7dd2252b99671ce5d1cb9664c5f8636329436d/library/core/src/ops/function.rs:250:5
[INFO] [stdout]   43:     0x556774619195 - <alloc::boxed::Box<F,A> as core::ops::function::FnOnce<Args>>::call_once::h0d83cb2920a49046
[INFO] [stdout]                                at /rustc/1b7dd2252b99671ce5d1cb9664c5f8636329436d/library/alloc/src/boxed.rs:1973:9
[INFO] [stdout]   44:     0x556774619195 - <alloc::boxed::Box<F,A> as core::ops::function::FnOnce<Args>>::call_once::hbe0a008aa7d9ef59
[INFO] [stdout]                                at /rustc/1b7dd2252b99671ce5d1cb9664c5f8636329436d/library/alloc/src/boxed.rs:1973:9
[INFO] [stdout]   45:     0x556774619195 - std::sys::unix::thread::Thread::new::thread_start::h3a466996bdf6b1f9
[INFO] [stdout]                                at /rustc/1b7dd2252b99671ce5d1cb9664c5f8636329436d/library/std/src/sys/unix/thread.rs:108:17
[INFO] [stdout]   46:     0x7f5d2c6dcb43 - <unknown>
[INFO] [stdout]   47:     0x7f5d2c76dbb4 - __clone
[INFO] [stdout]   48:                0x0 - <unknown>
[INFO] [stdout] 
[INFO] [stdout] 
[INFO] [stdout] failures:
[INFO] [stdout]     balanced_stack::test_balanced
[INFO] [stdout] 
[INFO] [stdout] test result: FAILED. 10 passed; 1 failed; 0 ignored; 0 measured; 0 filtered out; finished in 0.01s
[INFO] [stdout] 
[INFO] [stderr] error: test failed, to rerun pass `--bin dsa`
[INFO] running `Command { std: "docker" "inspect" "5fa2bba4ee589db77b874a34341fd177c2706cac5040b1a619d48110c51814e8", kill_on_drop: false }`
[INFO] running `Command { std: "docker" "rm" "-f" "5fa2bba4ee589db77b874a34341fd177c2706cac5040b1a619d48110c51814e8", kill_on_drop: false }`
[INFO] [stdout] 5fa2bba4ee589db77b874a34341fd177c2706cac5040b1a619d48110c51814e8
