[INFO] cloning repository https://github.com/shadman1612/usernameZome
[INFO] running `Command { std: "git" "-c" "credential.helper=" "-c" "credential.helper=/workspace/cargo-home/bin/git-credential-null" "clone" "--bare" "https://github.com/shadman1612/usernameZome" "/workspace/cache/git-repos/https%3A%2F%2Fgithub.com%2Fshadman1612%2FusernameZome", kill_on_drop: false }`
[INFO] [stderr] Cloning into bare repository '/workspace/cache/git-repos/https%3A%2F%2Fgithub.com%2Fshadman1612%2FusernameZome'...
[INFO] running `Command { std: "git" "rev-parse" "HEAD", kill_on_drop: false }`
[INFO] [stdout] f58e06bcb88be17fa7183d6c3faa9b203d5a9d33
[INFO] testing shadman1612/usernameZome against beta-2023-04-20 for beta-1.70-1
[INFO] running `Command { std: "git" "clone" "/workspace/cache/git-repos/https%3A%2F%2Fgithub.com%2Fshadman1612%2FusernameZome" "/workspace/builds/worker-5-tc2/source", kill_on_drop: false }`
[INFO] [stderr] Cloning into '/workspace/builds/worker-5-tc2/source'...
[INFO] [stderr] done.
[INFO] validating manifest of git repo https://github.com/shadman1612/usernameZome on toolchain beta-2023-04-20
[INFO] running `Command { std: CARGO_HOME="/workspace/cargo-home" RUSTUP_HOME="/workspace/rustup-home" "/workspace/cargo-home/bin/cargo" "+beta-2023-04-20" "metadata" "--manifest-path" "Cargo.toml" "--no-deps", kill_on_drop: false }`
[INFO] started tweaking git repo https://github.com/shadman1612/usernameZome
[INFO] finished tweaking git repo https://github.com/shadman1612/usernameZome
[INFO] tweaked toml for git repo https://github.com/shadman1612/usernameZome written to /workspace/builds/worker-5-tc2/source/Cargo.toml
[INFO] crate git repo https://github.com/shadman1612/usernameZome already has a lockfile, it will not be regenerated
[INFO] running `Command { std: CARGO_HOME="/workspace/cargo-home" RUSTUP_HOME="/workspace/rustup-home" "/workspace/cargo-home/bin/cargo" "+beta-2023-04-20" "fetch" "--manifest-path" "Cargo.toml", kill_on_drop: false }`
[INFO] [stderr]     Updating crates.io index
[INFO] [stderr]  Downloading crates ...
[INFO] [stderr]   Downloaded paste v1.0.3
[INFO] [stderr]   Downloaded holo_hash v0.0.2-alpha.1
[INFO] [stderr]   Downloaded serde-transcode v1.1.0
[INFO] [stderr]   Downloaded holochain_wasmer_common v0.0.67
[INFO] [stderr]   Downloaded holochain_zome_types v0.0.2-alpha.1
[INFO] [stderr]   Downloaded hdk_derive v0.0.2-alpha.1
[INFO] [stderr]   Downloaded holochain_wasmer_guest v0.0.67
[INFO] [stderr]   Downloaded fixt v0.0.2-alpha.1
[INFO] [stderr]   Downloaded holochain_serialized_bytes_derive v0.0.50
[INFO] [stderr]   Downloaded holochain_serialized_bytes v0.0.50
[INFO] [stderr]   Downloaded hdk v0.0.100
[INFO] running `Command { std: "docker" "create" "-v" "/var/lib/crater-agent-workspace/builds/worker-5-tc2/target:/opt/rustwide/target:rw,Z" "-v" "/var/lib/crater-agent-workspace/builds/worker-5-tc2/source:/opt/rustwide/workdir:ro,Z" "-v" "/var/lib/crater-agent-workspace/cargo-home:/opt/rustwide/cargo-home:ro,Z" "-v" "/var/lib/crater-agent-workspace/rustup-home:/opt/rustwide/rustup-home:ro,Z" "-e" "SOURCE_DIR=/opt/rustwide/workdir" "-e" "CARGO_TARGET_DIR=/opt/rustwide/target" "-e" "CARGO_HOME=/opt/rustwide/cargo-home" "-e" "RUSTUP_HOME=/opt/rustwide/rustup-home" "-w" "/opt/rustwide/workdir" "-m" "1610612736" "--user" "0:0" "--network" "none" "ghcr.io/rust-lang/crates-build-env/linux@sha256:5ff2268d62e97bff2cde7d5815dd6ed5b47097566f13b8d0ca110b04b60e07ed" "/opt/rustwide/cargo-home/bin/cargo" "+beta-2023-04-20" "metadata" "--no-deps" "--format-version=1", kill_on_drop: false }`
[INFO] [stdout] 64d0e67d001a6201dc21455c3847229492972c0af3551711a13d21dad77dd8c6
[INFO] running `Command { std: "docker" "start" "-a" "64d0e67d001a6201dc21455c3847229492972c0af3551711a13d21dad77dd8c6", kill_on_drop: false }`
[INFO] running `Command { std: "docker" "inspect" "64d0e67d001a6201dc21455c3847229492972c0af3551711a13d21dad77dd8c6", kill_on_drop: false }`
[INFO] running `Command { std: "docker" "rm" "-f" "64d0e67d001a6201dc21455c3847229492972c0af3551711a13d21dad77dd8c6", kill_on_drop: false }`
[INFO] [stdout] 64d0e67d001a6201dc21455c3847229492972c0af3551711a13d21dad77dd8c6
[INFO] running `Command { std: "docker" "create" "-v" "/var/lib/crater-agent-workspace/builds/worker-5-tc2/target:/opt/rustwide/target:rw,Z" "-v" "/var/lib/crater-agent-workspace/builds/worker-5-tc2/source:/opt/rustwide/workdir:ro,Z" "-v" "/var/lib/crater-agent-workspace/cargo-home:/opt/rustwide/cargo-home:ro,Z" "-v" "/var/lib/crater-agent-workspace/rustup-home:/opt/rustwide/rustup-home:ro,Z" "-e" "SOURCE_DIR=/opt/rustwide/workdir" "-e" "CARGO_TARGET_DIR=/opt/rustwide/target" "-e" "CARGO_INCREMENTAL=0" "-e" "RUST_BACKTRACE=full" "-e" "RUSTFLAGS=--cap-lints=warn" "-e" "RUSTDOCFLAGS=--cap-lints=warn" "-e" "CARGO_HOME=/opt/rustwide/cargo-home" "-e" "RUSTUP_HOME=/opt/rustwide/rustup-home" "-w" "/opt/rustwide/workdir" "-m" "1610612736" "--user" "0:0" "--network" "none" "ghcr.io/rust-lang/crates-build-env/linux@sha256:5ff2268d62e97bff2cde7d5815dd6ed5b47097566f13b8d0ca110b04b60e07ed" "/opt/rustwide/cargo-home/bin/cargo" "+beta-2023-04-20" "build" "--frozen" "--message-format=json", kill_on_drop: false }`
[INFO] [stdout] 543c47a78874e17cb26fc0ab1ef9e1be3a76944095ec299b57ddd0cd7899f20e
[INFO] running `Command { std: "docker" "start" "-a" "543c47a78874e17cb26fc0ab1ef9e1be3a76944095ec299b57ddd0cd7899f20e", kill_on_drop: false }`
[INFO] [stderr]    Compiling proc-macro2 v1.0.56
[INFO] [stderr]    Compiling unicode-ident v1.0.8
[INFO] [stderr]    Compiling quote v1.0.26
[INFO] [stderr]    Compiling autocfg v1.0.1
[INFO] [stderr]    Compiling syn v1.0.109
[INFO] [stderr]    Compiling libc v0.2.80
[INFO] [stderr]    Compiling serde_derive v1.0.123
[INFO] [stderr]    Compiling serde v1.0.123
[INFO] [stderr]    Compiling ryu v1.0.5
[INFO] [stderr]    Compiling getrandom v0.1.15
[INFO] [stderr]    Compiling serde_json v1.0.59
[INFO] [stderr]    Compiling thiserror v1.0.40
[INFO] [stderr]    Compiling cfg-if v0.1.10
[INFO] [stderr]    Compiling hashbrown v0.9.1
[INFO] [stderr]    Compiling unicode-segmentation v1.6.0
[INFO] [stderr]    Compiling byteorder v1.4.3
[INFO] [stderr]    Compiling once_cell v1.17.1
[INFO] [stderr]    Compiling itoa v0.4.6
[INFO] [stderr]    Compiling paste v1.0.3
[INFO] [stderr]    Compiling heck v0.3.1
[INFO] [stderr]    Compiling cfg-if v1.0.0
[INFO] [stderr]    Compiling num-traits v0.2.12
[INFO] [stderr]    Compiling indexmap v1.6.0
[INFO] [stderr]    Compiling num-integer v0.1.43
[INFO] [stderr]    Compiling tracing-core v0.1.30
[INFO] [stderr]    Compiling smallvec v1.4.2
[INFO] [stderr]    Compiling ppv-lite86 v0.2.9
[INFO] [stderr]    Compiling scopeguard v1.1.0
[INFO] [stderr]    Compiling lazy_static v1.4.0
[INFO] [stderr]    Compiling lock_api v0.3.4
[INFO] [stderr]    Compiling strum v0.18.0
[INFO] [stderr]    Compiling arrayref v0.3.6
[INFO] [stderr]    Compiling constant_time_eq v0.1.5
[INFO] [stderr]    Compiling syn v2.0.15
[INFO] [stderr]    Compiling parking_lot_core v0.7.2
[INFO] [stderr]    Compiling log v0.4.17
[INFO] [stderr]    Compiling arrayvec v0.5.2
[INFO] [stderr]    Compiling pin-project-lite v0.2.9
[INFO] [stderr]    Compiling time v0.1.44
[INFO] [stderr]    Compiling rand_core v0.5.1
[INFO] [stderr]    Compiling parking_lot v0.10.2
[INFO] [stderr]    Compiling blake2b_simd v0.5.10
[INFO] [stderr]    Compiling regex-syntax v0.6.29
[INFO] [stderr]    Compiling rand_chacha v0.2.2
[INFO] [stderr]    Compiling rmp v0.8.9
[INFO] [stderr]    Compiling rand v0.7.3
[INFO] [stderr]    Compiling base64 v0.13.1
[INFO] [stderr]    Compiling chrono v0.4.19
[INFO] [stderr]    Compiling regex-syntax v0.7.1
[INFO] [stderr]    Compiling subtle v2.3.0
[INFO] [stderr]    Compiling tracing-log v0.1.3
[INFO] [stderr]    Compiling sharded-slab v0.1.4
[INFO] [stderr]    Compiling thread_local v1.1.7
[INFO] [stderr]    Compiling ansi_term v0.12.1
[INFO] [stderr]    Compiling regex-automata v0.1.10
[INFO] [stderr]    Compiling regex v1.8.1
[INFO] [stderr]    Compiling matchers v0.0.1
[INFO] [stderr]    Compiling holochain_serialized_bytes_derive v0.0.50
[INFO] [stderr]    Compiling strum_macros v0.18.0
[INFO] [stderr]    Compiling derive_more v0.99.11
[INFO] [stderr]    Compiling thiserror-impl v1.0.40
[INFO] [stderr]    Compiling tracing-attributes v0.1.24
[INFO] [stderr]    Compiling tracing v0.1.37
[INFO] [stderr]    Compiling serde_bytes v0.11.5
[INFO] [stderr]    Compiling serde-transcode v1.1.0
[INFO] [stderr]    Compiling rmp-serde v0.15.5
[INFO] [stderr]    Compiling tracing-serde v0.1.3
[INFO] [stderr]    Compiling holochain_serialized_bytes v0.0.50
[INFO] [stderr]    Compiling tracing-subscriber v0.2.25
[INFO] [stderr]    Compiling fixt v0.0.2-alpha.1
[INFO] [stderr]    Compiling holochain_wasmer_common v0.0.67
[INFO] [stderr]    Compiling holochain_wasmer_guest v0.0.67
[INFO] [stderr]    Compiling holo_hash v0.0.2-alpha.1
[INFO] [stderr]    Compiling holochain_zome_types v0.0.2-alpha.1
[INFO] [stderr]    Compiling hdk_derive v0.0.2-alpha.1
[INFO] [stderr]    Compiling hdk v0.0.100
[INFO] [stderr]    Compiling username v0.0.1 (/opt/rustwide/workdir/zome/zomes/username)
[INFO] [stderr]     Finished dev [optimized + debuginfo] target(s) in 41.15s
[INFO] running `Command { std: "docker" "inspect" "543c47a78874e17cb26fc0ab1ef9e1be3a76944095ec299b57ddd0cd7899f20e", kill_on_drop: false }`
[INFO] running `Command { std: "docker" "rm" "-f" "543c47a78874e17cb26fc0ab1ef9e1be3a76944095ec299b57ddd0cd7899f20e", kill_on_drop: false }`
[INFO] [stdout] 543c47a78874e17cb26fc0ab1ef9e1be3a76944095ec299b57ddd0cd7899f20e
[INFO] running `Command { std: "docker" "create" "-v" "/var/lib/crater-agent-workspace/builds/worker-5-tc2/target:/opt/rustwide/target:rw,Z" "-v" "/var/lib/crater-agent-workspace/builds/worker-5-tc2/source:/opt/rustwide/workdir:ro,Z" "-v" "/var/lib/crater-agent-workspace/cargo-home:/opt/rustwide/cargo-home:ro,Z" "-v" "/var/lib/crater-agent-workspace/rustup-home:/opt/rustwide/rustup-home:ro,Z" "-e" "SOURCE_DIR=/opt/rustwide/workdir" "-e" "CARGO_TARGET_DIR=/opt/rustwide/target" "-e" "CARGO_INCREMENTAL=0" "-e" "RUST_BACKTRACE=full" "-e" "RUSTFLAGS=--cap-lints=warn" "-e" "RUSTDOCFLAGS=--cap-lints=warn" "-e" "CARGO_HOME=/opt/rustwide/cargo-home" "-e" "RUSTUP_HOME=/opt/rustwide/rustup-home" "-w" "/opt/rustwide/workdir" "-m" "1610612736" "--user" "0:0" "--network" "none" "ghcr.io/rust-lang/crates-build-env/linux@sha256:5ff2268d62e97bff2cde7d5815dd6ed5b47097566f13b8d0ca110b04b60e07ed" "/opt/rustwide/cargo-home/bin/cargo" "+beta-2023-04-20" "test" "--frozen" "--no-run" "--message-format=json", kill_on_drop: false }`
[INFO] [stdout] 7448a7f6e6fe8fd6730ea020de60a0deeb19cdd8f98f48fb680d8289638aa870
[INFO] running `Command { std: "docker" "start" "-a" "7448a7f6e6fe8fd6730ea020de60a0deeb19cdd8f98f48fb680d8289638aa870", kill_on_drop: false }`
[INFO] [stderr]    Compiling username v0.0.1 (/opt/rustwide/workdir/zome/zomes/username)
[INFO] [stderr]     Finished test [optimized + debuginfo] target(s) in 1.44s
[INFO] running `Command { std: "docker" "inspect" "7448a7f6e6fe8fd6730ea020de60a0deeb19cdd8f98f48fb680d8289638aa870", kill_on_drop: false }`
[INFO] running `Command { std: "docker" "rm" "-f" "7448a7f6e6fe8fd6730ea020de60a0deeb19cdd8f98f48fb680d8289638aa870", kill_on_drop: false }`
[INFO] [stdout] 7448a7f6e6fe8fd6730ea020de60a0deeb19cdd8f98f48fb680d8289638aa870
[INFO] running `Command { std: "docker" "create" "-v" "/var/lib/crater-agent-workspace/builds/worker-5-tc2/target:/opt/rustwide/target:rw,Z" "-v" "/var/lib/crater-agent-workspace/builds/worker-5-tc2/source:/opt/rustwide/workdir:ro,Z" "-v" "/var/lib/crater-agent-workspace/cargo-home:/opt/rustwide/cargo-home:ro,Z" "-v" "/var/lib/crater-agent-workspace/rustup-home:/opt/rustwide/rustup-home:ro,Z" "-e" "SOURCE_DIR=/opt/rustwide/workdir" "-e" "CARGO_TARGET_DIR=/opt/rustwide/target" "-e" "CARGO_INCREMENTAL=0" "-e" "RUST_BACKTRACE=full" "-e" "RUSTFLAGS=--cap-lints=warn" "-e" "RUSTDOCFLAGS=--cap-lints=warn" "-e" "CARGO_HOME=/opt/rustwide/cargo-home" "-e" "RUSTUP_HOME=/opt/rustwide/rustup-home" "-w" "/opt/rustwide/workdir" "-m" "1610612736" "--user" "0:0" "--network" "none" "ghcr.io/rust-lang/crates-build-env/linux@sha256:5ff2268d62e97bff2cde7d5815dd6ed5b47097566f13b8d0ca110b04b60e07ed" "/opt/rustwide/cargo-home/bin/cargo" "+beta-2023-04-20" "test" "--frozen", kill_on_drop: false }`
[INFO] [stdout] fca2ca6902940a08f9d2491f0e971d6f17864a975024037f07e6f67aee101456
[INFO] running `Command { std: "docker" "start" "-a" "fca2ca6902940a08f9d2491f0e971d6f17864a975024037f07e6f67aee101456", kill_on_drop: false }`
[INFO] [stderr]     Finished test [optimized + debuginfo] target(s) in 0.04s
[INFO] [stderr]      Running unittests src/lib.rs (/opt/rustwide/target/debug/deps/username-170ee8a8251a2bd4)
[INFO] [stdout] 
[INFO] [stdout] running 0 tests
[INFO] [stdout] 
[INFO] [stdout] test result: ok. 0 passed; 0 failed; 0 ignored; 0 measured; 0 filtered out; finished in 0.00s
[INFO] [stdout] 
[INFO] [stderr]    Doc-tests username
[INFO] [stderr] error[E0659]: `username` is ambiguous
[INFO] [stderr]  --> /opt/rustwide/workdir/zome/zomes/username/src/lib.rs:6:5
[INFO] [stderr]   |
[INFO] [stderr] 6 | use username::set_username::set_username_handler;
[INFO] [stderr]   |     ^^^^^^^^ ambiguous name
[INFO] [stderr]   |
[INFO] [stderr]   = note: ambiguous because of multiple potential import sources
[INFO] [stderr]   = note: `username` could refer to a crate passed with `--extern`
[INFO] [stderr]   = help: use `::username` to refer to this crate unambiguously
[INFO] [stderr] note: `username` could also refer to the module imported here
[INFO] [stderr]  --> /opt/rustwide/workdir/zome/zomes/username/src/lib.rs:4:5
[INFO] [stderr]   |
[INFO] [stderr] 4 | use entries::username;
[INFO] [stderr]   |     ^^^^^^^^^^^^^^^^^
[INFO] [stderr]   = help: use `crate::username` to refer to this module unambiguously
[INFO] [stderr] 
[INFO] [stderr] error[E0659]: `username` is ambiguous
[INFO] [stderr]  --> /opt/rustwide/workdir/zome/zomes/username/src/lib.rs:7:5
[INFO] [stderr]   |
[INFO] [stderr] 7 | use username::get_usernames::get_usernames_handler;
[INFO] [stderr]   |     ^^^^^^^^ ambiguous name
[INFO] [stderr]   |
[INFO] [stderr]   = note: ambiguous because of multiple potential import sources
[INFO] [stderr]   = note: `username` could refer to a crate passed with `--extern`
[INFO] [stderr]   = help: use `::username` to refer to this crate unambiguously
[INFO] [stderr] note: `username` could also refer to the module imported here
[INFO] [stderr]  --> /opt/rustwide/workdir/zome/zomes/username/src/lib.rs:4:5
[INFO] [stderr]   |
[INFO] [stderr] 4 | use entries::username;
[INFO] [stderr]   |     ^^^^^^^^^^^^^^^^^
[INFO] [stderr]   = help: use `crate::username` to refer to this module unambiguously
[INFO] [stderr] 
[INFO] [stderr] error[E0659]: `username` is ambiguous
[INFO] [stderr]  --> /opt/rustwide/workdir/zome/zomes/username/src/lib.rs:8:5
[INFO] [stderr]   |
[INFO] [stderr] 8 | use username::get_my_username::get_my_username_handler;
[INFO] [stderr]   |     ^^^^^^^^ ambiguous name
[INFO] [stderr]   |
[INFO] [stderr]   = note: ambiguous because of multiple potential import sources
[INFO] [stderr]   = note: `username` could refer to a crate passed with `--extern`
[INFO] [stderr]   = help: use `::username` to refer to this crate unambiguously
[INFO] [stderr] note: `username` could also refer to the module imported here
[INFO] [stderr]  --> /opt/rustwide/workdir/zome/zomes/username/src/lib.rs:4:5
[INFO] [stderr]   |
[INFO] [stderr] 4 | use entries::username;
[INFO] [stderr]   |     ^^^^^^^^^^^^^^^^^
[INFO] [stderr]   = help: use `crate::username` to refer to this module unambiguously
[INFO] [stderr] 
[INFO] [stderr] error[E0659]: `username` is ambiguous
[INFO] [stderr]  --> /opt/rustwide/workdir/zome/zomes/username/src/lib.rs:9:5
[INFO] [stderr]   |
[INFO] [stderr] 9 | use username::get_all_usernames::get_all_usernames_handler;
[INFO] [stderr]   |     ^^^^^^^^ ambiguous name
[INFO] [stderr]   |
[INFO] [stderr]   = note: ambiguous because of multiple potential import sources
[INFO] [stderr]   = note: `username` could refer to a crate passed with `--extern`
[INFO] [stderr]   = help: use `::username` to refer to this crate unambiguously
[INFO] [stderr] note: `username` could also refer to the module imported here
[INFO] [stderr]  --> /opt/rustwide/workdir/zome/zomes/username/src/lib.rs:4:5
[INFO] [stderr]   |
[INFO] [stderr] 4 | use entries::username;
[INFO] [stderr]   |     ^^^^^^^^^^^^^^^^^
[INFO] [stderr]   = help: use `crate::username` to refer to this module unambiguously
[INFO] [stderr] 
[INFO] [stderr] error[E0659]: `username` is ambiguous
[INFO] [stderr]   --> /opt/rustwide/workdir/zome/zomes/username/src/lib.rs:10:5
[INFO] [stderr]    |
[INFO] [stderr] 10 | use username::get_agent_pubkey_from_username::get_agent_pubkey_from_username_handler;
[INFO] [stderr]    |     ^^^^^^^^ ambiguous name
[INFO] [stderr]    |
[INFO] [stderr]    = note: ambiguous because of multiple potential import sources
[INFO] [stderr]    = note: `username` could refer to a crate passed with `--extern`
[INFO] [stderr]    = help: use `::username` to refer to this crate unambiguously
[INFO] [stderr] note: `username` could also refer to the module imported here
[INFO] [stderr]   --> /opt/rustwide/workdir/zome/zomes/username/src/lib.rs:4:5
[INFO] [stderr]    |
[INFO] [stderr] 4  | use entries::username;
[INFO] [stderr]    |     ^^^^^^^^^^^^^^^^^
[INFO] [stderr]    = help: use `crate::username` to refer to this module unambiguously
[INFO] [stderr] 
[INFO] [stderr] error[E0659]: `username` is ambiguous
[INFO] [stderr]   --> /opt/rustwide/workdir/zome/zomes/username/src/lib.rs:12:5
[INFO] [stderr]    |
[INFO] [stderr] 12 | use username::{AgentPubKeys, UsernameEntry, UsernameList, UsernameOutput, UsernameWrapper};
[INFO] [stderr]    |     ^^^^^^^^ ambiguous name
[INFO] [stderr]    |
[INFO] [stderr]    = note: ambiguous because of multiple potential import sources
[INFO] [stderr]    = note: `username` could refer to a crate passed with `--extern`
[INFO] [stderr]    = help: use `::username` to refer to this crate unambiguously
[INFO] [stderr] note: `username` could also refer to the module imported here
[INFO] [stderr]   --> /opt/rustwide/workdir/zome/zomes/username/src/lib.rs:4:5
[INFO] [stderr]    |
[INFO] [stderr] 4  | use entries::username;
[INFO] [stderr]    |     ^^^^^^^^^^^^^^^^^
[INFO] [stderr]    = help: use `crate::username` to refer to this module unambiguously
[INFO] [stderr] 
[INFO] [stderr] error: aborting due to 6 previous errors
[INFO] [stderr] 
[INFO] [stderr] For more information about this error, try `rustc --explain E0659`.
[INFO] [stderr] error: doctest failed, to rerun pass `--doc`
[INFO] [stderr] 
[INFO] [stderr] Caused by:
[INFO] [stderr]   process didn't exit successfully: `rustdoc --edition=2018 --crate-type cdylib --crate-type rlib --crate-name username --test /opt/rustwide/workdir/zome/zomes/username/src/lib.rs -L dependency=/opt/rustwide/target/debug/deps -L dependency=/opt/rustwide/target/debug/deps --extern derive_more=/opt/rustwide/target/debug/deps/libderive_more-ef43de3e8d18d1cd.so --extern hdk=/opt/rustwide/target/debug/deps/libhdk-7179386ce54131e9.rlib --extern serde=/opt/rustwide/target/debug/deps/libserde-33bfc4625df746bd.rlib --extern thiserror=/opt/rustwide/target/debug/deps/libthiserror-94585015226139d7.rlib --extern username=/opt/rustwide/target/debug/deps/libusername.rlib -C embed-bitcode=no --cap-lints=warn --error-format human` (exit status: 1)
[INFO] running `Command { std: "docker" "inspect" "fca2ca6902940a08f9d2491f0e971d6f17864a975024037f07e6f67aee101456", kill_on_drop: false }`
[INFO] running `Command { std: "docker" "rm" "-f" "fca2ca6902940a08f9d2491f0e971d6f17864a975024037f07e6f67aee101456", kill_on_drop: false }`
[INFO] [stdout] fca2ca6902940a08f9d2491f0e971d6f17864a975024037f07e6f67aee101456
