[INFO] cloning repository https://github.com/segfo/libtoolbox
[INFO] running `Command { std: "git" "-c" "credential.helper=" "-c" "credential.helper=/workspace/cargo-home/bin/git-credential-null" "clone" "--bare" "https://github.com/segfo/libtoolbox" "/workspace/cache/git-repos/https%3A%2F%2Fgithub.com%2Fsegfo%2Flibtoolbox", kill_on_drop: false }`
[INFO] [stderr] Cloning into bare repository '/workspace/cache/git-repos/https%3A%2F%2Fgithub.com%2Fsegfo%2Flibtoolbox'...
[INFO] running `Command { std: "git" "rev-parse" "HEAD", kill_on_drop: false }`
[INFO] [stdout] cd4b16111619ed15647180c59b675b689dd65903
[INFO] testing segfo/libtoolbox against beta-2023-04-20 for beta-1.70-1
[INFO] running `Command { std: "git" "clone" "/workspace/cache/git-repos/https%3A%2F%2Fgithub.com%2Fsegfo%2Flibtoolbox" "/workspace/builds/worker-7-tc2/source", kill_on_drop: false }`
[INFO] [stderr] Cloning into '/workspace/builds/worker-7-tc2/source'...
[INFO] [stderr] done.
[INFO] validating manifest of git repo https://github.com/segfo/libtoolbox on toolchain beta-2023-04-20
[INFO] running `Command { std: CARGO_HOME="/workspace/cargo-home" RUSTUP_HOME="/workspace/rustup-home" "/workspace/cargo-home/bin/cargo" "+beta-2023-04-20" "metadata" "--manifest-path" "Cargo.toml" "--no-deps", kill_on_drop: false }`
[INFO] started tweaking git repo https://github.com/segfo/libtoolbox
[INFO] finished tweaking git repo https://github.com/segfo/libtoolbox
[INFO] tweaked toml for git repo https://github.com/segfo/libtoolbox written to /workspace/builds/worker-7-tc2/source/Cargo.toml
[INFO] crate git repo https://github.com/segfo/libtoolbox already has a lockfile, it will not be regenerated
[INFO] running `Command { std: CARGO_HOME="/workspace/cargo-home" RUSTUP_HOME="/workspace/rustup-home" "/workspace/cargo-home/bin/cargo" "+beta-2023-04-20" "fetch" "--manifest-path" "Cargo.toml", kill_on_drop: false }`
[INFO] running `Command { std: "docker" "create" "-v" "/var/lib/crater-agent-workspace/builds/worker-7-tc2/target:/opt/rustwide/target:rw,Z" "-v" "/var/lib/crater-agent-workspace/builds/worker-7-tc2/source:/opt/rustwide/workdir:ro,Z" "-v" "/var/lib/crater-agent-workspace/cargo-home:/opt/rustwide/cargo-home:ro,Z" "-v" "/var/lib/crater-agent-workspace/rustup-home:/opt/rustwide/rustup-home:ro,Z" "-e" "SOURCE_DIR=/opt/rustwide/workdir" "-e" "CARGO_TARGET_DIR=/opt/rustwide/target" "-e" "CARGO_HOME=/opt/rustwide/cargo-home" "-e" "RUSTUP_HOME=/opt/rustwide/rustup-home" "-w" "/opt/rustwide/workdir" "-m" "1610612736" "--user" "0:0" "--network" "none" "ghcr.io/rust-lang/crates-build-env/linux@sha256:5ff2268d62e97bff2cde7d5815dd6ed5b47097566f13b8d0ca110b04b60e07ed" "/opt/rustwide/cargo-home/bin/cargo" "+beta-2023-04-20" "metadata" "--no-deps" "--format-version=1", kill_on_drop: false }`
[INFO] [stdout] 37f3ccffb4b620b6054a30b0206e9f32047ccb6b20efbcceac740a03fd12fcc3
[INFO] running `Command { std: "docker" "start" "-a" "37f3ccffb4b620b6054a30b0206e9f32047ccb6b20efbcceac740a03fd12fcc3", kill_on_drop: false }`
[INFO] running `Command { std: "docker" "inspect" "37f3ccffb4b620b6054a30b0206e9f32047ccb6b20efbcceac740a03fd12fcc3", kill_on_drop: false }`
[INFO] running `Command { std: "docker" "rm" "-f" "37f3ccffb4b620b6054a30b0206e9f32047ccb6b20efbcceac740a03fd12fcc3", kill_on_drop: false }`
[INFO] [stdout] 37f3ccffb4b620b6054a30b0206e9f32047ccb6b20efbcceac740a03fd12fcc3
[INFO] running `Command { std: "docker" "create" "-v" "/var/lib/crater-agent-workspace/builds/worker-7-tc2/target:/opt/rustwide/target:rw,Z" "-v" "/var/lib/crater-agent-workspace/builds/worker-7-tc2/source:/opt/rustwide/workdir:ro,Z" "-v" "/var/lib/crater-agent-workspace/cargo-home:/opt/rustwide/cargo-home:ro,Z" "-v" "/var/lib/crater-agent-workspace/rustup-home:/opt/rustwide/rustup-home:ro,Z" "-e" "SOURCE_DIR=/opt/rustwide/workdir" "-e" "CARGO_TARGET_DIR=/opt/rustwide/target" "-e" "CARGO_INCREMENTAL=0" "-e" "RUST_BACKTRACE=full" "-e" "RUSTFLAGS=--cap-lints=warn" "-e" "RUSTDOCFLAGS=--cap-lints=warn" "-e" "CARGO_HOME=/opt/rustwide/cargo-home" "-e" "RUSTUP_HOME=/opt/rustwide/rustup-home" "-w" "/opt/rustwide/workdir" "-m" "1610612736" "--user" "0:0" "--network" "none" "ghcr.io/rust-lang/crates-build-env/linux@sha256:5ff2268d62e97bff2cde7d5815dd6ed5b47097566f13b8d0ca110b04b60e07ed" "/opt/rustwide/cargo-home/bin/cargo" "+beta-2023-04-20" "build" "--frozen" "--message-format=json", kill_on_drop: false }`
[INFO] [stdout] 3240df4da55ac4e66edd380646bdd033e48fc4aeada1937ec928365a0e50449e
[INFO] running `Command { std: "docker" "start" "-a" "3240df4da55ac4e66edd380646bdd033e48fc4aeada1937ec928365a0e50449e", kill_on_drop: false }`
[INFO] [stderr]    Compiling proc-macro2 v1.0.40
[INFO] [stderr]    Compiling quote v1.0.20
[INFO] [stderr]    Compiling unicode-ident v1.0.1
[INFO] [stderr]    Compiling syn v1.0.98
[INFO] [stderr]    Compiling serde_derive v1.0.137
[INFO] [stderr]    Compiling libc v0.2.139
[INFO] [stderr]    Compiling serde v1.0.137
[INFO] [stderr]    Compiling memchr v2.5.0
[INFO] [stderr]    Compiling serde_json v1.0.81
[INFO] [stderr]    Compiling minimal-lexical v0.2.1
[INFO] [stderr]    Compiling itoa v1.0.2
[INFO] [stderr]    Compiling ryu v1.0.10
[INFO] [stderr]    Compiling nom v7.1.1
[INFO] [stderr]    Compiling dirs-sys v0.3.7
[INFO] [stderr]    Compiling dirs v4.0.0
[INFO] [stderr]    Compiling toml v0.5.9
[INFO] [stderr]    Compiling toolbox v0.1.0 (/opt/rustwide/workdir)
[INFO] [stdout] warning: unused imports: `alphanumeric1`, `alt`, `combinator::opt`, `digit0`, `digit1`, `none_of`, `permutation`, `separated_pair`, `streaming::take_until`, `tag`, `take_till`, `take_while`, `terminated`
[INFO] [stdout]   --> src/unicode/utf16_sequence_collector.rs:2:14
[INFO] [stdout]    |
[INFO] [stdout] 2  |     branch::{alt, permutation},
[INFO] [stdout]    |              ^^^  ^^^^^^^^^^^
[INFO] [stdout] 3  |     bytes::{
[INFO] [stdout] 4  |         complete::{tag, take_till, take_while},
[INFO] [stdout]    |                    ^^^  ^^^^^^^^^  ^^^^^^^^^^
[INFO] [stdout] 5  |         streaming::take_until,
[INFO] [stdout]    |         ^^^^^^^^^^^^^^^^^^^^^
[INFO] [stdout] 6  |     },
[INFO] [stdout] 7  |     character::complete::{alphanumeric1, digit0, digit1, none_of},
[INFO] [stdout]    |                           ^^^^^^^^^^^^^  ^^^^^^  ^^^^^^  ^^^^^^^
[INFO] [stdout] 8  |     combinator::opt,
[INFO] [stdout]    |     ^^^^^^^^^^^^^^^
[INFO] [stdout] 9  |     number::complete::{be_u16, be_u32, be_u64, be_u8},
[INFO] [stdout] 10 |     sequence::{separated_pair, terminated},
[INFO] [stdout]    |                ^^^^^^^^^^^^^^  ^^^^^^^^^^
[INFO] [stdout]    |
[INFO] [stdout]    = note: `#[warn(unused_imports)]` on by default
[INFO] [stdout] 
[INFO] [stdout] 
[INFO] [stdout] warning: unused variable: `byte`
[INFO] [stdout]    --> src/unicode/utf16_sequence_collector.rs:101:9
[INFO] [stdout]     |
[INFO] [stdout] 101 |     let byte = byte_array[offset];
[INFO] [stdout]     |         ^^^^ help: if this is intentional, prefix it with an underscore: `_byte`
[INFO] [stdout]     |
[INFO] [stdout]     = note: `#[warn(unused_variables)]` on by default
[INFO] [stdout] 
[INFO] [stdout] 
[INFO] [stdout] warning: unused variable: `i`
[INFO] [stdout]    --> src/unicode/utf16_sequence_collector.rs:102:9
[INFO] [stdout]     |
[INFO] [stdout] 102 |     let i = offset;
[INFO] [stdout]     |         ^ help: if this is intentional, prefix it with an underscore: `_i`
[INFO] [stdout] 
[INFO] [stdout] 
[INFO] [stdout] warning: unused variable: `validate_encoding`
[INFO] [stdout]    --> src/unicode/utf16_sequence_collector.rs:104:9
[INFO] [stdout]     |
[INFO] [stdout] 104 |     let validate_encoding = |seq: &[u8]| -> Option<UnicodeParseError> {
[INFO] [stdout]     |         ^^^^^^^^^^^^^^^^^ help: if this is intentional, prefix it with an underscore: `_validate_encoding`
[INFO] [stdout] 
[INFO] [stdout] 
[INFO] [stdout] warning: unused variable: `byte`
[INFO] [stdout]  --> src/unicode/utf32_collector.rs:5:32
[INFO] [stdout]   |
[INFO] [stdout] 5 | pub fn collect_utf32_sequences(byte: &Vec<u32>) -> SequenceData {
[INFO] [stdout]   |                                ^^^^ help: if this is intentional, prefix it with an underscore: `_byte`
[INFO] [stdout] 
[INFO] [stdout] 
[INFO] [stdout] warning: variants `U64`, `U32`, `U16`, and `U8` are never constructed
[INFO] [stdout]   --> src/unicode/utf16_sequence_collector.rs:16:5
[INFO] [stdout]    |
[INFO] [stdout] 15 | enum Data {
[INFO] [stdout]    |      ---- variants in this enum
[INFO] [stdout] 16 |     U64(u64),
[INFO] [stdout]    |     ^^^
[INFO] [stdout] 17 |     U32(u32),
[INFO] [stdout]    |     ^^^
[INFO] [stdout] 18 |     U16(u16),
[INFO] [stdout]    |     ^^^
[INFO] [stdout] 19 |     U8(u8),
[INFO] [stdout]    |     ^^
[INFO] [stdout]    |
[INFO] [stdout]    = note: `Data` has a derived impl for the trait `Debug`, but this is intentionally ignored during dead code analysis
[INFO] [stdout]    = note: `#[warn(dead_code)]` on by default
[INFO] [stdout] 
[INFO] [stdout] 
[INFO] [stdout] warning: function `parse_big_endian` is never used
[INFO] [stdout]   --> src/unicode/utf16_sequence_collector.rs:22:4
[INFO] [stdout]    |
[INFO] [stdout] 22 | fn parse_big_endian(raw: &[u8]) -> IResult<&[u8], Data> {
[INFO] [stdout]    |    ^^^^^^^^^^^^^^^^
[INFO] [stdout] 
[INFO] [stdout] 
[INFO] [stdout] warning: struct `Utf16SequenceInfo` is never constructed
[INFO] [stdout]   --> src/unicode/utf16_sequence_collector.rs:58:12
[INFO] [stdout]    |
[INFO] [stdout] 58 | pub struct Utf16SequenceInfo {
[INFO] [stdout]    |            ^^^^^^^^^^^^^^^^^
[INFO] [stdout] 
[INFO] [stdout] 
[INFO] [stdout] warning: associated items `new`, `get_len_valid`, `set_error`, and `get_error` are never used
[INFO] [stdout]   --> src/unicode/utf16_sequence_collector.rs:64:8
[INFO] [stdout]    |
[INFO] [stdout] 63 | impl Utf16SequenceInfo {
[INFO] [stdout]    | ---------------------- associated items in this implementation
[INFO] [stdout] 64 |     fn new(len: usize, valid: bool) -> Self {
[INFO] [stdout]    |        ^^^
[INFO] [stdout] ...
[INFO] [stdout] 87 |     pub fn get_len_valid(&self) -> (usize, bool) {
[INFO] [stdout]    |            ^^^^^^^^^^^^^
[INFO] [stdout] ...
[INFO] [stdout] 90 |     pub fn set_error(&mut self, error: UnicodeParseError) {
[INFO] [stdout]    |            ^^^^^^^^^
[INFO] [stdout] ...
[INFO] [stdout] 93 |     pub fn get_error(&self) -> Option<UnicodeParseError> {
[INFO] [stdout]    |            ^^^^^^^^^
[INFO] [stdout] 
[INFO] [stdout] 
[INFO] [stdout] warning: function `utf16_validate` is never used
[INFO] [stdout]   --> src/unicode/utf16_sequence_collector.rs:97:8
[INFO] [stdout]    |
[INFO] [stdout] 97 | pub fn utf16_validate(byte_array: &Vec<u8>, offset: usize) -> Utf16SequenceInfo {
[INFO] [stdout]    |        ^^^^^^^^^^^^^^
[INFO] [stdout] 
[INFO] [stdout] 
[INFO] [stdout] warning: 10 warnings emitted
[INFO] [stdout] 
[INFO] [stdout] 
[INFO] [stderr]     Finished dev [unoptimized + debuginfo] target(s) in 10.03s
[INFO] running `Command { std: "docker" "inspect" "3240df4da55ac4e66edd380646bdd033e48fc4aeada1937ec928365a0e50449e", kill_on_drop: false }`
[INFO] running `Command { std: "docker" "rm" "-f" "3240df4da55ac4e66edd380646bdd033e48fc4aeada1937ec928365a0e50449e", kill_on_drop: false }`
[INFO] [stdout] 3240df4da55ac4e66edd380646bdd033e48fc4aeada1937ec928365a0e50449e
[INFO] running `Command { std: "docker" "create" "-v" "/var/lib/crater-agent-workspace/builds/worker-7-tc2/target:/opt/rustwide/target:rw,Z" "-v" "/var/lib/crater-agent-workspace/builds/worker-7-tc2/source:/opt/rustwide/workdir:ro,Z" "-v" "/var/lib/crater-agent-workspace/cargo-home:/opt/rustwide/cargo-home:ro,Z" "-v" "/var/lib/crater-agent-workspace/rustup-home:/opt/rustwide/rustup-home:ro,Z" "-e" "SOURCE_DIR=/opt/rustwide/workdir" "-e" "CARGO_TARGET_DIR=/opt/rustwide/target" "-e" "CARGO_INCREMENTAL=0" "-e" "RUST_BACKTRACE=full" "-e" "RUSTFLAGS=--cap-lints=warn" "-e" "RUSTDOCFLAGS=--cap-lints=warn" "-e" "CARGO_HOME=/opt/rustwide/cargo-home" "-e" "RUSTUP_HOME=/opt/rustwide/rustup-home" "-w" "/opt/rustwide/workdir" "-m" "1610612736" "--user" "0:0" "--network" "none" "ghcr.io/rust-lang/crates-build-env/linux@sha256:5ff2268d62e97bff2cde7d5815dd6ed5b47097566f13b8d0ca110b04b60e07ed" "/opt/rustwide/cargo-home/bin/cargo" "+beta-2023-04-20" "test" "--frozen" "--no-run" "--message-format=json", kill_on_drop: false }`
[INFO] [stdout] baa46798577e52ccec7c8487d6de75f52d54a820f662f879770ee248f3c3122a
[INFO] running `Command { std: "docker" "start" "-a" "baa46798577e52ccec7c8487d6de75f52d54a820f662f879770ee248f3c3122a", kill_on_drop: false }`
[INFO] [stdout] warning: unused imports: `alphanumeric1`, `alt`, `combinator::opt`, `digit0`, `digit1`, `none_of`, `permutation`, `separated_pair`, `streaming::take_until`, `tag`, `take_till`, `take_while`, `terminated`
[INFO] [stdout]   --> src/unicode/utf16_sequence_collector.rs:2:14
[INFO] [stdout]    |
[INFO] [stdout] 2  |     branch::{alt, permutation},
[INFO] [stdout]    |              ^^^  ^^^^^^^^^^^
[INFO] [stdout] 3  |     bytes::{
[INFO] [stdout] 4  |         complete::{tag, take_till, take_while},
[INFO] [stdout]    |                    ^^^  ^^^^^^^^^  ^^^^^^^^^^
[INFO] [stdout] 5  |         streaming::take_until,
[INFO] [stdout]    |         ^^^^^^^^^^^^^^^^^^^^^
[INFO] [stdout] 6  |     },
[INFO] [stdout] 7  |     character::complete::{alphanumeric1, digit0, digit1, none_of},
[INFO] [stdout]    |                           ^^^^^^^^^^^^^  ^^^^^^  ^^^^^^  ^^^^^^^
[INFO] [stdout] 8  |     combinator::opt,
[INFO] [stdout]    |     ^^^^^^^^^^^^^^^
[INFO] [stdout] 9  |     number::complete::{be_u16, be_u32, be_u64, be_u8},
[INFO] [stdout] 10 |     sequence::{separated_pair, terminated},
[INFO] [stdout]    |                ^^^^^^^^^^^^^^  ^^^^^^^^^^
[INFO] [stdout]    |
[INFO] [stdout]    = note: `#[warn(unused_imports)]` on by default
[INFO] [stdout] 
[INFO] [stdout] 
[INFO] [stdout] warning: unused variable: `byte`
[INFO] [stdout]    --> src/unicode/utf16_sequence_collector.rs:101:9
[INFO] [stdout]     |
[INFO] [stdout] 101 |     let byte = byte_array[offset];
[INFO] [stdout]     |         ^^^^ help: if this is intentional, prefix it with an underscore: `_byte`
[INFO] [stdout]     |
[INFO] [stdout]     = note: `#[warn(unused_variables)]` on by default
[INFO] [stdout] 
[INFO] [stdout] 
[INFO] [stdout] warning: unused variable: `i`
[INFO] [stdout]    --> src/unicode/utf16_sequence_collector.rs:102:9
[INFO] [stdout]     |
[INFO] [stdout] 102 |     let i = offset;
[INFO] [stdout]     |         ^ help: if this is intentional, prefix it with an underscore: `_i`
[INFO] [stdout] 
[INFO] [stdout] 
[INFO] [stdout] warning: unused variable: `validate_encoding`
[INFO] [stdout]    --> src/unicode/utf16_sequence_collector.rs:104:9
[INFO] [stdout]     |
[INFO] [stdout] 104 |     let validate_encoding = |seq: &[u8]| -> Option<UnicodeParseError> {
[INFO] [stdout]     |         ^^^^^^^^^^^^^^^^^ help: if this is intentional, prefix it with an underscore: `_validate_encoding`
[INFO] [stdout] 
[INFO] [stdout] 
[INFO] [stdout] warning: unused variable: `byte`
[INFO] [stdout]  --> src/unicode/utf32_collector.rs:5:32
[INFO] [stdout]   |
[INFO] [stdout] 5 | pub fn collect_utf32_sequences(byte: &Vec<u32>) -> SequenceData {
[INFO] [stdout]   |                                ^^^^ help: if this is intentional, prefix it with an underscore: `_byte`
[INFO] [stdout] 
[INFO] [stdout] 
[INFO] [stdout] warning: variants `U64`, `U32`, `U16`, and `U8` are never constructed
[INFO] [stdout]   --> src/unicode/utf16_sequence_collector.rs:16:5
[INFO] [stdout]    |
[INFO] [stdout] 15 | enum Data {
[INFO] [stdout]    |      ---- variants in this enum
[INFO] [stdout] 16 |     U64(u64),
[INFO] [stdout]    |     ^^^
[INFO] [stdout] 17 |     U32(u32),
[INFO] [stdout]    |     ^^^
[INFO] [stdout] 18 |     U16(u16),
[INFO] [stdout]    |     ^^^
[INFO] [stdout] 19 |     U8(u8),
[INFO] [stdout]    |     ^^
[INFO] [stdout]    |
[INFO] [stdout]    = note: `Data` has a derived impl for the trait `Debug`, but this is intentionally ignored during dead code analysis
[INFO] [stdout]    = note: `#[warn(dead_code)]` on by default
[INFO] [stdout] 
[INFO] [stdout] 
[INFO] [stdout] warning: function `parse_big_endian` is never used
[INFO] [stdout]   --> src/unicode/utf16_sequence_collector.rs:22:4
[INFO] [stdout]    |
[INFO] [stdout] 22 | fn parse_big_endian(raw: &[u8]) -> IResult<&[u8], Data> {
[INFO] [stdout]    |    ^^^^^^^^^^^^^^^^
[INFO] [stdout] 
[INFO] [stdout] 
[INFO] [stdout] warning: struct `Utf16SequenceInfo` is never constructed
[INFO] [stdout]   --> src/unicode/utf16_sequence_collector.rs:58:12
[INFO] [stdout]    |
[INFO] [stdout] 58 | pub struct Utf16SequenceInfo {
[INFO] [stdout]    |            ^^^^^^^^^^^^^^^^^
[INFO] [stdout] 
[INFO] [stdout] 
[INFO] [stdout] warning: associated items `new`, `get_len_valid`, `set_error`, and `get_error` are never used
[INFO] [stdout]   --> src/unicode/utf16_sequence_collector.rs:64:8
[INFO] [stdout]    |
[INFO] [stdout] 63 | impl Utf16SequenceInfo {
[INFO] [stdout]    | ---------------------- associated items in this implementation
[INFO] [stdout] 64 |     fn new(len: usize, valid: bool) -> Self {
[INFO] [stdout]    |        ^^^
[INFO] [stdout] ...
[INFO] [stdout] 87 |     pub fn get_len_valid(&self) -> (usize, bool) {
[INFO] [stdout]    |            ^^^^^^^^^^^^^
[INFO] [stdout] ...
[INFO] [stdout] 90 |     pub fn set_error(&mut self, error: UnicodeParseError) {
[INFO] [stdout]    |            ^^^^^^^^^
[INFO] [stdout] ...
[INFO] [stdout] 93 |     pub fn get_error(&self) -> Option<UnicodeParseError> {
[INFO] [stdout]    |            ^^^^^^^^^
[INFO] [stdout] 
[INFO] [stdout] 
[INFO] [stdout] warning: function `utf16_validate` is never used
[INFO] [stdout]   --> src/unicode/utf16_sequence_collector.rs:97:8
[INFO] [stdout]    |
[INFO] [stdout] 97 | pub fn utf16_validate(byte_array: &Vec<u8>, offset: usize) -> Utf16SequenceInfo {
[INFO] [stdout]    |        ^^^^^^^^^^^^^^
[INFO] [stdout] 
[INFO] [stdout] 
[INFO] [stdout] warning: 10 warnings emitted
[INFO] [stdout] 
[INFO] [stdout] 
[INFO] [stderr]    Compiling toolbox v0.1.0 (/opt/rustwide/workdir)
[INFO] [stdout] warning: unused imports: `alphanumeric1`, `alt`, `combinator::opt`, `digit0`, `digit1`, `none_of`, `permutation`, `separated_pair`, `streaming::take_until`, `tag`, `take_till`, `take_while`, `terminated`
[INFO] [stdout]   --> src/unicode/utf16_sequence_collector.rs:2:14
[INFO] [stdout]    |
[INFO] [stdout] 2  |     branch::{alt, permutation},
[INFO] [stdout]    |              ^^^  ^^^^^^^^^^^
[INFO] [stdout] 3  |     bytes::{
[INFO] [stdout] 4  |         complete::{tag, take_till, take_while},
[INFO] [stdout]    |                    ^^^  ^^^^^^^^^  ^^^^^^^^^^
[INFO] [stdout] 5  |         streaming::take_until,
[INFO] [stdout]    |         ^^^^^^^^^^^^^^^^^^^^^
[INFO] [stdout] 6  |     },
[INFO] [stdout] 7  |     character::complete::{alphanumeric1, digit0, digit1, none_of},
[INFO] [stdout]    |                           ^^^^^^^^^^^^^  ^^^^^^  ^^^^^^  ^^^^^^^
[INFO] [stdout] 8  |     combinator::opt,
[INFO] [stdout]    |     ^^^^^^^^^^^^^^^
[INFO] [stdout] 9  |     number::complete::{be_u16, be_u32, be_u64, be_u8},
[INFO] [stdout] 10 |     sequence::{separated_pair, terminated},
[INFO] [stdout]    |                ^^^^^^^^^^^^^^  ^^^^^^^^^^
[INFO] [stdout]    |
[INFO] [stdout]    = note: `#[warn(unused_imports)]` on by default
[INFO] [stdout] 
[INFO] [stdout] 
[INFO] [stdout] warning: unused import: `nom::number::complete::le_u32`
[INFO] [stdout]   --> src/unicode/utf16_sequence_collector.rs:46:9
[INFO] [stdout]    |
[INFO] [stdout] 46 |     use nom::number::complete::le_u32;
[INFO] [stdout]    |         ^^^^^^^^^^^^^^^^^^^^^^^^^^^^^
[INFO] [stdout] 
[INFO] [stdout] 
[INFO] [stdout] warning: unused variable: `byte`
[INFO] [stdout]    --> src/unicode/utf16_sequence_collector.rs:101:9
[INFO] [stdout]     |
[INFO] [stdout] 101 |     let byte = byte_array[offset];
[INFO] [stdout]     |         ^^^^ help: if this is intentional, prefix it with an underscore: `_byte`
[INFO] [stdout]     |
[INFO] [stdout]     = note: `#[warn(unused_variables)]` on by default
[INFO] [stdout] 
[INFO] [stdout] 
[INFO] [stdout] warning: unused variable: `i`
[INFO] [stdout]    --> src/unicode/utf16_sequence_collector.rs:102:9
[INFO] [stdout]     |
[INFO] [stdout] 102 |     let i = offset;
[INFO] [stdout]     |         ^ help: if this is intentional, prefix it with an underscore: `_i`
[INFO] [stdout] 
[INFO] [stdout] 
[INFO] [stdout] warning: unused variable: `validate_encoding`
[INFO] [stdout]    --> src/unicode/utf16_sequence_collector.rs:104:9
[INFO] [stdout]     |
[INFO] [stdout] 104 |     let validate_encoding = |seq: &[u8]| -> Option<UnicodeParseError> {
[INFO] [stdout]     |         ^^^^^^^^^^^^^^^^^ help: if this is intentional, prefix it with an underscore: `_validate_encoding`
[INFO] [stdout] 
[INFO] [stdout] 
[INFO] [stdout] warning: unused variable: `byte`
[INFO] [stdout]  --> src/unicode/utf32_collector.rs:5:32
[INFO] [stdout]   |
[INFO] [stdout] 5 | pub fn collect_utf32_sequences(byte: &Vec<u32>) -> SequenceData {
[INFO] [stdout]   |                                ^^^^ help: if this is intentional, prefix it with an underscore: `_byte`
[INFO] [stdout] 
[INFO] [stdout] 
[INFO] [stdout] warning: struct `Utf16SequenceInfo` is never constructed
[INFO] [stdout]   --> src/unicode/utf16_sequence_collector.rs:58:12
[INFO] [stdout]    |
[INFO] [stdout] 58 | pub struct Utf16SequenceInfo {
[INFO] [stdout]    |            ^^^^^^^^^^^^^^^^^
[INFO] [stdout]    |
[INFO] [stdout]    = note: `#[warn(dead_code)]` on by default
[INFO] [stdout] 
[INFO] [stdout] 
[INFO] [stdout] warning: associated items `new`, `get_len_valid`, `set_error`, and `get_error` are never used
[INFO] [stdout]   --> src/unicode/utf16_sequence_collector.rs:64:8
[INFO] [stdout]    |
[INFO] [stdout] 63 | impl Utf16SequenceInfo {
[INFO] [stdout]    | ---------------------- associated items in this implementation
[INFO] [stdout] 64 |     fn new(len: usize, valid: bool) -> Self {
[INFO] [stdout]    |        ^^^
[INFO] [stdout] ...
[INFO] [stdout] 87 |     pub fn get_len_valid(&self) -> (usize, bool) {
[INFO] [stdout]    |            ^^^^^^^^^^^^^
[INFO] [stdout] ...
[INFO] [stdout] 90 |     pub fn set_error(&mut self, error: UnicodeParseError) {
[INFO] [stdout]    |            ^^^^^^^^^
[INFO] [stdout] ...
[INFO] [stdout] 93 |     pub fn get_error(&self) -> Option<UnicodeParseError> {
[INFO] [stdout]    |            ^^^^^^^^^
[INFO] [stdout] 
[INFO] [stdout] 
[INFO] [stdout] warning: function `utf16_validate` is never used
[INFO] [stdout]   --> src/unicode/utf16_sequence_collector.rs:97:8
[INFO] [stdout]    |
[INFO] [stdout] 97 | pub fn utf16_validate(byte_array: &Vec<u8>, offset: usize) -> Utf16SequenceInfo {
[INFO] [stdout]    |        ^^^^^^^^^^^^^^
[INFO] [stdout] 
[INFO] [stdout] 
[INFO] [stdout] warning: 9 warnings emitted
[INFO] [stdout] 
[INFO] [stdout] 
[INFO] [stderr]     Finished test [unoptimized + debuginfo] target(s) in 1.48s
[INFO] running `Command { std: "docker" "inspect" "baa46798577e52ccec7c8487d6de75f52d54a820f662f879770ee248f3c3122a", kill_on_drop: false }`
[INFO] running `Command { std: "docker" "rm" "-f" "baa46798577e52ccec7c8487d6de75f52d54a820f662f879770ee248f3c3122a", kill_on_drop: false }`
[INFO] [stdout] baa46798577e52ccec7c8487d6de75f52d54a820f662f879770ee248f3c3122a
[INFO] running `Command { std: "docker" "create" "-v" "/var/lib/crater-agent-workspace/builds/worker-7-tc2/target:/opt/rustwide/target:rw,Z" "-v" "/var/lib/crater-agent-workspace/builds/worker-7-tc2/source:/opt/rustwide/workdir:ro,Z" "-v" "/var/lib/crater-agent-workspace/cargo-home:/opt/rustwide/cargo-home:ro,Z" "-v" "/var/lib/crater-agent-workspace/rustup-home:/opt/rustwide/rustup-home:ro,Z" "-e" "SOURCE_DIR=/opt/rustwide/workdir" "-e" "CARGO_TARGET_DIR=/opt/rustwide/target" "-e" "CARGO_INCREMENTAL=0" "-e" "RUST_BACKTRACE=full" "-e" "RUSTFLAGS=--cap-lints=warn" "-e" "RUSTDOCFLAGS=--cap-lints=warn" "-e" "CARGO_HOME=/opt/rustwide/cargo-home" "-e" "RUSTUP_HOME=/opt/rustwide/rustup-home" "-w" "/opt/rustwide/workdir" "-m" "1610612736" "--user" "0:0" "--network" "none" "ghcr.io/rust-lang/crates-build-env/linux@sha256:5ff2268d62e97bff2cde7d5815dd6ed5b47097566f13b8d0ca110b04b60e07ed" "/opt/rustwide/cargo-home/bin/cargo" "+beta-2023-04-20" "test" "--frozen", kill_on_drop: false }`
[INFO] [stdout] 1bfc5c0b0b65f2f124ff7a474b6c3b6990c7dd6bfe3b3cd5cb2ba9f89ce655b4
[INFO] running `Command { std: "docker" "start" "-a" "1bfc5c0b0b65f2f124ff7a474b6c3b6990c7dd6bfe3b3cd5cb2ba9f89ce655b4", kill_on_drop: false }`
[INFO] [stderr] warning: unused imports: `alphanumeric1`, `alt`, `combinator::opt`, `digit0`, `digit1`, `none_of`, `permutation`, `separated_pair`, `streaming::take_until`, `tag`, `take_till`, `take_while`, `terminated`
[INFO] [stderr]   --> src/unicode/utf16_sequence_collector.rs:2:14
[INFO] [stderr]    |
[INFO] [stderr] 2  |     branch::{alt, permutation},
[INFO] [stderr]    |              ^^^  ^^^^^^^^^^^
[INFO] [stderr] 3  |     bytes::{
[INFO] [stderr] 4  |         complete::{tag, take_till, take_while},
[INFO] [stderr]    |                    ^^^  ^^^^^^^^^  ^^^^^^^^^^
[INFO] [stderr] 5  |         streaming::take_until,
[INFO] [stderr]    |         ^^^^^^^^^^^^^^^^^^^^^
[INFO] [stderr] 6  |     },
[INFO] [stderr] 7  |     character::complete::{alphanumeric1, digit0, digit1, none_of},
[INFO] [stderr]    |                           ^^^^^^^^^^^^^  ^^^^^^  ^^^^^^  ^^^^^^^
[INFO] [stderr] 8  |     combinator::opt,
[INFO] [stderr]    |     ^^^^^^^^^^^^^^^
[INFO] [stderr] 9  |     number::complete::{be_u16, be_u32, be_u64, be_u8},
[INFO] [stderr] 10 |     sequence::{separated_pair, terminated},
[INFO] [stderr]    |                ^^^^^^^^^^^^^^  ^^^^^^^^^^
[INFO] [stderr]    |
[INFO] [stderr]    = note: `#[warn(unused_imports)]` on by default
[INFO] [stderr] 
[INFO] [stderr] warning: unused variable: `byte`
[INFO] [stderr]    --> src/unicode/utf16_sequence_collector.rs:101:9
[INFO] [stderr]     |
[INFO] [stderr] 101 |     let byte = byte_array[offset];
[INFO] [stderr]     |         ^^^^ help: if this is intentional, prefix it with an underscore: `_byte`
[INFO] [stderr]     |
[INFO] [stderr]     = note: `#[warn(unused_variables)]` on by default
[INFO] [stderr] 
[INFO] [stderr] warning: unused variable: `i`
[INFO] [stderr]    --> src/unicode/utf16_sequence_collector.rs:102:9
[INFO] [stderr]     |
[INFO] [stderr] 102 |     let i = offset;
[INFO] [stderr]     |         ^ help: if this is intentional, prefix it with an underscore: `_i`
[INFO] [stderr] 
[INFO] [stderr] warning: unused variable: `validate_encoding`
[INFO] [stderr]    --> src/unicode/utf16_sequence_collector.rs:104:9
[INFO] [stderr]     |
[INFO] [stderr] 104 |     let validate_encoding = |seq: &[u8]| -> Option<UnicodeParseError> {
[INFO] [stderr]     |         ^^^^^^^^^^^^^^^^^ help: if this is intentional, prefix it with an underscore: `_validate_encoding`
[INFO] [stderr] 
[INFO] [stderr] warning: unused variable: `byte`
[INFO] [stderr]  --> src/unicode/utf32_collector.rs:5:32
[INFO] [stderr]   |
[INFO] [stderr] 5 | pub fn collect_utf32_sequences(byte: &Vec<u32>) -> SequenceData {
[INFO] [stderr]   |                                ^^^^ help: if this is intentional, prefix it with an underscore: `_byte`
[INFO] [stderr] 
[INFO] [stderr] warning: variants `U64`, `U32`, `U16`, and `U8` are never constructed
[INFO] [stderr]   --> src/unicode/utf16_sequence_collector.rs:16:5
[INFO] [stderr]    |
[INFO] [stderr] 15 | enum Data {
[INFO] [stderr]    |      ---- variants in this enum
[INFO] [stderr] 16 |     U64(u64),
[INFO] [stderr]    |     ^^^
[INFO] [stderr] 17 |     U32(u32),
[INFO] [stderr]    |     ^^^
[INFO] [stderr] 18 |     U16(u16),
[INFO] [stderr]    |     ^^^
[INFO] [stderr] 19 |     U8(u8),
[INFO] [stderr]    |     ^^
[INFO] [stderr]    |
[INFO] [stderr]    = note: `Data` has a derived impl for the trait `Debug`, but this is intentionally ignored during dead code analysis
[INFO] [stderr]    = note: `#[warn(dead_code)]` on by default
[INFO] [stderr] 
[INFO] [stderr] warning: function `parse_big_endian` is never used
[INFO] [stderr]   --> src/unicode/utf16_sequence_collector.rs:22:4
[INFO] [stderr]    |
[INFO] [stderr] 22 | fn parse_big_endian(raw: &[u8]) -> IResult<&[u8], Data> {
[INFO] [stderr]    |    ^^^^^^^^^^^^^^^^
[INFO] [stderr] 
[INFO] [stderr] warning: struct `Utf16SequenceInfo` is never constructed
[INFO] [stderr]   --> src/unicode/utf16_sequence_collector.rs:58:12
[INFO] [stderr]    |
[INFO] [stderr] 58 | pub struct Utf16SequenceInfo {
[INFO] [stderr]    |            ^^^^^^^^^^^^^^^^^
[INFO] [stderr] 
[INFO] [stderr] warning: associated items `new`, `get_len_valid`, `set_error`, and `get_error` are never used
[INFO] [stderr]   --> src/unicode/utf16_sequence_collector.rs:64:8
[INFO] [stderr]    |
[INFO] [stderr] 63 | impl Utf16SequenceInfo {
[INFO] [stderr]    | ---------------------- associated items in this implementation
[INFO] [stderr] 64 |     fn new(len: usize, valid: bool) -> Self {
[INFO] [stderr]    |        ^^^
[INFO] [stderr] ...
[INFO] [stderr] 87 |     pub fn get_len_valid(&self) -> (usize, bool) {
[INFO] [stderr]    |            ^^^^^^^^^^^^^
[INFO] [stderr] ...
[INFO] [stderr] 90 |     pub fn set_error(&mut self, error: UnicodeParseError) {
[INFO] [stderr]    |            ^^^^^^^^^
[INFO] [stderr] ...
[INFO] [stderr] 93 |     pub fn get_error(&self) -> Option<UnicodeParseError> {
[INFO] [stderr]    |            ^^^^^^^^^
[INFO] [stderr] 
[INFO] [stderr] warning: function `utf16_validate` is never used
[INFO] [stderr]   --> src/unicode/utf16_sequence_collector.rs:97:8
[INFO] [stderr]    |
[INFO] [stderr] 97 | pub fn utf16_validate(byte_array: &Vec<u8>, offset: usize) -> Utf16SequenceInfo {
[INFO] [stderr]    |        ^^^^^^^^^^^^^^
[INFO] [stderr] 
[INFO] [stderr] warning: unused import: `nom::number::complete::le_u32`
[INFO] [stderr]   --> src/unicode/utf16_sequence_collector.rs:46:9
[INFO] [stderr]    |
[INFO] [stderr] 46 |     use nom::number::complete::le_u32;
[INFO] [stderr]    |         ^^^^^^^^^^^^^^^^^^^^^^^^^^^^^
[INFO] [stderr] 
[INFO] [stderr] warning: struct `Utf16SequenceInfo` is never constructed
[INFO] [stderr]   --> src/unicode/utf16_sequence_collector.rs:58:12
[INFO] [stderr]    |
[INFO] [stderr] 58 | pub struct Utf16SequenceInfo {
[INFO] [stderr]    |            ^^^^^^^^^^^^^^^^^
[INFO] [stderr]    |
[INFO] [stderr]    = note: `#[warn(dead_code)]` on by default
[INFO] [stderr] 
[INFO] [stderr] warning: `toolbox` (lib) generated 10 warnings (run `cargo fix --lib -p toolbox` to apply 5 suggestions)
[INFO] [stderr] warning: `toolbox` (lib test) generated 9 warnings (7 duplicates) (run `cargo fix --lib -p toolbox --tests` to apply 1 suggestion)
[INFO] [stderr]     Finished test [unoptimized + debuginfo] target(s) in 0.03s
[INFO] [stderr]      Running unittests src/lib.rs (/opt/rustwide/target/debug/deps/toolbox-32e04715dd360b9d)
[INFO] [stdout] 
[INFO] [stdout] running 82 tests
[INFO] [stdout] test tests::ring_buffer::dequeue_tests::dequeue_1 ... ok
[INFO] [stdout] test tests::toml_parser::deserializer::from_file_存在しないファイルを指定する ... ok
[INFO] [stdout] test unicode::tests::redundant_utf8_sequence_test1 ... ok
[INFO] [stdout] test tests::toml_parser::serializer::deserialize ... ok
[INFO] [stdout] test unicode::tests::redundant_utf8_sequence_test2 ... ok
[INFO] [stdout] test tests::ring_buffer::enqueue_tests::enqueue_2 ... ok
[INFO] [stdout] test tests::ring_buffer::dequeue_tests::dequeue_2 ... ok
[INFO] [stdout] test tests::ring_buffer::enqueue_tests::enqueue_4 ... ok
[INFO] [stdout] test tests::toml_parser::serializer::serialize ... ok
[INFO] [stdout] test tests::ring_buffer::enqueue_tests::enqueue_1 ... ok
[INFO] [stdout] test unicode::tests::redundant_utf8_sequence_test3 ... ok
[INFO] [stdout] test unicode::tests::utf32_collector::byte_to_utf32_バイト列にBOMが入っているのでエラー ... ok
[INFO] [stdout] test unicode::tests::utf32_collector::utf32_to_string_test_ハイサロゲートコードポイント開始 ... ok
[INFO] [stdout] test unicode::tests::utf32_collector::utf32_to_string_test_ローサロゲートコードポイント開始 ... ok
[INFO] [stdout] test unicode::tests::utf32_collector::utf32_to_string_test_基本1バイト文字1 ... ok
[INFO] [stdout] test unicode::tests::utf32_collector::utf32_to_string_test_基本2バイト文字1 ... ok
[INFO] [stdout] test unicode::tests::utf32_collector::utf32_to_string_test_ハイサロゲートコードポイント終了 ... ok
[INFO] [stdout] test unicode::tests::utf32_collector::utf32_to_string_test_ローサロゲートコードポイント終了 ... ok
[INFO] [stdout] test tests::ring_buffer::enqueue_tests::enqueue_3 ... ok
[INFO] [stdout] test unicode::tests::utf32_collector::utf32_to_utf8_len_3バイト文字1 ... ok
[INFO] [stdout] test unicode::tests::utf32_collector::utf32_to_utf8_len_1バイト文字1 ... ok
[INFO] [stdout] test unicode::tests::utf32_collector::utf32_to_string_test_基本2バイト文字2 ... ok
[INFO] [stdout] test unicode::tests::utf32_collector::utf32_to_utf8_len_2バイト文字2 ... ok
[INFO] [stdout] test unicode::tests::utf32_collector::byte_to_utf32_基本 ... ok
[INFO] [stdout] test unicode::tests::utf32_collector::utf32_to_string_test_基本4バイト文字1 ... ok
[INFO] [stdout] test unicode::tests::utf32_collector::utf32_to_utf8_len_3バイト文字2 ... ok
[INFO] [stdout] test unicode::tests::utf32_collector::utf32_to_utf8_len_1バイト文字2 ... ok
[INFO] [stdout] test unicode::tests::utf32_collector::utf32_to_string_test_基本3バイト文字1 ... ok
[INFO] [stdout] test unicode::tests::utf32_collector::utf32_to_utf8_len_ハイサロゲートコードポイント開始 ... ok
[INFO] [stdout] test unicode::tests::utf32_collector::utf32_to_utf8_len_ローサロゲートコードポイント終了 ... ok
[INFO] [stdout] test unicode::tests::utf32_collector::utf32_to_utf8_len_ハイサロゲートコードポイント終了 ... ok
[INFO] [stdout] test unicode::tests::utf32_collector::utf32_to_utf8_len_2バイト文字1 ... ok
[INFO] [stdout] test unicode::tests::utf32_encoder::utf8char_to_utf32char_1バイト_基本2 ... ok
[INFO] [stdout] test unicode::tests::utf32_encoder::get_shift_bits_test_3bytes ... ok
[INFO] [stdout] test unicode::tests::utf32_collector::utf32_to_utf8_len_4バイト文字1 ... ok
[INFO] [stdout] test unicode::tests::utf32_encoder::utf8char_to_utf32char_1バイト_基本1 ... ok
[INFO] [stdout] test unicode::tests::utf32_collector::utf32_to_utf8_len_範囲外終了 ... ok
[INFO] [stdout] test unicode::tests::utf32_collector::utf32_to_utf8_len_範囲外開始 ... ok
[INFO] [stdout] test unicode::tests::utf32_encoder::get_shift_bits_test_4bytes ... ok
[INFO] [stdout] test unicode::tests::utf32_collector::utf32_to_utf8_len_4バイト文字2 ... ok
[INFO] [stdout] test unicode::tests::utf32_collector::utf32_to_utf8_len_ローサロゲートコードポイント開始 ... ok
[INFO] [stdout] test unicode::tests::utf32_encoder::get_shift_bits_test_2bytes ... ok
[INFO] [stdout] test unicode::tests::utf32_encoder::get_shift_bits_test_1bytes ... ok
[INFO] [stdout] test unicode::tests::utf32_encoder::utf8char_to_utf32char_2バイト_基本2 ... ok
[INFO] [stdout] test unicode::tests::utf32_encoder::utf8char_to_utf32char_3バイト_基本2 ... ok
[INFO] [stdout] test unicode::tests::utf8_sequence_collector::utf8_validate_1バイト_不正なバイト2 ... ok
[INFO] [stdout] test unicode::tests::utf32_encoder::utf8char_to_utf32char_BOM ... ok
[INFO] [stdout] test unicode::tests::utf8_sequence_collector::utf8_validate_1バイト_不正なバイト1 ... ok
[INFO] [stdout] test unicode::tests::utf32_encoder::utf8char_to_utf32char_2バイト_基本1 ... ok
[INFO] [stdout] test unicode::tests::utf8_sequence_collector::utf8_validate_3バイト_不正なバイト2 ... ok
[INFO] [stdout] test unicode::tests::utf8_sequence_collector::utf8_validate_2バイト_不正なバイト2 ... ok
[INFO] [stdout] test tests::toml_parser::serializer::serialize_to_file_存在するディレクトリ_非ファイル_を指定する ... FAILED
[INFO] [stdout] test unicode::tests::utf8_sequence_collector::utf8_validate_4バイト_バッファ尻切れトンボ ... ok
[INFO] [stdout] test unicode::tests::utf8_sequence_collector::utf8_validate_3バイト_不正なバイト1 ... ok
[INFO] [stdout] test tests::toml_parser::deserializer::from_file_存在するディレクトリ_非ファイル_を指定する ... FAILED
[INFO] [stdout] test tests::toml_parser::serializer::serialize_to_file_存在しないファイルを作る場合 ... FAILED
[INFO] [stdout] test tests::toml_parser::serializer::serialize_to_file_存在しないディレクトリの下にファイルを作成する場合 ... FAILED
[INFO] [stdout] test unicode::tests::utf8_sequence_collector::utf8_validate_2バイト_基本 ... ok
[INFO] [stdout] test unicode::tests::utf8_sequence_collector::utf8_validate_2バイト_不正なバイト1 ... ok
[INFO] [stdout] test unicode::tests::utf8_sequence_collector::utf8_validate_3バイト_バッファ尻切れトンボ ... ok
[INFO] [stdout] test unicode::tests::utf8_sequence_collector::utf8_validate_3バイト_基本 ... ok
[INFO] [stdout] test unicode::tests::utf8_sequence_collector::utf8_validate_1バイト_基本 ... ok
[INFO] [stdout] test unicode::tests::utf32_encoder::utf8char_to_utf32char_3バイト_基本1 ... ok
[INFO] [stdout] test unicode::tests::utf32_encoder::utf8char_to_utf32char_4バイト_基本2 ... ok
[INFO] [stdout] test unicode::tests::utf8_sequence_collector::utf8_validate_2バイト_バッファ尻切れトンボ ... ok
[INFO] [stdout] test unicode::tests::utf32_encoder::utf8char_to_utf32char_4バイト_基本1 ... ok
[INFO] [stdout] test unicode::tests::utf8_sequence_collector::utf8_validate_4バイト_不正なバイト1 ... ok
[INFO] [stdout] test unicode::tests::utf8_sequence_collector::utf8_validate_4バイト_不正なバイト2 ... ok
[INFO] [stdout] test unicode::tests::utf8_sequence_collector::utf8_validate_符号化されたBOM ... ok
[INFO] [stdout] test unicode::tests::utf8_sequence_collector::utf8_validate_符号化されたBOM_バッファ尻切れトンボ ... ok
[INFO] [stdout] test unicode::tests::utf8_sequence_collector::明らかにおかしいUTF8シーケンスがある場合 ... ok
[INFO] [stdout] test unicode::tests::utf8_sequence_collector::明らかにおかしいUTF8シーケンスがある場合3 ... ok
[INFO] [stdout] test unicode::tests::utf8_sequence_collector::明らかにおかしいUTF8シーケンスがある場合2 ... ok
[INFO] [stdout] test unicode::tests::utf8_sequence_collector::明らかにおかしいUTF8シーケンスがある場合4 ... ok
[INFO] [stdout] test unicode::tests::utf8_sequence_collector::明らかにおかしいUTF8シーケンスがある場合5 ... ok
[INFO] [stdout] test unicode::tests::utf8_sequence_collector::明らかにおかしいUTF8シーケンスがある場合_シーケンスの先頭が不正 ... ok
[INFO] [stdout] test unicode::tests::utf8_sequence_collector::冗長なAscii符号化 ... ok
[INFO] [stdout] test unicode::tests::utf8_sequence_collector::明らかにおかしいUTF8シーケンスがある場合_シーケンスの途中が不正 ... ok
[INFO] [stdout] test unicode::tests::utf8_sequence_collector::符号化されたBOM ... ok
[INFO] [stdout] test unicode::utf16_sequence_collector::run ... ok
[INFO] [stdout] test unicode::tests::utf8_sequence_collector::utf8_validate_4バイト_基本 ... ok
[INFO] [stdout] test unicode::tests::utf8_sequence_collector::バイナリデータからUTF8文字列とバイナリに分離する ... ok
[INFO] [stdout] 
[INFO] [stdout] failures:
[INFO] [stdout] 
[INFO] [stdout] ---- tests::toml_parser::serializer::serialize_to_file_存在するディレクトリ_非ファイル_を指定する stdout ----
[INFO] [stdout] thread 'tests::toml_parser::serializer::serialize_to_file_存在するディレクトリ_非ファイル_を指定する' panicked at 'assertion failed: std::path::Path::new(serialize_file).is_dir()', src/tests/toml_parser.rs:78:9
[INFO] [stdout] stack backtrace:
[INFO] [stdout]    0:     0x5607ecd3646a - std::backtrace_rs::backtrace::libunwind::trace::h2f05d0192276a8f6
[INFO] [stdout]                                at /rustc/1b7dd2252b99671ce5d1cb9664c5f8636329436d/library/std/src/../../backtrace/src/backtrace/libunwind.rs:93:5
[INFO] [stdout]    1:     0x5607ecd3646a - std::backtrace_rs::backtrace::trace_unsynchronized::hedc23dff7a1af150
[INFO] [stdout]                                at /rustc/1b7dd2252b99671ce5d1cb9664c5f8636329436d/library/std/src/../../backtrace/src/backtrace/mod.rs:66:5
[INFO] [stdout]    2:     0x5607ecd3646a - std::sys_common::backtrace::_print_fmt::h17541ef7592f3ce2
[INFO] [stdout]                                at /rustc/1b7dd2252b99671ce5d1cb9664c5f8636329436d/library/std/src/sys_common/backtrace.rs:65:5
[INFO] [stdout]    3:     0x5607ecd3646a - <std::sys_common::backtrace::_print::DisplayBacktrace as core::fmt::Display>::fmt::h20f75df5ab0c0792
[INFO] [stdout]                                at /rustc/1b7dd2252b99671ce5d1cb9664c5f8636329436d/library/std/src/sys_common/backtrace.rs:44:22
[INFO] [stdout]    4:     0x5607ecd5b52f - core::fmt::write::h78109e6f466b3af6
[INFO] [stdout]                                at /rustc/1b7dd2252b99671ce5d1cb9664c5f8636329436d/library/core/src/fmt/mod.rs:1254:17
[INFO] [stdout]    5:     0x5607ecd336e5 - std::io::Write::write_fmt::hd24bfb68a1b35a25
[INFO] [stdout]                                at /rustc/1b7dd2252b99671ce5d1cb9664c5f8636329436d/library/std/src/io/mod.rs:1698:15
[INFO] [stdout]    6:     0x5607ecd36235 - std::sys_common::backtrace::_print::h8dac57a9f8fbf9a5
[INFO] [stdout]                                at /rustc/1b7dd2252b99671ce5d1cb9664c5f8636329436d/library/std/src/sys_common/backtrace.rs:47:5
[INFO] [stdout]    7:     0x5607ecd36235 - std::sys_common::backtrace::print::hf9ecbf41d1aa712f
[INFO] [stdout]                                at /rustc/1b7dd2252b99671ce5d1cb9664c5f8636329436d/library/std/src/sys_common/backtrace.rs:34:9
[INFO] [stdout]    8:     0x5607ecd37eee - std::panicking::default_hook::{{closure}}::h04c07acfc84ca028
[INFO] [stdout]                                at /rustc/1b7dd2252b99671ce5d1cb9664c5f8636329436d/library/std/src/panicking.rs:269:22
[INFO] [stdout]    9:     0x5607ecd37c21 - std::panicking::default_hook::h01f6bb23e1eceb2c
[INFO] [stdout]                                at /rustc/1b7dd2252b99671ce5d1cb9664c5f8636329436d/library/std/src/panicking.rs:285:9
[INFO] [stdout]   10:     0x5607ecd03d5b - <alloc::boxed::Box<F,A> as core::ops::function::Fn<Args>>::call::h87fe9f7b2fd49e4c
[INFO] [stdout]                                at /rustc/1b7dd2252b99671ce5d1cb9664c5f8636329436d/library/alloc/src/boxed.rs:1987:9
[INFO] [stdout]   11:     0x5607ecd03d5b - test::test_main::{{closure}}::he94d679243a7531b
[INFO] [stdout]                                at /rustc/1b7dd2252b99671ce5d1cb9664c5f8636329436d/library/test/src/lib.rs:134:21
[INFO] [stdout]   12:     0x5607ecd385d4 - <alloc::boxed::Box<F,A> as core::ops::function::Fn<Args>>::call::h3f2d6d8b14c4769f
[INFO] [stdout]                                at /rustc/1b7dd2252b99671ce5d1cb9664c5f8636329436d/library/alloc/src/boxed.rs:1987:9
[INFO] [stdout]   13:     0x5607ecd385d4 - std::panicking::rust_panic_with_hook::h2bb3722bbaf2f6df
[INFO] [stdout]                                at /rustc/1b7dd2252b99671ce5d1cb9664c5f8636329436d/library/std/src/panicking.rs:695:13
[INFO] [stdout]   14:     0x5607ecd38302 - std::panicking::begin_panic_handler::{{closure}}::h91bc7f36a4be011b
[INFO] [stdout]                                at /rustc/1b7dd2252b99671ce5d1cb9664c5f8636329436d/library/std/src/panicking.rs:580:13
[INFO] [stdout]   15:     0x5607ecd368d6 - std::sys_common::backtrace::__rust_end_short_backtrace::h8b3d3717114f9e59
[INFO] [stdout]                                at /rustc/1b7dd2252b99671ce5d1cb9664c5f8636329436d/library/std/src/sys_common/backtrace.rs:150:18
[INFO] [stdout]   16:     0x5607ecd380a2 - rust_begin_unwind
[INFO] [stdout]                                at /rustc/1b7dd2252b99671ce5d1cb9664c5f8636329436d/library/std/src/panicking.rs:578:5
[INFO] [stdout]   17:     0x5607ecc53e03 - core::panicking::panic_fmt::hfd368e3fbdabea26
[INFO] [stdout]                                at /rustc/1b7dd2252b99671ce5d1cb9664c5f8636329436d/library/core/src/panicking.rs:67:14
[INFO] [stdout]   18:     0x5607ecc53e9d - core::panicking::panic::h3f9042d09bd0bf2e
[INFO] [stdout]                                at /rustc/1b7dd2252b99671ce5d1cb9664c5f8636329436d/library/core/src/panicking.rs:117:5
[INFO] [stdout]   19:     0x5607ecc77c82 - toolbox::tests::toml_parser::serializer::serialize_to_file_存在するディレクトリ_非ファイル_を指定する::h79ef9ff9537c77a9
[INFO] [stdout]                                at /opt/rustwide/workdir/src/tests/toml_parser.rs:78:9
[INFO] [stdout]   20:     0x5607ecc77be7 - toolbox::tests::toml_parser::serializer::serialize_to_file_存在するディレクトリ_非ファイル_を指定する::{{closure}}::hec87964fbf687c66
[INFO] [stdout]                                at /opt/rustwide/workdir/src/tests/toml_parser.rs:76:91
[INFO] [stdout]   21:     0x5607ecc82275 - core::ops::function::FnOnce::call_once::h2e34b4c60bace020
[INFO] [stdout]                                at /rustc/1b7dd2252b99671ce5d1cb9664c5f8636329436d/library/core/src/ops/function.rs:250:5
[INFO] [stdout]   22:     0x5607ecd08c2f - core::ops::function::FnOnce::call_once::ha6a70e79f7481a7e
[INFO] [stdout]                                at /rustc/1b7dd2252b99671ce5d1cb9664c5f8636329436d/library/core/src/ops/function.rs:250:5
[INFO] [stdout]   23:     0x5607ecd08c2f - test::__rust_begin_short_backtrace::hce33033019b61e69
[INFO] [stdout]                                at /rustc/1b7dd2252b99671ce5d1cb9664c5f8636329436d/library/test/src/lib.rs:655:18
[INFO] [stdout]   24:     0x5607eccd641c - test::run_test::{{closure}}::h858d3528838ae3e5
[INFO] [stdout]                                at /rustc/1b7dd2252b99671ce5d1cb9664c5f8636329436d/library/test/src/lib.rs:646:30
[INFO] [stdout]   25:     0x5607eccd641c - core::ops::function::FnOnce::call_once{{vtable.shim}}::he8ac2b00f01ae79e
[INFO] [stdout]                                at /rustc/1b7dd2252b99671ce5d1cb9664c5f8636329436d/library/core/src/ops/function.rs:250:5
[INFO] [stdout]   26:     0x5607ecd07d06 - <alloc::boxed::Box<F,A> as core::ops::function::FnOnce<Args>>::call_once::h8093d25b522725ef
[INFO] [stdout]                                at /rustc/1b7dd2252b99671ce5d1cb9664c5f8636329436d/library/alloc/src/boxed.rs:1973:9
[INFO] [stdout]   27:     0x5607ecd07d06 - <core::panic::unwind_safe::AssertUnwindSafe<F> as core::ops::function::FnOnce<()>>::call_once::h5c334c204e4a3913
[INFO] [stdout]                                at /rustc/1b7dd2252b99671ce5d1cb9664c5f8636329436d/library/core/src/panic/unwind_safe.rs:271:9
[INFO] [stdout]   28:     0x5607ecd07d06 - std::panicking::try::do_call::ha8b740c7b9478074
[INFO] [stdout]                                at /rustc/1b7dd2252b99671ce5d1cb9664c5f8636329436d/library/std/src/panicking.rs:485:40
[INFO] [stdout]   29:     0x5607ecd07d06 - std::panicking::try::h5d34f63d0e41b64e
[INFO] [stdout]                                at /rustc/1b7dd2252b99671ce5d1cb9664c5f8636329436d/library/std/src/panicking.rs:449:19
[INFO] [stdout]   30:     0x5607ecd07d06 - std::panic::catch_unwind::hcfbb511e1aa7fc67
[INFO] [stdout]                                at /rustc/1b7dd2252b99671ce5d1cb9664c5f8636329436d/library/std/src/panic.rs:140:14
[INFO] [stdout]   31:     0x5607ecd07d06 - test::run_test_in_process::h9abda90f802eaf21
[INFO] [stdout]                                at /rustc/1b7dd2252b99671ce5d1cb9664c5f8636329436d/library/test/src/lib.rs:678:27
[INFO] [stdout]   32:     0x5607ecd07d06 - test::run_test::run_test_inner::{{closure}}::h0f058de91f6c6edf
[INFO] [stdout]                                at /rustc/1b7dd2252b99671ce5d1cb9664c5f8636329436d/library/test/src/lib.rs:572:39
[INFO] [stdout]   33:     0x5607eccd0c25 - test::run_test::run_test_inner::{{closure}}::h5ca48a4c59c6c1fb
[INFO] [stdout]                                at /rustc/1b7dd2252b99671ce5d1cb9664c5f8636329436d/library/test/src/lib.rs:599:37
[INFO] [stdout]   34:     0x5607eccd0c25 - std::sys_common::backtrace::__rust_begin_short_backtrace::h32bd51e1495d4a33
[INFO] [stdout]                                at /rustc/1b7dd2252b99671ce5d1cb9664c5f8636329436d/library/std/src/sys_common/backtrace.rs:134:18
[INFO] [stdout]   35:     0x5607eccd6161 - std::thread::Builder::spawn_unchecked_::{{closure}}::{{closure}}::hc086fae9b128b2db
[INFO] [stdout]                                at /rustc/1b7dd2252b99671ce5d1cb9664c5f8636329436d/library/std/src/thread/mod.rs:526:17
[INFO] [stdout]   36:     0x5607eccd6161 - <core::panic::unwind_safe::AssertUnwindSafe<F> as core::ops::function::FnOnce<()>>::call_once::hb66571888d270d43
[INFO] [stdout]                                at /rustc/1b7dd2252b99671ce5d1cb9664c5f8636329436d/library/core/src/panic/unwind_safe.rs:271:9
[INFO] [stdout]   37:     0x5607eccd6161 - std::panicking::try::do_call::h4fa2ef4f6e51fecf
[INFO] [stdout]                                at /rustc/1b7dd2252b99671ce5d1cb9664c5f8636329436d/library/std/src/panicking.rs:485:40
[INFO] [stdout]   38:     0x5607eccd6161 - std::panicking::try::h1e9e22b8584489b5
[INFO] [stdout]                                at /rustc/1b7dd2252b99671ce5d1cb9664c5f8636329436d/library/std/src/panicking.rs:449:19
[INFO] [stdout]   39:     0x5607eccd6161 - std::panic::catch_unwind::h44698a3de0e0769e
[INFO] [stdout]                                at /rustc/1b7dd2252b99671ce5d1cb9664c5f8636329436d/library/std/src/panic.rs:140:14
[INFO] [stdout]   40:     0x5607eccd6161 - std::thread::Builder::spawn_unchecked_::{{closure}}::h50153abde3fe239e
[INFO] [stdout]                                at /rustc/1b7dd2252b99671ce5d1cb9664c5f8636329436d/library/std/src/thread/mod.rs:525:30
[INFO] [stdout]   41:     0x5607eccd6161 - core::ops::function::FnOnce::call_once{{vtable.shim}}::hbe5bbf6f38394364
[INFO] [stdout]                                at /rustc/1b7dd2252b99671ce5d1cb9664c5f8636329436d/library/core/src/ops/function.rs:250:5
[INFO] [stdout]   42:     0x5607ecd3cc05 - <alloc::boxed::Box<F,A> as core::ops::function::FnOnce<Args>>::call_once::h0d83cb2920a49046
[INFO] [stdout]                                at /rustc/1b7dd2252b99671ce5d1cb9664c5f8636329436d/library/alloc/src/boxed.rs:1973:9
[INFO] [stdout]   43:     0x5607ecd3cc05 - <alloc::boxed::Box<F,A> as core::ops::function::FnOnce<Args>>::call_once::hbe0a008aa7d9ef59
[INFO] [stdout]                                at /rustc/1b7dd2252b99671ce5d1cb9664c5f8636329436d/library/alloc/src/boxed.rs:1973:9
[INFO] [stdout]   44:     0x5607ecd3cc05 - std::sys::unix::thread::Thread::new::thread_start::h3a466996bdf6b1f9
[INFO] [stdout]                                at /rustc/1b7dd2252b99671ce5d1cb9664c5f8636329436d/library/std/src/sys/unix/thread.rs:108:17
[INFO] [stdout]   45:     0x7f302688db43 - <unknown>
[INFO] [stdout]   46:     0x7f302691ebb4 - __clone
[INFO] [stdout]   47:                0x0 - <unknown>
[INFO] [stdout] 
[INFO] [stdout] ---- tests::toml_parser::deserializer::from_file_存在するディレクトリ_非ファイル_を指定する stdout ----
[INFO] [stdout] thread 'tests::toml_parser::deserializer::from_file_存在するディレクトリ_非ファイル_を指定する' panicked at 'assertion failed: `(left == right)`
[INFO] [stdout]   left: `false`,
[INFO] [stdout]  right: `true`', src/tests/toml_parser.rs:91:9
[INFO] [stdout] stack backtrace:
[INFO] [stdout]    0:     0x5607ecd3646a - std::backtrace_rs::backtrace::libunwind::trace::h2f05d0192276a8f6
[INFO] [stdout]                                at /rustc/1b7dd2252b99671ce5d1cb9664c5f8636329436d/library/std/src/../../backtrace/src/backtrace/libunwind.rs:93:5
[INFO] [stdout]    1:     0x5607ecd3646a - std::backtrace_rs::backtrace::trace_unsynchronized::hedc23dff7a1af150
[INFO] [stdout]                                at /rustc/1b7dd2252b99671ce5d1cb9664c5f8636329436d/library/std/src/../../backtrace/src/backtrace/mod.rs:66:5
[INFO] [stdout]    2:     0x5607ecd3646a - std::sys_common::backtrace::_print_fmt::h17541ef7592f3ce2
[INFO] [stdout]                                at /rustc/1b7dd2252b99671ce5d1cb9664c5f8636329436d/library/std/src/sys_common/backtrace.rs:65:5
[INFO] [stdout]    3:     0x5607ecd3646a - <std::sys_common::backtrace::_print::DisplayBacktrace as core::fmt::Display>::fmt::h20f75df5ab0c0792
[INFO] [stdout]                                at /rustc/1b7dd2252b99671ce5d1cb9664c5f8636329436d/library/std/src/sys_common/backtrace.rs:44:22
[INFO] [stdout]    4:     0x5607ecd5b52f - core::fmt::write::h78109e6f466b3af6
[INFO] [stdout]                                at /rustc/1b7dd2252b99671ce5d1cb9664c5f8636329436d/library/core/src/fmt/mod.rs:1254:17
[INFO] [stdout]    5:     0x5607ecd336e5 - std::io::Write::write_fmt::hd24bfb68a1b35a25
[INFO] [stdout]                                at /rustc/1b7dd2252b99671ce5d1cb9664c5f8636329436d/library/std/src/io/mod.rs:1698:15
[INFO] [stdout]    6:     0x5607ecd36235 - std::sys_common::backtrace::_print::h8dac57a9f8fbf9a5
[INFO] [stdout]                                at /rustc/1b7dd2252b99671ce5d1cb9664c5f8636329436d/library/std/src/sys_common/backtrace.rs:47:5
[INFO] [stdout]    7:     0x5607ecd36235 - std::sys_common::backtrace::print::hf9ecbf41d1aa712f
[INFO] [stdout]                                at /rustc/1b7dd2252b99671ce5d1cb9664c5f8636329436d/library/std/src/sys_common/backtrace.rs:34:9
[INFO] [stdout]    8:     0x5607ecd37eee - std::panicking::default_hook::{{closure}}::h04c07acfc84ca028
[INFO] [stdout]                                at /rustc/1b7dd2252b99671ce5d1cb9664c5f8636329436d/library/std/src/panicking.rs:269:22
[INFO] [stdout]    9:     0x5607ecd37c21 - std::panicking::default_hook::h01f6bb23e1eceb2c
[INFO] [stdout]                                at /rustc/1b7dd2252b99671ce5d1cb9664c5f8636329436d/library/std/src/panicking.rs:285:9
[INFO] [stdout]   10:     0x5607ecd03d5b - <alloc::boxed::Box<F,A> as core::ops::function::Fn<Args>>::call::h87fe9f7b2fd49e4c
[INFO] [stdout]                                at /rustc/1b7dd2252b99671ce5d1cb9664c5f8636329436d/library/alloc/src/boxed.rs:1987:9
[INFO] [stdout]   11:     0x5607ecd03d5b - test::test_main::{{closure}}::he94d679243a7531b
[INFO] [stdout]                                at /rustc/1b7dd2252b99671ce5d1cb9664c5f8636329436d/library/test/src/lib.rs:134:21
[INFO] [stdout]   12:     0x5607ecd385d4 - <alloc::boxed::Box<F,A> as core::ops::function::Fn<Args>>::call::h3f2d6d8b14c4769f
[INFO] [stdout]                                at /rustc/1b7dd2252b99671ce5d1cb9664c5f8636329436d/library/alloc/src/boxed.rs:1987:9
[INFO] [stdout]   13:     0x5607ecd385d4 - std::panicking::rust_panic_with_hook::h2bb3722bbaf2f6df
[INFO] [stdout]                                at /rustc/1b7dd2252b99671ce5d1cb9664c5f8636329436d/library/std/src/panicking.rs:695:13
[INFO] [stdout]   14:     0x5607ecd38349 - std::panicking::begin_panic_handler::{{closure}}::h91bc7f36a4be011b
[INFO] [stdout]                                at /rustc/1b7dd2252b99671ce5d1cb9664c5f8636329436d/library/std/src/panicking.rs:582:13
[INFO] [stdout]   15:     0x5607ecd368d6 - std::sys_common::backtrace::__rust_end_short_backtrace::h8b3d3717114f9e59
[INFO] [stdout]                                at /rustc/1b7dd2252b99671ce5d1cb9664c5f8636329436d/library/std/src/sys_common/backtrace.rs:150:18
[INFO] [stdout]   16:     0x5607ecd380a2 - rust_begin_unwind
[INFO] [stdout]                                at /rustc/1b7dd2252b99671ce5d1cb9664c5f8636329436d/library/std/src/panicking.rs:578:5
[INFO] [stdout]   17:     0x5607ecc53e03 - core::panicking::panic_fmt::hfd368e3fbdabea26
[INFO] [stdout]                                at /rustc/1b7dd2252b99671ce5d1cb9664c5f8636329436d/library/core/src/panicking.rs:67:14
[INFO] [stdout]   18:     0x5607ecc5422f - core::panicking::assert_failed_inner::haef49168e1798a91
[INFO] [stdout]   19:     0x5607ecc923ba - core::panicking::assert_failed::h4e30702c3bc8f654
[INFO] [stdout]                                at /rustc/1b7dd2252b99671ce5d1cb9664c5f8636329436d/library/core/src/panicking.rs:228:5
[INFO] [stdout]   20:     0x5607ecc77e94 - toolbox::tests::toml_parser::deserializer::from_file_存在するディレクトリ_非ファイル_を指定する::h6c86411dab2915a8
[INFO] [stdout]                                at /opt/rustwide/workdir/src/tests/toml_parser.rs:91:9
[INFO] [stdout]   21:     0x5607ecc77d97 - toolbox::tests::toml_parser::deserializer::from_file_存在するディレクトリ_非ファイル_を指定する::{{closure}}::h9d0a36aa6c879b7e
[INFO] [stdout]                                at /opt/rustwide/workdir/src/tests/toml_parser.rs:89:83
[INFO] [stdout]   22:     0x5607ecc822f5 - core::ops::function::FnOnce::call_once::h306675e3262b4d8b
[INFO] [stdout]                                at /rustc/1b7dd2252b99671ce5d1cb9664c5f8636329436d/library/core/src/ops/function.rs:250:5
[INFO] [stdout]   23:     0x5607ecd08c2f - core::ops::function::FnOnce::call_once::ha6a70e79f7481a7e
[INFO] [stdout]                                at /rustc/1b7dd2252b99671ce5d1cb9664c5f8636329436d/library/core/src/ops/function.rs:250:5
[INFO] [stdout]   24:     0x5607ecd08c2f - test::__rust_begin_short_backtrace::hce33033019b61e69
[INFO] [stdout]                                at /rustc/1b7dd2252b99671ce5d1cb9664c5f8636329436d/library/test/src/lib.rs:655:18
[INFO] [stdout]   25:     0x5607eccd641c - test::run_test::{{closure}}::h858d3528838ae3e5
[INFO] [stdout]                                at /rustc/1b7dd2252b99671ce5d1cb9664c5f8636329436d/library/test/src/lib.rs:646:30
[INFO] [stdout]   26:     0x5607eccd641c - core::ops::function::FnOnce::call_once{{vtable.shim}}::he8ac2b00f01ae79e
[INFO] [stdout]                                at /rustc/1b7dd2252b99671ce5d1cb9664c5f8636329436d/library/core/src/ops/function.rs:250:5
[INFO] [stdout]   27:     0x5607ecd07d06 - <alloc::boxed::Box<F,A> as core::ops::function::FnOnce<Args>>::call_once::h8093d25b522725ef
[INFO] [stdout]                                at /rustc/1b7dd2252b99671ce5d1cb9664c5f8636329436d/library/alloc/src/boxed.rs:1973:9
[INFO] [stdout]   28:     0x5607ecd07d06 - <core::panic::unwind_safe::AssertUnwindSafe<F> as core::ops::function::FnOnce<()>>::call_once::h5c334c204e4a3913
[INFO] [stdout]                                at /rustc/1b7dd2252b99671ce5d1cb9664c5f8636329436d/library/core/src/panic/unwind_safe.rs:271:9
[INFO] [stdout]   29:     0x5607ecd07d06 - std::panicking::try::do_call::ha8b740c7b9478074
[INFO] [stdout]                                at /rustc/1b7dd2252b99671ce5d1cb9664c5f8636329436d/library/std/src/panicking.rs:485:40
[INFO] [stdout]   30:     0x5607ecd07d06 - std::panicking::try::h5d34f63d0e41b64e
[INFO] [stdout]                                at /rustc/1b7dd2252b99671ce5d1cb9664c5f8636329436d/library/std/src/panicking.rs:449:19
[INFO] [stdout]   31:     0x5607ecd07d06 - std::panic::catch_unwind::hcfbb511e1aa7fc67
[INFO] [stdout]                                at /rustc/1b7dd2252b99671ce5d1cb9664c5f8636329436d/library/std/src/panic.rs:140:14
[INFO] [stdout]   32:     0x5607ecd07d06 - test::run_test_in_process::h9abda90f802eaf21
[INFO] [stdout]                                at /rustc/1b7dd2252b99671ce5d1cb9664c5f8636329436d/library/test/src/lib.rs:678:27
[INFO] [stdout]   33:     0x5607ecd07d06 - test::run_test::run_test_inner::{{closure}}::h0f058de91f6c6edf
[INFO] [stdout]                                at /rustc/1b7dd2252b99671ce5d1cb9664c5f8636329436d/library/test/src/lib.rs:572:39
[INFO] [stdout]   34:     0x5607eccd0c25 - test::run_test::run_test_inner::{{closure}}::h5ca48a4c59c6c1fb
[INFO] [stdout]                                at /rustc/1b7dd2252b99671ce5d1cb9664c5f8636329436d/library/test/src/lib.rs:599:37
[INFO] [stdout]   35:     0x5607eccd0c25 - std::sys_common::backtrace::__rust_begin_short_backtrace::h32bd51e1495d4a33
[INFO] [stdout]                                at /rustc/1b7dd2252b99671ce5d1cb9664c5f8636329436d/library/std/src/sys_common/backtrace.rs:134:18
[INFO] [stdout]   36:     0x5607eccd6161 - std::thread::Builder::spawn_unchecked_::{{closure}}::{{closure}}::hc086fae9b128b2db
[INFO] [stdout]                                at /rustc/1b7dd2252b99671ce5d1cb9664c5f8636329436d/library/std/src/thread/mod.rs:526:17
[INFO] [stdout]   37:     0x5607eccd6161 - <core::panic::unwind_safe::AssertUnwindSafe<F> as core::ops::function::FnOnce<()>>::call_once::hb66571888d270d43
[INFO] [stdout]                                at /rustc/1b7dd2252b99671ce5d1cb9664c5f8636329436d/library/core/src/panic/unwind_safe.rs:271:9
[INFO] [stdout]   38:     0x5607eccd6161 - std::panicking::try::do_call::h4fa2ef4f6e51fecf
[INFO] [stdout]                                at /rustc/1b7dd2252b99671ce5d1cb9664c5f8636329436d/library/std/src/panicking.rs:485:40
[INFO] [stdout]   39:     0x5607eccd6161 - std::panicking::try::h1e9e22b8584489b5
[INFO] [stdout]                                at /rustc/1b7dd2252b99671ce5d1cb9664c5f8636329436d/library/std/src/panicking.rs:449:19
[INFO] [stdout]   40:     0x5607eccd6161 - std::panic::catch_unwind::h44698a3de0e0769e
[INFO] [stdout]                                at /rustc/1b7dd2252b99671ce5d1cb9664c5f8636329436d/library/std/src/panic.rs:140:14
[INFO] [stdout]   41:     0x5607eccd6161 - std::thread::Builder::spawn_unchecked_::{{closure}}::h50153abde3fe239e
[INFO] [stdout]                                at /rustc/1b7dd2252b99671ce5d1cb9664c5f8636329436d/library/std/src/thread/mod.rs:525:30
[INFO] [stdout]   42:     0x5607eccd6161 - core::ops::function::FnOnce::call_once{{vtable.shim}}::hbe5bbf6f38394364
[INFO] [stdout]                                at /rustc/1b7dd2252b99671ce5d1cb9664c5f8636329436d/library/core/src/ops/function.rs:250:5
[INFO] [stdout]   43:     0x5607ecd3cc05 - <alloc::boxed::Box<F,A> as core::ops::function::FnOnce<Args>>::call_once::h0d83cb2920a49046
[INFO] [stdout]                                at /rustc/1b7dd2252b99671ce5d1cb9664c5f8636329436d/library/alloc/src/boxed.rs:1973:9
[INFO] [stdout]   44:     0x5607ecd3cc05 - <alloc::boxed::Box<F,A> as core::ops::function::FnOnce<Args>>::call_once::hbe0a008aa7d9ef59
[INFO] [stdout]                                at /rustc/1b7dd2252b99671ce5d1cb9664c5f8636329436d/library/alloc/src/boxed.rs:1973:9
[INFO] [stdout]   45:     0x5607ecd3cc05 - std::sys::unix::thread::Thread::new::thread_start::h3a466996bdf6b1f9
[INFO] [stdout]                                at /rustc/1b7dd2252b99671ce5d1cb9664c5f8636329436d/library/std/src/sys/unix/thread.rs:108:17
[INFO] [stdout]   46:     0x7f302688db43 - <unknown>
[INFO] [stdout]   47:     0x7f302691ebb4 - __clone
[INFO] [stdout]   48:                0x0 - <unknown>
[INFO] [stdout] 
[INFO] [stdout] ---- tests::toml_parser::serializer::serialize_to_file_存在しないファイルを作る場合 stdout ----
[INFO] [stdout] thread 'tests::toml_parser::serializer::serialize_to_file_存在しないファイルを作る場合' panicked at 'called `Result::unwrap()` on an `Err` value: Os { code: 2, kind: NotFound, message: "No such file or directory" }', src/tests/toml_parser.rs:50:83
[INFO] [stdout] stack backtrace:
[INFO] [stdout]    0:     0x5607ecd3646a - std::backtrace_rs::backtrace::libunwind::trace::h2f05d0192276a8f6
[INFO] [stdout]                                at /rustc/1b7dd2252b99671ce5d1cb9664c5f8636329436d/library/std/src/../../backtrace/src/backtrace/libunwind.rs:93:5
[INFO] [stdout]    1:     0x5607ecd3646a - std::backtrace_rs::backtrace::trace_unsynchronized::hedc23dff7a1af150
[INFO] [stdout]                                at /rustc/1b7dd2252b99671ce5d1cb9664c5f8636329436d/library/std/src/../../backtrace/src/backtrace/mod.rs:66:5
[INFO] [stdout]    2:     0x5607ecd3646a - std::sys_common::backtrace::_print_fmt::h17541ef7592f3ce2
[INFO] [stdout]                                at /rustc/1b7dd2252b99671ce5d1cb9664c5f8636329436d/library/std/src/sys_common/backtrace.rs:65:5
[INFO] [stdout]    3:     0x5607ecd3646a - <std::sys_common::backtrace::_print::DisplayBacktrace as core::fmt::Display>::fmt::h20f75df5ab0c0792
[INFO] [stdout]                                at /rustc/1b7dd2252b99671ce5d1cb9664c5f8636329436d/library/std/src/sys_common/backtrace.rs:44:22
[INFO] [stdout]    4:     0x5607ecd5b52f - core::fmt::write::h78109e6f466b3af6
[INFO] [stdout]                                at /rustc/1b7dd2252b99671ce5d1cb9664c5f8636329436d/library/core/src/fmt/mod.rs:1254:17
[INFO] [stdout]    5:     0x5607ecd336e5 - std::io::Write::write_fmt::hd24bfb68a1b35a25
[INFO] [stdout]                                at /rustc/1b7dd2252b99671ce5d1cb9664c5f8636329436d/library/std/src/io/mod.rs:1698:15
[INFO] [stdout]    6:     0x5607ecd36235 - std::sys_common::backtrace::_print::h8dac57a9f8fbf9a5
[INFO] [stdout]                                at /rustc/1b7dd2252b99671ce5d1cb9664c5f8636329436d/library/std/src/sys_common/backtrace.rs:47:5
[INFO] [stdout]    7:     0x5607ecd36235 - std::sys_common::backtrace::print::hf9ecbf41d1aa712f
[INFO] [stdout]                                at /rustc/1b7dd2252b99671ce5d1cb9664c5f8636329436d/library/std/src/sys_common/backtrace.rs:34:9
[INFO] [stdout]    8:     0x5607ecd37eee - std::panicking::default_hook::{{closure}}::h04c07acfc84ca028
[INFO] [stdout]                                at /rustc/1b7dd2252b99671ce5d1cb9664c5f8636329436d/library/std/src/panicking.rs:269:22
[INFO] [stdout]    9:     0x5607ecd37c21 - std::panicking::default_hook::h01f6bb23e1eceb2c
[INFO] [stdout]                                at /rustc/1b7dd2252b99671ce5d1cb9664c5f8636329436d/library/std/src/panicking.rs:285:9
[INFO] [stdout]   10:     0x5607ecd03d5b - <alloc::boxed::Box<F,A> as core::ops::function::Fn<Args>>::call::h87fe9f7b2fd49e4c
[INFO] [stdout]                                at /rustc/1b7dd2252b99671ce5d1cb9664c5f8636329436d/library/alloc/src/boxed.rs:1987:9
[INFO] [stdout]   11:     0x5607ecd03d5b - test::test_main::{{closure}}::he94d679243a7531b
[INFO] [stdout]                                at /rustc/1b7dd2252b99671ce5d1cb9664c5f8636329436d/library/test/src/lib.rs:134:21
[INFO] [stdout]   12:     0x5607ecd385d4 - <alloc::boxed::Box<F,A> as core::ops::function::Fn<Args>>::call::h3f2d6d8b14c4769f
[INFO] [stdout]                                at /rustc/1b7dd2252b99671ce5d1cb9664c5f8636329436d/library/alloc/src/boxed.rs:1987:9
[INFO] [stdout]   13:     0x5607ecd385d4 - std::panicking::rust_panic_with_hook::h2bb3722bbaf2f6df
[INFO] [stdout]                                at /rustc/1b7dd2252b99671ce5d1cb9664c5f8636329436d/library/std/src/panicking.rs:695:13
[INFO] [stdout]   14:     0x5607ecd38349 - std::panicking::begin_panic_handler::{{closure}}::h91bc7f36a4be011b
[INFO] [stdout]                                at /rustc/1b7dd2252b99671ce5d1cb9664c5f8636329436d/library/std/src/panicking.rs:582:13
[INFO] [stdout]   15:     0x5607ecd368d6 - std::sys_common::backtrace::__rust_end_short_backtrace::h8b3d3717114f9e59
[INFO] [stdout]                                at /rustc/1b7dd2252b99671ce5d1cb9664c5f8636329436d/library/std/src/sys_common/backtrace.rs:150:18
[INFO] [stdout]   16:     0x5607ecd380a2 - rust_begin_unwind
[INFO] [stdout]                                at /rustc/1b7dd2252b99671ce5d1cb9664c5f8636329436d/library/std/src/panicking.rs:578:5
[INFO] [stdout]   17:     0x5607ecc53e03 - core::panicking::panic_fmt::hfd368e3fbdabea26
[INFO] [stdout]                                at /rustc/1b7dd2252b99671ce5d1cb9664c5f8636329436d/library/core/src/panicking.rs:67:14
[INFO] [stdout]   18:     0x5607ecc543a3 - core::result::unwrap_failed::he54eb4b2f125b26f
[INFO] [stdout]                                at /rustc/1b7dd2252b99671ce5d1cb9664c5f8636329436d/library/core/src/result.rs:1687:5
[INFO] [stdout]   19:     0x5607ecc744ac - core::result::Result<T,E>::unwrap::h236a3d786872c1eb
[INFO] [stdout]                                at /rustc/1b7dd2252b99671ce5d1cb9664c5f8636329436d/library/core/src/result.rs:1089:23
[INFO] [stdout]   20:     0x5607ecc77392 - toolbox::tests::toml_parser::serializer::serialize_to_file_存在しないファイルを作る場合::h1cdd9774daca0cfa
[INFO] [stdout]                                at /opt/rustwide/workdir/src/tests/toml_parser.rs:50:33
[INFO] [stdout]   21:     0x5607ecc771d7 - toolbox::tests::toml_parser::serializer::serialize_to_file_存在しないファイルを作る場合::{{closure}}::ha918866c06450ed2
[INFO] [stdout]                                at /opt/rustwide/workdir/src/tests/toml_parser.rs:45:71
[INFO] [stdout]   22:     0x5607ecc828d5 - core::ops::function::FnOnce::call_once::h724414226b15666f
[INFO] [stdout]                                at /rustc/1b7dd2252b99671ce5d1cb9664c5f8636329436d/library/core/src/ops/function.rs:250:5
[INFO] [stdout]   23:     0x5607ecd08c2f - core::ops::function::FnOnce::call_once::ha6a70e79f7481a7e
[INFO] [stdout]                                at /rustc/1b7dd2252b99671ce5d1cb9664c5f8636329436d/library/core/src/ops/function.rs:250:5
[INFO] [stdout]   24:     0x5607ecd08c2f - test::__rust_begin_short_backtrace::hce33033019b61e69
[INFO] [stdout]                                at /rustc/1b7dd2252b99671ce5d1cb9664c5f8636329436d/library/test/src/lib.rs:655:18
[INFO] [stdout]   25:     0x5607eccd641c - test::run_test::{{closure}}::h858d3528838ae3e5
[INFO] [stdout]                                at /rustc/1b7dd2252b99671ce5d1cb9664c5f8636329436d/library/test/src/lib.rs:646:30
[INFO] [stdout]   26:     0x5607eccd641c - core::ops::function::FnOnce::call_once{{vtable.shim}}::he8ac2b00f01ae79e
[INFO] [stdout]                                at /rustc/1b7dd2252b99671ce5d1cb9664c5f8636329436d/library/core/src/ops/function.rs:250:5
[INFO] [stdout]   27:     0x5607ecd07d06 - <alloc::boxed::Box<F,A> as core::ops::function::FnOnce<Args>>::call_once::h8093d25b522725ef
[INFO] [stdout]                                at /rustc/1b7dd2252b99671ce5d1cb9664c5f8636329436d/library/alloc/src/boxed.rs:1973:9
[INFO] [stdout]   28:     0x5607ecd07d06 - <core::panic::unwind_safe::AssertUnwindSafe<F> as core::ops::function::FnOnce<()>>::call_once::h5c334c204e4a3913
[INFO] [stdout]                                at /rustc/1b7dd2252b99671ce5d1cb9664c5f8636329436d/library/core/src/panic/unwind_safe.rs:271:9
[INFO] [stdout]   29:     0x5607ecd07d06 - std::panicking::try::do_call::ha8b740c7b9478074
[INFO] [stdout]                                at /rustc/1b7dd2252b99671ce5d1cb9664c5f8636329436d/library/std/src/panicking.rs:485:40
[INFO] [stdout]   30:     0x5607ecd07d06 - std::panicking::try::h5d34f63d0e41b64e
[INFO] [stdout]                                at /rustc/1b7dd2252b99671ce5d1cb9664c5f8636329436d/library/std/src/panicking.rs:449:19
[INFO] [stdout]   31:     0x5607ecd07d06 - std::panic::catch_unwind::hcfbb511e1aa7fc67
[INFO] [stdout]                                at /rustc/1b7dd2252b99671ce5d1cb9664c5f8636329436d/library/std/src/panic.rs:140:14
[INFO] [stdout]   32:     0x5607ecd07d06 - test::run_test_in_process::h9abda90f802eaf21
[INFO] [stdout]                                at /rustc/1b7dd2252b99671ce5d1cb9664c5f8636329436d/library/test/src/lib.rs:678:27
[INFO] [stdout]   33:     0x5607ecd07d06 - test::run_test::run_test_inner::{{closure}}::h0f058de91f6c6edf
[INFO] [stdout]                                at /rustc/1b7dd2252b99671ce5d1cb9664c5f8636329436d/library/test/src/lib.rs:572:39
[INFO] [stdout]   34:     0x5607eccd0c25 - test::run_test::run_test_inner::{{closure}}::h5ca48a4c59c6c1fb
[INFO] [stdout]                                at /rustc/1b7dd2252b99671ce5d1cb9664c5f8636329436d/library/test/src/lib.rs:599:37
[INFO] [stdout]   35:     0x5607eccd0c25 - std::sys_common::backtrace::__rust_begin_short_backtrace::h32bd51e1495d4a33
[INFO] [stdout]                                at /rustc/1b7dd2252b99671ce5d1cb9664c5f8636329436d/library/std/src/sys_common/backtrace.rs:134:18
[INFO] [stdout]   36:     0x5607eccd6161 - std::thread::Builder::spawn_unchecked_::{{closure}}::{{closure}}::hc086fae9b128b2db
[INFO] [stdout]                                at /rustc/1b7dd2252b99671ce5d1cb9664c5f8636329436d/library/std/src/thread/mod.rs:526:17
[INFO] [stdout]   37:     0x5607eccd6161 - <core::panic::unwind_safe::AssertUnwindSafe<F> as core::ops::function::FnOnce<()>>::call_once::hb66571888d270d43
[INFO] [stdout]                                at /rustc/1b7dd2252b99671ce5d1cb9664c5f8636329436d/library/core/src/panic/unwind_safe.rs:271:9
[INFO] [stdout]   38:     0x5607eccd6161 - std::panicking::try::do_call::h4fa2ef4f6e51fecf
[INFO] [stdout]                                at /rustc/1b7dd2252b99671ce5d1cb9664c5f8636329436d/library/std/src/panicking.rs:485:40
[INFO] [stdout]   39:     0x5607eccd6161 - std::panicking::try::h1e9e22b8584489b5
[INFO] [stdout]                                at /rustc/1b7dd2252b99671ce5d1cb9664c5f8636329436d/library/std/src/panicking.rs:449:19
[INFO] [stdout]   40:     0x5607eccd6161 - std::panic::catch_unwind::h44698a3de0e0769e
[INFO] [stdout]                                at /rustc/1b7dd2252b99671ce5d1cb9664c5f8636329436d/library/std/src/panic.rs:140:14
[INFO] [stdout]   41:     0x5607eccd6161 - std::thread::Builder::spawn_unchecked_::{{closure}}::h50153abde3fe239e
[INFO] [stdout]                                at /rustc/1b7dd2252b99671ce5d1cb9664c5f8636329436d/library/std/src/thread/mod.rs:525:30
[INFO] [stdout]   42:     0x5607eccd6161 - core::ops::function::FnOnce::call_once{{vtable.shim}}::hbe5bbf6f38394364
[INFO] [stdout]                                at /rustc/1b7dd2252b99671ce5d1cb9664c5f8636329436d/library/core/src/ops/function.rs:250:5
[INFO] [stdout]   43:     0x5607ecd3cc05 - <alloc::boxed::Box<F,A> as core::ops::function::FnOnce<Args>>::call_once::h0d83cb2920a49046
[INFO] [stdout]                                at /rustc/1b7dd2252b99671ce5d1cb9664c5f8636329436d/library/alloc/src/boxed.rs:1973:9
[INFO] [stdout]   44:     0x5607ecd3cc05 - <alloc::boxed::Box<F,A> as core::ops::function::FnOnce<Args>>::call_once::hbe0a008aa7d9ef59
[INFO] [stdout]                                at /rustc/1b7dd2252b99671ce5d1cb9664c5f8636329436d/library/alloc/src/boxed.rs:1973:9
[INFO] [stdout]   45:     0x5607ecd3cc05 - std::sys::unix::thread::Thread::new::thread_start::h3a466996bdf6b1f9
[INFO] [stdout]                                at /rustc/1b7dd2252b99671ce5d1cb9664c5f8636329436d/library/std/src/sys/unix/thread.rs:108:17
[INFO] [stdout]   46:     0x7f302688db43 - <unknown>
[INFO] [stdout]   47:     0x7f302691ebb4 - __clone
[INFO] [stdout]   48:                0x0 - <unknown>
[INFO] [stdout] 
[INFO] [stdout] ---- tests::toml_parser::serializer::serialize_to_file_存在しないディレクトリの下にファイルを作成する場合 stdout ----
[INFO] [stdout] thread 'tests::toml_parser::serializer::serialize_to_file_存在しないディレクトリの下にファイルを作成する場合' panicked at 'called `Result::unwrap()` on an `Err` value: Os { code: 2, kind: NotFound, message: "No such file or directory" }', src/tests/toml_parser.rs:64:83
[INFO] [stdout] stack backtrace:
[INFO] [stdout]    0:     0x5607ecd3646a - std::backtrace_rs::backtrace::libunwind::trace::h2f05d0192276a8f6
[INFO] [stdout]                                at /rustc/1b7dd2252b99671ce5d1cb9664c5f8636329436d/library/std/src/../../backtrace/src/backtrace/libunwind.rs:93:5
[INFO] [stdout]    1:     0x5607ecd3646a - std::backtrace_rs::backtrace::trace_unsynchronized::hedc23dff7a1af150
[INFO] [stdout]                                at /rustc/1b7dd2252b99671ce5d1cb9664c5f8636329436d/library/std/src/../../backtrace/src/backtrace/mod.rs:66:5
[INFO] [stdout]    2:     0x5607ecd3646a - std::sys_common::backtrace::_print_fmt::h17541ef7592f3ce2
[INFO] [stdout]                                at /rustc/1b7dd2252b99671ce5d1cb9664c5f8636329436d/library/std/src/sys_common/backtrace.rs:65:5
[INFO] [stdout]    3:     0x5607ecd3646a - <std::sys_common::backtrace::_print::DisplayBacktrace as core::fmt::Display>::fmt::h20f75df5ab0c0792
[INFO] [stdout]                                at /rustc/1b7dd2252b99671ce5d1cb9664c5f8636329436d/library/std/src/sys_common/backtrace.rs:44:22
[INFO] [stdout]    4:     0x5607ecd5b52f - core::fmt::write::h78109e6f466b3af6
[INFO] [stdout]                                at /rustc/1b7dd2252b99671ce5d1cb9664c5f8636329436d/library/core/src/fmt/mod.rs:1254:17
[INFO] [stdout]    5:     0x5607ecd336e5 - std::io::Write::write_fmt::hd24bfb68a1b35a25
[INFO] [stdout]                                at /rustc/1b7dd2252b99671ce5d1cb9664c5f8636329436d/library/std/src/io/mod.rs:1698:15
[INFO] [stdout]    6:     0x5607ecd36235 - std::sys_common::backtrace::_print::h8dac57a9f8fbf9a5
[INFO] [stdout]                                at /rustc/1b7dd2252b99671ce5d1cb9664c5f8636329436d/library/std/src/sys_common/backtrace.rs:47:5
[INFO] [stdout]    7:     0x5607ecd36235 - std::sys_common::backtrace::print::hf9ecbf41d1aa712f
[INFO] [stdout]                                at /rustc/1b7dd2252b99671ce5d1cb9664c5f8636329436d/library/std/src/sys_common/backtrace.rs:34:9
[INFO] [stdout]    8:     0x5607ecd37eee - std::panicking::default_hook::{{closure}}::h04c07acfc84ca028
[INFO] [stdout]                                at /rustc/1b7dd2252b99671ce5d1cb9664c5f8636329436d/library/std/src/panicking.rs:269:22
[INFO] [stdout]    9:     0x5607ecd37c21 - std::panicking::default_hook::h01f6bb23e1eceb2c
[INFO] [stdout]                                at /rustc/1b7dd2252b99671ce5d1cb9664c5f8636329436d/library/std/src/panicking.rs:285:9
[INFO] [stdout]   10:     0x5607ecd03d5b - <alloc::boxed::Box<F,A> as core::ops::function::Fn<Args>>::call::h87fe9f7b2fd49e4c
[INFO] [stdout]                                at /rustc/1b7dd2252b99671ce5d1cb9664c5f8636329436d/library/alloc/src/boxed.rs:1987:9
[INFO] [stdout]   11:     0x5607ecd03d5b - test::test_main::{{closure}}::he94d679243a7531b
[INFO] [stdout]                                at /rustc/1b7dd2252b99671ce5d1cb9664c5f8636329436d/library/test/src/lib.rs:134:21
[INFO] [stdout]   12:     0x5607ecd385d4 - <alloc::boxed::Box<F,A> as core::ops::function::Fn<Args>>::call::h3f2d6d8b14c4769f
[INFO] [stdout]                                at /rustc/1b7dd2252b99671ce5d1cb9664c5f8636329436d/library/alloc/src/boxed.rs:1987:9
[INFO] [stdout]   13:     0x5607ecd385d4 - std::panicking::rust_panic_with_hook::h2bb3722bbaf2f6df
[INFO] [stdout]                                at /rustc/1b7dd2252b99671ce5d1cb9664c5f8636329436d/library/std/src/panicking.rs:695:13
[INFO] [stdout]   14:     0x5607ecd38349 - std::panicking::begin_panic_handler::{{closure}}::h91bc7f36a4be011b
[INFO] [stdout]                                at /rustc/1b7dd2252b99671ce5d1cb9664c5f8636329436d/library/std/src/panicking.rs:582:13
[INFO] [stdout]   15:     0x5607ecd368d6 - std::sys_common::backtrace::__rust_end_short_backtrace::h8b3d3717114f9e59
[INFO] [stdout]                                at /rustc/1b7dd2252b99671ce5d1cb9664c5f8636329436d/library/std/src/sys_common/backtrace.rs:150:18
[INFO] [stdout]   16:     0x5607ecd380a2 - rust_begin_unwind
[INFO] [stdout]                                at /rustc/1b7dd2252b99671ce5d1cb9664c5f8636329436d/library/std/src/panicking.rs:578:5
[INFO] [stdout]   17:     0x5607ecc53e03 - core::panicking::panic_fmt::hfd368e3fbdabea26
[INFO] [stdout]                                at /rustc/1b7dd2252b99671ce5d1cb9664c5f8636329436d/library/core/src/panicking.rs:67:14
[INFO] [stdout]   18:     0x5607ecc543a3 - core::result::unwrap_failed::he54eb4b2f125b26f
[INFO] [stdout]                                at /rustc/1b7dd2252b99671ce5d1cb9664c5f8636329436d/library/core/src/result.rs:1687:5
[INFO] [stdout]   19:     0x5607ecc744ac - core::result::Result<T,E>::unwrap::h236a3d786872c1eb
[INFO] [stdout]                                at /rustc/1b7dd2252b99671ce5d1cb9664c5f8636329436d/library/core/src/result.rs:1089:23
[INFO] [stdout]   20:     0x5607ecc7780f - toolbox::tests::toml_parser::serializer::serialize_to_file_存在しないディレクトリの下にファイルを作成する場合::haa7e1d315c33d10e
[INFO] [stdout]                                at /opt/rustwide/workdir/src/tests/toml_parser.rs:64:33
[INFO] [stdout]   21:     0x5607ecc77707 - toolbox::tests::toml_parser::serializer::serialize_to_file_存在しないディレクトリの下にファイルを作成する場合::{{closure}}::h5acb866591e3919b
[INFO] [stdout]                                at /opt/rustwide/workdir/src/tests/toml_parser.rs:60:104
[INFO] [stdout]   22:     0x5607ecc81df5 - core::ops::function::FnOnce::call_once::h01a47dd08225cc16
[INFO] [stdout]                                at /rustc/1b7dd2252b99671ce5d1cb9664c5f8636329436d/library/core/src/ops/function.rs:250:5
[INFO] [stdout]   23:     0x5607ecd08c2f - core::ops::function::FnOnce::call_once::ha6a70e79f7481a7e
[INFO] [stdout]                                at /rustc/1b7dd2252b99671ce5d1cb9664c5f8636329436d/library/core/src/ops/function.rs:250:5
[INFO] [stdout]   24:     0x5607ecd08c2f - test::__rust_begin_short_backtrace::hce33033019b61e69
[INFO] [stdout]                                at /rustc/1b7dd2252b99671ce5d1cb9664c5f8636329436d/library/test/src/lib.rs:655:18
[INFO] [stdout]   25:     0x5607eccd641c - test::run_test::{{closure}}::h858d3528838ae3e5
[INFO] [stdout]                                at /rustc/1b7dd2252b99671ce5d1cb9664c5f8636329436d/library/test/src/lib.rs:646:30
[INFO] [stdout]   26:     0x5607eccd641c - core::ops::function::FnOnce::call_once{{vtable.shim}}::he8ac2b00f01ae79e
[INFO] [stdout]                                at /rustc/1b7dd2252b99671ce5d1cb9664c5f8636329436d/library/core/src/ops/function.rs:250:5
[INFO] [stdout]   27:     0x5607ecd07d06 - <alloc::boxed::Box<F,A> as core::ops::function::FnOnce<Args>>::call_once::h8093d25b522725ef
[INFO] [stdout]                                at /rustc/1b7dd2252b99671ce5d1cb9664c5f8636329436d/library/alloc/src/boxed.rs:1973:9
[INFO] [stdout]   28:     0x5607ecd07d06 - <core::panic::unwind_safe::AssertUnwindSafe<F> as core::ops::function::FnOnce<()>>::call_once::h5c334c204e4a3913
[INFO] [stdout]                                at /rustc/1b7dd2252b99671ce5d1cb9664c5f8636329436d/library/core/src/panic/unwind_safe.rs:271:9
[INFO] [stdout]   29:     0x5607ecd07d06 - std::panicking::try::do_call::ha8b740c7b9478074
[INFO] [stdout]                                at /rustc/1b7dd2252b99671ce5d1cb9664c5f8636329436d/library/std/src/panicking.rs:485:40
[INFO] [stdout]   30:     0x5607ecd07d06 - std::panicking::try::h5d34f63d0e41b64e
[INFO] [stdout]                                at /rustc/1b7dd2252b99671ce5d1cb9664c5f8636329436d/library/std/src/panicking.rs:449:19
[INFO] [stdout]   31:     0x5607ecd07d06 - std::panic::catch_unwind::hcfbb511e1aa7fc67
[INFO] [stdout]                                at /rustc/1b7dd2252b99671ce5d1cb9664c5f8636329436d/library/std/src/panic.rs:140:14
[INFO] [stdout]   32:     0x5607ecd07d06 - test::run_test_in_process::h9abda90f802eaf21
[INFO] [stdout]                                at /rustc/1b7dd2252b99671ce5d1cb9664c5f8636329436d/library/test/src/lib.rs:678:27
[INFO] [stdout]   33:     0x5607ecd07d06 - test::run_test::run_test_inner::{{closure}}::h0f058de91f6c6edf
[INFO] [stdout]                                at /rustc/1b7dd2252b99671ce5d1cb9664c5f8636329436d/library/test/src/lib.rs:572:39
[INFO] [stdout]   34:     0x5607eccd0c25 - test::run_test::run_test_inner::{{closure}}::h5ca48a4c59c6c1fb
[INFO] [stdout]                                at /rustc/1b7dd2252b99671ce5d1cb9664c5f8636329436d/library/test/src/lib.rs:599:37
[INFO] [stdout]   35:     0x5607eccd0c25 - std::sys_common::backtrace::__rust_begin_short_backtrace::h32bd51e1495d4a33
[INFO] [stdout]                                at /rustc/1b7dd2252b99671ce5d1cb9664c5f8636329436d/library/std/src/sys_common/backtrace.rs:134:18
[INFO] [stdout]   36:     0x5607eccd6161 - std::thread::Builder::spawn_unchecked_::{{closure}}::{{closure}}::hc086fae9b128b2db
[INFO] [stdout]                                at /rustc/1b7dd2252b99671ce5d1cb9664c5f8636329436d/library/std/src/thread/mod.rs:526:17
[INFO] [stdout]   37:     0x5607eccd6161 - <core::panic::unwind_safe::AssertUnwindSafe<F> as core::ops::function::FnOnce<()>>::call_once::hb66571888d270d43
[INFO] [stdout]                                at /rustc/1b7dd2252b99671ce5d1cb9664c5f8636329436d/library/core/src/panic/unwind_safe.rs:271:9
[INFO] [stdout]   38:     0x5607eccd6161 - std::panicking::try::do_call::h4fa2ef4f6e51fecf
[INFO] [stdout]                                at /rustc/1b7dd2252b99671ce5d1cb9664c5f8636329436d/library/std/src/panicking.rs:485:40
[INFO] [stdout]   39:     0x5607eccd6161 - std::panicking::try::h1e9e22b8584489b5
[INFO] [stdout]                                at /rustc/1b7dd2252b99671ce5d1cb9664c5f8636329436d/library/std/src/panicking.rs:449:19
[INFO] [stdout]   40:     0x5607eccd6161 - std::panic::catch_unwind::h44698a3de0e0769e
[INFO] [stdout]                                at /rustc/1b7dd2252b99671ce5d1cb9664c5f8636329436d/library/std/src/panic.rs:140:14
[INFO] [stdout]   41:     0x5607eccd6161 - std::thread::Builder::spawn_unchecked_::{{closure}}::h50153abde3fe239e
[INFO] [stdout]                                at /rustc/1b7dd2252b99671ce5d1cb9664c5f8636329436d/library/std/src/thread/mod.rs:525:30
[INFO] [stdout]   42:     0x5607eccd6161 - core::ops::function::FnOnce::call_once{{vtable.shim}}::hbe5bbf6f38394364
[INFO] [stdout]                                at /rustc/1b7dd2252b99671ce5d1cb9664c5f8636329436d/library/core/src/ops/function.rs:250:5
[INFO] [stdout]   43:     0x5607ecd3cc05 - <alloc::boxed::Box<F,A> as core::ops::function::FnOnce<Args>>::call_once::h0d83cb2920a49046
[INFO] [stdout]                                at /rustc/1b7dd2252b99671ce5d1cb9664c5f8636329436d/library/alloc/src/boxed.rs:1973:9
[INFO] [stdout]   44:     0x5607ecd3cc05 - <alloc::boxed::Box<F,A> as core::ops::function::FnOnce<Args>>::call_once::hbe0a008aa7d9ef59
[INFO] [stdout]                                at /rustc/1b7dd2252b99671ce5d1cb9664c5f8636329436d/library/alloc/src/boxed.rs:1973:9
[INFO] [stdout]   45:     0x5607ecd3cc05 - std::sys::unix::thread::Thread::new::thread_start::h3a466996bdf6b1f9
[INFO] [stdout]                                at /rustc/1b7dd2252b99671ce5d1cb9664c5f8636329436d/library/std/src/sys/unix/thread.rs:108:17
[INFO] [stdout]   46:     0x7f302688db43 - <unknown>
[INFO] [stdout]   47:     0x7f302691ebb4 - __clone
[INFO] [stdout]   48:                0x0 - <unknown>
[INFO] [stdout] 
[INFO] [stdout] 
[INFO] [stdout] failures:
[INFO] [stdout]     tests::toml_parser::deserializer::from_file_存在するディレクトリ_非ファイル_を指定する
[INFO] [stdout]     tests::toml_parser::serializer::serialize_to_file_存在しないディレクトリの下にファイルを作成する場合
[INFO] [stdout]     tests::toml_parser::serializer::serialize_to_file_存在しないファイルを作る場合
[INFO] [stdout]     tests::toml_parser::serializer::serialize_to_file_存在するディレクトリ_非ファイル_を指定する
[INFO] [stdout] 
[INFO] [stdout] test result: FAILED. 78 passed; 4 failed; 0 ignored; 0 measured; 0 filtered out; finished in 0.07s
[INFO] [stdout] 
[INFO] [stderr] error: test failed, to rerun pass `--lib`
[INFO] running `Command { std: "docker" "inspect" "1bfc5c0b0b65f2f124ff7a474b6c3b6990c7dd6bfe3b3cd5cb2ba9f89ce655b4", kill_on_drop: false }`
[INFO] running `Command { std: "docker" "rm" "-f" "1bfc5c0b0b65f2f124ff7a474b6c3b6990c7dd6bfe3b3cd5cb2ba9f89ce655b4", kill_on_drop: false }`
[INFO] [stdout] 1bfc5c0b0b65f2f124ff7a474b6c3b6990c7dd6bfe3b3cd5cb2ba9f89ce655b4
