[INFO] cloning repository https://github.com/sebastianschroh/adventofcode2020
[INFO] running `Command { std: "git" "-c" "credential.helper=" "-c" "credential.helper=/workspace/cargo-home/bin/git-credential-null" "clone" "--bare" "https://github.com/sebastianschroh/adventofcode2020" "/workspace/cache/git-repos/https%3A%2F%2Fgithub.com%2Fsebastianschroh%2Fadventofcode2020", kill_on_drop: false }`
[INFO] [stderr] Cloning into bare repository '/workspace/cache/git-repos/https%3A%2F%2Fgithub.com%2Fsebastianschroh%2Fadventofcode2020'...
[INFO] running `Command { std: "git" "rev-parse" "HEAD", kill_on_drop: false }`
[INFO] [stdout] a16ce640918294bbb841fb819956d48f9e7481cf
[INFO] testing sebastianschroh/adventofcode2020 against beta-2023-04-20 for beta-1.70-1
[INFO] running `Command { std: "git" "clone" "/workspace/cache/git-repos/https%3A%2F%2Fgithub.com%2Fsebastianschroh%2Fadventofcode2020" "/workspace/builds/worker-1-tc2/source", kill_on_drop: false }`
[INFO] [stderr] Cloning into '/workspace/builds/worker-1-tc2/source'...
[INFO] [stderr] done.
[INFO] validating manifest of git repo https://github.com/sebastianschroh/adventofcode2020 on toolchain beta-2023-04-20
[INFO] running `Command { std: CARGO_HOME="/workspace/cargo-home" RUSTUP_HOME="/workspace/rustup-home" "/workspace/cargo-home/bin/cargo" "+beta-2023-04-20" "metadata" "--manifest-path" "Cargo.toml" "--no-deps", kill_on_drop: false }`
[INFO] started tweaking git repo https://github.com/sebastianschroh/adventofcode2020
[INFO] finished tweaking git repo https://github.com/sebastianschroh/adventofcode2020
[INFO] tweaked toml for git repo https://github.com/sebastianschroh/adventofcode2020 written to /workspace/builds/worker-1-tc2/source/Cargo.toml
[INFO] crate git repo https://github.com/sebastianschroh/adventofcode2020 already has a lockfile, it will not be regenerated
[INFO] running `Command { std: CARGO_HOME="/workspace/cargo-home" RUSTUP_HOME="/workspace/rustup-home" "/workspace/cargo-home/bin/cargo" "+beta-2023-04-20" "fetch" "--manifest-path" "Cargo.toml", kill_on_drop: false }`
[INFO] [stderr]     Updating crates.io index
[INFO] [stderr]  Downloading crates ...
[INFO] [stderr]   Downloaded named_tuple v0.1.3
[INFO] [stderr]   Downloaded serde v1.0.122
[INFO] running `Command { std: "docker" "create" "-v" "/var/lib/crater-agent-workspace/builds/worker-1-tc2/target:/opt/rustwide/target:rw,Z" "-v" "/var/lib/crater-agent-workspace/builds/worker-1-tc2/source:/opt/rustwide/workdir:ro,Z" "-v" "/var/lib/crater-agent-workspace/cargo-home:/opt/rustwide/cargo-home:ro,Z" "-v" "/var/lib/crater-agent-workspace/rustup-home:/opt/rustwide/rustup-home:ro,Z" "-e" "SOURCE_DIR=/opt/rustwide/workdir" "-e" "CARGO_TARGET_DIR=/opt/rustwide/target" "-e" "CARGO_HOME=/opt/rustwide/cargo-home" "-e" "RUSTUP_HOME=/opt/rustwide/rustup-home" "-w" "/opt/rustwide/workdir" "-m" "1610612736" "--user" "0:0" "--network" "none" "ghcr.io/rust-lang/crates-build-env/linux@sha256:5ff2268d62e97bff2cde7d5815dd6ed5b47097566f13b8d0ca110b04b60e07ed" "/opt/rustwide/cargo-home/bin/cargo" "+beta-2023-04-20" "metadata" "--no-deps" "--format-version=1", kill_on_drop: false }`
[INFO] [stdout] 970a578672b8d2f532a409b23a5c25e9840ba3e0a156f0306c478c538742bab0
[INFO] running `Command { std: "docker" "start" "-a" "970a578672b8d2f532a409b23a5c25e9840ba3e0a156f0306c478c538742bab0", kill_on_drop: false }`
[INFO] running `Command { std: "docker" "inspect" "970a578672b8d2f532a409b23a5c25e9840ba3e0a156f0306c478c538742bab0", kill_on_drop: false }`
[INFO] running `Command { std: "docker" "rm" "-f" "970a578672b8d2f532a409b23a5c25e9840ba3e0a156f0306c478c538742bab0", kill_on_drop: false }`
[INFO] [stdout] 970a578672b8d2f532a409b23a5c25e9840ba3e0a156f0306c478c538742bab0
[INFO] running `Command { std: "docker" "create" "-v" "/var/lib/crater-agent-workspace/builds/worker-1-tc2/target:/opt/rustwide/target:rw,Z" "-v" "/var/lib/crater-agent-workspace/builds/worker-1-tc2/source:/opt/rustwide/workdir:ro,Z" "-v" "/var/lib/crater-agent-workspace/cargo-home:/opt/rustwide/cargo-home:ro,Z" "-v" "/var/lib/crater-agent-workspace/rustup-home:/opt/rustwide/rustup-home:ro,Z" "-e" "SOURCE_DIR=/opt/rustwide/workdir" "-e" "CARGO_TARGET_DIR=/opt/rustwide/target" "-e" "CARGO_INCREMENTAL=0" "-e" "RUST_BACKTRACE=full" "-e" "RUSTFLAGS=--cap-lints=warn" "-e" "RUSTDOCFLAGS=--cap-lints=warn" "-e" "CARGO_HOME=/opt/rustwide/cargo-home" "-e" "RUSTUP_HOME=/opt/rustwide/rustup-home" "-w" "/opt/rustwide/workdir" "-m" "1610612736" "--user" "0:0" "--network" "none" "ghcr.io/rust-lang/crates-build-env/linux@sha256:5ff2268d62e97bff2cde7d5815dd6ed5b47097566f13b8d0ca110b04b60e07ed" "/opt/rustwide/cargo-home/bin/cargo" "+beta-2023-04-20" "build" "--frozen" "--message-format=json", kill_on_drop: false }`
[INFO] [stdout] c8af5296008ff36b4586cd82065f44f66ca3251bf1c9e948b954498da4c50771
[INFO] running `Command { std: "docker" "start" "-a" "c8af5296008ff36b4586cd82065f44f66ca3251bf1c9e948b954498da4c50771", kill_on_drop: false }`
[INFO] [stderr]    Compiling proc-macro2 v0.4.30
[INFO] [stderr]    Compiling unicode-xid v0.1.0
[INFO] [stderr]    Compiling serde v1.0.122
[INFO] [stderr]    Compiling syn v0.15.44
[INFO] [stderr]    Compiling quote v0.6.13
[INFO] [stderr]    Compiling named_tuple v0.1.3
[INFO] [stderr]    Compiling advent2020 v0.1.0 (/opt/rustwide/workdir)
[INFO] [stdout] warning: method `print_location` is never used
[INFO] [stdout]    --> src/day12.rs:111:8
[INFO] [stdout]     |
[INFO] [stdout] 18  | impl Ferry {
[INFO] [stdout]     | ---------- method in this implementation
[INFO] [stdout] ...
[INFO] [stdout] 111 |     fn print_location(&self){
[INFO] [stdout]     |        ^^^^^^^^^^^^^^
[INFO] [stdout]     |
[INFO] [stdout]     = note: `#[warn(dead_code)]` on by default
[INFO] [stdout] 
[INFO] [stdout] 
[INFO] [stdout] warning: value assigned to `amount` is never read
[INFO] [stdout]   --> src/day7.rs:43:21
[INFO] [stdout]    |
[INFO] [stdout] 43 |             let mut amount: String = insidebag.split("bag").collect();
[INFO] [stdout]    |                     ^^^^^^
[INFO] [stdout]    |
[INFO] [stdout]    = help: maybe it is overwritten before being read?
[INFO] [stdout]    = note: `#[warn(unused_assignments)]` on by default
[INFO] [stdout] 
[INFO] [stdout] 
[INFO] [stdout] warning: value assigned to `number` is never read
[INFO] [stdout]   --> src/day7.rs:46:21
[INFO] [stdout]    |
[INFO] [stdout] 46 |             let mut number = 0;
[INFO] [stdout]    |                     ^^^^^^
[INFO] [stdout]    |
[INFO] [stdout]    = help: maybe it is overwritten before being read?
[INFO] [stdout] 
[INFO] [stdout] 
[INFO] [stdout] warning: variable does not need to be mutable
[INFO] [stdout]   --> src/day7.rs:36:13
[INFO] [stdout]    |
[INFO] [stdout] 36 |         let mut insidebags: Vec<String> = tokens[1].split(", ").map(|x| x.to_string()).collect();
[INFO] [stdout]    |             ----^^^^^^^^^^
[INFO] [stdout]    |             |
[INFO] [stdout]    |             help: remove this `mut`
[INFO] [stdout]    |
[INFO] [stdout]    = note: `#[warn(unused_mut)]` on by default
[INFO] [stdout] 
[INFO] [stdout] 
[INFO] [stdout] warning: variable does not need to be mutable
[INFO] [stdout]   --> src/day7.rs:45:17
[INFO] [stdout]    |
[INFO] [stdout] 45 |             let mut t: Vec<String> = amount.split(" ").map(|x| x.to_string()).collect();
[INFO] [stdout]    |                 ----^
[INFO] [stdout]    |                 |
[INFO] [stdout]    |                 help: remove this `mut`
[INFO] [stdout] 
[INFO] [stdout] 
[INFO] [stdout] warning: function `find_outer_bag_sum` is never used
[INFO] [stdout]   --> src/day7.rs:62:4
[INFO] [stdout]    |
[INFO] [stdout] 62 | fn find_outer_bag_sum(desired_color: &String, map: &HashMap<String, Vec<BagInfo>>) -> i32 {
[INFO] [stdout]    |    ^^^^^^^^^^^^^^^^^^
[INFO] [stdout]    |
[INFO] [stdout]    = note: `#[warn(dead_code)]` on by default
[INFO] [stdout] 
[INFO] [stdout] 
[INFO] [stdout] warning: function `find_outer_bag_recursion` is never used
[INFO] [stdout]   --> src/day7.rs:72:4
[INFO] [stdout]    |
[INFO] [stdout] 72 | fn find_outer_bag_recursion(desired_color: &String, bag_color: &String, bags: &Vec<BagInfo>, map: &HashMap<String, Vec<BagInfo>>, correct...
[INFO] [stdout]    |    ^^^^^^^^^^^^^^^^^^^^^^^^
[INFO] [stdout] 
[INFO] [stdout] 
[INFO] [stdout] warning: unused variable: `time`
[INFO] [stdout]   --> src/day13.rs:63:35
[INFO] [stdout]    |
[INFO] [stdout] 63 | fn find_earliest_bus_time_pattern(time: i32, buses: Vec<String>){
[INFO] [stdout]    |                                   ^^^^ help: if this is intentional, prefix it with an underscore: `_time`
[INFO] [stdout]    |
[INFO] [stdout]    = note: `#[warn(unused_variables)]` on by default
[INFO] [stdout] 
[INFO] [stdout] 
[INFO] [stdout] warning: unused variable: `instructions`
[INFO] [stdout]   --> src/day14.rs:27:9
[INFO] [stdout]    |
[INFO] [stdout] 27 |     let instructions = parse_into_instructions(contents.clone());
[INFO] [stdout]    |         ^^^^^^^^^^^^ help: if this is intentional, prefix it with an underscore: `_instructions`
[INFO] [stdout]    |
[INFO] [stdout]    = note: `#[warn(unused_variables)]` on by default
[INFO] [stdout] 
[INFO] [stdout] 
[INFO] [stdout] warning: variable `zeros_mask` is assigned to, but never used
[INFO] [stdout]    --> src/day14.rs:174:9
[INFO] [stdout]     |
[INFO] [stdout] 174 |     let zeros_mask: u64;
[INFO] [stdout]     |         ^^^^^^^^^^
[INFO] [stdout]     |
[INFO] [stdout]     = note: consider using `_zeros_mask` instead
[INFO] [stdout] 
[INFO] [stdout] 
[INFO] [stdout] warning: value assigned to `zeros_mask` is never read
[INFO] [stdout]    --> src/day14.rs:181:13
[INFO] [stdout]     |
[INFO] [stdout] 181 |             zeros_mask = *zero;
[INFO] [stdout]     |             ^^^^^^^^^^
[INFO] [stdout]     |
[INFO] [stdout]     = help: maybe it is overwritten before being read?
[INFO] [stdout]     = note: `#[warn(unused_assignments)]` on by default
[INFO] [stdout] 
[INFO] [stdout] 
[INFO] [stdout] warning: fields `zeros_mask` and `ones_mask` are never read
[INFO] [stdout]   --> src/day14.rs:13:9
[INFO] [stdout]    |
[INFO] [stdout] 12 |     UpdateMask {
[INFO] [stdout]    |     ---------- fields in this variant
[INFO] [stdout] 13 |         zeros_mask: u64,
[INFO] [stdout]    |         ^^^^^^^^^^
[INFO] [stdout] 14 |         ones_mask: u64,
[INFO] [stdout]    |         ^^^^^^^^^
[INFO] [stdout]    |
[INFO] [stdout]    = note: `#[warn(dead_code)]` on by default
[INFO] [stdout] 
[INFO] [stdout] 
[INFO] [stdout] warning: unused variable: `maplength`
[INFO] [stdout]   --> src/day6.rs:49:13
[INFO] [stdout]    |
[INFO] [stdout] 49 |         let maplength = map.len() as i32;
[INFO] [stdout]    |             ^^^^^^^^^ help: if this is intentional, prefix it with an underscore: `_maplength`
[INFO] [stdout]    |
[INFO] [stdout]    = note: `#[warn(unused_variables)]` on by default
[INFO] [stdout] 
[INFO] [stdout] 
[INFO] [stdout] warning: unused variable: `key`
[INFO] [stdout]   --> src/day6.rs:50:14
[INFO] [stdout]    |
[INFO] [stdout] 50 |         for (key, value) in map {
[INFO] [stdout]    |              ^^^ help: if this is intentional, prefix it with an underscore: `_key`
[INFO] [stdout] 
[INFO] [stdout] 
[INFO] [stdout] warning: function `execute_initialization_instructions` is never used
[INFO] [stdout]   --> src/day14.rs:85:4
[INFO] [stdout]    |
[INFO] [stdout] 85 | fn execute_initialization_instructions(instructions: Vec<Instruction>) {
[INFO] [stdout]    |    ^^^^^^^^^^^^^^^^^^^^^^^^^^^^^^^^^^^
[INFO] [stdout] 
[INFO] [stdout] 
[INFO] [stdout] warning: function `update_memory` is never used
[INFO] [stdout]   --> src/day14.rs:99:4
[INFO] [stdout]    |
[INFO] [stdout] 99 | fn update_memory(mask: &Instruction, address: &u64, value: &u64, memory: &mut HashMap<u64, u64>){
[INFO] [stdout]    |    ^^^^^^^^^^^^^
[INFO] [stdout] 
[INFO] [stdout] 
[INFO] [stdout] warning: function `find_sum_of_answers_anyone` is never used
[INFO] [stdout]   --> src/day6.rs:20:4
[INFO] [stdout]    |
[INFO] [stdout] 20 | fn find_sum_of_answers_anyone(group: Vec<String>) ->  i32 {
[INFO] [stdout]    |    ^^^^^^^^^^^^^^^^^^^^^^^^^^
[INFO] [stdout]    |
[INFO] [stdout]    = note: `#[warn(dead_code)]` on by default
[INFO] [stdout] 
[INFO] [stdout] 
[INFO] [stdout] warning: 1 warning emitted
[INFO] [stdout] 
[INFO] [stdout] 
[INFO] [stdout] warning: 1 warning emitted
[INFO] [stdout] 
[INFO] [stdout] 
[INFO] [stdout] warning: 6 warnings emitted
[INFO] [stdout] 
[INFO] [stdout] 
[INFO] [stdout] warning: 3 warnings emitted
[INFO] [stdout] 
[INFO] [stdout] 
[INFO] [stdout] warning: 6 warnings emitted
[INFO] [stdout] 
[INFO] [stdout] 
[INFO] [stderr]     Finished dev [unoptimized + debuginfo] target(s) in 4.38s
[INFO] running `Command { std: "docker" "inspect" "c8af5296008ff36b4586cd82065f44f66ca3251bf1c9e948b954498da4c50771", kill_on_drop: false }`
[INFO] running `Command { std: "docker" "rm" "-f" "c8af5296008ff36b4586cd82065f44f66ca3251bf1c9e948b954498da4c50771", kill_on_drop: false }`
[INFO] [stdout] c8af5296008ff36b4586cd82065f44f66ca3251bf1c9e948b954498da4c50771
[INFO] running `Command { std: "docker" "create" "-v" "/var/lib/crater-agent-workspace/builds/worker-1-tc2/target:/opt/rustwide/target:rw,Z" "-v" "/var/lib/crater-agent-workspace/builds/worker-1-tc2/source:/opt/rustwide/workdir:ro,Z" "-v" "/var/lib/crater-agent-workspace/cargo-home:/opt/rustwide/cargo-home:ro,Z" "-v" "/var/lib/crater-agent-workspace/rustup-home:/opt/rustwide/rustup-home:ro,Z" "-e" "SOURCE_DIR=/opt/rustwide/workdir" "-e" "CARGO_TARGET_DIR=/opt/rustwide/target" "-e" "CARGO_INCREMENTAL=0" "-e" "RUST_BACKTRACE=full" "-e" "RUSTFLAGS=--cap-lints=warn" "-e" "RUSTDOCFLAGS=--cap-lints=warn" "-e" "CARGO_HOME=/opt/rustwide/cargo-home" "-e" "RUSTUP_HOME=/opt/rustwide/rustup-home" "-w" "/opt/rustwide/workdir" "-m" "1610612736" "--user" "0:0" "--network" "none" "ghcr.io/rust-lang/crates-build-env/linux@sha256:5ff2268d62e97bff2cde7d5815dd6ed5b47097566f13b8d0ca110b04b60e07ed" "/opt/rustwide/cargo-home/bin/cargo" "+beta-2023-04-20" "test" "--frozen" "--no-run" "--message-format=json", kill_on_drop: false }`
[INFO] [stdout] 792c56d8cca4aa17e3ee1948142dfab71bbda8ac6ac81e9f15c6f68014a5d60d
[INFO] running `Command { std: "docker" "start" "-a" "792c56d8cca4aa17e3ee1948142dfab71bbda8ac6ac81e9f15c6f68014a5d60d", kill_on_drop: false }`
[INFO] [stderr]    Compiling advent2020 v0.1.0 (/opt/rustwide/workdir)
[INFO] [stdout] warning: unused variable: `maplength`
[INFO] [stdout]   --> src/day6.rs:49:13
[INFO] [stdout]    |
[INFO] [stdout] 49 |         let maplength = map.len() as i32;
[INFO] [stdout]    |             ^^^^^^^^^ help: if this is intentional, prefix it with an underscore: `_maplength`
[INFO] [stdout]    |
[INFO] [stdout]    = note: `#[warn(unused_variables)]` on by default
[INFO] [stdout] 
[INFO] [stdout] 
[INFO] [stdout] warning: unused variable: `key`
[INFO] [stdout]   --> src/day6.rs:50:14
[INFO] [stdout]    |
[INFO] [stdout] 50 |         for (key, value) in map {
[INFO] [stdout]    |              ^^^ help: if this is intentional, prefix it with an underscore: `_key`
[INFO] [stdout] 
[INFO] [stdout] 
[INFO] [stdout] warning: unused variable: `time`
[INFO] [stdout]   --> src/day13.rs:63:35
[INFO] [stdout]    |
[INFO] [stdout] 63 | fn find_earliest_bus_time_pattern(time: i32, buses: Vec<String>){
[INFO] [stdout]    |                                   ^^^^ help: if this is intentional, prefix it with an underscore: `_time`
[INFO] [stdout]    |
[INFO] [stdout]    = note: `#[warn(unused_variables)]` on by default
[INFO] [stdout] 
[INFO] [stdout] 
[INFO] [stdout] warning: value assigned to `amount` is never read
[INFO] [stdout]   --> src/day7.rs:43:21
[INFO] [stdout]    |
[INFO] [stdout] 43 |             let mut amount: String = insidebag.split("bag").collect();
[INFO] [stdout]    |                     ^^^^^^
[INFO] [stdout]    |
[INFO] [stdout]    = help: maybe it is overwritten before being read?
[INFO] [stdout]    = note: `#[warn(unused_assignments)]` on by default
[INFO] [stdout] 
[INFO] [stdout] 
[INFO] [stdout] warning: value assigned to `number` is never read
[INFO] [stdout]   --> src/day7.rs:46:21
[INFO] [stdout]    |
[INFO] [stdout] 46 |             let mut number = 0;
[INFO] [stdout]    |                     ^^^^^^
[INFO] [stdout]    |
[INFO] [stdout]    = help: maybe it is overwritten before being read?
[INFO] [stdout] 
[INFO] [stdout] 
[INFO] [stdout] warning: function `find_sum_of_answers_anyone` is never used
[INFO] [stdout]   --> src/day6.rs:20:4
[INFO] [stdout]    |
[INFO] [stdout] 20 | fn find_sum_of_answers_anyone(group: Vec<String>) ->  i32 {
[INFO] [stdout]    |    ^^^^^^^^^^^^^^^^^^^^^^^^^^
[INFO] [stdout]    |
[INFO] [stdout]    = note: `#[warn(dead_code)]` on by default
[INFO] [stdout] 
[INFO] [stdout] 
[INFO] [stdout] warning: variable does not need to be mutable
[INFO] [stdout]   --> src/day7.rs:36:13
[INFO] [stdout]    |
[INFO] [stdout] 36 |         let mut insidebags: Vec<String> = tokens[1].split(", ").map(|x| x.to_string()).collect();
[INFO] [stdout]    |             ----^^^^^^^^^^
[INFO] [stdout]    |             |
[INFO] [stdout]    |             help: remove this `mut`
[INFO] [stdout]    |
[INFO] [stdout]    = note: `#[warn(unused_mut)]` on by default
[INFO] [stdout] 
[INFO] [stdout] 
[INFO] [stdout] warning: variable does not need to be mutable
[INFO] [stdout]   --> src/day7.rs:45:17
[INFO] [stdout]    |
[INFO] [stdout] 45 |             let mut t: Vec<String> = amount.split(" ").map(|x| x.to_string()).collect();
[INFO] [stdout]    |                 ----^
[INFO] [stdout]    |                 |
[INFO] [stdout]    |                 help: remove this `mut`
[INFO] [stdout] 
[INFO] [stdout] 
[INFO] [stdout] warning: function `find_outer_bag_sum` is never used
[INFO] [stdout]   --> src/day7.rs:62:4
[INFO] [stdout]    |
[INFO] [stdout] 62 | fn find_outer_bag_sum(desired_color: &String, map: &HashMap<String, Vec<BagInfo>>) -> i32 {
[INFO] [stdout]    |    ^^^^^^^^^^^^^^^^^^
[INFO] [stdout]    |
[INFO] [stdout]    = note: `#[warn(dead_code)]` on by default
[INFO] [stdout] 
[INFO] [stdout] 
[INFO] [stdout] warning: function `find_outer_bag_recursion` is never used
[INFO] [stdout]   --> src/day7.rs:72:4
[INFO] [stdout]    |
[INFO] [stdout] 72 | fn find_outer_bag_recursion(desired_color: &String, bag_color: &String, bags: &Vec<BagInfo>, map: &HashMap<String, Vec<BagInfo>>, correct...
[INFO] [stdout]    |    ^^^^^^^^^^^^^^^^^^^^^^^^
[INFO] [stdout] 
[INFO] [stdout] 
[INFO] [stdout] warning: method `print_location` is never used
[INFO] [stdout]    --> src/day12.rs:111:8
[INFO] [stdout]     |
[INFO] [stdout] 18  | impl Ferry {
[INFO] [stdout]     | ---------- method in this implementation
[INFO] [stdout] ...
[INFO] [stdout] 111 |     fn print_location(&self){
[INFO] [stdout]     |        ^^^^^^^^^^^^^^
[INFO] [stdout]     |
[INFO] [stdout]     = note: `#[warn(dead_code)]` on by default
[INFO] [stdout] 
[INFO] [stdout] 
[INFO] [stdout] warning: unused variable: `instructions`
[INFO] [stdout]   --> src/day14.rs:27:9
[INFO] [stdout]    |
[INFO] [stdout] 27 |     let instructions = parse_into_instructions(contents.clone());
[INFO] [stdout]    |         ^^^^^^^^^^^^ help: if this is intentional, prefix it with an underscore: `_instructions`
[INFO] [stdout]    |
[INFO] [stdout]    = note: `#[warn(unused_variables)]` on by default
[INFO] [stdout] 
[INFO] [stdout] 
[INFO] [stdout] warning: variable `zeros_mask` is assigned to, but never used
[INFO] [stdout]    --> src/day14.rs:174:9
[INFO] [stdout]     |
[INFO] [stdout] 174 |     let zeros_mask: u64;
[INFO] [stdout]     |         ^^^^^^^^^^
[INFO] [stdout]     |
[INFO] [stdout]     = note: consider using `_zeros_mask` instead
[INFO] [stdout] 
[INFO] [stdout] 
[INFO] [stdout] warning: value assigned to `zeros_mask` is never read
[INFO] [stdout]    --> src/day14.rs:181:13
[INFO] [stdout]     |
[INFO] [stdout] 181 |             zeros_mask = *zero;
[INFO] [stdout]     |             ^^^^^^^^^^
[INFO] [stdout]     |
[INFO] [stdout]     = help: maybe it is overwritten before being read?
[INFO] [stdout]     = note: `#[warn(unused_assignments)]` on by default
[INFO] [stdout] 
[INFO] [stdout] 
[INFO] [stdout] warning: fields `zeros_mask` and `ones_mask` are never read
[INFO] [stdout]   --> src/day14.rs:13:9
[INFO] [stdout]    |
[INFO] [stdout] 12 |     UpdateMask {
[INFO] [stdout]    |     ---------- fields in this variant
[INFO] [stdout] 13 |         zeros_mask: u64,
[INFO] [stdout]    |         ^^^^^^^^^^
[INFO] [stdout] 14 |         ones_mask: u64,
[INFO] [stdout]    |         ^^^^^^^^^
[INFO] [stdout]    |
[INFO] [stdout]    = note: `#[warn(dead_code)]` on by default
[INFO] [stdout] 
[INFO] [stdout] 
[INFO] [stdout] warning: function `execute_initialization_instructions` is never used
[INFO] [stdout]   --> src/day14.rs:85:4
[INFO] [stdout]    |
[INFO] [stdout] 85 | fn execute_initialization_instructions(instructions: Vec<Instruction>) {
[INFO] [stdout]    |    ^^^^^^^^^^^^^^^^^^^^^^^^^^^^^^^^^^^
[INFO] [stdout] 
[INFO] [stdout] 
[INFO] [stdout] warning: function `update_memory` is never used
[INFO] [stdout]   --> src/day14.rs:99:4
[INFO] [stdout]    |
[INFO] [stdout] 99 | fn update_memory(mask: &Instruction, address: &u64, value: &u64, memory: &mut HashMap<u64, u64>){
[INFO] [stdout]    |    ^^^^^^^^^^^^^
[INFO] [stdout] 
[INFO] [stdout] 
[INFO] [stdout] warning: 3 warnings emitted
[INFO] [stdout] 
[INFO] [stdout] 
[INFO] [stdout] warning: 6 warnings emitted
[INFO] [stdout] 
[INFO] [stdout] 
[INFO] [stdout] warning: 1 warning emitted
[INFO] [stdout] 
[INFO] [stdout] 
[INFO] [stdout] warning: 6 warnings emitted
[INFO] [stdout] 
[INFO] [stdout] 
[INFO] [stdout] warning: 1 warning emitted
[INFO] [stdout] 
[INFO] [stdout] 
[INFO] [stderr]     Finished test [unoptimized + debuginfo] target(s) in 0.55s
[INFO] running `Command { std: "docker" "inspect" "792c56d8cca4aa17e3ee1948142dfab71bbda8ac6ac81e9f15c6f68014a5d60d", kill_on_drop: false }`
[INFO] running `Command { std: "docker" "rm" "-f" "792c56d8cca4aa17e3ee1948142dfab71bbda8ac6ac81e9f15c6f68014a5d60d", kill_on_drop: false }`
[INFO] [stdout] 792c56d8cca4aa17e3ee1948142dfab71bbda8ac6ac81e9f15c6f68014a5d60d
[INFO] running `Command { std: "docker" "create" "-v" "/var/lib/crater-agent-workspace/builds/worker-1-tc2/target:/opt/rustwide/target:rw,Z" "-v" "/var/lib/crater-agent-workspace/builds/worker-1-tc2/source:/opt/rustwide/workdir:ro,Z" "-v" "/var/lib/crater-agent-workspace/cargo-home:/opt/rustwide/cargo-home:ro,Z" "-v" "/var/lib/crater-agent-workspace/rustup-home:/opt/rustwide/rustup-home:ro,Z" "-e" "SOURCE_DIR=/opt/rustwide/workdir" "-e" "CARGO_TARGET_DIR=/opt/rustwide/target" "-e" "CARGO_INCREMENTAL=0" "-e" "RUST_BACKTRACE=full" "-e" "RUSTFLAGS=--cap-lints=warn" "-e" "RUSTDOCFLAGS=--cap-lints=warn" "-e" "CARGO_HOME=/opt/rustwide/cargo-home" "-e" "RUSTUP_HOME=/opt/rustwide/rustup-home" "-w" "/opt/rustwide/workdir" "-m" "1610612736" "--user" "0:0" "--network" "none" "ghcr.io/rust-lang/crates-build-env/linux@sha256:5ff2268d62e97bff2cde7d5815dd6ed5b47097566f13b8d0ca110b04b60e07ed" "/opt/rustwide/cargo-home/bin/cargo" "+beta-2023-04-20" "test" "--frozen", kill_on_drop: false }`
[INFO] [stdout] e72348232f0d20151a5d1a5ce0f9e0422c3d13bbb26634b8deec1458c2e7801d
[INFO] running `Command { std: "docker" "start" "-a" "e72348232f0d20151a5d1a5ce0f9e0422c3d13bbb26634b8deec1458c2e7801d", kill_on_drop: false }`
[INFO] [stderr] warning: unused variable: `maplength`
[INFO] [stderr]   --> src/day6.rs:49:13
[INFO] [stderr]    |
[INFO] [stderr] 49 |         let maplength = map.len() as i32;
[INFO] [stderr]    |             ^^^^^^^^^ help: if this is intentional, prefix it with an underscore: `_maplength`
[INFO] [stderr]    |
[INFO] [stderr]    = note: `#[warn(unused_variables)]` on by default
[INFO] [stderr] 
[INFO] [stderr] warning: unused variable: `key`
[INFO] [stderr]   --> src/day6.rs:50:14
[INFO] [stderr]    |
[INFO] [stderr] 50 |         for (key, value) in map {
[INFO] [stderr]    |              ^^^ help: if this is intentional, prefix it with an underscore: `_key`
[INFO] [stderr] 
[INFO] [stderr] warning: function `find_sum_of_answers_anyone` is never used
[INFO] [stderr]   --> src/day6.rs:20:4
[INFO] [stderr]    |
[INFO] [stderr] 20 | fn find_sum_of_answers_anyone(group: Vec<String>) ->  i32 {
[INFO] [stderr]    |    ^^^^^^^^^^^^^^^^^^^^^^^^^^
[INFO] [stderr]    |
[INFO] [stderr]    = note: `#[warn(dead_code)]` on by default
[INFO] [stderr] 
[INFO] [stderr] warning: unused variable: `time`
[INFO] [stderr]   --> src/day13.rs:63:35
[INFO] [stderr]    |
[INFO] [stderr] 63 | fn find_earliest_bus_time_pattern(time: i32, buses: Vec<String>){
[INFO] [stderr]    |                                   ^^^^ help: if this is intentional, prefix it with an underscore: `_time`
[INFO] [stderr]    |
[INFO] [stderr]    = note: `#[warn(unused_variables)]` on by default
[INFO] [stderr] 
[INFO] [stderr] warning: method `print_location` is never used
[INFO] [stderr]    --> src/day12.rs:111:8
[INFO] [stderr]     |
[INFO] [stderr] 18  | impl Ferry {
[INFO] [stderr]     | ---------- method in this implementation
[INFO] [stderr] ...
[INFO] [stderr] 111 |     fn print_location(&self){
[INFO] [stderr]     |        ^^^^^^^^^^^^^^
[INFO] [stderr]     |
[INFO] [stderr]     = note: `#[warn(dead_code)]` on by default
[INFO] [stderr] 
[INFO] [stderr] warning: unused variable: `instructions`
[INFO] [stderr]   --> src/day14.rs:27:9
[INFO] [stderr]    |
[INFO] [stderr] 27 |     let instructions = parse_into_instructions(contents.clone());
[INFO] [stderr]    |         ^^^^^^^^^^^^ help: if this is intentional, prefix it with an underscore: `_instructions`
[INFO] [stderr]    |
[INFO] [stderr]    = note: `#[warn(unused_variables)]` on by default
[INFO] [stderr] 
[INFO] [stderr] warning: variable `zeros_mask` is assigned to, but never used
[INFO] [stderr]    --> src/day14.rs:174:9
[INFO] [stderr]     |
[INFO] [stderr] 174 |     let zeros_mask: u64;
[INFO] [stderr]     |         ^^^^^^^^^^
[INFO] [stderr]     |
[INFO] [stderr]     = note: consider using `_zeros_mask` instead
[INFO] [stderr] 
[INFO] [stderr] warning: value assigned to `zeros_mask` is never read
[INFO] [stderr]    --> src/day14.rs:181:13
[INFO] [stderr]     |
[INFO] [stderr] 181 |             zeros_mask = *zero;
[INFO] [stderr]     |             ^^^^^^^^^^
[INFO] [stderr]     |
[INFO] [stderr]     = help: maybe it is overwritten before being read?
[INFO] [stderr]     = note: `#[warn(unused_assignments)]` on by default
[INFO] [stderr] 
[INFO] [stderr] warning: fields `zeros_mask` and `ones_mask` are never read
[INFO] [stderr]   --> src/day14.rs:13:9
[INFO] [stderr]    |
[INFO] [stderr] 12 |     UpdateMask {
[INFO] [stderr]    |     ---------- fields in this variant
[INFO] [stderr] 13 |         zeros_mask: u64,
[INFO] [stderr]    |         ^^^^^^^^^^
[INFO] [stderr] 14 |         ones_mask: u64,
[INFO] [stderr]    |         ^^^^^^^^^
[INFO] [stderr]    |
[INFO] [stderr]    = note: `#[warn(dead_code)]` on by default
[INFO] [stderr] 
[INFO] [stderr] warning: function `execute_initialization_instructions` is never used
[INFO] [stderr]   --> src/day14.rs:85:4
[INFO] [stderr]    |
[INFO] [stderr] 85 | fn execute_initialization_instructions(instructions: Vec<Instruction>) {
[INFO] [stderr]    |    ^^^^^^^^^^^^^^^^^^^^^^^^^^^^^^^^^^^
[INFO] [stderr] 
[INFO] [stderr] warning: function `update_memory` is never used
[INFO] [stderr]   --> src/day14.rs:99:4
[INFO] [stderr]    |
[INFO] [stderr] 99 | fn update_memory(mask: &Instruction, address: &u64, value: &u64, memory: &mut HashMap<u64, u64>){
[INFO] [stderr]    |    ^^^^^^^^^^^^^
[INFO] [stderr] 
[INFO] [stderr] warning: `advent2020` (bin "day6" test) generated 3 warnings (run `cargo fix --bin "day6" --tests` to apply 2 suggestions)
[INFO] [stderr] warning: `advent2020` (bin "day13" test) generated 1 warning (run `cargo fix --bin "day13" --tests` to apply 1 suggestion)
[INFO] [stderr] warning: `advent2020` (bin "day12" test) generated 1 warning
[INFO] [stderr] warning: `advent2020` (bin "day14" test) generated 6 warnings (run `cargo fix --bin "day14" --tests` to apply 1 suggestion)
[INFO] [stderr] warning: value assigned to `amount` is never read
[INFO] [stderr]   --> src/day7.rs:43:21
[INFO] [stderr]    |
[INFO] [stderr] 43 |             let mut amount: String = insidebag.split("bag").collect();
[INFO] [stderr]    |                     ^^^^^^
[INFO] [stderr]    |
[INFO] [stderr]    = help: maybe it is overwritten before being read?
[INFO] [stderr]    = note: `#[warn(unused_assignments)]` on by default
[INFO] [stderr] 
[INFO] [stderr] warning: value assigned to `number` is never read
[INFO] [stderr]   --> src/day7.rs:46:21
[INFO] [stderr]    |
[INFO] [stderr] 46 |             let mut number = 0;
[INFO] [stderr]    |                     ^^^^^^
[INFO] [stderr]    |
[INFO] [stderr]    = help: maybe it is overwritten before being read?
[INFO] [stderr] 
[INFO] [stderr] warning: variable does not need to be mutable
[INFO] [stderr]   --> src/day7.rs:36:13
[INFO] [stderr]    |
[INFO] [stderr] 36 |         let mut insidebags: Vec<String> = tokens[1].split(", ").map(|x| x.to_string()).collect();
[INFO] [stderr]    |             ----^^^^^^^^^^
[INFO] [stderr]    |             |
[INFO] [stderr]    |             help: remove this `mut`
[INFO] [stderr]    |
[INFO] [stderr]    = note: `#[warn(unused_mut)]` on by default
[INFO] [stderr] 
[INFO] [stderr] warning: variable does not need to be mutable
[INFO] [stderr]   --> src/day7.rs:45:17
[INFO] [stderr]    |
[INFO] [stderr] 45 |             let mut t: Vec<String> = amount.split(" ").map(|x| x.to_string()).collect();
[INFO] [stderr]    |                 ----^
[INFO] [stderr]    |                 |
[INFO] [stderr]    |                 help: remove this `mut`
[INFO] [stderr] 
[INFO] [stderr] warning: function `find_outer_bag_sum` is never used
[INFO] [stderr]   --> src/day7.rs:62:4
[INFO] [stderr]    |
[INFO] [stderr] 62 | fn find_outer_bag_sum(desired_color: &String, map: &HashMap<String, Vec<BagInfo>>) -> i32 {
[INFO] [stderr]    |    ^^^^^^^^^^^^^^^^^^
[INFO] [stderr]    |
[INFO] [stderr]    = note: `#[warn(dead_code)]` on by default
[INFO] [stderr] 
[INFO] [stderr] warning: function `find_outer_bag_recursion` is never used
[INFO] [stderr]   --> src/day7.rs:72:4
[INFO] [stderr]    |
[INFO] [stderr] 72 | fn find_outer_bag_recursion(desired_color: &String, bag_color: &String, bags: &Vec<BagInfo>, map: &HashMap<String, Vec<BagInfo>>, correct...
[INFO] [stderr]    |    ^^^^^^^^^^^^^^^^^^^^^^^^
[INFO] [stderr] 
[INFO] [stderr] warning: `advent2020` (bin "day7" test) generated 6 warnings (run `cargo fix --bin "day7" --tests` to apply 2 suggestions)
[INFO] [stderr]     Finished test [unoptimized + debuginfo] target(s) in 0.01s
[INFO] [stderr]      Running unittests src/day1.rs (/opt/rustwide/target/debug/deps/day1-11406caefe256cf4)
[INFO] [stdout] 
[INFO] [stdout] running 0 tests
[INFO] [stdout] 
[INFO] [stdout] test result: ok. 0 passed; 0 failed; 0 ignored; 0 measured; 0 filtered out; finished in 0.00s
[INFO] [stdout] 
[INFO] [stderr]      Running unittests src/day10.rs (/opt/rustwide/target/debug/deps/day10-2eee5f27906f148d)
[INFO] [stdout] 
[INFO] [stdout] running 0 tests
[INFO] [stdout] 
[INFO] [stdout] test result: ok. 0 passed; 0 failed; 0 ignored; 0 measured; 0 filtered out; finished in 0.00s
[INFO] [stdout] 
[INFO] [stderr]      Running unittests src/day11.rs (/opt/rustwide/target/debug/deps/day11-7b6b693ef8b40a28)
[INFO] [stdout] 
[INFO] [stdout] running 0 tests
[INFO] [stdout] 
[INFO] [stdout] test result: ok. 0 passed; 0 failed; 0 ignored; 0 measured; 0 filtered out; finished in 0.00s
[INFO] [stdout] 
[INFO] [stderr]      Running unittests src/day12.rs (/opt/rustwide/target/debug/deps/day12-35db63d39f84261a)
[INFO] [stdout] 
[INFO] [stdout] running 9 tests
[INFO] [stdout] test test::test_waypoint_rotation_180 ... ok
[INFO] [stdout] test test::test_waypoint_rotation_270 ... ok
[INFO] [stdout] test test::test_waypoint_rotation_90 ... ok
[INFO] [stdout] test test::test_waypoint_rotation_neg_180 ... ok
[INFO] [stdout] test test::test_waypoint_rotation_neg_270 ... ok
[INFO] [stdout] test test::test_waypoint_rotation_neg_90 ... ok
[INFO] [stdout] test test::test_waypoint_rotation_quadrant2 ... ok
[INFO] [stdout] test test::test_waypoint_rotation_quadrant3 ... ok
[INFO] [stdout] test test::test_waypoint_rotation_quadrant4 ... ok
[INFO] [stdout] 
[INFO] [stdout] test result: ok. 9 passed; 0 failed; 0 ignored; 0 measured; 0 filtered out; finished in 0.00s
[INFO] [stdout] 
[INFO] [stderr]      Running unittests src/day13.rs (/opt/rustwide/target/debug/deps/day13-55b09314d44de7a2)
[INFO] [stdout] 
[INFO] [stdout] running 0 tests
[INFO] [stdout] 
[INFO] [stdout] test result: ok. 0 passed; 0 failed; 0 ignored; 0 measured; 0 filtered out; finished in 0.00s
[INFO] [stdout] 
[INFO] [stderr]      Running unittests src/day14.rs (/opt/rustwide/target/debug/deps/day14-aa689f37c3c9989d)
[INFO] [stdout] 
[INFO] [stdout] running 0 tests
[INFO] [stdout] 
[INFO] [stdout] test result: ok. 0 passed; 0 failed; 0 ignored; 0 measured; 0 filtered out; finished in 0.00s
[INFO] [stdout] 
[INFO] [stderr]      Running unittests src/day2.rs (/opt/rustwide/target/debug/deps/day2-faf3792f8679e7d9)
[INFO] [stdout] 
[INFO] [stdout] running 1 test
[INFO] [stdout] test tests::placeholder ... ok
[INFO] [stdout] 
[INFO] [stdout] test result: ok. 1 passed; 0 failed; 0 ignored; 0 measured; 0 filtered out; finished in 0.00s
[INFO] [stdout] 
[INFO] [stderr]      Running unittests src/day3.rs (/opt/rustwide/target/debug/deps/day3-f35a955617b3e29b)
[INFO] [stdout] 
[INFO] [stdout] running 0 tests
[INFO] [stdout] 
[INFO] [stdout] test result: ok. 0 passed; 0 failed; 0 ignored; 0 measured; 0 filtered out; finished in 0.00s
[INFO] [stdout] 
[INFO] [stderr]      Running unittests src/day4.rs (/opt/rustwide/target/debug/deps/day4-6db19d0d315b76f1)
[INFO] [stdout] 
[INFO] [stdout] running 21 tests
[INFO] [stdout] test tests::invalid_birth_length ... ok
[INFO] [stdout] test tests::invalid_birth_year ... ok
[INFO] [stdout] test tests::invalid_eye_color ... ok
[INFO] [stdout] test tests::invalid_hair_color ... ok
[INFO] [stdout] test tests::invalid_hair_color_no_hash ... ok
[INFO] [stdout] test tests::invalid_height ... ok
[INFO] [stdout] test tests::invalid_height_cm ... ok
[INFO] [stdout] test tests::invalid_height_in ... ok
[INFO] [stdout] test tests::passport_invalidity_test ... ok
[INFO] [stdout] test tests::valid_birth ... ok
[INFO] [stdout] test tests::valid_birth_low_bounds ... ok
[INFO] [stdout] test tests::valid_birth_upper_bounds ... ok
[INFO] [stdout] test tests::valid_eye_color ... ok
[INFO] [stdout] test tests::valid_height_in ... ok
[INFO] [stdout] test tests::valid_hair_color ... ok
[INFO] [stdout] test tests::valid_issue ... ok
[INFO] [stdout] test tests::valid_expiration ... ok
[INFO] [stdout] test tests::valid_pid ... ok
[INFO] [stdout] test tests::valid_height_cm ... ok
[INFO] [stdout] test tests::invalid_pid ... FAILED
[INFO] [stdout] test tests::passport_validity_test ... FAILED
[INFO] [stdout] 
[INFO] [stdout] failures:
[INFO] [stdout] 
[INFO] [stdout] ---- tests::invalid_pid stdout ----
[INFO] [stdout] thread 'tests::invalid_pid' panicked at 'assertion failed: !passport.pid_valid()', src/day4.rs:342:9
[INFO] [stdout] stack backtrace:
[INFO] [stdout]    0:     0x55c4e22ea88a - std::backtrace_rs::backtrace::libunwind::trace::h2f05d0192276a8f6
[INFO] [stdout]                                at /rustc/1b7dd2252b99671ce5d1cb9664c5f8636329436d/library/std/src/../../backtrace/src/backtrace/libunwind.rs:93:5
[INFO] [stdout]    1:     0x55c4e22ea88a - std::backtrace_rs::backtrace::trace_unsynchronized::hedc23dff7a1af150
[INFO] [stdout]                                at /rustc/1b7dd2252b99671ce5d1cb9664c5f8636329436d/library/std/src/../../backtrace/src/backtrace/mod.rs:66:5
[INFO] [stdout]    2:     0x55c4e22ea88a - std::sys_common::backtrace::_print_fmt::h17541ef7592f3ce2
[INFO] [stdout]                                at /rustc/1b7dd2252b99671ce5d1cb9664c5f8636329436d/library/std/src/sys_common/backtrace.rs:65:5
[INFO] [stdout]    3:     0x55c4e22ea88a - <std::sys_common::backtrace::_print::DisplayBacktrace as core::fmt::Display>::fmt::h20f75df5ab0c0792
[INFO] [stdout]                                at /rustc/1b7dd2252b99671ce5d1cb9664c5f8636329436d/library/std/src/sys_common/backtrace.rs:44:22
[INFO] [stdout]    4:     0x55c4e230e84f - core::fmt::write::h78109e6f466b3af6
[INFO] [stdout]                                at /rustc/1b7dd2252b99671ce5d1cb9664c5f8636329436d/library/core/src/fmt/mod.rs:1254:17
[INFO] [stdout]    5:     0x55c4e22e7bd5 - std::io::Write::write_fmt::hd24bfb68a1b35a25
[INFO] [stdout]                                at /rustc/1b7dd2252b99671ce5d1cb9664c5f8636329436d/library/std/src/io/mod.rs:1698:15
[INFO] [stdout]    6:     0x55c4e22ea655 - std::sys_common::backtrace::_print::h8dac57a9f8fbf9a5
[INFO] [stdout]                                at /rustc/1b7dd2252b99671ce5d1cb9664c5f8636329436d/library/std/src/sys_common/backtrace.rs:47:5
[INFO] [stdout]    7:     0x55c4e22ea655 - std::sys_common::backtrace::print::hf9ecbf41d1aa712f
[INFO] [stdout]                                at /rustc/1b7dd2252b99671ce5d1cb9664c5f8636329436d/library/std/src/sys_common/backtrace.rs:34:9
[INFO] [stdout]    8:     0x55c4e22ec30e - std::panicking::default_hook::{{closure}}::h04c07acfc84ca028
[INFO] [stdout]                                at /rustc/1b7dd2252b99671ce5d1cb9664c5f8636329436d/library/std/src/panicking.rs:269:22
[INFO] [stdout]    9:     0x55c4e22ec041 - std::panicking::default_hook::h01f6bb23e1eceb2c
[INFO] [stdout]                                at /rustc/1b7dd2252b99671ce5d1cb9664c5f8636329436d/library/std/src/panicking.rs:285:9
[INFO] [stdout]   10:     0x55c4e22bf9db - <alloc::boxed::Box<F,A> as core::ops::function::Fn<Args>>::call::h87fe9f7b2fd49e4c
[INFO] [stdout]                                at /rustc/1b7dd2252b99671ce5d1cb9664c5f8636329436d/library/alloc/src/boxed.rs:1987:9
[INFO] [stdout]   11:     0x55c4e22bf9db - test::test_main::{{closure}}::he94d679243a7531b
[INFO] [stdout]                                at /rustc/1b7dd2252b99671ce5d1cb9664c5f8636329436d/library/test/src/lib.rs:134:21
[INFO] [stdout]   12:     0x55c4e22ec9f4 - <alloc::boxed::Box<F,A> as core::ops::function::Fn<Args>>::call::h3f2d6d8b14c4769f
[INFO] [stdout]                                at /rustc/1b7dd2252b99671ce5d1cb9664c5f8636329436d/library/alloc/src/boxed.rs:1987:9
[INFO] [stdout]   13:     0x55c4e22ec9f4 - std::panicking::rust_panic_with_hook::h2bb3722bbaf2f6df
[INFO] [stdout]                                at /rustc/1b7dd2252b99671ce5d1cb9664c5f8636329436d/library/std/src/panicking.rs:695:13
[INFO] [stdout]   14:     0x55c4e22ec722 - std::panicking::begin_panic_handler::{{closure}}::h91bc7f36a4be011b
[INFO] [stdout]                                at /rustc/1b7dd2252b99671ce5d1cb9664c5f8636329436d/library/std/src/panicking.rs:580:13
[INFO] [stdout]   15:     0x55c4e22eacf6 - std::sys_common::backtrace::__rust_end_short_backtrace::h8b3d3717114f9e59
[INFO] [stdout]                                at /rustc/1b7dd2252b99671ce5d1cb9664c5f8636329436d/library/std/src/sys_common/backtrace.rs:150:18
[INFO] [stdout]   16:     0x55c4e22ec4c2 - rust_begin_unwind
[INFO] [stdout]                                at /rustc/1b7dd2252b99671ce5d1cb9664c5f8636329436d/library/std/src/panicking.rs:578:5
[INFO] [stdout]   17:     0x55c4e227aba3 - core::panicking::panic_fmt::hfd368e3fbdabea26
[INFO] [stdout]                                at /rustc/1b7dd2252b99671ce5d1cb9664c5f8636329436d/library/core/src/panicking.rs:67:14
[INFO] [stdout]   18:     0x55c4e227ac3d - core::panicking::panic::h3f9042d09bd0bf2e
[INFO] [stdout]                                at /rustc/1b7dd2252b99671ce5d1cb9664c5f8636329436d/library/core/src/panicking.rs:117:5
[INFO] [stdout]   19:     0x55c4e2280922 - day4::tests::invalid_pid::h8329d62ef8ecd651
[INFO] [stdout]                                at /opt/rustwide/workdir/src/day4.rs:342:9
[INFO] [stdout]   20:     0x55c4e22807f7 - day4::tests::invalid_pid::{{closure}}::h7fe578c13ed8e1c4
[INFO] [stdout]                                at /opt/rustwide/workdir/src/day4.rs:339:21
[INFO] [stdout]   21:     0x55c4e2282b45 - core::ops::function::FnOnce::call_once::h90e48dbad16d8ced
[INFO] [stdout]                                at /rustc/1b7dd2252b99671ce5d1cb9664c5f8636329436d/library/core/src/ops/function.rs:250:5
[INFO] [stdout]   22:     0x55c4e22c48af - core::ops::function::FnOnce::call_once::ha6a70e79f7481a7e
[INFO] [stdout]                                at /rustc/1b7dd2252b99671ce5d1cb9664c5f8636329436d/library/core/src/ops/function.rs:250:5
[INFO] [stdout]   23:     0x55c4e22c48af - test::__rust_begin_short_backtrace::hce33033019b61e69
[INFO] [stdout]                                at /rustc/1b7dd2252b99671ce5d1cb9664c5f8636329436d/library/test/src/lib.rs:655:18
[INFO] [stdout]   24:     0x55c4e229209c - test::run_test::{{closure}}::h858d3528838ae3e5
[INFO] [stdout]                                at /rustc/1b7dd2252b99671ce5d1cb9664c5f8636329436d/library/test/src/lib.rs:646:30
[INFO] [stdout]   25:     0x55c4e229209c - core::ops::function::FnOnce::call_once{{vtable.shim}}::he8ac2b00f01ae79e
[INFO] [stdout]                                at /rustc/1b7dd2252b99671ce5d1cb9664c5f8636329436d/library/core/src/ops/function.rs:250:5
[INFO] [stdout]   26:     0x55c4e22c3986 - <alloc::boxed::Box<F,A> as core::ops::function::FnOnce<Args>>::call_once::h8093d25b522725ef
[INFO] [stdout]                                at /rustc/1b7dd2252b99671ce5d1cb9664c5f8636329436d/library/alloc/src/boxed.rs:1973:9
[INFO] [stdout]   27:     0x55c4e22c3986 - <core::panic::unwind_safe::AssertUnwindSafe<F> as core::ops::function::FnOnce<()>>::call_once::h5c334c204e4a3913
[INFO] [stdout]                                at /rustc/1b7dd2252b99671ce5d1cb9664c5f8636329436d/library/core/src/panic/unwind_safe.rs:271:9
[INFO] [stdout]   28:     0x55c4e22c3986 - std::panicking::try::do_call::ha8b740c7b9478074
[INFO] [stdout]                                at /rustc/1b7dd2252b99671ce5d1cb9664c5f8636329436d/library/std/src/panicking.rs:485:40
[INFO] [stdout]   29:     0x55c4e22c3986 - std::panicking::try::h5d34f63d0e41b64e
[INFO] [stdout]                                at /rustc/1b7dd2252b99671ce5d1cb9664c5f8636329436d/library/std/src/panicking.rs:449:19
[INFO] [stdout]   30:     0x55c4e22c3986 - std::panic::catch_unwind::hcfbb511e1aa7fc67
[INFO] [stdout]                                at /rustc/1b7dd2252b99671ce5d1cb9664c5f8636329436d/library/std/src/panic.rs:140:14
[INFO] [stdout]   31:     0x55c4e22c3986 - test::run_test_in_process::h9abda90f802eaf21
[INFO] [stdout]                                at /rustc/1b7dd2252b99671ce5d1cb9664c5f8636329436d/library/test/src/lib.rs:678:27
[INFO] [stdout]   32:     0x55c4e22c3986 - test::run_test::run_test_inner::{{closure}}::h0f058de91f6c6edf
[INFO] [stdout]                                at /rustc/1b7dd2252b99671ce5d1cb9664c5f8636329436d/library/test/src/lib.rs:572:39
[INFO] [stdout]   33:     0x55c4e228c8a5 - test::run_test::run_test_inner::{{closure}}::h5ca48a4c59c6c1fb
[INFO] [stdout]                                at /rustc/1b7dd2252b99671ce5d1cb9664c5f8636329436d/library/test/src/lib.rs:599:37
[INFO] [stdout]   34:     0x55c4e228c8a5 - std::sys_common::backtrace::__rust_begin_short_backtrace::h32bd51e1495d4a33
[INFO] [stdout]                                at /rustc/1b7dd2252b99671ce5d1cb9664c5f8636329436d/library/std/src/sys_common/backtrace.rs:134:18
[INFO] [stdout]   35:     0x55c4e2291de1 - std::thread::Builder::spawn_unchecked_::{{closure}}::{{closure}}::hc086fae9b128b2db
[INFO] [stdout]                                at /rustc/1b7dd2252b99671ce5d1cb9664c5f8636329436d/library/std/src/thread/mod.rs:526:17
[INFO] [stdout]   36:     0x55c4e2291de1 - <core::panic::unwind_safe::AssertUnwindSafe<F> as core::ops::function::FnOnce<()>>::call_once::hb66571888d270d43
[INFO] [stdout]                                at /rustc/1b7dd2252b99671ce5d1cb9664c5f8636329436d/library/core/src/panic/unwind_safe.rs:271:9
[INFO] [stdout]   37:     0x55c4e2291de1 - std::panicking::try::do_call::h4fa2ef4f6e51fecf
[INFO] [stdout]                                at /rustc/1b7dd2252b99671ce5d1cb9664c5f8636329436d/library/std/src/panicking.rs:485:40
[INFO] [stdout]   38:     0x55c4e2291de1 - std::panicking::try::h1e9e22b8584489b5
[INFO] [stdout]                                at /rustc/1b7dd2252b99671ce5d1cb9664c5f8636329436d/library/std/src/panicking.rs:449:19
[INFO] [stdout]   39:     0x55c4e2291de1 - std::panic::catch_unwind::h44698a3de0e0769e
[INFO] [stdout]                                at /rustc/1b7dd2252b99671ce5d1cb9664c5f8636329436d/library/std/src/panic.rs:140:14
[INFO] [stdout]   40:     0x55c4e2291de1 - std::thread::Builder::spawn_unchecked_::{{closure}}::h50153abde3fe239e
[INFO] [stdout]                                at /rustc/1b7dd2252b99671ce5d1cb9664c5f8636329436d/library/std/src/thread/mod.rs:525:30
[INFO] [stdout]   41:     0x55c4e2291de1 - core::ops::function::FnOnce::call_once{{vtable.shim}}::hbe5bbf6f38394364
[INFO] [stdout]                                at /rustc/1b7dd2252b99671ce5d1cb9664c5f8636329436d/library/core/src/ops/function.rs:250:5
[INFO] [stdout]   42:     0x55c4e22f0ef5 - <alloc::boxed::Box<F,A> as core::ops::function::FnOnce<Args>>::call_once::h0d83cb2920a49046
[INFO] [stdout]                                at /rustc/1b7dd2252b99671ce5d1cb9664c5f8636329436d/library/alloc/src/boxed.rs:1973:9
[INFO] [stdout]   43:     0x55c4e22f0ef5 - <alloc::boxed::Box<F,A> as core::ops::function::FnOnce<Args>>::call_once::hbe0a008aa7d9ef59
[INFO] [stdout]                                at /rustc/1b7dd2252b99671ce5d1cb9664c5f8636329436d/library/alloc/src/boxed.rs:1973:9
[INFO] [stdout]   44:     0x55c4e22f0ef5 - std::sys::unix::thread::Thread::new::thread_start::h3a466996bdf6b1f9
[INFO] [stdout]                                at /rustc/1b7dd2252b99671ce5d1cb9664c5f8636329436d/library/std/src/sys/unix/thread.rs:108:17
[INFO] [stdout]   45:     0x7fa96c0cdb43 - <unknown>
[INFO] [stdout]   46:     0x7fa96c15ebb4 - __clone
[INFO] [stdout]   47:                0x0 - <unknown>
[INFO] [stdout] 
[INFO] [stdout] ---- tests::passport_validity_test stdout ----
[INFO] [stdout] number of passports: 0
[INFO] [stdout] thread 'tests::passport_validity_test' panicked at 'index out of bounds: the len is 0 but the index is 0', src/day4.rs:353:26
[INFO] [stdout] stack backtrace:
[INFO] [stdout]    0:     0x55c4e22ea88a - std::backtrace_rs::backtrace::libunwind::trace::h2f05d0192276a8f6
[INFO] [stdout]                                at /rustc/1b7dd2252b99671ce5d1cb9664c5f8636329436d/library/std/src/../../backtrace/src/backtrace/libunwind.rs:93:5
[INFO] [stdout]    1:     0x55c4e22ea88a - std::backtrace_rs::backtrace::trace_unsynchronized::hedc23dff7a1af150
[INFO] [stdout]                                at /rustc/1b7dd2252b99671ce5d1cb9664c5f8636329436d/library/std/src/../../backtrace/src/backtrace/mod.rs:66:5
[INFO] [stdout]    2:     0x55c4e22ea88a - std::sys_common::backtrace::_print_fmt::h17541ef7592f3ce2
[INFO] [stdout]                                at /rustc/1b7dd2252b99671ce5d1cb9664c5f8636329436d/library/std/src/sys_common/backtrace.rs:65:5
[INFO] [stdout]    3:     0x55c4e22ea88a - <std::sys_common::backtrace::_print::DisplayBacktrace as core::fmt::Display>::fmt::h20f75df5ab0c0792
[INFO] [stdout]                                at /rustc/1b7dd2252b99671ce5d1cb9664c5f8636329436d/library/std/src/sys_common/backtrace.rs:44:22
[INFO] [stdout]    4:     0x55c4e230e84f - core::fmt::write::h78109e6f466b3af6
[INFO] [stdout]                                at /rustc/1b7dd2252b99671ce5d1cb9664c5f8636329436d/library/core/src/fmt/mod.rs:1254:17
[INFO] [stdout]    5:     0x55c4e22e7bd5 - std::io::Write::write_fmt::hd24bfb68a1b35a25
[INFO] [stdout]                                at /rustc/1b7dd2252b99671ce5d1cb9664c5f8636329436d/library/std/src/io/mod.rs:1698:15
[INFO] [stdout]    6:     0x55c4e22ea655 - std::sys_common::backtrace::_print::h8dac57a9f8fbf9a5
[INFO] [stdout]                                at /rustc/1b7dd2252b99671ce5d1cb9664c5f8636329436d/library/std/src/sys_common/backtrace.rs:47:5
[INFO] [stdout]    7:     0x55c4e22ea655 - std::sys_common::backtrace::print::hf9ecbf41d1aa712f
[INFO] [stdout]                                at /rustc/1b7dd2252b99671ce5d1cb9664c5f8636329436d/library/std/src/sys_common/backtrace.rs:34:9
[INFO] [stdout]    8:     0x55c4e22ec30e - std::panicking::default_hook::{{closure}}::h04c07acfc84ca028
[INFO] [stdout]                                at /rustc/1b7dd2252b99671ce5d1cb9664c5f8636329436d/library/std/src/panicking.rs:269:22
[INFO] [stdout]    9:     0x55c4e22ec041 - std::panicking::default_hook::h01f6bb23e1eceb2c
[INFO] [stdout]                                at /rustc/1b7dd2252b99671ce5d1cb9664c5f8636329436d/library/std/src/panicking.rs:285:9
[INFO] [stdout]   10:     0x55c4e22bf9db - <alloc::boxed::Box<F,A> as core::ops::function::Fn<Args>>::call::h87fe9f7b2fd49e4c
[INFO] [stdout]                                at /rustc/1b7dd2252b99671ce5d1cb9664c5f8636329436d/library/alloc/src/boxed.rs:1987:9
[INFO] [stdout]   11:     0x55c4e22bf9db - test::test_main::{{closure}}::he94d679243a7531b
[INFO] [stdout]                                at /rustc/1b7dd2252b99671ce5d1cb9664c5f8636329436d/library/test/src/lib.rs:134:21
[INFO] [stdout]   12:     0x55c4e22ec9f4 - <alloc::boxed::Box<F,A> as core::ops::function::Fn<Args>>::call::h3f2d6d8b14c4769f
[INFO] [stdout]                                at /rustc/1b7dd2252b99671ce5d1cb9664c5f8636329436d/library/alloc/src/boxed.rs:1987:9
[INFO] [stdout]   13:     0x55c4e22ec9f4 - std::panicking::rust_panic_with_hook::h2bb3722bbaf2f6df
[INFO] [stdout]                                at /rustc/1b7dd2252b99671ce5d1cb9664c5f8636329436d/library/std/src/panicking.rs:695:13
[INFO] [stdout]   14:     0x55c4e22ec769 - std::panicking::begin_panic_handler::{{closure}}::h91bc7f36a4be011b
[INFO] [stdout]                                at /rustc/1b7dd2252b99671ce5d1cb9664c5f8636329436d/library/std/src/panicking.rs:582:13
[INFO] [stdout]   15:     0x55c4e22eacf6 - std::sys_common::backtrace::__rust_end_short_backtrace::h8b3d3717114f9e59
[INFO] [stdout]                                at /rustc/1b7dd2252b99671ce5d1cb9664c5f8636329436d/library/std/src/sys_common/backtrace.rs:150:18
[INFO] [stdout]   16:     0x55c4e22ec4c2 - rust_begin_unwind
[INFO] [stdout]                                at /rustc/1b7dd2252b99671ce5d1cb9664c5f8636329436d/library/std/src/panicking.rs:578:5
[INFO] [stdout]   17:     0x55c4e227aba3 - core::panicking::panic_fmt::hfd368e3fbdabea26
[INFO] [stdout]                                at /rustc/1b7dd2252b99671ce5d1cb9664c5f8636329436d/library/core/src/panicking.rs:67:14
[INFO] [stdout]   18:     0x55c4e227ad12 - core::panicking::panic_bounds_check::h21bad263cb3402ae
[INFO] [stdout]                                at /rustc/1b7dd2252b99671ce5d1cb9664c5f8636329436d/library/core/src/panicking.rs:162:5
[INFO] [stdout]   19:     0x55c4e2283b11 - <usize as core::slice::index::SliceIndex<[T]>>::index::hfce4e092d2d8eba5
[INFO] [stdout]                                at /rustc/1b7dd2252b99671ce5d1cb9664c5f8636329436d/library/core/src/slice/index.rs:261:10
[INFO] [stdout]   20:     0x55c4e2284944 - core::slice::index::<impl core::ops::index::Index<I> for [T]>::index::h95d1c761d9334347
[INFO] [stdout]                                at /rustc/1b7dd2252b99671ce5d1cb9664c5f8636329436d/library/core/src/slice/index.rs:19:9
[INFO] [stdout]   21:     0x55c4e2284944 - <alloc::vec::Vec<T,A> as core::ops::index::Index<I>>::index::h57ab91488cab5d5e
[INFO] [stdout]                                at /rustc/1b7dd2252b99671ce5d1cb9664c5f8636329436d/library/alloc/src/vec/mod.rs:2691:9
[INFO] [stdout]   22:     0x55c4e2280a89 - day4::tests::passport_validity_test::hd63abe300cf72386
[INFO] [stdout]                                at /opt/rustwide/workdir/src/day4.rs:353:26
[INFO] [stdout]   23:     0x55c4e2280957 - day4::tests::passport_validity_test::{{closure}}::h1827f9f9ad8fdfbd
[INFO] [stdout]                                at /opt/rustwide/workdir/src/day4.rs:346:32
[INFO] [stdout]   24:     0x55c4e2282815 - core::ops::function::FnOnce::call_once::h019d5df559408a10
[INFO] [stdout]                                at /rustc/1b7dd2252b99671ce5d1cb9664c5f8636329436d/library/core/src/ops/function.rs:250:5
[INFO] [stdout]   25:     0x55c4e22c48af - core::ops::function::FnOnce::call_once::ha6a70e79f7481a7e
[INFO] [stdout]                                at /rustc/1b7dd2252b99671ce5d1cb9664c5f8636329436d/library/core/src/ops/function.rs:250:5
[INFO] [stdout]   26:     0x55c4e22c48af - test::__rust_begin_short_backtrace::hce33033019b61e69
[INFO] [stdout]                                at /rustc/1b7dd2252b99671ce5d1cb9664c5f8636329436d/library/test/src/lib.rs:655:18
[INFO] [stdout]   27:     0x55c4e229209c - test::run_test::{{closure}}::h858d3528838ae3e5
[INFO] [stdout]                                at /rustc/1b7dd2252b99671ce5d1cb9664c5f8636329436d/library/test/src/lib.rs:646:30
[INFO] [stdout]   28:     0x55c4e229209c - core::ops::function::FnOnce::call_once{{vtable.shim}}::he8ac2b00f01ae79e
[INFO] [stdout]                                at /rustc/1b7dd2252b99671ce5d1cb9664c5f8636329436d/library/core/src/ops/function.rs:250:5
[INFO] [stdout]   29:     0x55c4e22c3986 - <alloc::boxed::Box<F,A> as core::ops::function::FnOnce<Args>>::call_once::h8093d25b522725ef
[INFO] [stdout]                                at /rustc/1b7dd2252b99671ce5d1cb9664c5f8636329436d/library/alloc/src/boxed.rs:1973:9
[INFO] [stdout]   30:     0x55c4e22c3986 - <core::panic::unwind_safe::AssertUnwindSafe<F> as core::ops::function::FnOnce<()>>::call_once::h5c334c204e4a3913
[INFO] [stdout]                                at /rustc/1b7dd2252b99671ce5d1cb9664c5f8636329436d/library/core/src/panic/unwind_safe.rs:271:9
[INFO] [stdout]   31:     0x55c4e22c3986 - std::panicking::try::do_call::ha8b740c7b9478074
[INFO] [stdout]                                at /rustc/1b7dd2252b99671ce5d1cb9664c5f8636329436d/library/std/src/panicking.rs:485:40
[INFO] [stdout]   32:     0x55c4e22c3986 - std::panicking::try::h5d34f63d0e41b64e
[INFO] [stdout]                                at /rustc/1b7dd2252b99671ce5d1cb9664c5f8636329436d/library/std/src/panicking.rs:449:19
[INFO] [stdout]   33:     0x55c4e22c3986 - std::panic::catch_unwind::hcfbb511e1aa7fc67
[INFO] [stdout]                                at /rustc/1b7dd2252b99671ce5d1cb9664c5f8636329436d/library/std/src/panic.rs:140:14
[INFO] [stdout]   34:     0x55c4e22c3986 - test::run_test_in_process::h9abda90f802eaf21
[INFO] [stdout]                                at /rustc/1b7dd2252b99671ce5d1cb9664c5f8636329436d/library/test/src/lib.rs:678:27
[INFO] [stdout]   35:     0x55c4e22c3986 - test::run_test::run_test_inner::{{closure}}::h0f058de91f6c6edf
[INFO] [stdout]                                at /rustc/1b7dd2252b99671ce5d1cb9664c5f8636329436d/library/test/src/lib.rs:572:39
[INFO] [stdout]   36:     0x55c4e228c8a5 - test::run_test::run_test_inner::{{closure}}::h5ca48a4c59c6c1fb
[INFO] [stdout]                                at /rustc/1b7dd2252b99671ce5d1cb9664c5f8636329436d/library/test/src/lib.rs:599:37
[INFO] [stdout]   37:     0x55c4e228c8a5 - std::sys_common::backtrace::__rust_begin_short_backtrace::h32bd51e1495d4a33
[INFO] [stdout]                                at /rustc/1b7dd2252b99671ce5d1cb9664c5f8636329436d/library/std/src/sys_common/backtrace.rs:134:18
[INFO] [stdout]   38:     0x55c4e2291de1 - std::thread::Builder::spawn_unchecked_::{{closure}}::{{closure}}::hc086fae9b128b2db
[INFO] [stdout]                                at /rustc/1b7dd2252b99671ce5d1cb9664c5f8636329436d/library/std/src/thread/mod.rs:526:17
[INFO] [stdout]   39:     0x55c4e2291de1 - <core::panic::unwind_safe::AssertUnwindSafe<F> as core::ops::function::FnOnce<()>>::call_once::hb66571888d270d43
[INFO] [stdout]                                at /rustc/1b7dd2252b99671ce5d1cb9664c5f8636329436d/library/core/src/panic/unwind_safe.rs:271:9
[INFO] [stdout]   40:     0x55c4e2291de1 - std::panicking::try::do_call::h4fa2ef4f6e51fecf
[INFO] [stdout]                                at /rustc/1b7dd2252b99671ce5d1cb9664c5f8636329436d/library/std/src/panicking.rs:485:40
[INFO] [stdout]   41:     0x55c4e2291de1 - std::panicking::try::h1e9e22b8584489b5
[INFO] [stdout]                                at /rustc/1b7dd2252b99671ce5d1cb9664c5f8636329436d/library/std/src/panicking.rs:449:19
[INFO] [stdout]   42:     0x55c4e2291de1 - std::panic::catch_unwind::h44698a3de0e0769e
[INFO] [stdout]                                at /rustc/1b7dd2252b99671ce5d1cb9664c5f8636329436d/library/std/src/panic.rs:140:14
[INFO] [stdout]   43:     0x55c4e2291de1 - std::thread::Builder::spawn_unchecked_::{{closure}}::h50153abde3fe239e
[INFO] [stdout]                                at /rustc/1b7dd2252b99671ce5d1cb9664c5f8636329436d/library/std/src/thread/mod.rs:525:30
[INFO] [stdout]   44:     0x55c4e2291de1 - core::ops::function::FnOnce::call_once{{vtable.shim}}::hbe5bbf6f38394364
[INFO] [stdout]                                at /rustc/1b7dd2252b99671ce5d1cb9664c5f8636329436d/library/core/src/ops/function.rs:250:5
[INFO] [stdout]   45:     0x55c4e22f0ef5 - <alloc::boxed::Box<F,A> as core::ops::function::FnOnce<Args>>::call_once::h0d83cb2920a49046
[INFO] [stdout]                                at /rustc/1b7dd2252b99671ce5d1cb9664c5f8636329436d/library/alloc/src/boxed.rs:1973:9
[INFO] [stdout]   46:     0x55c4e22f0ef5 - <alloc::boxed::Box<F,A> as core::ops::function::FnOnce<Args>>::call_once::hbe0a008aa7d9ef59
[INFO] [stdout]                                at /rustc/1b7dd2252b99671ce5d1cb9664c5f8636329436d/library/alloc/src/boxed.rs:1973:9
[INFO] [stdout]   47:     0x55c4e22f0ef5 - std::sys::unix::thread::Thread::new::thread_start::h3a466996bdf6b1f9
[INFO] [stdout]                                at /rustc/1b7dd2252b99671ce5d1cb9664c5f8636329436d/library/std/src/sys/unix/thread.rs:108:17
[INFO] [stdout]   48:     0x7fa96c0cdb43 - <unknown>
[INFO] [stdout]   49:     0x7fa96c15ebb4 - __clone
[INFO] [stdout]   50:                0x0 - <unknown>
[INFO] [stdout] 
[INFO] [stdout] 
[INFO] [stdout] failures:
[INFO] [stdout]     tests::invalid_pid
[INFO] [stdout]     tests::passport_validity_test
[INFO] [stdout] 
[INFO] [stdout] test result: FAILED. 19 passed; 2 failed; 0 ignored; 0 measured; 0 filtered out; finished in 0.01s
[INFO] [stdout] 
[INFO] [stderr] error: test failed, to rerun pass `--bin day4`
[INFO] running `Command { std: "docker" "inspect" "e72348232f0d20151a5d1a5ce0f9e0422c3d13bbb26634b8deec1458c2e7801d", kill_on_drop: false }`
[INFO] running `Command { std: "docker" "rm" "-f" "e72348232f0d20151a5d1a5ce0f9e0422c3d13bbb26634b8deec1458c2e7801d", kill_on_drop: false }`
[INFO] [stdout] e72348232f0d20151a5d1a5ce0f9e0422c3d13bbb26634b8deec1458c2e7801d
