[INFO] cloning repository https://github.com/scotow/zippyst
[INFO] running `Command { std: "git" "-c" "credential.helper=" "-c" "credential.helper=/workspace/cargo-home/bin/git-credential-null" "clone" "--bare" "https://github.com/scotow/zippyst" "/workspace/cache/git-repos/https%3A%2F%2Fgithub.com%2Fscotow%2Fzippyst", kill_on_drop: false }`
[INFO] [stderr] Cloning into bare repository '/workspace/cache/git-repos/https%3A%2F%2Fgithub.com%2Fscotow%2Fzippyst'...
[INFO] running `Command { std: "git" "rev-parse" "HEAD", kill_on_drop: false }`
[INFO] [stdout] e36faa38c4aa4f83356d5ab94d5a90b8bf8862cf
[INFO] testing scotow/zippyst against 1.69.0 for beta-1.70-1
[INFO] running `Command { std: "git" "clone" "/workspace/cache/git-repos/https%3A%2F%2Fgithub.com%2Fscotow%2Fzippyst" "/workspace/builds/worker-1-tc1/source", kill_on_drop: false }`
[INFO] [stderr] Cloning into '/workspace/builds/worker-1-tc1/source'...
[INFO] [stderr] done.
[INFO] validating manifest of git repo https://github.com/scotow/zippyst on toolchain 1.69.0
[INFO] running `Command { std: CARGO_HOME="/workspace/cargo-home" RUSTUP_HOME="/workspace/rustup-home" "/workspace/cargo-home/bin/cargo" "+1.69.0" "metadata" "--manifest-path" "Cargo.toml" "--no-deps", kill_on_drop: false }`
[INFO] started tweaking git repo https://github.com/scotow/zippyst
[INFO] finished tweaking git repo https://github.com/scotow/zippyst
[INFO] tweaked toml for git repo https://github.com/scotow/zippyst written to /workspace/builds/worker-1-tc1/source/Cargo.toml
[INFO] crate git repo https://github.com/scotow/zippyst already has a lockfile, it will not be regenerated
[INFO] running `Command { std: CARGO_HOME="/workspace/cargo-home" RUSTUP_HOME="/workspace/rustup-home" "/workspace/cargo-home/bin/cargo" "+1.69.0" "fetch" "--manifest-path" "Cargo.toml", kill_on_drop: false }`
[INFO] [stderr]  Downloading crates ...
[INFO] [stderr]   Downloaded cxxbridge-flags v1.0.91
[INFO] [stderr]   Downloaded boa_unicode v0.16.0
[INFO] [stderr]   Downloaded phf_generator v0.11.1
[INFO] [stderr]   Downloaded boa_interner v0.16.0
[INFO] [stderr]   Downloaded boa_profiler v0.16.0
[INFO] [stderr]   Downloaded boa_gc v0.16.0
[INFO] [stderr]   Downloaded tokio v1.20.4
[INFO] [stderr]   Downloaded fast-float v0.2.0
[INFO] [stderr]   Downloaded ryu-js v0.2.2
[INFO] [stderr]   Downloaded regress v0.4.1
[INFO] [stderr]   Downloaded wasm-bindgen-macro v0.2.81
[INFO] [stderr]   Downloaded gc_derive v0.4.1
[INFO] [stderr]   Downloaded gc v0.4.1
[INFO] [stderr]   Downloaded wasm-bindgen-shared v0.2.81
[INFO] [stderr]   Downloaded wasm-bindgen-macro-support v0.2.81
[INFO] [stderr]   Downloaded wasm-bindgen v0.2.81
[INFO] [stderr]   Downloaded wasm-bindgen-backend v0.2.81
[INFO] [stderr]   Downloaded phf_macros v0.11.1
[INFO] [stderr]   Downloaded js-sys v0.3.58
[INFO] [stderr]   Downloaded scratch v1.0.3
[INFO] [stderr]   Downloaded dyn-clone v1.0.11
[INFO] [stderr]   Downloaded cxx-build v1.0.91
[INFO] [stderr]   Downloaded cxxbridge-macro v1.0.91
[INFO] [stderr]   Downloaded cxx v1.0.91
[INFO] [stderr]   Downloaded unicode-general-category v0.6.0
[INFO] [stderr]   Downloaded boa_engine v0.16.0
[INFO] running `Command { std: "docker" "create" "-v" "/var/lib/crater-agent-workspace/builds/worker-1-tc1/target:/opt/rustwide/target:rw,Z" "-v" "/var/lib/crater-agent-workspace/builds/worker-1-tc1/source:/opt/rustwide/workdir:ro,Z" "-v" "/var/lib/crater-agent-workspace/cargo-home:/opt/rustwide/cargo-home:ro,Z" "-v" "/var/lib/crater-agent-workspace/rustup-home:/opt/rustwide/rustup-home:ro,Z" "-e" "SOURCE_DIR=/opt/rustwide/workdir" "-e" "CARGO_TARGET_DIR=/opt/rustwide/target" "-e" "CARGO_HOME=/opt/rustwide/cargo-home" "-e" "RUSTUP_HOME=/opt/rustwide/rustup-home" "-w" "/opt/rustwide/workdir" "-m" "1610612736" "--user" "0:0" "--network" "none" "ghcr.io/rust-lang/crates-build-env/linux@sha256:5ff2268d62e97bff2cde7d5815dd6ed5b47097566f13b8d0ca110b04b60e07ed" "/opt/rustwide/cargo-home/bin/cargo" "+1.69.0" "metadata" "--no-deps" "--format-version=1", kill_on_drop: false }`
[INFO] [stdout] 7e5af66b4416945ec78fe23700c5b648234dcd84a0e4c2a53586fbafc759ca4d
[INFO] running `Command { std: "docker" "start" "-a" "7e5af66b4416945ec78fe23700c5b648234dcd84a0e4c2a53586fbafc759ca4d", kill_on_drop: false }`
[INFO] running `Command { std: "docker" "inspect" "7e5af66b4416945ec78fe23700c5b648234dcd84a0e4c2a53586fbafc759ca4d", kill_on_drop: false }`
[INFO] running `Command { std: "docker" "rm" "-f" "7e5af66b4416945ec78fe23700c5b648234dcd84a0e4c2a53586fbafc759ca4d", kill_on_drop: false }`
[INFO] [stdout] 7e5af66b4416945ec78fe23700c5b648234dcd84a0e4c2a53586fbafc759ca4d
[INFO] running `Command { std: "docker" "create" "-v" "/var/lib/crater-agent-workspace/builds/worker-1-tc1/target:/opt/rustwide/target:rw,Z" "-v" "/var/lib/crater-agent-workspace/builds/worker-1-tc1/source:/opt/rustwide/workdir:ro,Z" "-v" "/var/lib/crater-agent-workspace/cargo-home:/opt/rustwide/cargo-home:ro,Z" "-v" "/var/lib/crater-agent-workspace/rustup-home:/opt/rustwide/rustup-home:ro,Z" "-e" "SOURCE_DIR=/opt/rustwide/workdir" "-e" "CARGO_TARGET_DIR=/opt/rustwide/target" "-e" "CARGO_INCREMENTAL=0" "-e" "RUST_BACKTRACE=full" "-e" "RUSTFLAGS=--cap-lints=warn" "-e" "RUSTDOCFLAGS=--cap-lints=warn" "-e" "CARGO_HOME=/opt/rustwide/cargo-home" "-e" "RUSTUP_HOME=/opt/rustwide/rustup-home" "-w" "/opt/rustwide/workdir" "-m" "1610612736" "--user" "0:0" "--network" "none" "ghcr.io/rust-lang/crates-build-env/linux@sha256:5ff2268d62e97bff2cde7d5815dd6ed5b47097566f13b8d0ca110b04b60e07ed" "/opt/rustwide/cargo-home/bin/cargo" "+1.69.0" "build" "--frozen" "--message-format=json", kill_on_drop: false }`
[INFO] [stdout] ca27628f0853aa91a370d7f3f8c15496349791eaef1191bbf80a57e6cfa48e1b
[INFO] running `Command { std: "docker" "start" "-a" "ca27628f0853aa91a370d7f3f8c15496349791eaef1191bbf80a57e6cfa48e1b", kill_on_drop: false }`
[INFO] [stderr]    Compiling autocfg v1.1.0
[INFO] [stderr]    Compiling proc-macro2 v1.0.51
[INFO] [stderr]    Compiling libc v0.2.126
[INFO] [stderr]    Compiling unicode-ident v1.0.2
[INFO] [stderr]    Compiling syn v1.0.109
[INFO] [stderr]    Compiling pkg-config v0.3.24
[INFO] [stderr]    Compiling siphasher v0.3.10
[INFO] [stderr]    Compiling futures-core v0.3.19
[INFO] [stderr]    Compiling serde_derive v1.0.152
[INFO] [stderr]    Compiling once_cell v1.17.1
[INFO] [stderr]    Compiling openssl v0.10.38
[INFO] [stderr]    Compiling futures-task v0.3.19
[INFO] [stderr]    Compiling serde v1.0.152
[INFO] [stderr]    Compiling unicode-general-category v0.6.0
[INFO] [stderr]    Compiling futures-channel v0.3.19
[INFO] [stderr]    Compiling futures-util v0.3.19
[INFO] [stderr]    Compiling native-tls v0.2.8
[INFO] [stderr]    Compiling phf_shared v0.11.1
[INFO] [stderr]    Compiling http v0.2.6
[INFO] [stderr]    Compiling tracing-core v0.1.21
[INFO] [stderr]    Compiling serde_json v1.0.93
[INFO] [stderr]    Compiling tinyvec v1.6.0
[INFO] [stderr]    Compiling want v0.3.0
[INFO] [stderr]    Compiling hashbrown v0.12.3
[INFO] [stderr]    Compiling httpdate v1.0.2
[INFO] [stderr]    Compiling ryu v1.0.10
[INFO] [stderr]    Compiling num-traits v0.2.15
[INFO] [stderr]    Compiling tokio v1.20.4
[INFO] [stderr]    Compiling num-integer v0.1.45
[INFO] [stderr]    Compiling openssl-sys v0.9.72
[INFO] [stderr]    Compiling num-bigint v0.4.3
[INFO] [stderr]    Compiling indexmap v1.9.1
[INFO] [stderr]    Compiling tracing v0.1.29
[INFO] [stderr]    Compiling iana-time-zone v0.1.53
[INFO] [stderr]    Compiling static_assertions v1.1.0
[INFO] [stderr]    Compiling regress v0.4.1
[INFO] [stderr]    Compiling fast-float v0.2.0
[INFO] [stderr]    Compiling quote v1.0.10
[INFO] [stderr]    Compiling getrandom v0.2.3
[INFO] [stderr]    Compiling socket2 v0.4.4
[INFO] [stderr]    Compiling num_cpus v1.13.1
[INFO] [stderr]    Compiling mio v0.8.4
[INFO] [stderr]    Compiling time v0.1.44
[INFO] [stderr]    Compiling unicode-normalization v0.1.22
[INFO] [stderr]    Compiling rand_core v0.6.3
[INFO] [stderr]    Compiling dyn-clone v1.0.11
[INFO] [stderr]    Compiling rand_chacha v0.3.1
[INFO] [stderr]    Compiling boa_unicode v0.16.0
[INFO] [stderr]    Compiling ryu-js v0.2.2
[INFO] [stderr]    Compiling tap v1.0.1
[INFO] [stderr]    Compiling boa_profiler v0.16.0
[INFO] [stderr]    Compiling regex v1.5.5
[INFO] [stderr]    Compiling rand v0.8.5
[INFO] [stderr]    Compiling http-body v0.4.4
[INFO] [stderr]    Compiling phf_generator v0.11.1
[INFO] [stderr]    Compiling chrono v0.4.23
[INFO] [stderr]    Compiling synstructure v0.12.6
[INFO] [stderr]    Compiling tokio-macros v1.7.0
[INFO] [stderr]    Compiling phf_macros v0.11.1
[INFO] [stderr]    Compiling gc_derive v0.4.1
[INFO] [stderr]    Compiling thiserror-impl v1.0.30
[INFO] [stderr]    Compiling gc v0.4.1
[INFO] [stderr]    Compiling phf v0.11.1
[INFO] [stderr]    Compiling boa_interner v0.16.0
[INFO] [stderr]    Compiling boa_gc v0.16.0
[INFO] [stderr]    Compiling thiserror v1.0.30
[INFO] [stderr]    Compiling tokio-native-tls v0.3.0
[INFO] [stderr]    Compiling hyper v0.14.16
[INFO] [stderr]    Compiling hyper-tls v0.5.0
[INFO] [stderr]    Compiling boa_engine v0.16.0
[INFO] [stderr]    Compiling zippyst v5.0.0 (/opt/rustwide/workdir/lib)
[INFO] [stderr]    Compiling zippyst-cmd v0.1.4 (/opt/rustwide/workdir/bin)
[INFO] [stderr]     Finished dev [unoptimized + debuginfo] target(s) in 51.02s
[INFO] running `Command { std: "docker" "inspect" "ca27628f0853aa91a370d7f3f8c15496349791eaef1191bbf80a57e6cfa48e1b", kill_on_drop: false }`
[INFO] running `Command { std: "docker" "rm" "-f" "ca27628f0853aa91a370d7f3f8c15496349791eaef1191bbf80a57e6cfa48e1b", kill_on_drop: false }`
[INFO] [stdout] ca27628f0853aa91a370d7f3f8c15496349791eaef1191bbf80a57e6cfa48e1b
[INFO] running `Command { std: "docker" "create" "-v" "/var/lib/crater-agent-workspace/builds/worker-1-tc1/target:/opt/rustwide/target:rw,Z" "-v" "/var/lib/crater-agent-workspace/builds/worker-1-tc1/source:/opt/rustwide/workdir:ro,Z" "-v" "/var/lib/crater-agent-workspace/cargo-home:/opt/rustwide/cargo-home:ro,Z" "-v" "/var/lib/crater-agent-workspace/rustup-home:/opt/rustwide/rustup-home:ro,Z" "-e" "SOURCE_DIR=/opt/rustwide/workdir" "-e" "CARGO_TARGET_DIR=/opt/rustwide/target" "-e" "CARGO_INCREMENTAL=0" "-e" "RUST_BACKTRACE=full" "-e" "RUSTFLAGS=--cap-lints=warn" "-e" "RUSTDOCFLAGS=--cap-lints=warn" "-e" "CARGO_HOME=/opt/rustwide/cargo-home" "-e" "RUSTUP_HOME=/opt/rustwide/rustup-home" "-w" "/opt/rustwide/workdir" "-m" "1610612736" "--user" "0:0" "--network" "none" "ghcr.io/rust-lang/crates-build-env/linux@sha256:5ff2268d62e97bff2cde7d5815dd6ed5b47097566f13b8d0ca110b04b60e07ed" "/opt/rustwide/cargo-home/bin/cargo" "+1.69.0" "test" "--frozen" "--no-run" "--message-format=json", kill_on_drop: false }`
[INFO] [stdout] 4c82f1c3ec22fdde983a9ab08778fdc1bb511a58485e70f02cfb4b3400a54f79
[INFO] running `Command { std: "docker" "start" "-a" "4c82f1c3ec22fdde983a9ab08778fdc1bb511a58485e70f02cfb4b3400a54f79", kill_on_drop: false }`
[INFO] [stderr]     Blocking waiting for file lock on package cache
[INFO] [stderr]    Compiling md5 v0.7.0
[INFO] [stderr]    Compiling zippyst-cmd v0.1.4 (/opt/rustwide/workdir/bin)
[INFO] [stderr]    Compiling zippyst v5.0.0 (/opt/rustwide/workdir/lib)
[INFO] [stderr]     Finished test [unoptimized + debuginfo] target(s) in 8.34s
[INFO] running `Command { std: "docker" "inspect" "4c82f1c3ec22fdde983a9ab08778fdc1bb511a58485e70f02cfb4b3400a54f79", kill_on_drop: false }`
[INFO] running `Command { std: "docker" "rm" "-f" "4c82f1c3ec22fdde983a9ab08778fdc1bb511a58485e70f02cfb4b3400a54f79", kill_on_drop: false }`
[INFO] [stdout] 4c82f1c3ec22fdde983a9ab08778fdc1bb511a58485e70f02cfb4b3400a54f79
[INFO] running `Command { std: "docker" "create" "-v" "/var/lib/crater-agent-workspace/builds/worker-1-tc1/target:/opt/rustwide/target:rw,Z" "-v" "/var/lib/crater-agent-workspace/builds/worker-1-tc1/source:/opt/rustwide/workdir:ro,Z" "-v" "/var/lib/crater-agent-workspace/cargo-home:/opt/rustwide/cargo-home:ro,Z" "-v" "/var/lib/crater-agent-workspace/rustup-home:/opt/rustwide/rustup-home:ro,Z" "-e" "SOURCE_DIR=/opt/rustwide/workdir" "-e" "CARGO_TARGET_DIR=/opt/rustwide/target" "-e" "CARGO_INCREMENTAL=0" "-e" "RUST_BACKTRACE=full" "-e" "RUSTFLAGS=--cap-lints=warn" "-e" "RUSTDOCFLAGS=--cap-lints=warn" "-e" "CARGO_HOME=/opt/rustwide/cargo-home" "-e" "RUSTUP_HOME=/opt/rustwide/rustup-home" "-w" "/opt/rustwide/workdir" "-m" "1610612736" "--user" "0:0" "--network" "none" "ghcr.io/rust-lang/crates-build-env/linux@sha256:5ff2268d62e97bff2cde7d5815dd6ed5b47097566f13b8d0ca110b04b60e07ed" "/opt/rustwide/cargo-home/bin/cargo" "+1.69.0" "test" "--frozen", kill_on_drop: false }`
[INFO] [stdout] f20f24023623b20016c408aa4cde69f51468ba64c3d1a73c1de80ad0534fb4ae
[INFO] running `Command { std: "docker" "start" "-a" "f20f24023623b20016c408aa4cde69f51468ba64c3d1a73c1de80ad0534fb4ae", kill_on_drop: false }`
[INFO] [stderr]     Finished test [unoptimized + debuginfo] target(s) in 0.17s
[INFO] [stderr]      Running unittests src/lib.rs (/opt/rustwide/target/debug/deps/zippyst-960d7fa51ddab168)
[INFO] [stdout] 
[INFO] [stdout] running 3 tests
[INFO] [stdout] test file::tests::old_formats ... ok
[INFO] [stdout] test file::tests::file_link ... FAILED
[INFO] [stdout] test file::tests::file_checksum ... FAILED
[INFO] [stdout] 
[INFO] [stdout] failures:
[INFO] [stdout] 
[INFO] [stdout] ---- file::tests::file_link stdout ----
[INFO] [stdout] thread 'file::tests::file_link' panicked at 'called `Result::unwrap()` on an `Err` value: ContentFetchingFailure { source: hyper::Error(Connect, ConnectError("dns error", Custom { kind: Uncategorized, error: "failed to lookup address information: Temporary failure in name resolution" })) }', lib/src/file.rs:224:10
[INFO] [stdout] stack backtrace:
[INFO] [stdout]    0:     0x5635bf0d4d6a - std::backtrace_rs::backtrace::libunwind::trace::ha9053a9a07ca49cb
[INFO] [stdout]                                at /rustc/84c898d65adf2f39a5a98507f1fe0ce10a2b8dbc/library/std/src/../../backtrace/src/backtrace/libunwind.rs:93:5
[INFO] [stdout]    1:     0x5635bf0d4d6a - std::backtrace_rs::backtrace::trace_unsynchronized::h9c2852a457ad564e
[INFO] [stdout]                                at /rustc/84c898d65adf2f39a5a98507f1fe0ce10a2b8dbc/library/std/src/../../backtrace/src/backtrace/mod.rs:66:5
[INFO] [stdout]    2:     0x5635bf0d4d6a - std::sys_common::backtrace::_print_fmt::h457936fbfaa0070f
[INFO] [stdout]                                at /rustc/84c898d65adf2f39a5a98507f1fe0ce10a2b8dbc/library/std/src/sys_common/backtrace.rs:65:5
[INFO] [stdout]    3:     0x5635bf0d4d6a - <std::sys_common::backtrace::_print::DisplayBacktrace as core::fmt::Display>::fmt::h5779d7bf7f70cb0c
[INFO] [stdout]                                at /rustc/84c898d65adf2f39a5a98507f1fe0ce10a2b8dbc/library/std/src/sys_common/backtrace.rs:44:22
[INFO] [stdout]    4:     0x5635bf0ff04e - core::fmt::write::h5a4baaff1bcd3eb5
[INFO] [stdout]                                at /rustc/84c898d65adf2f39a5a98507f1fe0ce10a2b8dbc/library/core/src/fmt/mod.rs:1232:17
[INFO] [stdout]    5:     0x5635bf0d18b5 - std::io::Write::write_fmt::h478f79c628ef31d1
[INFO] [stdout]                                at /rustc/84c898d65adf2f39a5a98507f1fe0ce10a2b8dbc/library/std/src/io/mod.rs:1684:15
[INFO] [stdout]    6:     0x5635bf0d4b35 - std::sys_common::backtrace::_print::h5fcdc36060f177e8
[INFO] [stdout]                                at /rustc/84c898d65adf2f39a5a98507f1fe0ce10a2b8dbc/library/std/src/sys_common/backtrace.rs:47:5
[INFO] [stdout]    7:     0x5635bf0d4b35 - std::sys_common::backtrace::print::h54ca9458b876c8bf
[INFO] [stdout]                                at /rustc/84c898d65adf2f39a5a98507f1fe0ce10a2b8dbc/library/std/src/sys_common/backtrace.rs:34:9
[INFO] [stdout]    8:     0x5635bf0d68ff - std::panicking::default_hook::{{closure}}::hbe471161c7664ed6
[INFO] [stdout]                                at /rustc/84c898d65adf2f39a5a98507f1fe0ce10a2b8dbc/library/std/src/panicking.rs:271:22
[INFO] [stdout]    9:     0x5635bf0d65bf - std::panicking::default_hook::ha3500da57aa4ac4f
[INFO] [stdout]                                at /rustc/84c898d65adf2f39a5a98507f1fe0ce10a2b8dbc/library/std/src/panicking.rs:287:9
[INFO] [stdout]   10:     0x5635be70e1f7 - <alloc::boxed::Box<F,A> as core::ops::function::Fn<Args>>::call::hdf1b89dd137ece34
[INFO] [stdout]                                at /rustc/84c898d65adf2f39a5a98507f1fe0ce10a2b8dbc/library/alloc/src/boxed.rs:2001:9
[INFO] [stdout]   11:     0x5635be70e1f7 - test::test_main::{{closure}}::h9081a79f20e75698
[INFO] [stdout]                                at /rustc/84c898d65adf2f39a5a98507f1fe0ce10a2b8dbc/library/test/src/lib.rs:135:21
[INFO] [stdout]   12:     0x5635bf0d702d - <alloc::boxed::Box<F,A> as core::ops::function::Fn<Args>>::call::h6507bddc3eebb4a5
[INFO] [stdout]                                at /rustc/84c898d65adf2f39a5a98507f1fe0ce10a2b8dbc/library/alloc/src/boxed.rs:2001:9
[INFO] [stdout]   13:     0x5635bf0d702d - std::panicking::rust_panic_with_hook::h50c09d000dc561d2
[INFO] [stdout]                                at /rustc/84c898d65adf2f39a5a98507f1fe0ce10a2b8dbc/library/std/src/panicking.rs:696:13
[INFO] [stdout]   14:     0x5635bf0d6da9 - std::panicking::begin_panic_handler::{{closure}}::h9e2b2176e00e0d9c
[INFO] [stdout]                                at /rustc/84c898d65adf2f39a5a98507f1fe0ce10a2b8dbc/library/std/src/panicking.rs:583:13
[INFO] [stdout]   15:     0x5635bf0d51d6 - std::sys_common::backtrace::__rust_end_short_backtrace::h5739b8e512c09d02
[INFO] [stdout]                                at /rustc/84c898d65adf2f39a5a98507f1fe0ce10a2b8dbc/library/std/src/sys_common/backtrace.rs:150:18
[INFO] [stdout]   16:     0x5635bf0d6ab2 - rust_begin_unwind
[INFO] [stdout]                                at /rustc/84c898d65adf2f39a5a98507f1fe0ce10a2b8dbc/library/std/src/panicking.rs:579:5
[INFO] [stdout]   17:     0x5635be604723 - core::panicking::panic_fmt::hf33a1475b4dc5c3e
[INFO] [stdout]                                at /rustc/84c898d65adf2f39a5a98507f1fe0ce10a2b8dbc/library/core/src/panicking.rs:64:14
[INFO] [stdout]   18:     0x5635be604bd3 - core::result::unwrap_failed::hdff5465d74574b44
[INFO] [stdout]                                at /rustc/84c898d65adf2f39a5a98507f1fe0ce10a2b8dbc/library/core/src/result.rs:1750:5
[INFO] [stdout]   19:     0x5635be67c8fa - core::result::Result<T,E>::unwrap::he7835ac8580420e7
[INFO] [stdout]                                at /rustc/84c898d65adf2f39a5a98507f1fe0ce10a2b8dbc/library/core/src/result.rs:1090:23
[INFO] [stdout]   20:     0x5635be6c66e8 - zippyst::file::tests::file_link::{{closure}}::h3263b2505f3df92d
[INFO] [stdout]                                at /opt/rustwide/workdir/lib/src/file.rs:218:20
[INFO] [stdout]   21:     0x5635be67feab - <core::pin::Pin<P> as core::future::future::Future>::poll::hfc1a8ca690ba3397
[INFO] [stdout]                                at /rustc/84c898d65adf2f39a5a98507f1fe0ce10a2b8dbc/library/core/src/future/future.rs:125:9
[INFO] [stdout]   22:     0x5635be6c57f4 - tokio::runtime::basic_scheduler::CoreGuard::block_on::{{closure}}::{{closure}}::{{closure}}::h56358205007e6e3d
[INFO] [stdout]                                at /opt/rustwide/cargo-home/registry/src/github.com-1ecc6299db9ec823/tokio-1.20.4/src/runtime/basic_scheduler.rs:543:48
[INFO] [stdout]   23:     0x5635be69ae00 - tokio::coop::with_budget::{{closure}}::hfb63339379315290
[INFO] [stdout]                                at /opt/rustwide/cargo-home/registry/src/github.com-1ecc6299db9ec823/tokio-1.20.4/src/coop.rs:102:9
[INFO] [stdout]   24:     0x5635be60d144 - std::thread::local::LocalKey<T>::try_with::h9487cce4a2dd84e1
[INFO] [stdout]                                at /rustc/84c898d65adf2f39a5a98507f1fe0ce10a2b8dbc/library/std/src/thread/local.rs:446:16
[INFO] [stdout]   25:     0x5635be60c54a - std::thread::local::LocalKey<T>::with::h731fd2d41139f82d
[INFO] [stdout]                                at /rustc/84c898d65adf2f39a5a98507f1fe0ce10a2b8dbc/library/std/src/thread/local.rs:422:9
[INFO] [stdout]   26:     0x5635be6c5696 - tokio::coop::with_budget::h3504f8025729e4f8
[INFO] [stdout]                                at /opt/rustwide/cargo-home/registry/src/github.com-1ecc6299db9ec823/tokio-1.20.4/src/coop.rs:95:5
[INFO] [stdout]   27:     0x5635be6c5696 - tokio::coop::budget::h1d6ec3166d47a006
[INFO] [stdout]                                at /opt/rustwide/cargo-home/registry/src/github.com-1ecc6299db9ec823/tokio-1.20.4/src/coop.rs:72:5
[INFO] [stdout]   28:     0x5635be6c5696 - tokio::runtime::basic_scheduler::CoreGuard::block_on::{{closure}}::{{closure}}::ha3143dbd76bd99ce
[INFO] [stdout]                                at /opt/rustwide/cargo-home/registry/src/github.com-1ecc6299db9ec823/tokio-1.20.4/src/runtime/basic_scheduler.rs:543:25
[INFO] [stdout]   29:     0x5635be6c1b8e - tokio::runtime::basic_scheduler::Context::enter::h524f96ba8c1da792
[INFO] [stdout]                                at /opt/rustwide/cargo-home/registry/src/github.com-1ecc6299db9ec823/tokio-1.20.4/src/runtime/basic_scheduler.rs:367:19
[INFO] [stdout]   30:     0x5635be6c4f5d - tokio::runtime::basic_scheduler::CoreGuard::block_on::{{closure}}::hacc8c9addf749fc1
[INFO] [stdout]                                at /opt/rustwide/cargo-home/registry/src/github.com-1ecc6299db9ec823/tokio-1.20.4/src/runtime/basic_scheduler.rs:542:36
[INFO] [stdout]   31:     0x5635be6c43eb - tokio::runtime::basic_scheduler::CoreGuard::enter::{{closure}}::h8f4bef0ee19bbfa8
[INFO] [stdout]                                at /opt/rustwide/cargo-home/registry/src/github.com-1ecc6299db9ec823/tokio-1.20.4/src/runtime/basic_scheduler.rs:613:57
[INFO] [stdout]   32:     0x5635be66c26d - tokio::macros::scoped_tls::ScopedKey<T>::set::h8584bf1696312111
[INFO] [stdout]                                at /opt/rustwide/cargo-home/registry/src/github.com-1ecc6299db9ec823/tokio-1.20.4/src/macros/scoped_tls.rs:61:9
[INFO] [stdout]   33:     0x5635be6c3d56 - tokio::runtime::basic_scheduler::CoreGuard::enter::h84ff0e75907d4b41
[INFO] [stdout]                                at /opt/rustwide/cargo-home/registry/src/github.com-1ecc6299db9ec823/tokio-1.20.4/src/runtime/basic_scheduler.rs:613:27
[INFO] [stdout]   34:     0x5635be6c447c - tokio::runtime::basic_scheduler::CoreGuard::block_on::hab46e05007cf25dd
[INFO] [stdout]                                at /opt/rustwide/cargo-home/registry/src/github.com-1ecc6299db9ec823/tokio-1.20.4/src/runtime/basic_scheduler.rs:533:19
[INFO] [stdout]   35:     0x5635be6c11a2 - tokio::runtime::basic_scheduler::BasicScheduler::block_on::hf730ed64195781dc
[INFO] [stdout]                                at /opt/rustwide/cargo-home/registry/src/github.com-1ecc6299db9ec823/tokio-1.20.4/src/runtime/basic_scheduler.rs:179:24
[INFO] [stdout]   36:     0x5635be69e07e - tokio::runtime::Runtime::block_on::h32e000972258488a
[INFO] [stdout]                                at /opt/rustwide/cargo-home/registry/src/github.com-1ecc6299db9ec823/tokio-1.20.4/src/runtime/mod.rs:482:46
[INFO] [stdout]   37:     0x5635be6c63b8 - zippyst::file::tests::file_link::h842e0e5b5b96ffb4
[INFO] [stdout]                                at /opt/rustwide/workdir/lib/src/file.rs:225:9
[INFO] [stdout]   38:     0x5635be6c6277 - zippyst::file::tests::file_link::{{closure}}::hb2ea26d315e82b23
[INFO] [stdout]                                at /opt/rustwide/workdir/lib/src/file.rs:217:26
[INFO] [stdout]   39:     0x5635be673d65 - core::ops::function::FnOnce::call_once::hadebb692788e7395
[INFO] [stdout]                                at /rustc/84c898d65adf2f39a5a98507f1fe0ce10a2b8dbc/library/core/src/ops/function.rs:250:5
[INFO] [stdout]   40:     0x5635be7135df - core::ops::function::FnOnce::call_once::h7d969581be7d0075
[INFO] [stdout]                                at /rustc/84c898d65adf2f39a5a98507f1fe0ce10a2b8dbc/library/core/src/ops/function.rs:250:5
[INFO] [stdout]   41:     0x5635be7135df - test::__rust_begin_short_backtrace::hca25a52684e56655
[INFO] [stdout]                                at /rustc/84c898d65adf2f39a5a98507f1fe0ce10a2b8dbc/library/test/src/lib.rs:656:18
[INFO] [stdout]   42:     0x5635be6e4bfc - test::run_test::{{closure}}::ha8ac744c4af1a4bb
[INFO] [stdout]                                at /rustc/84c898d65adf2f39a5a98507f1fe0ce10a2b8dbc/library/test/src/lib.rs:647:30
[INFO] [stdout]   43:     0x5635be6e4bfc - core::ops::function::FnOnce::call_once{{vtable.shim}}::h7b411a9ed45bdecf
[INFO] [stdout]                                at /rustc/84c898d65adf2f39a5a98507f1fe0ce10a2b8dbc/library/core/src/ops/function.rs:250:5
[INFO] [stdout]   44:     0x5635be7125a6 - <alloc::boxed::Box<F,A> as core::ops::function::FnOnce<Args>>::call_once::hd05328869a8ed200
[INFO] [stdout]                                at /rustc/84c898d65adf2f39a5a98507f1fe0ce10a2b8dbc/library/alloc/src/boxed.rs:1987:9
[INFO] [stdout]   45:     0x5635be7125a6 - <core::panic::unwind_safe::AssertUnwindSafe<F> as core::ops::function::FnOnce<()>>::call_once::h0c601ce20bd5b2be
[INFO] [stdout]                                at /rustc/84c898d65adf2f39a5a98507f1fe0ce10a2b8dbc/library/core/src/panic/unwind_safe.rs:271:9
[INFO] [stdout]   46:     0x5635be7125a6 - std::panicking::try::do_call::ha4be5c164fe30854
[INFO] [stdout]                                at /rustc/84c898d65adf2f39a5a98507f1fe0ce10a2b8dbc/library/std/src/panicking.rs:487:40
[INFO] [stdout]   47:     0x5635be7125a6 - std::panicking::try::h604546f3609af05f
[INFO] [stdout]                                at /rustc/84c898d65adf2f39a5a98507f1fe0ce10a2b8dbc/library/std/src/panicking.rs:451:19
[INFO] [stdout]   48:     0x5635be7125a6 - std::panic::catch_unwind::h5bfa8afe44c9c2f9
[INFO] [stdout]                                at /rustc/84c898d65adf2f39a5a98507f1fe0ce10a2b8dbc/library/std/src/panic.rs:140:14
[INFO] [stdout]   49:     0x5635be7125a6 - test::run_test_in_process::hd50dee55dd63e6aa
[INFO] [stdout]                                at /rustc/84c898d65adf2f39a5a98507f1fe0ce10a2b8dbc/library/test/src/lib.rs:679:27
[INFO] [stdout]   50:     0x5635be7125a6 - test::run_test::run_test_inner::{{closure}}::h4aa0f433aa85cea8
[INFO] [stdout]                                at /rustc/84c898d65adf2f39a5a98507f1fe0ce10a2b8dbc/library/test/src/lib.rs:573:39
[INFO] [stdout]   51:     0x5635be6df271 - test::run_test::run_test_inner::{{closure}}::had56431adf24b4d6
[INFO] [stdout]                                at /rustc/84c898d65adf2f39a5a98507f1fe0ce10a2b8dbc/library/test/src/lib.rs:600:37
[INFO] [stdout]   52:     0x5635be6df271 - std::sys_common::backtrace::__rust_begin_short_backtrace::ha8d9890e0c73bf13
[INFO] [stdout]                                at /rustc/84c898d65adf2f39a5a98507f1fe0ce10a2b8dbc/library/std/src/sys_common/backtrace.rs:134:18
[INFO] [stdout]   53:     0x5635be6e4c8b - std::thread::Builder::spawn_unchecked_::{{closure}}::{{closure}}::h251832bcb4a95327
[INFO] [stdout]                                at /rustc/84c898d65adf2f39a5a98507f1fe0ce10a2b8dbc/library/std/src/thread/mod.rs:560:17
[INFO] [stdout]   54:     0x5635be6e4c8b - <core::panic::unwind_safe::AssertUnwindSafe<F> as core::ops::function::FnOnce<()>>::call_once::h8fdff598fa414831
[INFO] [stdout]                                at /rustc/84c898d65adf2f39a5a98507f1fe0ce10a2b8dbc/library/core/src/panic/unwind_safe.rs:271:9
[INFO] [stdout]   55:     0x5635be6e4c8b - std::panicking::try::do_call::h455dd2f7764a950f
[INFO] [stdout]                                at /rustc/84c898d65adf2f39a5a98507f1fe0ce10a2b8dbc/library/std/src/panicking.rs:487:40
[INFO] [stdout]   56:     0x5635be6e4c8b - std::panicking::try::had6f23b7b73ae72a
[INFO] [stdout]                                at /rustc/84c898d65adf2f39a5a98507f1fe0ce10a2b8dbc/library/std/src/panicking.rs:451:19
[INFO] [stdout]   57:     0x5635be6e4c8b - std::panic::catch_unwind::ha6a5ca3915b4dad0
[INFO] [stdout]                                at /rustc/84c898d65adf2f39a5a98507f1fe0ce10a2b8dbc/library/std/src/panic.rs:140:14
[INFO] [stdout]   58:     0x5635be6e4c8b - std::thread::Builder::spawn_unchecked_::{{closure}}::h883b72ef75da6231
[INFO] [stdout]                                at /rustc/84c898d65adf2f39a5a98507f1fe0ce10a2b8dbc/library/std/src/thread/mod.rs:559:30
[INFO] [stdout]   59:     0x5635be6e4c8b - core::ops::function::FnOnce::call_once{{vtable.shim}}::hb7dff73dc8bd2ccb
[INFO] [stdout]                                at /rustc/84c898d65adf2f39a5a98507f1fe0ce10a2b8dbc/library/core/src/ops/function.rs:250:5
[INFO] [stdout]   60:     0x5635bf0db7b3 - <alloc::boxed::Box<F,A> as core::ops::function::FnOnce<Args>>::call_once::h39990b24eedef2ab
[INFO] [stdout]                                at /rustc/84c898d65adf2f39a5a98507f1fe0ce10a2b8dbc/library/alloc/src/boxed.rs:1987:9
[INFO] [stdout]   61:     0x5635bf0db7b3 - <alloc::boxed::Box<F,A> as core::ops::function::FnOnce<Args>>::call_once::h01a027258444143b
[INFO] [stdout]                                at /rustc/84c898d65adf2f39a5a98507f1fe0ce10a2b8dbc/library/alloc/src/boxed.rs:1987:9
[INFO] [stdout]   62:     0x5635bf0db7b3 - std::sys::unix::thread::Thread::new::thread_start::ha4f1cdd9c25884ba
[INFO] [stdout]                                at /rustc/84c898d65adf2f39a5a98507f1fe0ce10a2b8dbc/library/std/src/sys/unix/thread.rs:108:17
[INFO] [stdout]   63:     0x7f1c2b70cb43 - <unknown>
[INFO] [stdout]   64:     0x7f1c2b79dbb4 - __clone
[INFO] [stdout]   65:                0x0 - <unknown>
[INFO] [stdout] 
[INFO] [stdout] ---- file::tests::file_checksum stdout ----
[INFO] [stdout] thread 'file::tests::file_checksum' panicked at 'called `Result::unwrap()` on an `Err` value: ContentFetchingFailure { source: hyper::Error(Connect, ConnectError("dns error", Custom { kind: Uncategorized, error: "failed to lookup address information: Temporary failure in name resolution" })) }', lib/src/file.rs:236:10
[INFO] [stdout] stack backtrace:
[INFO] [stdout]    0:     0x5635bf0d4d6a - std::backtrace_rs::backtrace::libunwind::trace::ha9053a9a07ca49cb
[INFO] [stdout]                                at /rustc/84c898d65adf2f39a5a98507f1fe0ce10a2b8dbc/library/std/src/../../backtrace/src/backtrace/libunwind.rs:93:5
[INFO] [stdout]    1:     0x5635bf0d4d6a - std::backtrace_rs::backtrace::trace_unsynchronized::h9c2852a457ad564e
[INFO] [stdout]                                at /rustc/84c898d65adf2f39a5a98507f1fe0ce10a2b8dbc/library/std/src/../../backtrace/src/backtrace/mod.rs:66:5
[INFO] [stdout]    2:     0x5635bf0d4d6a - std::sys_common::backtrace::_print_fmt::h457936fbfaa0070f
[INFO] [stdout]                                at /rustc/84c898d65adf2f39a5a98507f1fe0ce10a2b8dbc/library/std/src/sys_common/backtrace.rs:65:5
[INFO] [stdout]    3:     0x5635bf0d4d6a - <std::sys_common::backtrace::_print::DisplayBacktrace as core::fmt::Display>::fmt::h5779d7bf7f70cb0c
[INFO] [stdout]                                at /rustc/84c898d65adf2f39a5a98507f1fe0ce10a2b8dbc/library/std/src/sys_common/backtrace.rs:44:22
[INFO] [stdout]    4:     0x5635bf0ff04e - core::fmt::write::h5a4baaff1bcd3eb5
[INFO] [stdout]                                at /rustc/84c898d65adf2f39a5a98507f1fe0ce10a2b8dbc/library/core/src/fmt/mod.rs:1232:17
[INFO] [stdout]    5:     0x5635bf0d18b5 - std::io::Write::write_fmt::h478f79c628ef31d1
[INFO] [stdout]                                at /rustc/84c898d65adf2f39a5a98507f1fe0ce10a2b8dbc/library/std/src/io/mod.rs:1684:15
[INFO] [stdout]    6:     0x5635bf0d4b35 - std::sys_common::backtrace::_print::h5fcdc36060f177e8
[INFO] [stdout]                                at /rustc/84c898d65adf2f39a5a98507f1fe0ce10a2b8dbc/library/std/src/sys_common/backtrace.rs:47:5
[INFO] [stdout]    7:     0x5635bf0d4b35 - std::sys_common::backtrace::print::h54ca9458b876c8bf
[INFO] [stdout]                                at /rustc/84c898d65adf2f39a5a98507f1fe0ce10a2b8dbc/library/std/src/sys_common/backtrace.rs:34:9
[INFO] [stdout]    8:     0x5635bf0d68ff - std::panicking::default_hook::{{closure}}::hbe471161c7664ed6
[INFO] [stdout]                                at /rustc/84c898d65adf2f39a5a98507f1fe0ce10a2b8dbc/library/std/src/panicking.rs:271:22
[INFO] [stdout]    9:     0x5635bf0d65bf - std::panicking::default_hook::ha3500da57aa4ac4f
[INFO] [stdout]                                at /rustc/84c898d65adf2f39a5a98507f1fe0ce10a2b8dbc/library/std/src/panicking.rs:287:9
[INFO] [stdout]   10:     0x5635be70e1f7 - <alloc::boxed::Box<F,A> as core::ops::function::Fn<Args>>::call::hdf1b89dd137ece34
[INFO] [stdout]                                at /rustc/84c898d65adf2f39a5a98507f1fe0ce10a2b8dbc/library/alloc/src/boxed.rs:2001:9
[INFO] [stdout]   11:     0x5635be70e1f7 - test::test_main::{{closure}}::h9081a79f20e75698
[INFO] [stdout]                                at /rustc/84c898d65adf2f39a5a98507f1fe0ce10a2b8dbc/library/test/src/lib.rs:135:21
[INFO] [stdout]   12:     0x5635bf0d702d - <alloc::boxed::Box<F,A> as core::ops::function::Fn<Args>>::call::h6507bddc3eebb4a5
[INFO] [stdout]                                at /rustc/84c898d65adf2f39a5a98507f1fe0ce10a2b8dbc/library/alloc/src/boxed.rs:2001:9
[INFO] [stdout]   13:     0x5635bf0d702d - std::panicking::rust_panic_with_hook::h50c09d000dc561d2
[INFO] [stdout]                                at /rustc/84c898d65adf2f39a5a98507f1fe0ce10a2b8dbc/library/std/src/panicking.rs:696:13
[INFO] [stdout]   14:     0x5635bf0d6da9 - std::panicking::begin_panic_handler::{{closure}}::h9e2b2176e00e0d9c
[INFO] [stdout]                                at /rustc/84c898d65adf2f39a5a98507f1fe0ce10a2b8dbc/library/std/src/panicking.rs:583:13
[INFO] [stdout]   15:     0x5635bf0d51d6 - std::sys_common::backtrace::__rust_end_short_backtrace::h5739b8e512c09d02
[INFO] [stdout]                                at /rustc/84c898d65adf2f39a5a98507f1fe0ce10a2b8dbc/library/std/src/sys_common/backtrace.rs:150:18
[INFO] [stdout]   16:     0x5635bf0d6ab2 - rust_begin_unwind
[INFO] [stdout]                                at /rustc/84c898d65adf2f39a5a98507f1fe0ce10a2b8dbc/library/std/src/panicking.rs:579:5
[INFO] [stdout]   17:     0x5635be604723 - core::panicking::panic_fmt::hf33a1475b4dc5c3e
[INFO] [stdout]                                at /rustc/84c898d65adf2f39a5a98507f1fe0ce10a2b8dbc/library/core/src/panicking.rs:64:14
[INFO] [stdout]   18:     0x5635be604bd3 - core::result::unwrap_failed::hdff5465d74574b44
[INFO] [stdout]                                at /rustc/84c898d65adf2f39a5a98507f1fe0ce10a2b8dbc/library/core/src/result.rs:1750:5
[INFO] [stdout]   19:     0x5635be67c8fa - core::result::Result<T,E>::unwrap::he7835ac8580420e7
[INFO] [stdout]                                at /rustc/84c898d65adf2f39a5a98507f1fe0ce10a2b8dbc/library/core/src/result.rs:1090:23
[INFO] [stdout]   20:     0x5635be6c6cfc - zippyst::file::tests::file_checksum::{{closure}}::h1d27111fa9cbb6b5
[INFO] [stdout]                                at /opt/rustwide/workdir/lib/src/file.rs:230:20
[INFO] [stdout]   21:     0x5635be67fd5b - <core::pin::Pin<P> as core::future::future::Future>::poll::h51df243e40cc6eb6
[INFO] [stdout]                                at /rustc/84c898d65adf2f39a5a98507f1fe0ce10a2b8dbc/library/core/src/future/future.rs:125:9
[INFO] [stdout]   22:     0x5635be6c5834 - tokio::runtime::basic_scheduler::CoreGuard::block_on::{{closure}}::{{closure}}::{{closure}}::he7a7eadbab086ba6
[INFO] [stdout]                                at /opt/rustwide/cargo-home/registry/src/github.com-1ecc6299db9ec823/tokio-1.20.4/src/runtime/basic_scheduler.rs:543:48
[INFO] [stdout]   23:     0x5635be69a810 - tokio::coop::with_budget::{{closure}}::h7c45b550b7006c45
[INFO] [stdout]                                at /opt/rustwide/cargo-home/registry/src/github.com-1ecc6299db9ec823/tokio-1.20.4/src/coop.rs:102:9
[INFO] [stdout]   24:     0x5635be60ce74 - std::thread::local::LocalKey<T>::try_with::h8733d6858eea6f08
[INFO] [stdout]                                at /rustc/84c898d65adf2f39a5a98507f1fe0ce10a2b8dbc/library/std/src/thread/local.rs:446:16
[INFO] [stdout]   25:     0x5635be60c5aa - std::thread::local::LocalKey<T>::with::hcbece74ba2827d73
[INFO] [stdout]                                at /rustc/84c898d65adf2f39a5a98507f1fe0ce10a2b8dbc/library/std/src/thread/local.rs:422:9
[INFO] [stdout]   26:     0x5635be6c5796 - tokio::coop::with_budget::hd3bd7962025f84d7
[INFO] [stdout]                                at /opt/rustwide/cargo-home/registry/src/github.com-1ecc6299db9ec823/tokio-1.20.4/src/coop.rs:95:5
[INFO] [stdout]   27:     0x5635be6c5796 - tokio::coop::budget::h618fb1f48b244348
[INFO] [stdout]                                at /opt/rustwide/cargo-home/registry/src/github.com-1ecc6299db9ec823/tokio-1.20.4/src/coop.rs:72:5
[INFO] [stdout]   28:     0x5635be6c5796 - tokio::runtime::basic_scheduler::CoreGuard::block_on::{{closure}}::{{closure}}::hae86f9c645c23198
[INFO] [stdout]                                at /opt/rustwide/cargo-home/registry/src/github.com-1ecc6299db9ec823/tokio-1.20.4/src/runtime/basic_scheduler.rs:543:25
[INFO] [stdout]   29:     0x5635be6c184e - tokio::runtime::basic_scheduler::Context::enter::h50807ad694972c61
[INFO] [stdout]                                at /opt/rustwide/cargo-home/registry/src/github.com-1ecc6299db9ec823/tokio-1.20.4/src/runtime/basic_scheduler.rs:367:19
[INFO] [stdout]   30:     0x5635be6c472d - tokio::runtime::basic_scheduler::CoreGuard::block_on::{{closure}}::ha7177d9687defacc
[INFO] [stdout]                                at /opt/rustwide/cargo-home/registry/src/github.com-1ecc6299db9ec823/tokio-1.20.4/src/runtime/basic_scheduler.rs:542:36
[INFO] [stdout]   31:     0x5635be6c43ab - tokio::runtime::basic_scheduler::CoreGuard::enter::{{closure}}::h0298354aeeee2716
[INFO] [stdout]                                at /opt/rustwide/cargo-home/registry/src/github.com-1ecc6299db9ec823/tokio-1.20.4/src/runtime/basic_scheduler.rs:613:57
[INFO] [stdout]   32:     0x5635be66c12d - tokio::macros::scoped_tls::ScopedKey<T>::set::h05e905cab27d9057
[INFO] [stdout]                                at /opt/rustwide/cargo-home/registry/src/github.com-1ecc6299db9ec823/tokio-1.20.4/src/macros/scoped_tls.rs:61:9
[INFO] [stdout]   33:     0x5635be6c4146 - tokio::runtime::basic_scheduler::CoreGuard::enter::hcd2ed7cfe1389d7f
[INFO] [stdout]                                at /opt/rustwide/cargo-home/registry/src/github.com-1ecc6299db9ec823/tokio-1.20.4/src/runtime/basic_scheduler.rs:613:27
[INFO] [stdout]   34:     0x5635be6c441c - tokio::runtime::basic_scheduler::CoreGuard::block_on::h29c31acab9719110
[INFO] [stdout]                                at /opt/rustwide/cargo-home/registry/src/github.com-1ecc6299db9ec823/tokio-1.20.4/src/runtime/basic_scheduler.rs:533:19
[INFO] [stdout]   35:     0x5635be6c0d52 - tokio::runtime::basic_scheduler::BasicScheduler::block_on::hef494de178d10906
[INFO] [stdout]                                at /opt/rustwide/cargo-home/registry/src/github.com-1ecc6299db9ec823/tokio-1.20.4/src/runtime/basic_scheduler.rs:179:24
[INFO] [stdout]   36:     0x5635be69e20e - tokio::runtime::Runtime::block_on::ha0bb83ebe40b72b5
[INFO] [stdout]                                at /opt/rustwide/cargo-home/registry/src/github.com-1ecc6299db9ec823/tokio-1.20.4/src/runtime/mod.rs:482:46
[INFO] [stdout]   37:     0x5635be6c68d8 - zippyst::file::tests::file_checksum::ha59da57a3ac8be9e
[INFO] [stdout]                                at /opt/rustwide/workdir/lib/src/file.rs:250:9
[INFO] [stdout]   38:     0x5635be6c6797 - zippyst::file::tests::file_checksum::{{closure}}::h89935209f0a2f6a1
[INFO] [stdout]                                at /opt/rustwide/workdir/lib/src/file.rs:229:30
[INFO] [stdout]   39:     0x5635be673665 - core::ops::function::FnOnce::call_once::h52470eb60291b1d5
[INFO] [stdout]                                at /rustc/84c898d65adf2f39a5a98507f1fe0ce10a2b8dbc/library/core/src/ops/function.rs:250:5
[INFO] [stdout]   40:     0x5635be7135df - core::ops::function::FnOnce::call_once::h7d969581be7d0075
[INFO] [stdout]                                at /rustc/84c898d65adf2f39a5a98507f1fe0ce10a2b8dbc/library/core/src/ops/function.rs:250:5
[INFO] [stdout]   41:     0x5635be7135df - test::__rust_begin_short_backtrace::hca25a52684e56655
[INFO] [stdout]                                at /rustc/84c898d65adf2f39a5a98507f1fe0ce10a2b8dbc/library/test/src/lib.rs:656:18
[INFO] [stdout]   42:     0x5635be6e4bfc - test::run_test::{{closure}}::ha8ac744c4af1a4bb
[INFO] [stdout]                                at /rustc/84c898d65adf2f39a5a98507f1fe0ce10a2b8dbc/library/test/src/lib.rs:647:30
[INFO] [stdout]   43:     0x5635be6e4bfc - core::ops::function::FnOnce::call_once{{vtable.shim}}::h7b411a9ed45bdecf
[INFO] [stdout]                                at /rustc/84c898d65adf2f39a5a98507f1fe0ce10a2b8dbc/library/core/src/ops/function.rs:250:5
[INFO] [stdout]   44:     0x5635be7125a6 - <alloc::boxed::Box<F,A> as core::ops::function::FnOnce<Args>>::call_once::hd05328869a8ed200
[INFO] [stdout]                                at /rustc/84c898d65adf2f39a5a98507f1fe0ce10a2b8dbc/library/alloc/src/boxed.rs:1987:9
[INFO] [stdout]   45:     0x5635be7125a6 - <core::panic::unwind_safe::AssertUnwindSafe<F> as core::ops::function::FnOnce<()>>::call_once::h0c601ce20bd5b2be
[INFO] [stdout]                                at /rustc/84c898d65adf2f39a5a98507f1fe0ce10a2b8dbc/library/core/src/panic/unwind_safe.rs:271:9
[INFO] [stdout]   46:     0x5635be7125a6 - std::panicking::try::do_call::ha4be5c164fe30854
[INFO] [stdout]                                at /rustc/84c898d65adf2f39a5a98507f1fe0ce10a2b8dbc/library/std/src/panicking.rs:487:40
[INFO] [stdout]   47:     0x5635be7125a6 - std::panicking::try::h604546f3609af05f
[INFO] [stdout]                                at /rustc/84c898d65adf2f39a5a98507f1fe0ce10a2b8dbc/library/std/src/panicking.rs:451:19
[INFO] [stdout]   48:     0x5635be7125a6 - std::panic::catch_unwind::h5bfa8afe44c9c2f9
[INFO] [stdout]                                at /rustc/84c898d65adf2f39a5a98507f1fe0ce10a2b8dbc/library/std/src/panic.rs:140:14
[INFO] [stdout]   49:     0x5635be7125a6 - test::run_test_in_process::hd50dee55dd63e6aa
[INFO] [stdout]                                at /rustc/84c898d65adf2f39a5a98507f1fe0ce10a2b8dbc/library/test/src/lib.rs:679:27
[INFO] [stdout]   50:     0x5635be7125a6 - test::run_test::run_test_inner::{{closure}}::h4aa0f433aa85cea8
[INFO] [stdout]                                at /rustc/84c898d65adf2f39a5a98507f1fe0ce10a2b8dbc/library/test/src/lib.rs:573:39
[INFO] [stdout]   51:     0x5635be6df271 - test::run_test::run_test_inner::{{closure}}::had56431adf24b4d6
[INFO] [stdout]                                at /rustc/84c898d65adf2f39a5a98507f1fe0ce10a2b8dbc/library/test/src/lib.rs:600:37
[INFO] [stdout]   52:     0x5635be6df271 - std::sys_common::backtrace::__rust_begin_short_backtrace::ha8d9890e0c73bf13
[INFO] [stdout]                                at /rustc/84c898d65adf2f39a5a98507f1fe0ce10a2b8dbc/library/std/src/sys_common/backtrace.rs:134:18
[INFO] [stdout]   53:     0x5635be6e4c8b - std::thread::Builder::spawn_unchecked_::{{closure}}::{{closure}}::h251832bcb4a95327
[INFO] [stdout]                                at /rustc/84c898d65adf2f39a5a98507f1fe0ce10a2b8dbc/library/std/src/thread/mod.rs:560:17
[INFO] [stdout]   54:     0x5635be6e4c8b - <core::panic::unwind_safe::AssertUnwindSafe<F> as core::ops::function::FnOnce<()>>::call_once::h8fdff598fa414831
[INFO] [stdout]                                at /rustc/84c898d65adf2f39a5a98507f1fe0ce10a2b8dbc/library/core/src/panic/unwind_safe.rs:271:9
[INFO] [stdout]   55:     0x5635be6e4c8b - std::panicking::try::do_call::h455dd2f7764a950f
[INFO] [stdout]                                at /rustc/84c898d65adf2f39a5a98507f1fe0ce10a2b8dbc/library/std/src/panicking.rs:487:40
[INFO] [stdout]   56:     0x5635be6e4c8b - std::panicking::try::had6f23b7b73ae72a
[INFO] [stdout]                                at /rustc/84c898d65adf2f39a5a98507f1fe0ce10a2b8dbc/library/std/src/panicking.rs:451:19
[INFO] [stdout]   57:     0x5635be6e4c8b - std::panic::catch_unwind::ha6a5ca3915b4dad0
[INFO] [stdout]                                at /rustc/84c898d65adf2f39a5a98507f1fe0ce10a2b8dbc/library/std/src/panic.rs:140:14
[INFO] [stdout]   58:     0x5635be6e4c8b - std::thread::Builder::spawn_unchecked_::{{closure}}::h883b72ef75da6231
[INFO] [stdout]                                at /rustc/84c898d65adf2f39a5a98507f1fe0ce10a2b8dbc/library/std/src/thread/mod.rs:559:30
[INFO] [stdout]   59:     0x5635be6e4c8b - core::ops::function::FnOnce::call_once{{vtable.shim}}::hb7dff73dc8bd2ccb
[INFO] [stdout]                                at /rustc/84c898d65adf2f39a5a98507f1fe0ce10a2b8dbc/library/core/src/ops/function.rs:250:5
[INFO] [stdout]   60:     0x5635bf0db7b3 - <alloc::boxed::Box<F,A> as core::ops::function::FnOnce<Args>>::call_once::h39990b24eedef2ab
[INFO] [stdout]                                at /rustc/84c898d65adf2f39a5a98507f1fe0ce10a2b8dbc/library/alloc/src/boxed.rs:1987:9
[INFO] [stdout]   61:     0x5635bf0db7b3 - <alloc::boxed::Box<F,A> as core::ops::function::FnOnce<Args>>::call_once::h01a027258444143b
[INFO] [stdout]                                at /rustc/84c898d65adf2f39a5a98507f1fe0ce10a2b8dbc/library/alloc/src/boxed.rs:1987:9
[INFO] [stdout]   62:     0x5635bf0db7b3 - std::sys::unix::thread::Thread::new::thread_start::ha4f1cdd9c25884ba
[INFO] [stdout]                                at /rustc/84c898d65adf2f39a5a98507f1fe0ce10a2b8dbc/library/std/src/sys/unix/thread.rs:108:17
[INFO] [stdout]   63:     0x7f1c2b70cb43 - <unknown>
[INFO] [stdout]   64:     0x7f1c2b79dbb4 - __clone
[INFO] [stdout]   65:                0x0 - <unknown>
[INFO] [stdout] 
[INFO] [stdout] 
[INFO] [stdout] failures:
[INFO] [stdout]     file::tests::file_checksum
[INFO] [stdout]     file::tests::file_link
[INFO] [stdout] 
[INFO] [stdout] test result: FAILED. 1 passed; 2 failed; 0 ignored; 0 measured; 0 filtered out; finished in 0.39s
[INFO] [stdout] 
[INFO] [stderr] error: test failed, to rerun pass `-p zippyst --lib`
[INFO] running `Command { std: "docker" "inspect" "f20f24023623b20016c408aa4cde69f51468ba64c3d1a73c1de80ad0534fb4ae", kill_on_drop: false }`
[INFO] running `Command { std: "docker" "rm" "-f" "f20f24023623b20016c408aa4cde69f51468ba64c3d1a73c1de80ad0534fb4ae", kill_on_drop: false }`
[INFO] [stdout] f20f24023623b20016c408aa4cde69f51468ba64c3d1a73c1de80ad0534fb4ae
