[INFO] cloning repository https://github.com/satyabansahoo2000/rustlings
[INFO] running `Command { std: "git" "-c" "credential.helper=" "-c" "credential.helper=/workspace/cargo-home/bin/git-credential-null" "clone" "--bare" "https://github.com/satyabansahoo2000/rustlings" "/workspace/cache/git-repos/https%3A%2F%2Fgithub.com%2Fsatyabansahoo2000%2Frustlings", kill_on_drop: false }`
[INFO] [stderr] Cloning into bare repository '/workspace/cache/git-repos/https%3A%2F%2Fgithub.com%2Fsatyabansahoo2000%2Frustlings'...
[INFO] running `Command { std: "git" "rev-parse" "HEAD", kill_on_drop: false }`
[INFO] [stdout] b73fc84689d07b60440e4a78581c2e26c78ce717
[INFO] testing satyabansahoo2000/rustlings against beta-2023-04-20 for beta-1.70-1
[INFO] running `Command { std: "git" "clone" "/workspace/cache/git-repos/https%3A%2F%2Fgithub.com%2Fsatyabansahoo2000%2Frustlings" "/workspace/builds/worker-2-tc2/source", kill_on_drop: false }`
[INFO] [stderr] Cloning into '/workspace/builds/worker-2-tc2/source'...
[INFO] [stderr] done.
[INFO] [stderr] Updating files:  52% (718/1378)
Updating files:  53% (731/1378)
Updating files:  54% (745/1378)
Updating files:  55% (758/1378)
Updating files:  56% (772/1378)
Updating files:  57% (786/1378)
Updating files:  58% (800/1378)
Updating files:  59% (814/1378)
Updating files:  60% (827/1378)
Updating files:  61% (841/1378)
Updating files:  62% (855/1378)
Updating files:  63% (869/1378)
Updating files:  64% (882/1378)
Updating files:  65% (896/1378)
Updating files:  66% (910/1378)
Updating files:  67% (924/1378)
Updating files:  68% (938/1378)
Updating files:  69% (951/1378)
Updating files:  70% (965/1378)
Updating files:  71% (979/1378)
Updating files:  72% (993/1378)
Updating files:  73% (1006/1378)
Updating files:  74% (1020/1378)
Updating files:  75% (1034/1378)
Updating files:  76% (1048/1378)
Updating files:  77% (1062/1378)
Updating files:  78% (1075/1378)
Updating files:  79% (1089/1378)
Updating files:  80% (1103/1378)
Updating files:  81% (1117/1378)
Updating files:  82% (1130/1378)
Updating files:  83% (1144/1378)
Updating files:  84% (1158/1378)
Updating files:  85% (1172/1378)
Updating files:  86% (1186/1378)
Updating files:  87% (1199/1378)
Updating files:  88% (1213/1378)
Updating files:  89% (1227/1378)
Updating files:  90% (1241/1378)
Updating files:  91% (1254/1378)
Updating files:  92% (1268/1378)
Updating files:  93% (1282/1378)
Updating files:  94% (1296/1378)
Updating files:  95% (1310/1378)
Updating files:  96% (1323/1378)
Updating files:  97% (1337/1378)
Updating files:  98% (1351/1378)
Updating files:  99% (1365/1378)
Updating files: 100% (1378/1378)
Updating files: 100% (1378/1378), done.
[INFO] validating manifest of git repo https://github.com/satyabansahoo2000/rustlings on toolchain beta-2023-04-20
[INFO] running `Command { std: CARGO_HOME="/workspace/cargo-home" RUSTUP_HOME="/workspace/rustup-home" "/workspace/cargo-home/bin/cargo" "+beta-2023-04-20" "metadata" "--manifest-path" "Cargo.toml" "--no-deps", kill_on_drop: false }`
[INFO] started tweaking git repo https://github.com/satyabansahoo2000/rustlings
[INFO] finished tweaking git repo https://github.com/satyabansahoo2000/rustlings
[INFO] tweaked toml for git repo https://github.com/satyabansahoo2000/rustlings written to /workspace/builds/worker-2-tc2/source/Cargo.toml
[INFO] crate git repo https://github.com/satyabansahoo2000/rustlings already has a lockfile, it will not be regenerated
[INFO] running `Command { std: CARGO_HOME="/workspace/cargo-home" RUSTUP_HOME="/workspace/rustup-home" "/workspace/cargo-home/bin/cargo" "+beta-2023-04-20" "fetch" "--manifest-path" "Cargo.toml", kill_on_drop: false }`
[INFO] running `Command { std: "docker" "create" "-v" "/var/lib/crater-agent-workspace/builds/worker-2-tc2/target:/opt/rustwide/target:rw,Z" "-v" "/var/lib/crater-agent-workspace/builds/worker-2-tc2/source:/opt/rustwide/workdir:ro,Z" "-v" "/var/lib/crater-agent-workspace/cargo-home:/opt/rustwide/cargo-home:ro,Z" "-v" "/var/lib/crater-agent-workspace/rustup-home:/opt/rustwide/rustup-home:ro,Z" "-e" "SOURCE_DIR=/opt/rustwide/workdir" "-e" "CARGO_TARGET_DIR=/opt/rustwide/target" "-e" "CARGO_HOME=/opt/rustwide/cargo-home" "-e" "RUSTUP_HOME=/opt/rustwide/rustup-home" "-w" "/opt/rustwide/workdir" "-m" "1610612736" "--user" "0:0" "--network" "none" "ghcr.io/rust-lang/crates-build-env/linux@sha256:5ff2268d62e97bff2cde7d5815dd6ed5b47097566f13b8d0ca110b04b60e07ed" "/opt/rustwide/cargo-home/bin/cargo" "+beta-2023-04-20" "metadata" "--no-deps" "--format-version=1", kill_on_drop: false }`
[INFO] [stdout] d344e87408b15cc26e1e8a92694431f3d17ef2140016b67f633c1250618bae31
[INFO] running `Command { std: "docker" "start" "-a" "d344e87408b15cc26e1e8a92694431f3d17ef2140016b67f633c1250618bae31", kill_on_drop: false }`
[INFO] running `Command { std: "docker" "inspect" "d344e87408b15cc26e1e8a92694431f3d17ef2140016b67f633c1250618bae31", kill_on_drop: false }`
[INFO] running `Command { std: "docker" "rm" "-f" "d344e87408b15cc26e1e8a92694431f3d17ef2140016b67f633c1250618bae31", kill_on_drop: false }`
[INFO] [stdout] d344e87408b15cc26e1e8a92694431f3d17ef2140016b67f633c1250618bae31
[INFO] running `Command { std: "docker" "create" "-v" "/var/lib/crater-agent-workspace/builds/worker-2-tc2/target:/opt/rustwide/target:rw,Z" "-v" "/var/lib/crater-agent-workspace/builds/worker-2-tc2/source:/opt/rustwide/workdir:ro,Z" "-v" "/var/lib/crater-agent-workspace/cargo-home:/opt/rustwide/cargo-home:ro,Z" "-v" "/var/lib/crater-agent-workspace/rustup-home:/opt/rustwide/rustup-home:ro,Z" "-e" "SOURCE_DIR=/opt/rustwide/workdir" "-e" "CARGO_TARGET_DIR=/opt/rustwide/target" "-e" "CARGO_INCREMENTAL=0" "-e" "RUST_BACKTRACE=full" "-e" "RUSTFLAGS=--cap-lints=warn" "-e" "RUSTDOCFLAGS=--cap-lints=warn" "-e" "CARGO_HOME=/opt/rustwide/cargo-home" "-e" "RUSTUP_HOME=/opt/rustwide/rustup-home" "-w" "/opt/rustwide/workdir" "-m" "1610612736" "--user" "0:0" "--network" "none" "ghcr.io/rust-lang/crates-build-env/linux@sha256:5ff2268d62e97bff2cde7d5815dd6ed5b47097566f13b8d0ca110b04b60e07ed" "/opt/rustwide/cargo-home/bin/cargo" "+beta-2023-04-20" "build" "--frozen" "--message-format=json", kill_on_drop: false }`
[INFO] [stdout] 62f5ed462c2cb44768256f0ed9424191418e7680cd8d5fcf87997d58df4ae53f
[INFO] running `Command { std: "docker" "start" "-a" "62f5ed462c2cb44768256f0ed9424191418e7680cd8d5fcf87997d58df4ae53f", kill_on_drop: false }`
[INFO] [stderr]    Compiling libc v0.2.100
[INFO] [stderr]    Compiling cfg-if v1.0.0
[INFO] [stderr]    Compiling proc-macro2 v1.0.28
[INFO] [stderr]    Compiling unicode-xid v0.2.2
[INFO] [stderr]    Compiling syn v1.0.75
[INFO] [stderr]    Compiling memchr v2.4.1
[INFO] [stderr]    Compiling log v0.4.14
[INFO] [stderr]    Compiling autocfg v1.0.1
[INFO] [stderr]    Compiling instant v0.1.10
[INFO] [stderr]    Compiling cfg-if v0.1.10
[INFO] [stderr]    Compiling smallvec v1.6.1
[INFO] [stderr]    Compiling serde_derive v1.0.129
[INFO] [stderr]    Compiling regex-syntax v0.6.25
[INFO] [stderr]    Compiling scopeguard v1.1.0
[INFO] [stderr]    Compiling lock_api v0.4.4
[INFO] [stderr]    Compiling num-traits v0.2.14
[INFO] [stderr]    Compiling unicode-segmentation v1.8.0
[INFO] [stderr]    Compiling slab v0.4.4
[INFO] [stderr]    Compiling unicode-width v0.1.8
[INFO] [stderr]    Compiling aho-corasick v0.7.18
[INFO] [stderr]    Compiling serde v1.0.129
[INFO] [stderr]    Compiling quote v1.0.9
[INFO] [stderr]    Compiling net2 v0.2.37
[INFO] [stderr]    Compiling iovec v0.1.4
[INFO] [stderr]    Compiling parking_lot_core v0.8.3
[INFO] [stderr]    Compiling mio v0.6.23
[INFO] [stderr]    Compiling parking_lot v0.11.1
[INFO] [stderr]    Compiling heck v0.3.3
[INFO] [stderr]    Compiling inotify-sys v0.1.5
[INFO] [stderr]    Compiling terminal_size v0.1.17
[INFO] [stderr]    Compiling same-file v1.0.6
[INFO] [stderr]    Compiling argh_shared v0.1.5
[INFO] [stderr]    Compiling bitflags v1.3.2
[INFO] [stderr]    Compiling regex v1.5.4
[INFO] [stderr]    Compiling lazycell v1.3.0
[INFO] [stderr]    Compiling inotify v0.7.1
[INFO] [stderr]    Compiling number_prefix v0.2.8
[INFO] [stderr]    Compiling mio-extras v2.0.6
[INFO] [stderr]    Compiling walkdir v2.3.2
[INFO] [stderr]    Compiling clicolors-control v1.0.1
[INFO] [stderr]    Compiling atty v0.2.14
[INFO] [stderr]    Compiling filetime v0.2.15
[INFO] [stderr]    Compiling termios v0.3.3
[INFO] [stderr]    Compiling notify v4.0.17
[INFO] [stderr]    Compiling console v0.14.1
[INFO] [stderr]    Compiling console v0.7.7
[INFO] [stderr]    Compiling indicatif v0.10.3
[INFO] [stderr]    Compiling argh_derive v0.1.5
[INFO] [stderr]    Compiling argh v0.1.5
[INFO] [stderr]    Compiling toml v0.4.10
[INFO] [stderr]    Compiling rustlings v4.6.0 (/opt/rustwide/workdir)
[INFO] [stderr]     Finished dev [unoptimized + debuginfo] target(s) in 15.68s
[INFO] running `Command { std: "docker" "inspect" "62f5ed462c2cb44768256f0ed9424191418e7680cd8d5fcf87997d58df4ae53f", kill_on_drop: false }`
[INFO] running `Command { std: "docker" "rm" "-f" "62f5ed462c2cb44768256f0ed9424191418e7680cd8d5fcf87997d58df4ae53f", kill_on_drop: false }`
[INFO] [stdout] 62f5ed462c2cb44768256f0ed9424191418e7680cd8d5fcf87997d58df4ae53f
[INFO] running `Command { std: "docker" "create" "-v" "/var/lib/crater-agent-workspace/builds/worker-2-tc2/target:/opt/rustwide/target:rw,Z" "-v" "/var/lib/crater-agent-workspace/builds/worker-2-tc2/source:/opt/rustwide/workdir:ro,Z" "-v" "/var/lib/crater-agent-workspace/cargo-home:/opt/rustwide/cargo-home:ro,Z" "-v" "/var/lib/crater-agent-workspace/rustup-home:/opt/rustwide/rustup-home:ro,Z" "-e" "SOURCE_DIR=/opt/rustwide/workdir" "-e" "CARGO_TARGET_DIR=/opt/rustwide/target" "-e" "CARGO_INCREMENTAL=0" "-e" "RUST_BACKTRACE=full" "-e" "RUSTFLAGS=--cap-lints=warn" "-e" "RUSTDOCFLAGS=--cap-lints=warn" "-e" "CARGO_HOME=/opt/rustwide/cargo-home" "-e" "RUSTUP_HOME=/opt/rustwide/rustup-home" "-w" "/opt/rustwide/workdir" "-m" "1610612736" "--user" "0:0" "--network" "none" "ghcr.io/rust-lang/crates-build-env/linux@sha256:5ff2268d62e97bff2cde7d5815dd6ed5b47097566f13b8d0ca110b04b60e07ed" "/opt/rustwide/cargo-home/bin/cargo" "+beta-2023-04-20" "test" "--frozen" "--no-run" "--message-format=json", kill_on_drop: false }`
[INFO] [stdout] 1ccba17ef8e9e9a79183e19eb2db35eeaf19889503bfaceb78b5b9901094b554
[INFO] running `Command { std: "docker" "start" "-a" "1ccba17ef8e9e9a79183e19eb2db35eeaf19889503bfaceb78b5b9901094b554", kill_on_drop: false }`
[INFO] [stderr]    Compiling ryu v1.0.5
[INFO] [stderr]    Compiling serde_json v1.0.66
[INFO] [stderr]    Compiling escargot v0.4.0
[INFO] [stderr]    Compiling predicates-core v1.0.2
[INFO] [stderr]    Compiling itoa v0.4.8
[INFO] [stderr]    Compiling float-cmp v0.8.0
[INFO] [stderr]    Compiling normalize-line-endings v0.3.0
[INFO] [stderr]    Compiling difference v2.0.0
[INFO] [stderr]    Compiling treeline v0.1.0
[INFO] [stderr]    Compiling glob v0.3.0
[INFO] [stderr]    Compiling predicates-tree v1.0.3
[INFO] [stderr]    Compiling predicates v1.0.8
[INFO] [stderr]    Compiling assert_cmd v0.11.1
[INFO] [stderr]    Compiling rustlings v4.6.0 (/opt/rustwide/workdir)
[INFO] [stderr]     Finished test [unoptimized + debuginfo] target(s) in 6.60s
[INFO] running `Command { std: "docker" "inspect" "1ccba17ef8e9e9a79183e19eb2db35eeaf19889503bfaceb78b5b9901094b554", kill_on_drop: false }`
[INFO] running `Command { std: "docker" "rm" "-f" "1ccba17ef8e9e9a79183e19eb2db35eeaf19889503bfaceb78b5b9901094b554", kill_on_drop: false }`
[INFO] [stdout] 1ccba17ef8e9e9a79183e19eb2db35eeaf19889503bfaceb78b5b9901094b554
[INFO] running `Command { std: "docker" "create" "-v" "/var/lib/crater-agent-workspace/builds/worker-2-tc2/target:/opt/rustwide/target:rw,Z" "-v" "/var/lib/crater-agent-workspace/builds/worker-2-tc2/source:/opt/rustwide/workdir:ro,Z" "-v" "/var/lib/crater-agent-workspace/cargo-home:/opt/rustwide/cargo-home:ro,Z" "-v" "/var/lib/crater-agent-workspace/rustup-home:/opt/rustwide/rustup-home:ro,Z" "-e" "SOURCE_DIR=/opt/rustwide/workdir" "-e" "CARGO_TARGET_DIR=/opt/rustwide/target" "-e" "CARGO_INCREMENTAL=0" "-e" "RUST_BACKTRACE=full" "-e" "RUSTFLAGS=--cap-lints=warn" "-e" "RUSTDOCFLAGS=--cap-lints=warn" "-e" "CARGO_HOME=/opt/rustwide/cargo-home" "-e" "RUSTUP_HOME=/opt/rustwide/rustup-home" "-w" "/opt/rustwide/workdir" "-m" "1610612736" "--user" "0:0" "--network" "none" "ghcr.io/rust-lang/crates-build-env/linux@sha256:5ff2268d62e97bff2cde7d5815dd6ed5b47097566f13b8d0ca110b04b60e07ed" "/opt/rustwide/cargo-home/bin/cargo" "+beta-2023-04-20" "test" "--frozen", kill_on_drop: false }`
[INFO] [stdout] c1dc964f464f5c00d746e8b0ba6b05c83c540dc7bf3f7a5868ee7316f021185e
[INFO] running `Command { std: "docker" "start" "-a" "c1dc964f464f5c00d746e8b0ba6b05c83c540dc7bf3f7a5868ee7316f021185e", kill_on_drop: false }`
[INFO] [stderr]     Finished test [unoptimized + debuginfo] target(s) in 0.06s
[INFO] [stderr]      Running unittests src/main.rs (/opt/rustwide/target/debug/deps/rustlings-323227c26d66718a)
[INFO] [stdout] 
[INFO] [stdout] running 4 tests
[INFO] [stdout] test exercise::test::test_finished_exercise ... ok
[INFO] [stdout] test exercise::test::test_pending_state ... ok
[INFO] [stdout] test exercise::test::test_clean ... FAILED
[INFO] [stdout] test exercise::test::test_exercise_with_output ... FAILED
[INFO] [stdout] 
[INFO] [stdout] failures:
[INFO] [stdout] 
[INFO] [stdout] ---- exercise::test::test_clean stdout ----
[INFO] [stdout] thread 'exercise::test::test_clean' panicked at 'called `Result::unwrap()` on an `Err` value: Os { code: 30, kind: ReadOnlyFilesystem, message: "Read-only file system" }', src/exercise.rs:269:36
[INFO] [stdout] stack backtrace:
[INFO] [stdout]    0:     0x563c663ae49a - std::backtrace_rs::backtrace::libunwind::trace::h2f05d0192276a8f6
[INFO] [stdout]                                at /rustc/1b7dd2252b99671ce5d1cb9664c5f8636329436d/library/std/src/../../backtrace/src/backtrace/libunwind.rs:93:5
[INFO] [stdout]    1:     0x563c663ae49a - std::backtrace_rs::backtrace::trace_unsynchronized::hedc23dff7a1af150
[INFO] [stdout]                                at /rustc/1b7dd2252b99671ce5d1cb9664c5f8636329436d/library/std/src/../../backtrace/src/backtrace/mod.rs:66:5
[INFO] [stdout]    2:     0x563c663ae49a - std::sys_common::backtrace::_print_fmt::h17541ef7592f3ce2
[INFO] [stdout]                                at /rustc/1b7dd2252b99671ce5d1cb9664c5f8636329436d/library/std/src/sys_common/backtrace.rs:65:5
[INFO] [stdout]    3:     0x563c663ae49a - <std::sys_common::backtrace::_print::DisplayBacktrace as core::fmt::Display>::fmt::h20f75df5ab0c0792
[INFO] [stdout]                                at /rustc/1b7dd2252b99671ce5d1cb9664c5f8636329436d/library/std/src/sys_common/backtrace.rs:44:22
[INFO] [stdout]    4:     0x563c663d23ef - core::fmt::write::h78109e6f466b3af6
[INFO] [stdout]                                at /rustc/1b7dd2252b99671ce5d1cb9664c5f8636329436d/library/core/src/fmt/mod.rs:1254:17
[INFO] [stdout]    5:     0x563c663ab7c5 - std::io::Write::write_fmt::hd24bfb68a1b35a25
[INFO] [stdout]                                at /rustc/1b7dd2252b99671ce5d1cb9664c5f8636329436d/library/std/src/io/mod.rs:1698:15
[INFO] [stdout]    6:     0x563c663ae265 - std::sys_common::backtrace::_print::h8dac57a9f8fbf9a5
[INFO] [stdout]                                at /rustc/1b7dd2252b99671ce5d1cb9664c5f8636329436d/library/std/src/sys_common/backtrace.rs:47:5
[INFO] [stdout]    7:     0x563c663ae265 - std::sys_common::backtrace::print::hf9ecbf41d1aa712f
[INFO] [stdout]                                at /rustc/1b7dd2252b99671ce5d1cb9664c5f8636329436d/library/std/src/sys_common/backtrace.rs:34:9
[INFO] [stdout]    8:     0x563c663aff1e - std::panicking::default_hook::{{closure}}::h04c07acfc84ca028
[INFO] [stdout]                                at /rustc/1b7dd2252b99671ce5d1cb9664c5f8636329436d/library/std/src/panicking.rs:269:22
[INFO] [stdout]    9:     0x563c663afc51 - std::panicking::default_hook::h01f6bb23e1eceb2c
[INFO] [stdout]                                at /rustc/1b7dd2252b99671ce5d1cb9664c5f8636329436d/library/std/src/panicking.rs:285:9
[INFO] [stdout]   10:     0x563c662259bb - <alloc::boxed::Box<F,A> as core::ops::function::Fn<Args>>::call::h87fe9f7b2fd49e4c
[INFO] [stdout]                                at /rustc/1b7dd2252b99671ce5d1cb9664c5f8636329436d/library/alloc/src/boxed.rs:1987:9
[INFO] [stdout]   11:     0x563c662259bb - test::test_main::{{closure}}::he94d679243a7531b
[INFO] [stdout]                                at /rustc/1b7dd2252b99671ce5d1cb9664c5f8636329436d/library/test/src/lib.rs:134:21
[INFO] [stdout]   12:     0x563c663b0604 - <alloc::boxed::Box<F,A> as core::ops::function::Fn<Args>>::call::h3f2d6d8b14c4769f
[INFO] [stdout]                                at /rustc/1b7dd2252b99671ce5d1cb9664c5f8636329436d/library/alloc/src/boxed.rs:1987:9
[INFO] [stdout]   13:     0x563c663b0604 - std::panicking::rust_panic_with_hook::h2bb3722bbaf2f6df
[INFO] [stdout]                                at /rustc/1b7dd2252b99671ce5d1cb9664c5f8636329436d/library/std/src/panicking.rs:695:13
[INFO] [stdout]   14:     0x563c663b0379 - std::panicking::begin_panic_handler::{{closure}}::h91bc7f36a4be011b
[INFO] [stdout]                                at /rustc/1b7dd2252b99671ce5d1cb9664c5f8636329436d/library/std/src/panicking.rs:582:13
[INFO] [stdout]   15:     0x563c663ae906 - std::sys_common::backtrace::__rust_end_short_backtrace::h8b3d3717114f9e59
[INFO] [stdout]                                at /rustc/1b7dd2252b99671ce5d1cb9664c5f8636329436d/library/std/src/sys_common/backtrace.rs:150:18
[INFO] [stdout]   16:     0x563c663b00d2 - rust_begin_unwind
[INFO] [stdout]                                at /rustc/1b7dd2252b99671ce5d1cb9664c5f8636329436d/library/std/src/panicking.rs:578:5
[INFO] [stdout]   17:     0x563c661de103 - core::panicking::panic_fmt::hfd368e3fbdabea26
[INFO] [stdout]                                at /rustc/1b7dd2252b99671ce5d1cb9664c5f8636329436d/library/core/src/panicking.rs:67:14
[INFO] [stdout]   18:     0x563c661de6a3 - core::result::unwrap_failed::he54eb4b2f125b26f
[INFO] [stdout]                                at /rustc/1b7dd2252b99671ce5d1cb9664c5f8636329436d/library/core/src/result.rs:1687:5
[INFO] [stdout]   19:     0x563c661e0a5b - core::result::Result<T,E>::unwrap::h2336bbea8ab38de9
[INFO] [stdout]                                at /rustc/1b7dd2252b99671ce5d1cb9664c5f8636329436d/library/core/src/result.rs:1089:23
[INFO] [stdout]   20:     0x563c661e9901 - rustlings::exercise::test::test_clean::hab353c33e87adf9f
[INFO] [stdout]                                at /opt/rustwide/workdir/src/exercise.rs:269:9
[INFO] [stdout]   21:     0x563c661e9887 - rustlings::exercise::test::test_clean::{{closure}}::h6abf14818d4ea321
[INFO] [stdout]                                at /opt/rustwide/workdir/src/exercise.rs:268:21
[INFO] [stdout]   22:     0x563c661e6d05 - core::ops::function::FnOnce::call_once::h2b1c4580dc01b7ee
[INFO] [stdout]                                at /rustc/1b7dd2252b99671ce5d1cb9664c5f8636329436d/library/core/src/ops/function.rs:250:5
[INFO] [stdout]   23:     0x563c6622a88f - core::ops::function::FnOnce::call_once::ha6a70e79f7481a7e
[INFO] [stdout]                                at /rustc/1b7dd2252b99671ce5d1cb9664c5f8636329436d/library/core/src/ops/function.rs:250:5
[INFO] [stdout]   24:     0x563c6622a88f - test::__rust_begin_short_backtrace::hce33033019b61e69
[INFO] [stdout]                                at /rustc/1b7dd2252b99671ce5d1cb9664c5f8636329436d/library/test/src/lib.rs:655:18
[INFO] [stdout]   25:     0x563c661f807c - test::run_test::{{closure}}::h858d3528838ae3e5
[INFO] [stdout]                                at /rustc/1b7dd2252b99671ce5d1cb9664c5f8636329436d/library/test/src/lib.rs:646:30
[INFO] [stdout]   26:     0x563c661f807c - core::ops::function::FnOnce::call_once{{vtable.shim}}::he8ac2b00f01ae79e
[INFO] [stdout]                                at /rustc/1b7dd2252b99671ce5d1cb9664c5f8636329436d/library/core/src/ops/function.rs:250:5
[INFO] [stdout]   27:     0x563c66229966 - <alloc::boxed::Box<F,A> as core::ops::function::FnOnce<Args>>::call_once::h8093d25b522725ef
[INFO] [stdout]                                at /rustc/1b7dd2252b99671ce5d1cb9664c5f8636329436d/library/alloc/src/boxed.rs:1973:9
[INFO] [stdout]   28:     0x563c66229966 - <core::panic::unwind_safe::AssertUnwindSafe<F> as core::ops::function::FnOnce<()>>::call_once::h5c334c204e4a3913
[INFO] [stdout]                                at /rustc/1b7dd2252b99671ce5d1cb9664c5f8636329436d/library/core/src/panic/unwind_safe.rs:271:9
[INFO] [stdout]   29:     0x563c66229966 - std::panicking::try::do_call::ha8b740c7b9478074
[INFO] [stdout]                                at /rustc/1b7dd2252b99671ce5d1cb9664c5f8636329436d/library/std/src/panicking.rs:485:40
[INFO] [stdout]   30:     0x563c66229966 - std::panicking::try::h5d34f63d0e41b64e
[INFO] [stdout]                                at /rustc/1b7dd2252b99671ce5d1cb9664c5f8636329436d/library/std/src/panicking.rs:449:19
[INFO] [stdout]   31:     0x563c66229966 - std::panic::catch_unwind::hcfbb511e1aa7fc67
[INFO] [stdout]                                at /rustc/1b7dd2252b99671ce5d1cb9664c5f8636329436d/library/std/src/panic.rs:140:14
[INFO] [stdout]   32:     0x563c66229966 - test::run_test_in_process::h9abda90f802eaf21
[INFO] [stdout]                                at /rustc/1b7dd2252b99671ce5d1cb9664c5f8636329436d/library/test/src/lib.rs:678:27
[INFO] [stdout]   33:     0x563c66229966 - test::run_test::run_test_inner::{{closure}}::h0f058de91f6c6edf
[INFO] [stdout]                                at /rustc/1b7dd2252b99671ce5d1cb9664c5f8636329436d/library/test/src/lib.rs:572:39
[INFO] [stdout]   34:     0x563c661f2885 - test::run_test::run_test_inner::{{closure}}::h5ca48a4c59c6c1fb
[INFO] [stdout]                                at /rustc/1b7dd2252b99671ce5d1cb9664c5f8636329436d/library/test/src/lib.rs:599:37
[INFO] [stdout]   35:     0x563c661f2885 - std::sys_common::backtrace::__rust_begin_short_backtrace::h32bd51e1495d4a33
[INFO] [stdout]                                at /rustc/1b7dd2252b99671ce5d1cb9664c5f8636329436d/library/std/src/sys_common/backtrace.rs:134:18
[INFO] [stdout]   36:     0x563c661f7dc1 - std::thread::Builder::spawn_unchecked_::{{closure}}::{{closure}}::hc086fae9b128b2db
[INFO] [stdout]                                at /rustc/1b7dd2252b99671ce5d1cb9664c5f8636329436d/library/std/src/thread/mod.rs:526:17
[INFO] [stdout]   37:     0x563c661f7dc1 - <core::panic::unwind_safe::AssertUnwindSafe<F> as core::ops::function::FnOnce<()>>::call_once::hb66571888d270d43
[INFO] [stdout]                                at /rustc/1b7dd2252b99671ce5d1cb9664c5f8636329436d/library/core/src/panic/unwind_safe.rs:271:9
[INFO] [stdout]   38:     0x563c661f7dc1 - std::panicking::try::do_call::h4fa2ef4f6e51fecf
[INFO] [stdout]                                at /rustc/1b7dd2252b99671ce5d1cb9664c5f8636329436d/library/std/src/panicking.rs:485:40
[INFO] [stdout]   39:     0x563c661f7dc1 - std::panicking::try::h1e9e22b8584489b5
[INFO] [stdout]                                at /rustc/1b7dd2252b99671ce5d1cb9664c5f8636329436d/library/std/src/panicking.rs:449:19
[INFO] [stdout]   40:     0x563c661f7dc1 - std::panic::catch_unwind::h44698a3de0e0769e
[INFO] [stdout]                                at /rustc/1b7dd2252b99671ce5d1cb9664c5f8636329436d/library/std/src/panic.rs:140:14
[INFO] [stdout]   41:     0x563c661f7dc1 - std::thread::Builder::spawn_unchecked_::{{closure}}::h50153abde3fe239e
[INFO] [stdout]                                at /rustc/1b7dd2252b99671ce5d1cb9664c5f8636329436d/library/std/src/thread/mod.rs:525:30
[INFO] [stdout]   42:     0x563c661f7dc1 - core::ops::function::FnOnce::call_once{{vtable.shim}}::hbe5bbf6f38394364
[INFO] [stdout]                                at /rustc/1b7dd2252b99671ce5d1cb9664c5f8636329436d/library/core/src/ops/function.rs:250:5
[INFO] [stdout]   43:     0x563c663b4cb5 - <alloc::boxed::Box<F,A> as core::ops::function::FnOnce<Args>>::call_once::h0d83cb2920a49046
[INFO] [stdout]                                at /rustc/1b7dd2252b99671ce5d1cb9664c5f8636329436d/library/alloc/src/boxed.rs:1973:9
[INFO] [stdout]   44:     0x563c663b4cb5 - <alloc::boxed::Box<F,A> as core::ops::function::FnOnce<Args>>::call_once::hbe0a008aa7d9ef59
[INFO] [stdout]                                at /rustc/1b7dd2252b99671ce5d1cb9664c5f8636329436d/library/alloc/src/boxed.rs:1973:9
[INFO] [stdout]   45:     0x563c663b4cb5 - std::sys::unix::thread::Thread::new::thread_start::h3a466996bdf6b1f9
[INFO] [stdout]                                at /rustc/1b7dd2252b99671ce5d1cb9664c5f8636329436d/library/std/src/sys/unix/thread.rs:108:17
[INFO] [stdout]   46:     0x7ffa1025eb43 - <unknown>
[INFO] [stdout]   47:     0x7ffa102efbb4 - __clone
[INFO] [stdout]   48:                0x0 - <unknown>
[INFO] [stdout] 
[INFO] [stdout] ---- exercise::test::test_exercise_with_output stdout ----
[INFO] [stdout] thread 'exercise::test::test_exercise_with_output' panicked at 'called `Result::unwrap()` on an `Err` value: ExerciseOutput { stdout: "", stderr: "\u{1b}[0m\u{1b}[1m\u{1b}[38;5;9merror\u{1b}[0m\u{1b}[0m\u{1b}[1m: couldn't create a temp dir: Read-only file system (os error 30) at path \"/opt/rustwide/workdir/./rmetaYJa91f\"\u{1b}[0m\n\n\u{1b}[0m\u{1b}[1m\u{1b}[38;5;9merror\u{1b}[0m\u{1b}[0m\u{1b}[1m: aborting due to previous error\u{1b}[0m\n\n" }', src/exercise.rs:342:38
[INFO] [stdout] stack backtrace:
[INFO] [stdout]    0:     0x563c663ae49a - std::backtrace_rs::backtrace::libunwind::trace::h2f05d0192276a8f6
[INFO] [stdout]                                at /rustc/1b7dd2252b99671ce5d1cb9664c5f8636329436d/library/std/src/../../backtrace/src/backtrace/libunwind.rs:93:5
[INFO] [stdout]    1:     0x563c663ae49a - std::backtrace_rs::backtrace::trace_unsynchronized::hedc23dff7a1af150
[INFO] [stdout]                                at /rustc/1b7dd2252b99671ce5d1cb9664c5f8636329436d/library/std/src/../../backtrace/src/backtrace/mod.rs:66:5
[INFO] [stdout]    2:     0x563c663ae49a - std::sys_common::backtrace::_print_fmt::h17541ef7592f3ce2
[INFO] [stdout]                                at /rustc/1b7dd2252b99671ce5d1cb9664c5f8636329436d/library/std/src/sys_common/backtrace.rs:65:5
[INFO] [stdout]    3:     0x563c663ae49a - <std::sys_common::backtrace::_print::DisplayBacktrace as core::fmt::Display>::fmt::h20f75df5ab0c0792
[INFO] [stdout]                                at /rustc/1b7dd2252b99671ce5d1cb9664c5f8636329436d/library/std/src/sys_common/backtrace.rs:44:22
[INFO] [stdout]    4:     0x563c663d23ef - core::fmt::write::h78109e6f466b3af6
[INFO] [stdout]                                at /rustc/1b7dd2252b99671ce5d1cb9664c5f8636329436d/library/core/src/fmt/mod.rs:1254:17
[INFO] [stdout]    5:     0x563c663ab7c5 - std::io::Write::write_fmt::hd24bfb68a1b35a25
[INFO] [stdout]                                at /rustc/1b7dd2252b99671ce5d1cb9664c5f8636329436d/library/std/src/io/mod.rs:1698:15
[INFO] [stdout]    6:     0x563c663ae265 - std::sys_common::backtrace::_print::h8dac57a9f8fbf9a5
[INFO] [stdout]                                at /rustc/1b7dd2252b99671ce5d1cb9664c5f8636329436d/library/std/src/sys_common/backtrace.rs:47:5
[INFO] [stdout]    7:     0x563c663ae265 - std::sys_common::backtrace::print::hf9ecbf41d1aa712f
[INFO] [stdout]                                at /rustc/1b7dd2252b99671ce5d1cb9664c5f8636329436d/library/std/src/sys_common/backtrace.rs:34:9
[INFO] [stdout]    8:     0x563c663aff1e - std::panicking::default_hook::{{closure}}::h04c07acfc84ca028
[INFO] [stdout]                                at /rustc/1b7dd2252b99671ce5d1cb9664c5f8636329436d/library/std/src/panicking.rs:269:22
[INFO] [stdout]    9:     0x563c663afc51 - std::panicking::default_hook::h01f6bb23e1eceb2c
[INFO] [stdout]                                at /rustc/1b7dd2252b99671ce5d1cb9664c5f8636329436d/library/std/src/panicking.rs:285:9
[INFO] [stdout]   10:     0x563c662259bb - <alloc::boxed::Box<F,A> as core::ops::function::Fn<Args>>::call::h87fe9f7b2fd49e4c
[INFO] [stdout]                                at /rustc/1b7dd2252b99671ce5d1cb9664c5f8636329436d/library/alloc/src/boxed.rs:1987:9
[INFO] [stdout]   11:     0x563c662259bb - test::test_main::{{closure}}::he94d679243a7531b
[INFO] [stdout]                                at /rustc/1b7dd2252b99671ce5d1cb9664c5f8636329436d/library/test/src/lib.rs:134:21
[INFO] [stdout]   12:     0x563c663b0604 - <alloc::boxed::Box<F,A> as core::ops::function::Fn<Args>>::call::h3f2d6d8b14c4769f
[INFO] [stdout]                                at /rustc/1b7dd2252b99671ce5d1cb9664c5f8636329436d/library/alloc/src/boxed.rs:1987:9
[INFO] [stdout]   13:     0x563c663b0604 - std::panicking::rust_panic_with_hook::h2bb3722bbaf2f6df
[INFO] [stdout]                                at /rustc/1b7dd2252b99671ce5d1cb9664c5f8636329436d/library/std/src/panicking.rs:695:13
[INFO] [stdout]   14:     0x563c663b0379 - std::panicking::begin_panic_handler::{{closure}}::h91bc7f36a4be011b
[INFO] [stdout]                                at /rustc/1b7dd2252b99671ce5d1cb9664c5f8636329436d/library/std/src/panicking.rs:582:13
[INFO] [stdout]   15:     0x563c663ae906 - std::sys_common::backtrace::__rust_end_short_backtrace::h8b3d3717114f9e59
[INFO] [stdout]                                at /rustc/1b7dd2252b99671ce5d1cb9664c5f8636329436d/library/std/src/sys_common/backtrace.rs:150:18
[INFO] [stdout]   16:     0x563c663b00d2 - rust_begin_unwind
[INFO] [stdout]                                at /rustc/1b7dd2252b99671ce5d1cb9664c5f8636329436d/library/std/src/panicking.rs:578:5
[INFO] [stdout]   17:     0x563c661de103 - core::panicking::panic_fmt::hfd368e3fbdabea26
[INFO] [stdout]                                at /rustc/1b7dd2252b99671ce5d1cb9664c5f8636329436d/library/core/src/panicking.rs:67:14
[INFO] [stdout]   18:     0x563c661de6a3 - core::result::unwrap_failed::he54eb4b2f125b26f
[INFO] [stdout]                                at /rustc/1b7dd2252b99671ce5d1cb9664c5f8636329436d/library/core/src/result.rs:1687:5
[INFO] [stdout]   19:     0x563c661e0b1b - core::result::Result<T,E>::unwrap::h3d2924462368ec2e
[INFO] [stdout]                                at /rustc/1b7dd2252b99671ce5d1cb9664c5f8636329436d/library/core/src/result.rs:1089:23
[INFO] [stdout]   20:     0x563c661ea5cf - rustlings::exercise::test::test_exercise_with_output::h886d0f1510a0442b
[INFO] [stdout]                                at /opt/rustwide/workdir/src/exercise.rs:342:19
[INFO] [stdout]   21:     0x563c661ea457 - rustlings::exercise::test::test_exercise_with_output::{{closure}}::h57678fb4b615b194
[INFO] [stdout]                                at /opt/rustwide/workdir/src/exercise.rs:335:36
[INFO] [stdout]   22:     0x563c661e6ca5 - core::ops::function::FnOnce::call_once::h09966e98c621554a
[INFO] [stdout]                                at /rustc/1b7dd2252b99671ce5d1cb9664c5f8636329436d/library/core/src/ops/function.rs:250:5
[INFO] [stdout]   23:     0x563c6622a88f - core::ops::function::FnOnce::call_once::ha6a70e79f7481a7e
[INFO] [stdout]                                at /rustc/1b7dd2252b99671ce5d1cb9664c5f8636329436d/library/core/src/ops/function.rs:250:5
[INFO] [stderr] error: test failed, to rerun pass `--bin rustlings`
[INFO] [stdout]   24:     0x563c6622a88f - test::__rust_begin_short_backtrace::hce33033019b61e69
[INFO] [stdout]                                at /rustc/1b7dd2252b99671ce5d1cb9664c5f8636329436d/library/test/src/lib.rs:655:18
[INFO] [stdout]   25:     0x563c661f807c - test::run_test::{{closure}}::h858d3528838ae3e5
[INFO] [stdout]                                at /rustc/1b7dd2252b99671ce5d1cb9664c5f8636329436d/library/test/src/lib.rs:646:30
[INFO] [stdout]   26:     0x563c661f807c - core::ops::function::FnOnce::call_once{{vtable.shim}}::he8ac2b00f01ae79e
[INFO] [stdout]                                at /rustc/1b7dd2252b99671ce5d1cb9664c5f8636329436d/library/core/src/ops/function.rs:250:5
[INFO] [stdout]   27:     0x563c66229966 - <alloc::boxed::Box<F,A> as core::ops::function::FnOnce<Args>>::call_once::h8093d25b522725ef
[INFO] [stdout]                                at /rustc/1b7dd2252b99671ce5d1cb9664c5f8636329436d/library/alloc/src/boxed.rs:1973:9
[INFO] [stdout]   28:     0x563c66229966 - <core::panic::unwind_safe::AssertUnwindSafe<F> as core::ops::function::FnOnce<()>>::call_once::h5c334c204e4a3913
[INFO] [stdout]                                at /rustc/1b7dd2252b99671ce5d1cb9664c5f8636329436d/library/core/src/panic/unwind_safe.rs:271:9
[INFO] [stdout]   29:     0x563c66229966 - std::panicking::try::do_call::ha8b740c7b9478074
[INFO] [stdout]                                at /rustc/1b7dd2252b99671ce5d1cb9664c5f8636329436d/library/std/src/panicking.rs:485:40
[INFO] [stdout]   30:     0x563c66229966 - std::panicking::try::h5d34f63d0e41b64e
[INFO] [stdout]                                at /rustc/1b7dd2252b99671ce5d1cb9664c5f8636329436d/library/std/src/panicking.rs:449:19
[INFO] [stdout]   31:     0x563c66229966 - std::panic::catch_unwind::hcfbb511e1aa7fc67
[INFO] [stdout]                                at /rustc/1b7dd2252b99671ce5d1cb9664c5f8636329436d/library/std/src/panic.rs:140:14
[INFO] [stdout]   32:     0x563c66229966 - test::run_test_in_process::h9abda90f802eaf21
[INFO] [stdout]                                at /rustc/1b7dd2252b99671ce5d1cb9664c5f8636329436d/library/test/src/lib.rs:678:27
[INFO] [stdout]   33:     0x563c66229966 - test::run_test::run_test_inner::{{closure}}::h0f058de91f6c6edf
[INFO] [stdout]                                at /rustc/1b7dd2252b99671ce5d1cb9664c5f8636329436d/library/test/src/lib.rs:572:39
[INFO] [stdout]   34:     0x563c661f2885 - test::run_test::run_test_inner::{{closure}}::h5ca48a4c59c6c1fb
[INFO] [stdout]                                at /rustc/1b7dd2252b99671ce5d1cb9664c5f8636329436d/library/test/src/lib.rs:599:37
[INFO] [stdout]   35:     0x563c661f2885 - std::sys_common::backtrace::__rust_begin_short_backtrace::h32bd51e1495d4a33
[INFO] [stdout]                                at /rustc/1b7dd2252b99671ce5d1cb9664c5f8636329436d/library/std/src/sys_common/backtrace.rs:134:18
[INFO] [stdout]   36:     0x563c661f7dc1 - std::thread::Builder::spawn_unchecked_::{{closure}}::{{closure}}::hc086fae9b128b2db
[INFO] [stdout]                                at /rustc/1b7dd2252b99671ce5d1cb9664c5f8636329436d/library/std/src/thread/mod.rs:526:17
[INFO] [stdout]   37:     0x563c661f7dc1 - <core::panic::unwind_safe::AssertUnwindSafe<F> as core::ops::function::FnOnce<()>>::call_once::hb66571888d270d43
[INFO] [stdout]                                at /rustc/1b7dd2252b99671ce5d1cb9664c5f8636329436d/library/core/src/panic/unwind_safe.rs:271:9
[INFO] [stdout]   38:     0x563c661f7dc1 - std::panicking::try::do_call::h4fa2ef4f6e51fecf
[INFO] [stdout]                                at /rustc/1b7dd2252b99671ce5d1cb9664c5f8636329436d/library/std/src/panicking.rs:485:40
[INFO] [stdout]   39:     0x563c661f7dc1 - std::panicking::try::h1e9e22b8584489b5
[INFO] [stdout]                                at /rustc/1b7dd2252b99671ce5d1cb9664c5f8636329436d/library/std/src/panicking.rs:449:19
[INFO] [stdout]   40:     0x563c661f7dc1 - std::panic::catch_unwind::h44698a3de0e0769e
[INFO] [stdout]                                at /rustc/1b7dd2252b99671ce5d1cb9664c5f8636329436d/library/std/src/panic.rs:140:14
[INFO] [stdout]   41:     0x563c661f7dc1 - std::thread::Builder::spawn_unchecked_::{{closure}}::h50153abde3fe239e
[INFO] [stdout]                                at /rustc/1b7dd2252b99671ce5d1cb9664c5f8636329436d/library/std/src/thread/mod.rs:525:30
[INFO] [stdout]   42:     0x563c661f7dc1 - core::ops::function::FnOnce::call_once{{vtable.shim}}::hbe5bbf6f38394364
[INFO] [stdout]                                at /rustc/1b7dd2252b99671ce5d1cb9664c5f8636329436d/library/core/src/ops/function.rs:250:5
[INFO] [stdout]   43:     0x563c663b4cb5 - <alloc::boxed::Box<F,A> as core::ops::function::FnOnce<Args>>::call_once::h0d83cb2920a49046
[INFO] [stdout]                                at /rustc/1b7dd2252b99671ce5d1cb9664c5f8636329436d/library/alloc/src/boxed.rs:1973:9
[INFO] [stdout]   44:     0x563c663b4cb5 - <alloc::boxed::Box<F,A> as core::ops::function::FnOnce<Args>>::call_once::hbe0a008aa7d9ef59
[INFO] [stdout]                                at /rustc/1b7dd2252b99671ce5d1cb9664c5f8636329436d/library/alloc/src/boxed.rs:1973:9
[INFO] [stdout]   45:     0x563c663b4cb5 - std::sys::unix::thread::Thread::new::thread_start::h3a466996bdf6b1f9
[INFO] [stdout]                                at /rustc/1b7dd2252b99671ce5d1cb9664c5f8636329436d/library/std/src/sys/unix/thread.rs:108:17
[INFO] [stdout]   46:     0x7ffa1025eb43 - <unknown>
[INFO] [stdout]   47:     0x7ffa102efbb4 - __clone
[INFO] [stdout]   48:                0x0 - <unknown>
[INFO] [stdout] 
[INFO] [stdout] 
[INFO] [stdout] failures:
[INFO] [stdout]     exercise::test::test_clean
[INFO] [stdout]     exercise::test::test_exercise_with_output
[INFO] [stdout] 
[INFO] [stdout] test result: FAILED. 2 passed; 2 failed; 0 ignored; 0 measured; 0 filtered out; finished in 0.17s
[INFO] [stdout] 
[INFO] running `Command { std: "docker" "inspect" "c1dc964f464f5c00d746e8b0ba6b05c83c540dc7bf3f7a5868ee7316f021185e", kill_on_drop: false }`
[INFO] running `Command { std: "docker" "rm" "-f" "c1dc964f464f5c00d746e8b0ba6b05c83c540dc7bf3f7a5868ee7316f021185e", kill_on_drop: false }`
[INFO] [stdout] c1dc964f464f5c00d746e8b0ba6b05c83c540dc7bf3f7a5868ee7316f021185e
