[INFO] cloning repository https://github.com/sankar-boro/hacking-with-rust-web-server
[INFO] running `Command { std: "git" "-c" "credential.helper=" "-c" "credential.helper=/workspace/cargo-home/bin/git-credential-null" "clone" "--bare" "https://github.com/sankar-boro/hacking-with-rust-web-server" "/workspace/cache/git-repos/https%3A%2F%2Fgithub.com%2Fsankar-boro%2Fhacking-with-rust-web-server", kill_on_drop: false }`
[INFO] [stderr] Cloning into bare repository '/workspace/cache/git-repos/https%3A%2F%2Fgithub.com%2Fsankar-boro%2Fhacking-with-rust-web-server'...
[INFO] running `Command { std: "git" "rev-parse" "HEAD", kill_on_drop: false }`
[INFO] [stdout] 654a1343adcbc08a0273e09115aa9c2005637aa3
[INFO] testing sankar-boro/hacking-with-rust-web-server against beta-2023-04-20 for beta-1.70-1
[INFO] running `Command { std: "git" "clone" "/workspace/cache/git-repos/https%3A%2F%2Fgithub.com%2Fsankar-boro%2Fhacking-with-rust-web-server" "/workspace/builds/worker-4-tc2/source", kill_on_drop: false }`
[INFO] [stderr] Cloning into '/workspace/builds/worker-4-tc2/source'...
[INFO] [stderr] done.
[INFO] validating manifest of git repo https://github.com/sankar-boro/hacking-with-rust-web-server on toolchain beta-2023-04-20
[INFO] running `Command { std: CARGO_HOME="/workspace/cargo-home" RUSTUP_HOME="/workspace/rustup-home" "/workspace/cargo-home/bin/cargo" "+beta-2023-04-20" "metadata" "--manifest-path" "Cargo.toml" "--no-deps", kill_on_drop: false }`
[INFO] started tweaking git repo https://github.com/sankar-boro/hacking-with-rust-web-server
[INFO] finished tweaking git repo https://github.com/sankar-boro/hacking-with-rust-web-server
[INFO] tweaked toml for git repo https://github.com/sankar-boro/hacking-with-rust-web-server written to /workspace/builds/worker-4-tc2/source/Cargo.toml
[INFO] crate git repo https://github.com/sankar-boro/hacking-with-rust-web-server already has a lockfile, it will not be regenerated
[INFO] running `Command { std: CARGO_HOME="/workspace/cargo-home" RUSTUP_HOME="/workspace/rustup-home" "/workspace/cargo-home/bin/cargo" "+beta-2023-04-20" "fetch" "--manifest-path" "Cargo.toml", kill_on_drop: false }`
[INFO] [stderr]     Updating crates.io index
[INFO] [stderr]  Downloading crates ...
[INFO] [stderr]   Downloaded scylla v0.1.0
[INFO] [stderr]   Downloaded nb-connect v1.0.3
[INFO] [stderr]   Downloaded histogram v0.6.9
[INFO] [stderr]   Downloaded plist v1.2.1
[INFO] [stderr]   Downloaded sys-info v0.9.0
[INFO] [stderr]   Downloaded bugreport v0.4.1
[INFO] [stderr]   Downloaded fancy-regex v0.7.1
[INFO] [stderr]   Downloaded ansi_colours v1.0.4
[INFO] [stderr]   Downloaded scylla-macros v0.1.0
[INFO] [stderr]   Downloaded bat v0.18.3
[INFO] [stderr]   Downloaded cargo-expand v1.0.9
[INFO] running `Command { std: "docker" "create" "-v" "/var/lib/crater-agent-workspace/builds/worker-4-tc2/target:/opt/rustwide/target:rw,Z" "-v" "/var/lib/crater-agent-workspace/builds/worker-4-tc2/source:/opt/rustwide/workdir:ro,Z" "-v" "/var/lib/crater-agent-workspace/cargo-home:/opt/rustwide/cargo-home:ro,Z" "-v" "/var/lib/crater-agent-workspace/rustup-home:/opt/rustwide/rustup-home:ro,Z" "-e" "SOURCE_DIR=/opt/rustwide/workdir" "-e" "CARGO_TARGET_DIR=/opt/rustwide/target" "-e" "CARGO_HOME=/opt/rustwide/cargo-home" "-e" "RUSTUP_HOME=/opt/rustwide/rustup-home" "-w" "/opt/rustwide/workdir" "-m" "1610612736" "--user" "0:0" "--network" "none" "ghcr.io/rust-lang/crates-build-env/linux@sha256:5ff2268d62e97bff2cde7d5815dd6ed5b47097566f13b8d0ca110b04b60e07ed" "/opt/rustwide/cargo-home/bin/cargo" "+beta-2023-04-20" "metadata" "--no-deps" "--format-version=1", kill_on_drop: false }`
[INFO] [stdout] 193e5f7121c21bca2a3fe9bf2b1f8c927108a2149d1d5bd4c7556d9958daba9f
[INFO] running `Command { std: "docker" "start" "-a" "193e5f7121c21bca2a3fe9bf2b1f8c927108a2149d1d5bd4c7556d9958daba9f", kill_on_drop: false }`
[INFO] running `Command { std: "docker" "inspect" "193e5f7121c21bca2a3fe9bf2b1f8c927108a2149d1d5bd4c7556d9958daba9f", kill_on_drop: false }`
[INFO] running `Command { std: "docker" "rm" "-f" "193e5f7121c21bca2a3fe9bf2b1f8c927108a2149d1d5bd4c7556d9958daba9f", kill_on_drop: false }`
[INFO] [stdout] 193e5f7121c21bca2a3fe9bf2b1f8c927108a2149d1d5bd4c7556d9958daba9f
[INFO] running `Command { std: "docker" "create" "-v" "/var/lib/crater-agent-workspace/builds/worker-4-tc2/target:/opt/rustwide/target:rw,Z" "-v" "/var/lib/crater-agent-workspace/builds/worker-4-tc2/source:/opt/rustwide/workdir:ro,Z" "-v" "/var/lib/crater-agent-workspace/cargo-home:/opt/rustwide/cargo-home:ro,Z" "-v" "/var/lib/crater-agent-workspace/rustup-home:/opt/rustwide/rustup-home:ro,Z" "-e" "SOURCE_DIR=/opt/rustwide/workdir" "-e" "CARGO_TARGET_DIR=/opt/rustwide/target" "-e" "CARGO_INCREMENTAL=0" "-e" "RUST_BACKTRACE=full" "-e" "RUSTFLAGS=--cap-lints=warn" "-e" "RUSTDOCFLAGS=--cap-lints=warn" "-e" "CARGO_HOME=/opt/rustwide/cargo-home" "-e" "RUSTUP_HOME=/opt/rustwide/rustup-home" "-w" "/opt/rustwide/workdir" "-m" "1610612736" "--user" "0:0" "--network" "none" "ghcr.io/rust-lang/crates-build-env/linux@sha256:5ff2268d62e97bff2cde7d5815dd6ed5b47097566f13b8d0ca110b04b60e07ed" "/opt/rustwide/cargo-home/bin/cargo" "+beta-2023-04-20" "build" "--frozen" "--message-format=json", kill_on_drop: false }`
[INFO] [stdout] 1451cc599b9b17595128182438ec18fae51760906cd3e57725f86c3f9c19b603
[INFO] running `Command { std: "docker" "start" "-a" "1451cc599b9b17595128182438ec18fae51760906cd3e57725f86c3f9c19b603", kill_on_drop: false }`
[INFO] [stderr] warning: http-server v0.1.0 (/opt/rustwide/workdir) ignoring invalid dependency `cargo-expand` which is missing a lib target
[INFO] [stderr] warning: http-server v0.1.0 (/opt/rustwide/workdir) ignoring invalid dependency `s4nk4r-futures` which is missing a lib target
[INFO] [stderr] warning: http-server v0.1.0 (/opt/rustwide/workdir) ignoring invalid dependency `s4nk4r-practise` which is missing a lib target
[INFO] [stderr] warning: http-server v0.1.0 (/opt/rustwide/workdir) ignoring invalid dependency `s4nk4r-test` which is missing a lib target
[INFO] [stderr]    Compiling proc-macro2 v1.0.26
[INFO] [stderr]    Compiling unicode-xid v0.2.1
[INFO] [stderr]    Compiling syn v1.0.72
[INFO] [stderr]    Compiling libc v0.2.90
[INFO] [stderr]    Compiling autocfg v1.0.1
[INFO] [stderr]    Compiling cfg-if v1.0.0
[INFO] [stderr]    Compiling value-bag v1.0.0-alpha.6
[INFO] [stderr]    Compiling memchr v2.4.0
[INFO] [stderr]    Compiling log v0.4.14
[INFO] [stderr]    Compiling autocfg v0.1.7
[INFO] [stderr]    Compiling rand_core v0.4.2
[INFO] [stderr]    Compiling futures-core v0.3.15
[INFO] [stderr]    Compiling version_check v0.1.5
[INFO] [stderr]    Compiling serde_derive v1.0.130
[INFO] [stderr]    Compiling pin-project-lite v0.2.6
[INFO] [stderr]    Compiling serde v1.0.130
[INFO] [stderr]    Compiling futures-io v0.3.15
[INFO] [stderr]    Compiling getrandom v0.2.2
[INFO] [stderr]    Compiling byteorder v1.3.4
[INFO] [stderr]    Compiling rand_core v0.3.1
[INFO] [stderr]    Compiling version_check v0.9.2
[INFO] [stderr]    Compiling tinyvec_macros v0.1.0
[INFO] [stderr]    Compiling unicase v1.4.2
[INFO] [stderr]    Compiling siphasher v0.2.3
[INFO] [stderr]    Compiling rand_pcg v0.1.2
[INFO] [stderr]    Compiling rand_chacha v0.1.1
[INFO] [stderr]    Compiling num-traits v0.2.14
[INFO] [stderr]    Compiling num-integer v0.1.44
[INFO] [stderr]    Compiling rand v0.6.5
[INFO] [stderr]    Compiling tinyvec v1.1.1
[INFO] [stderr]    Compiling rand_hc v0.1.0
[INFO] [stderr]    Compiling rand_isaac v0.1.1
[INFO] [stderr]    Compiling rand_xorshift v0.1.1
[INFO] [stderr]    Compiling rand_jitter v0.1.4
[INFO] [stderr]    Compiling getrandom v0.1.16
[INFO] [stderr]    Compiling once_cell v1.7.2
[INFO] [stderr]    Compiling proc-macro-hack v0.5.19
[INFO] [stderr]    Compiling ppv-lite86 v0.2.10
[INFO] [stderr]    Compiling matches v0.1.8
[INFO] [stderr]    Compiling num-bigint v0.3.2
[INFO] [stderr]    Compiling phf_shared v0.7.24
[INFO] [stderr]    Compiling unicode-bidi v0.3.4
[INFO] [stderr]    Compiling quote v1.0.7
[INFO] [stderr]    Compiling futures-macro v0.3.15
[INFO] [stderr]    Compiling proc-macro-nested v0.1.6
[INFO] [stderr]    Compiling futures-channel v0.3.15
[INFO] [stderr]    Compiling futures-task v0.3.15
[INFO] [stderr]    Compiling traitobject v0.1.0
[INFO] [stderr]    Compiling lazy_static v1.4.0
[INFO] [stderr]    Compiling rand_os v0.1.3
[INFO] [stderr]    Compiling num_cpus v1.13.0
[INFO] [stderr]    Compiling time v0.1.43
[INFO] [stderr]    Compiling cache-padded v1.1.1
[INFO] [stderr]    Compiling concurrent-queue v1.2.2
[INFO] [stderr]    Compiling unicase v2.6.0
[INFO] [stderr]    Compiling futures-util v0.3.15
[INFO] [stderr]    Compiling unicode-normalization v0.1.17
[INFO] [stderr]    Compiling slab v0.4.2
[INFO] [stderr]    Compiling safemem v0.3.3
[INFO] [stderr]    Compiling parking v2.0.0
[INFO] [stderr]    Compiling httparse v1.3.5
[INFO] [stderr]    Compiling waker-fn v1.1.0
[INFO] [stderr]    Compiling futures-sink v0.3.15
[INFO] [stderr]    Compiling percent-encoding v1.0.1
[INFO] [stderr]    Compiling fastrand v1.4.0
[INFO] [stderr]    Compiling ryu v1.0.5
[INFO] [stderr]    Compiling event-listener v2.5.1
[INFO] [stderr]    Compiling pin-utils v0.1.0
[INFO] [stderr]    Compiling rand_core v0.5.1
[INFO] [stderr]    Compiling futures-lite v1.11.3
[INFO] [stderr]    Compiling rand_core v0.6.1
[INFO] [stderr]    Compiling unsafe-any v0.4.2
[INFO] [stderr]    Compiling phf v0.7.24
[INFO] [stderr]    Compiling num-iter v0.1.42
[INFO] [stderr]    Compiling num-rational v0.3.2
[INFO] [stderr]    Compiling itoa v0.4.6
[INFO] [stderr]    Compiling serde_json v1.0.61
[INFO] [stderr]    Compiling typemap v0.3.3
[INFO] [stderr]    Compiling phf_generator v0.7.24
[INFO] [stderr]    Compiling idna v0.1.5
[INFO] [stderr]    Compiling phf_codegen v0.7.24
[INFO] [stderr]    Compiling rand_chacha v0.3.0
[INFO] [stderr]    Compiling rand_chacha v0.2.2
[INFO] [stderr]    Compiling base64 v0.9.3
[INFO] [stderr]    Compiling socket2 v0.3.19
[INFO] [stderr]    Compiling mime_guess v1.8.8
[INFO] [stderr]    Compiling instant v0.1.9
[INFO] [stderr]    Compiling smallvec v1.6.1
[INFO] [stderr]    Compiling typeable v0.1.2
[INFO] [stderr]    Compiling cfg-if v0.1.10
[INFO] [stderr]    Compiling vec-arena v1.0.0
[INFO] [stderr]    Compiling scopeguard v1.1.0
[INFO] [stderr]    Compiling language-tags v0.2.2
[INFO] [stderr]    Compiling async-task v4.0.3
[INFO] [stderr]    Compiling mime_guess v2.0.3
[INFO] [stderr]    Compiling url v1.7.2
[INFO] [stderr]    Compiling lock_api v0.4.4
[INFO] [stderr]    Compiling parking_lot_core v0.8.3
[INFO] [stderr]    Compiling nb-connect v1.0.3
[INFO] [stderr]    Compiling rand v0.7.3
[INFO] [stderr]    Compiling rand v0.8.3
[INFO] [stderr]    Compiling plugin v0.2.6
[INFO] [stderr]    Compiling chrono v0.4.19
[INFO] [stderr]    Compiling async-channel v1.6.1
[INFO] [stderr]    Compiling num-complex v0.3.1
[INFO] [stderr]    Compiling aho-corasick v0.7.18
[INFO] [stderr]    Compiling crossbeam-utils v0.8.1
[INFO] [stderr]    Compiling tokio v1.6.0
[INFO] [stderr]    Compiling snap v1.0.5
[INFO] [stderr]    Compiling modifier v0.1.0
[INFO] [stderr]    Compiling atomic-waker v1.0.0
[INFO] [stderr]    Compiling regex-syntax v0.6.25
[INFO] [stderr]    Compiling blocking v1.0.2
[INFO] [stderr]    Compiling parking_lot v0.11.1
[INFO] [stderr]    Compiling async-executor v1.4.0
[INFO] [stderr]    Compiling async-mutex v1.4.0
[INFO] [stderr]    Compiling tracing-core v0.1.18
[INFO] [stderr]    Compiling signal-hook-registry v1.3.0
[INFO] [stderr]    Compiling ahash v0.7.2
[INFO] [stderr]    Compiling chunked_transfer v0.3.1
[INFO] [stderr]    Compiling groupable v0.2.0
[INFO] [stderr]    Compiling bytes v1.0.1
[INFO] [stderr]    Compiling remove_dir_all v0.5.3
[INFO] [stderr]    Compiling ascii v0.8.7
[INFO] [stderr]    Compiling num v0.3.1
[INFO] [stderr]    Compiling mime v0.3.16
[INFO] [stderr]    Compiling either v1.6.1
[INFO] [stderr]    Compiling tempfile v3.2.0
[INFO] [stderr]    Compiling bigdecimal v0.2.0
[INFO] [stderr]    Compiling itertools v0.10.0
[INFO] [stderr]    Compiling async-lock v2.3.0
[INFO] [stderr]    Compiling buf_redux v0.8.4
[INFO] [stderr]    Compiling twoway v0.1.8
[INFO] [stderr]    Compiling histogram v0.6.9
[INFO] [stderr]    Compiling bytes v0.5.6
[INFO] [stderr]    Compiling convert_case v0.4.0
[INFO] [stderr]    Compiling fnv v1.0.7
[INFO] [stderr]    Compiling quick-error v1.2.3
[INFO] [stderr]    Compiling socket2 v0.4.0
[INFO] [stderr]    Compiling fxhash v0.2.1
[INFO] [stderr]    Compiling s4nk4r-http v0.1.0 (/opt/rustwide/workdir/s4nk4r-http)
[INFO] [stderr]    Compiling s4nk4r-macro v0.1.0 (/opt/rustwide/workdir/s4nk4r-macro)
[INFO] [stderr]    Compiling http v0.2.1
[INFO] [stderr]    Compiling regex v1.5.4
[INFO] [stderr]    Compiling ctor v0.1.16
[INFO] [stderr]    Compiling derivative v2.2.0
[INFO] [stderr]    Compiling pin-project-internal v1.0.1
[INFO] [stderr]    Compiling tokio-macros v1.2.0
[INFO] [stderr]    Compiling tracing-attributes v0.1.15
[INFO] [stderr]    Compiling thiserror-impl v1.0.24
[INFO] [stderr]    Compiling async-attributes v1.1.2
[INFO] [stderr]    Compiling scylla-macros v0.1.0
[INFO] [stderr]    Compiling derive_more v0.99.16
[INFO] [stderr]    Compiling thiserror v1.0.24
[INFO] [stderr]    Compiling log v0.3.9
[INFO] [stderr]    Compiling polling v2.0.2
[INFO] [stderr]    Compiling mio v0.7.11
[INFO] [stderr]    Compiling kv-log-macro v1.0.7
[INFO] [stderr]    Compiling tiny_http v0.6.2
[INFO] [stderr]    Compiling compress v0.2.1
[INFO] [stderr]    Compiling tracing v0.1.26
[INFO] [stderr]    Compiling async-io v1.3.1
[INFO] [stderr]    Compiling mime v0.2.6
[INFO] [stderr]    Compiling pin-project v1.0.1
[INFO] [stderr]    Compiling hyper v0.10.16
[INFO] [stderr]    Compiling async-global-executor v2.0.2
[INFO] [stderr]    Compiling async-std v1.9.0
[INFO] [stderr]    Compiling iron v0.6.1
[INFO] [stderr]    Compiling futures-executor v0.3.8
[INFO] [stderr]    Compiling futures v0.3.8
[INFO] [stderr]    Compiling s4nk4r-service v0.1.0 (/opt/rustwide/workdir/s4nk4r-service)
[INFO] [stderr]    Compiling toml v0.5.8
[INFO] [stderr]    Compiling mustache v0.9.0
[INFO] [stderr]    Compiling uuid v0.8.2
[INFO] [stderr]    Compiling proc-macro-crate v0.1.5
[INFO] [stderr]    Compiling nickel v0.11.0
[INFO] [stderr]    Compiling num_enum_derive v0.5.1
[INFO] [stderr]    Compiling multipart v0.17.1
[INFO] [stderr]    Compiling num_enum v0.5.1
[INFO] [stderr]    Compiling scylla v0.1.0
[INFO] [stderr]    Compiling http-server v0.1.0 (/opt/rustwide/workdir)
[INFO] [stdout] warning: unused import: `config::ServiceConfig`
[INFO] [stdout]  --> src/server.rs:4:65
[INFO] [stdout]   |
[INFO] [stdout] 4 | use crate::{App, app_service::AppHttpService, builder::Builder, config::ServiceConfig, connection::Connection, extensions::Extensions, re...
[INFO] [stdout]   |                                                                 ^^^^^^^^^^^^^^^^^^^^^
[INFO] [stdout]   |
[INFO] [stdout]   = note: `#[warn(unused_imports)]` on by default
[INFO] [stdout] 
[INFO] [stdout] 
[INFO] [stdout] warning: unused variable: `ser`
[INFO] [stdout]   --> src/http_service.rs:17:13
[INFO] [stdout]    |
[INFO] [stdout] 17 |         let ser = fac.new_service(());
[INFO] [stdout]    |             ^^^ help: if this is intentional, prefix it with an underscore: `_ser`
[INFO] [stdout]    |
[INFO] [stdout]    = note: `#[warn(unused_variables)]` on by default
[INFO] [stdout] 
[INFO] [stdout] 
[INFO] [stdout] warning: 2 warnings emitted
[INFO] [stdout] 
[INFO] [stdout] 
[INFO] [stderr]     Finished dev [unoptimized + debuginfo] target(s) in 39.83s
[INFO] [stderr] warning: the following packages contain code that will be rejected by a future version of Rust: buf_redux v0.8.4, multipart v0.17.1, traitobject v0.1.0
[INFO] [stderr] note: to see what the problems were, use the option `--future-incompat-report`, or run `cargo report future-incompatibilities --id 1`
[INFO] running `Command { std: "docker" "inspect" "1451cc599b9b17595128182438ec18fae51760906cd3e57725f86c3f9c19b603", kill_on_drop: false }`
[INFO] running `Command { std: "docker" "rm" "-f" "1451cc599b9b17595128182438ec18fae51760906cd3e57725f86c3f9c19b603", kill_on_drop: false }`
[INFO] [stdout] 1451cc599b9b17595128182438ec18fae51760906cd3e57725f86c3f9c19b603
[INFO] running `Command { std: "docker" "create" "-v" "/var/lib/crater-agent-workspace/builds/worker-4-tc2/target:/opt/rustwide/target:rw,Z" "-v" "/var/lib/crater-agent-workspace/builds/worker-4-tc2/source:/opt/rustwide/workdir:ro,Z" "-v" "/var/lib/crater-agent-workspace/cargo-home:/opt/rustwide/cargo-home:ro,Z" "-v" "/var/lib/crater-agent-workspace/rustup-home:/opt/rustwide/rustup-home:ro,Z" "-e" "SOURCE_DIR=/opt/rustwide/workdir" "-e" "CARGO_TARGET_DIR=/opt/rustwide/target" "-e" "CARGO_INCREMENTAL=0" "-e" "RUST_BACKTRACE=full" "-e" "RUSTFLAGS=--cap-lints=warn" "-e" "RUSTDOCFLAGS=--cap-lints=warn" "-e" "CARGO_HOME=/opt/rustwide/cargo-home" "-e" "RUSTUP_HOME=/opt/rustwide/rustup-home" "-w" "/opt/rustwide/workdir" "-m" "1610612736" "--user" "0:0" "--network" "none" "ghcr.io/rust-lang/crates-build-env/linux@sha256:5ff2268d62e97bff2cde7d5815dd6ed5b47097566f13b8d0ca110b04b60e07ed" "/opt/rustwide/cargo-home/bin/cargo" "+beta-2023-04-20" "test" "--frozen" "--no-run" "--message-format=json", kill_on_drop: false }`
[INFO] [stdout] cf87c0df08e83c8feb034a886eb77b9849c246261e2836309a54b99df87bcbe4
[INFO] running `Command { std: "docker" "start" "-a" "cf87c0df08e83c8feb034a886eb77b9849c246261e2836309a54b99df87bcbe4", kill_on_drop: false }`
[INFO] [stderr]     Blocking waiting for file lock on package cache
[INFO] [stderr] warning: http-server v0.1.0 (/opt/rustwide/workdir) ignoring invalid dependency `cargo-expand` which is missing a lib target
[INFO] [stderr] warning: http-server v0.1.0 (/opt/rustwide/workdir) ignoring invalid dependency `s4nk4r-futures` which is missing a lib target
[INFO] [stderr] warning: http-server v0.1.0 (/opt/rustwide/workdir) ignoring invalid dependency `s4nk4r-practise` which is missing a lib target
[INFO] [stderr] warning: http-server v0.1.0 (/opt/rustwide/workdir) ignoring invalid dependency `s4nk4r-test` which is missing a lib target
[INFO] [stderr]     Blocking waiting for file lock on package cache
[INFO] [stderr]    Compiling http-server v0.1.0 (/opt/rustwide/workdir)
[INFO] [stdout] warning: unused import: `config::ServiceConfig`
[INFO] [stdout]  --> src/server.rs:4:65
[INFO] [stdout]   |
[INFO] [stdout] 4 | use crate::{App, app_service::AppHttpService, builder::Builder, config::ServiceConfig, connection::Connection, extensions::Extensions, re...
[INFO] [stdout]   |                                                                 ^^^^^^^^^^^^^^^^^^^^^
[INFO] [stdout]   |
[INFO] [stdout]   = note: `#[warn(unused_imports)]` on by default
[INFO] [stdout] 
[INFO] [stdout] 
[INFO] [stdout] warning: unused imports: `FutureExt`, `executor::block_on`
[INFO] [stdout]    --> src/route.rs:160:19
[INFO] [stdout]     |
[INFO] [stdout] 160 |     use futures::{FutureExt, executor::block_on};
[INFO] [stdout]     |                   ^^^^^^^^^  ^^^^^^^^^^^^^^^^^^
[INFO] [stdout] 
[INFO] [stdout] 
[INFO] [stdout] warning: unused import: `crate::request::HttpRequest`
[INFO] [stdout]    --> src/route.rs:161:9
[INFO] [stdout]     |
[INFO] [stdout] 161 |     use crate::request::HttpRequest;
[INFO] [stdout]     |         ^^^^^^^^^^^^^^^^^^^^^^^^^^^
[INFO] [stdout] 
[INFO] [stdout] 
[INFO] [stdout] warning: unused import: `super::*`
[INFO] [stdout]    --> src/route.rs:162:9
[INFO] [stdout]     |
[INFO] [stdout] 162 |     use super::*;
[INFO] [stdout]     |         ^^^^^^^^
[INFO] [stdout] 
[INFO] [stdout] 
[INFO] [stdout] warning: unused variable: `ser`
[INFO] [stdout]   --> src/http_service.rs:17:13
[INFO] [stdout]    |
[INFO] [stdout] 17 |         let ser = fac.new_service(());
[INFO] [stdout]    |             ^^^ help: if this is intentional, prefix it with an underscore: `_ser`
[INFO] [stdout]    |
[INFO] [stdout]    = note: `#[warn(unused_variables)]` on by default
[INFO] [stdout] 
[INFO] [stdout] 
[INFO] [stdout] warning: 5 warnings emitted
[INFO] [stdout] 
[INFO] [stdout] 
[INFO] [stderr]     Finished test [unoptimized + debuginfo] target(s) in 4.28s
[INFO] [stderr] warning: the following packages contain code that will be rejected by a future version of Rust: buf_redux v0.8.4, multipart v0.17.1, traitobject v0.1.0
[INFO] [stderr] note: to see what the problems were, use the option `--future-incompat-report`, or run `cargo report future-incompatibilities --id 1`
[INFO] running `Command { std: "docker" "inspect" "cf87c0df08e83c8feb034a886eb77b9849c246261e2836309a54b99df87bcbe4", kill_on_drop: false }`
[INFO] running `Command { std: "docker" "rm" "-f" "cf87c0df08e83c8feb034a886eb77b9849c246261e2836309a54b99df87bcbe4", kill_on_drop: false }`
[INFO] [stdout] cf87c0df08e83c8feb034a886eb77b9849c246261e2836309a54b99df87bcbe4
[INFO] running `Command { std: "docker" "create" "-v" "/var/lib/crater-agent-workspace/builds/worker-4-tc2/target:/opt/rustwide/target:rw,Z" "-v" "/var/lib/crater-agent-workspace/builds/worker-4-tc2/source:/opt/rustwide/workdir:ro,Z" "-v" "/var/lib/crater-agent-workspace/cargo-home:/opt/rustwide/cargo-home:ro,Z" "-v" "/var/lib/crater-agent-workspace/rustup-home:/opt/rustwide/rustup-home:ro,Z" "-e" "SOURCE_DIR=/opt/rustwide/workdir" "-e" "CARGO_TARGET_DIR=/opt/rustwide/target" "-e" "CARGO_INCREMENTAL=0" "-e" "RUST_BACKTRACE=full" "-e" "RUSTFLAGS=--cap-lints=warn" "-e" "RUSTDOCFLAGS=--cap-lints=warn" "-e" "CARGO_HOME=/opt/rustwide/cargo-home" "-e" "RUSTUP_HOME=/opt/rustwide/rustup-home" "-w" "/opt/rustwide/workdir" "-m" "1610612736" "--user" "0:0" "--network" "none" "ghcr.io/rust-lang/crates-build-env/linux@sha256:5ff2268d62e97bff2cde7d5815dd6ed5b47097566f13b8d0ca110b04b60e07ed" "/opt/rustwide/cargo-home/bin/cargo" "+beta-2023-04-20" "test" "--frozen", kill_on_drop: false }`
[INFO] [stdout] 427e63e333b532b74bd486db255ae706453243f266fb69cba0e01dc0f1106e57
[INFO] running `Command { std: "docker" "start" "-a" "427e63e333b532b74bd486db255ae706453243f266fb69cba0e01dc0f1106e57", kill_on_drop: false }`
[INFO] [stderr] warning: http-server v0.1.0 (/opt/rustwide/workdir) ignoring invalid dependency `cargo-expand` which is missing a lib target
[INFO] [stderr] warning: http-server v0.1.0 (/opt/rustwide/workdir) ignoring invalid dependency `s4nk4r-futures` which is missing a lib target
[INFO] [stderr] warning: http-server v0.1.0 (/opt/rustwide/workdir) ignoring invalid dependency `s4nk4r-practise` which is missing a lib target
[INFO] [stderr] warning: http-server v0.1.0 (/opt/rustwide/workdir) ignoring invalid dependency `s4nk4r-test` which is missing a lib target
[INFO] [stderr] warning: unused import: `config::ServiceConfig`
[INFO] [stderr]  --> src/server.rs:4:65
[INFO] [stderr]   |
[INFO] [stderr] 4 | use crate::{App, app_service::AppHttpService, builder::Builder, config::ServiceConfig, connection::Connection, extensions::Extensions, re...
[INFO] [stderr]   |                                                                 ^^^^^^^^^^^^^^^^^^^^^
[INFO] [stderr]   |
[INFO] [stderr]   = note: `#[warn(unused_imports)]` on by default
[INFO] [stderr] 
[INFO] [stderr] warning: unused imports: `FutureExt`, `executor::block_on`
[INFO] [stderr]    --> src/route.rs:160:19
[INFO] [stderr]     |
[INFO] [stderr] 160 |     use futures::{FutureExt, executor::block_on};
[INFO] [stderr]     |                   ^^^^^^^^^  ^^^^^^^^^^^^^^^^^^
[INFO] [stderr] 
[INFO] [stderr] warning: unused import: `crate::request::HttpRequest`
[INFO] [stderr]    --> src/route.rs:161:9
[INFO] [stderr]     |
[INFO] [stderr] 161 |     use crate::request::HttpRequest;
[INFO] [stderr]     |         ^^^^^^^^^^^^^^^^^^^^^^^^^^^
[INFO] [stderr] 
[INFO] [stderr] warning: unused import: `super::*`
[INFO] [stderr]    --> src/route.rs:162:9
[INFO] [stderr]     |
[INFO] [stderr] 162 |     use super::*;
[INFO] [stderr]     |         ^^^^^^^^
[INFO] [stderr] 
[INFO] [stderr] warning: unused variable: `ser`
[INFO] [stderr]   --> src/http_service.rs:17:13
[INFO] [stderr]    |
[INFO] [stderr] 17 |         let ser = fac.new_service(());
[INFO] [stderr]    |             ^^^ help: if this is intentional, prefix it with an underscore: `_ser`
[INFO] [stderr]    |
[INFO] [stderr]    = note: `#[warn(unused_variables)]` on by default
[INFO] [stderr] 
[INFO] [stderr] warning: `http-server` (bin "http-server" test) generated 5 warnings (run `cargo fix --bin "http-server" --tests` to apply 5 suggestions)
[INFO] [stderr]     Finished test [unoptimized + debuginfo] target(s) in 0.24s
[INFO] [stderr] warning: the following packages contain code that will be rejected by a future version of Rust: buf_redux v0.8.4, multipart v0.17.1, traitobject v0.1.0
[INFO] [stderr] note: to see what the problems were, use the option `--future-incompat-report`, or run `cargo report future-incompatibilities --id 1`
[INFO] [stderr]      Running unittests src/main.rs (/opt/rustwide/target/debug/deps/http_server-cbc799fda47f2dcc)
[INFO] [stdout] 
[INFO] [stdout] running 3 tests
[INFO] [stdout] test route::tests::route ... ok
[INFO] [stdout] test resource::tests::resource ... ok
[INFO] [stdout] test app::tests::app ... FAILED
[INFO] [stdout] 
[INFO] [stdout] failures:
[INFO] [stdout] 
[INFO] [stdout] ---- app::tests::app stdout ----
[INFO] [stdout] thread 'app::tests::app' panicked at 'assertion failed: `(left == right)`
[INFO] [stdout]   left: `3`,
[INFO] [stdout]  right: `1`', src/app.rs:94:9
[INFO] [stdout] stack backtrace:
[INFO] [stdout]    0:     0x55ad3e3aadea - std::backtrace_rs::backtrace::libunwind::trace::h2f05d0192276a8f6
[INFO] [stdout]                                at /rustc/1b7dd2252b99671ce5d1cb9664c5f8636329436d/library/std/src/../../backtrace/src/backtrace/libunwind.rs:93:5
[INFO] [stdout]    1:     0x55ad3e3aadea - std::backtrace_rs::backtrace::trace_unsynchronized::hedc23dff7a1af150
[INFO] [stdout]                                at /rustc/1b7dd2252b99671ce5d1cb9664c5f8636329436d/library/std/src/../../backtrace/src/backtrace/mod.rs:66:5
[INFO] [stdout]    2:     0x55ad3e3aadea - std::sys_common::backtrace::_print_fmt::h17541ef7592f3ce2
[INFO] [stdout]                                at /rustc/1b7dd2252b99671ce5d1cb9664c5f8636329436d/library/std/src/sys_common/backtrace.rs:65:5
[INFO] [stdout]    3:     0x55ad3e3aadea - <std::sys_common::backtrace::_print::DisplayBacktrace as core::fmt::Display>::fmt::h20f75df5ab0c0792
[INFO] [stdout]                                at /rustc/1b7dd2252b99671ce5d1cb9664c5f8636329436d/library/std/src/sys_common/backtrace.rs:44:22
[INFO] [stdout]    4:     0x55ad3e3cec2f - core::fmt::write::h78109e6f466b3af6
[INFO] [stdout]                                at /rustc/1b7dd2252b99671ce5d1cb9664c5f8636329436d/library/core/src/fmt/mod.rs:1254:17
[INFO] [stdout]    5:     0x55ad3e3a7f85 - std::io::Write::write_fmt::hd24bfb68a1b35a25
[INFO] [stdout]                                at /rustc/1b7dd2252b99671ce5d1cb9664c5f8636329436d/library/std/src/io/mod.rs:1698:15
[INFO] [stdout]    6:     0x55ad3e3aabb5 - std::sys_common::backtrace::_print::h8dac57a9f8fbf9a5
[INFO] [stdout]                                at /rustc/1b7dd2252b99671ce5d1cb9664c5f8636329436d/library/std/src/sys_common/backtrace.rs:47:5
[INFO] [stdout]    7:     0x55ad3e3aabb5 - std::sys_common::backtrace::print::hf9ecbf41d1aa712f
[INFO] [stdout]                                at /rustc/1b7dd2252b99671ce5d1cb9664c5f8636329436d/library/std/src/sys_common/backtrace.rs:34:9
[INFO] [stdout]    8:     0x55ad3e3ac86e - std::panicking::default_hook::{{closure}}::h04c07acfc84ca028
[INFO] [stdout]                                at /rustc/1b7dd2252b99671ce5d1cb9664c5f8636329436d/library/std/src/panicking.rs:269:22
[INFO] [stdout]    9:     0x55ad3e3ac5a1 - std::panicking::default_hook::h01f6bb23e1eceb2c
[INFO] [stdout]                                at /rustc/1b7dd2252b99671ce5d1cb9664c5f8636329436d/library/std/src/panicking.rs:285:9
[INFO] [stdout]   10:     0x55ad3e20e72b - <alloc::boxed::Box<F,A> as core::ops::function::Fn<Args>>::call::h87fe9f7b2fd49e4c
[INFO] [stdout]                                at /rustc/1b7dd2252b99671ce5d1cb9664c5f8636329436d/library/alloc/src/boxed.rs:1987:9
[INFO] [stdout]   11:     0x55ad3e20e72b - test::test_main::{{closure}}::he94d679243a7531b
[INFO] [stdout]                                at /rustc/1b7dd2252b99671ce5d1cb9664c5f8636329436d/library/test/src/lib.rs:134:21
[INFO] [stdout]   12:     0x55ad3e3acf54 - <alloc::boxed::Box<F,A> as core::ops::function::Fn<Args>>::call::h3f2d6d8b14c4769f
[INFO] [stdout]                                at /rustc/1b7dd2252b99671ce5d1cb9664c5f8636329436d/library/alloc/src/boxed.rs:1987:9
[INFO] [stdout]   13:     0x55ad3e3acf54 - std::panicking::rust_panic_with_hook::h2bb3722bbaf2f6df
[INFO] [stdout]                                at /rustc/1b7dd2252b99671ce5d1cb9664c5f8636329436d/library/std/src/panicking.rs:695:13
[INFO] [stdout]   14:     0x55ad3e3accc9 - std::panicking::begin_panic_handler::{{closure}}::h91bc7f36a4be011b
[INFO] [stdout]                                at /rustc/1b7dd2252b99671ce5d1cb9664c5f8636329436d/library/std/src/panicking.rs:582:13
[INFO] [stdout]   15:     0x55ad3e3ab256 - std::sys_common::backtrace::__rust_end_short_backtrace::h8b3d3717114f9e59
[INFO] [stdout]                                at /rustc/1b7dd2252b99671ce5d1cb9664c5f8636329436d/library/std/src/sys_common/backtrace.rs:150:18
[INFO] [stdout]   16:     0x55ad3e3aca22 - rust_begin_unwind
[INFO] [stdout]                                at /rustc/1b7dd2252b99671ce5d1cb9664c5f8636329436d/library/std/src/panicking.rs:578:5
[INFO] [stdout]   17:     0x55ad3e1a3073 - core::panicking::panic_fmt::hfd368e3fbdabea26
[INFO] [stdout]                                at /rustc/1b7dd2252b99671ce5d1cb9664c5f8636329436d/library/core/src/panicking.rs:67:14
[INFO] [stdout]   18:     0x55ad3e1a343f - core::panicking::assert_failed_inner::haef49168e1798a91
[INFO] [stdout]   19:     0x55ad3e35de1a - core::panicking::assert_failed::haacdae55dd28246e
[INFO] [stdout]                                at /rustc/1b7dd2252b99671ce5d1cb9664c5f8636329436d/library/core/src/panicking.rs:228:5
[INFO] [stdout]   20:     0x55ad3e1c5b1b - http_server::app::tests::app::hffa3fbe83b97951c
[INFO] [stdout]                                at /opt/rustwide/workdir/src/app.rs:94:9
[INFO] [stdout]   21:     0x55ad3e1c59d7 - http_server::app::tests::app::{{closure}}::h5ff478379f444896
[INFO] [stdout]                                at /opt/rustwide/workdir/src/app.rs:82:14
[INFO] [stdout]   22:     0x55ad3e1bb555 - core::ops::function::FnOnce::call_once::hc483fadf6e8330bf
[INFO] [stdout]                                at /rustc/1b7dd2252b99671ce5d1cb9664c5f8636329436d/library/core/src/ops/function.rs:250:5
[INFO] [stdout]   23:     0x55ad3e2135ff - core::ops::function::FnOnce::call_once::ha6a70e79f7481a7e
[INFO] [stdout]                                at /rustc/1b7dd2252b99671ce5d1cb9664c5f8636329436d/library/core/src/ops/function.rs:250:5
[INFO] [stdout]   24:     0x55ad3e2135ff - test::__rust_begin_short_backtrace::hce33033019b61e69
[INFO] [stdout]                                at /rustc/1b7dd2252b99671ce5d1cb9664c5f8636329436d/library/test/src/lib.rs:655:18
[INFO] [stdout]   25:     0x55ad3e1e0dec - test::run_test::{{closure}}::h858d3528838ae3e5
[INFO] [stdout]                                at /rustc/1b7dd2252b99671ce5d1cb9664c5f8636329436d/library/test/src/lib.rs:646:30
[INFO] [stdout]   26:     0x55ad3e1e0dec - core::ops::function::FnOnce::call_once{{vtable.shim}}::he8ac2b00f01ae79e
[INFO] [stdout]                                at /rustc/1b7dd2252b99671ce5d1cb9664c5f8636329436d/library/core/src/ops/function.rs:250:5
[INFO] [stdout]   27:     0x55ad3e2126d6 - <alloc::boxed::Box<F,A> as core::ops::function::FnOnce<Args>>::call_once::h8093d25b522725ef
[INFO] [stdout]                                at /rustc/1b7dd2252b99671ce5d1cb9664c5f8636329436d/library/alloc/src/boxed.rs:1973:9
[INFO] [stdout]   28:     0x55ad3e2126d6 - <core::panic::unwind_safe::AssertUnwindSafe<F> as core::ops::function::FnOnce<()>>::call_once::h5c334c204e4a3913
[INFO] [stdout]                                at /rustc/1b7dd2252b99671ce5d1cb9664c5f8636329436d/library/core/src/panic/unwind_safe.rs:271:9
[INFO] [stdout]   29:     0x55ad3e2126d6 - std::panicking::try::do_call::ha8b740c7b9478074
[INFO] [stdout]                                at /rustc/1b7dd2252b99671ce5d1cb9664c5f8636329436d/library/std/src/panicking.rs:485:40
[INFO] [stdout]   30:     0x55ad3e2126d6 - std::panicking::try::h5d34f63d0e41b64e
[INFO] [stdout]                                at /rustc/1b7dd2252b99671ce5d1cb9664c5f8636329436d/library/std/src/panicking.rs:449:19
[INFO] [stdout]   31:     0x55ad3e2126d6 - std::panic::catch_unwind::hcfbb511e1aa7fc67
[INFO] [stdout]                                at /rustc/1b7dd2252b99671ce5d1cb9664c5f8636329436d/library/std/src/panic.rs:140:14
[INFO] [stdout]   32:     0x55ad3e2126d6 - test::run_test_in_process::h9abda90f802eaf21
[INFO] [stdout]                                at /rustc/1b7dd2252b99671ce5d1cb9664c5f8636329436d/library/test/src/lib.rs:678:27
[INFO] [stdout]   33:     0x55ad3e2126d6 - test::run_test::run_test_inner::{{closure}}::h0f058de91f6c6edf
[INFO] [stdout]                                at /rustc/1b7dd2252b99671ce5d1cb9664c5f8636329436d/library/test/src/lib.rs:572:39
[INFO] [stdout]   34:     0x55ad3e1db5f5 - test::run_test::run_test_inner::{{closure}}::h5ca48a4c59c6c1fb
[INFO] [stdout]                                at /rustc/1b7dd2252b99671ce5d1cb9664c5f8636329436d/library/test/src/lib.rs:599:37
[INFO] [stdout]   35:     0x55ad3e1db5f5 - std::sys_common::backtrace::__rust_begin_short_backtrace::h32bd51e1495d4a33
[INFO] [stdout]                                at /rustc/1b7dd2252b99671ce5d1cb9664c5f8636329436d/library/std/src/sys_common/backtrace.rs:134:18
[INFO] [stdout]   36:     0x55ad3e1e0b31 - std::thread::Builder::spawn_unchecked_::{{closure}}::{{closure}}::hc086fae9b128b2db
[INFO] [stdout]                                at /rustc/1b7dd2252b99671ce5d1cb9664c5f8636329436d/library/std/src/thread/mod.rs:526:17
[INFO] [stdout]   37:     0x55ad3e1e0b31 - <core::panic::unwind_safe::AssertUnwindSafe<F> as core::ops::function::FnOnce<()>>::call_once::hb66571888d270d43
[INFO] [stdout]                                at /rustc/1b7dd2252b99671ce5d1cb9664c5f8636329436d/library/core/src/panic/unwind_safe.rs:271:9
[INFO] [stdout]   38:     0x55ad3e1e0b31 - std::panicking::try::do_call::h4fa2ef4f6e51fecf
[INFO] [stdout]                                at /rustc/1b7dd2252b99671ce5d1cb9664c5f8636329436d/library/std/src/panicking.rs:485:40
[INFO] [stdout]   39:     0x55ad3e1e0b31 - std::panicking::try::h1e9e22b8584489b5
[INFO] [stdout]                                at /rustc/1b7dd2252b99671ce5d1cb9664c5f8636329436d/library/std/src/panicking.rs:449:19
[INFO] [stdout]   40:     0x55ad3e1e0b31 - std::panic::catch_unwind::h44698a3de0e0769e
[INFO] [stdout]                                at /rustc/1b7dd2252b99671ce5d1cb9664c5f8636329436d/library/std/src/panic.rs:140:14
[INFO] [stdout]   41:     0x55ad3e1e0b31 - std::thread::Builder::spawn_unchecked_::{{closure}}::h50153abde3fe239e
[INFO] [stdout]                                at /rustc/1b7dd2252b99671ce5d1cb9664c5f8636329436d/library/std/src/thread/mod.rs:525:30
[INFO] [stdout]   42:     0x55ad3e1e0b31 - core::ops::function::FnOnce::call_once{{vtable.shim}}::hbe5bbf6f38394364
[INFO] [stdout]                                at /rustc/1b7dd2252b99671ce5d1cb9664c5f8636329436d/library/core/src/ops/function.rs:250:5
[INFO] [stdout]   43:     0x55ad3e3b1485 - <alloc::boxed::Box<F,A> as core::ops::function::FnOnce<Args>>::call_once::h0d83cb2920a49046
[INFO] [stdout]                                at /rustc/1b7dd2252b99671ce5d1cb9664c5f8636329436d/library/alloc/src/boxed.rs:1973:9
[INFO] [stdout]   44:     0x55ad3e3b1485 - <alloc::boxed::Box<F,A> as core::ops::function::FnOnce<Args>>::call_once::hbe0a008aa7d9ef59
[INFO] [stdout]                                at /rustc/1b7dd2252b99671ce5d1cb9664c5f8636329436d/library/alloc/src/boxed.rs:1973:9
[INFO] [stdout]   45:     0x55ad3e3b1485 - std::sys::unix::thread::Thread::new::thread_start::h3a466996bdf6b1f9
[INFO] [stdout]                                at /rustc/1b7dd2252b99671ce5d1cb9664c5f8636329436d/library/std/src/sys/unix/thread.rs:108:17
[INFO] [stdout]   46:     0x7f1d92474b43 - <unknown>
[INFO] [stdout]   47:     0x7f1d92505bb4 - __clone
[INFO] [stdout]   48:                0x0 - <unknown>
[INFO] [stdout] 
[INFO] [stdout] 
[INFO] [stdout] failures:
[INFO] [stdout]     app::tests::app
[INFO] [stdout] 
[INFO] [stdout] test result: FAILED. 2 passed; 1 failed; 0 ignored; 0 measured; 0 filtered out; finished in 0.08s
[INFO] [stdout] 
[INFO] [stderr] error: test failed, to rerun pass `--bin http-server`
[INFO] running `Command { std: "docker" "inspect" "427e63e333b532b74bd486db255ae706453243f266fb69cba0e01dc0f1106e57", kill_on_drop: false }`
[INFO] running `Command { std: "docker" "rm" "-f" "427e63e333b532b74bd486db255ae706453243f266fb69cba0e01dc0f1106e57", kill_on_drop: false }`
[INFO] [stdout] 427e63e333b532b74bd486db255ae706453243f266fb69cba0e01dc0f1106e57
