[INFO] cloning repository https://github.com/saber-hq/vipers
[INFO] running `Command { std: "git" "-c" "credential.helper=" "-c" "credential.helper=/workspace/cargo-home/bin/git-credential-null" "clone" "--bare" "https://github.com/saber-hq/vipers" "/workspace/cache/git-repos/https%3A%2F%2Fgithub.com%2Fsaber-hq%2Fvipers", kill_on_drop: false }`
[INFO] [stderr] Cloning into bare repository '/workspace/cache/git-repos/https%3A%2F%2Fgithub.com%2Fsaber-hq%2Fvipers'...
[INFO] running `Command { std: "git" "rev-parse" "HEAD", kill_on_drop: false }`
[INFO] [stdout] 8cf200f75d7e3217eb902ff96c9894f48b050edb
[INFO] testing saber-hq/vipers against 1.69.0 for beta-1.70-1
[INFO] running `Command { std: "git" "clone" "/workspace/cache/git-repos/https%3A%2F%2Fgithub.com%2Fsaber-hq%2Fvipers" "/workspace/builds/worker-2-tc1/source", kill_on_drop: false }`
[INFO] [stderr] Cloning into '/workspace/builds/worker-2-tc1/source'...
[INFO] [stderr] done.
[INFO] validating manifest of git repo https://github.com/saber-hq/vipers on toolchain 1.69.0
[INFO] running `Command { std: CARGO_HOME="/workspace/cargo-home" RUSTUP_HOME="/workspace/rustup-home" "/workspace/cargo-home/bin/cargo" "+1.69.0" "metadata" "--manifest-path" "Cargo.toml" "--no-deps", kill_on_drop: false }`
[INFO] started tweaking git repo https://github.com/saber-hq/vipers
[INFO] finished tweaking git repo https://github.com/saber-hq/vipers
[INFO] tweaked toml for git repo https://github.com/saber-hq/vipers written to /workspace/builds/worker-2-tc1/source/Cargo.toml
[INFO] crate git repo https://github.com/saber-hq/vipers already has a lockfile, it will not be regenerated
[INFO] running `Command { std: CARGO_HOME="/workspace/cargo-home" RUSTUP_HOME="/workspace/rustup-home" "/workspace/cargo-home/bin/cargo" "+1.69.0" "fetch" "--manifest-path" "Cargo.toml", kill_on_drop: false }`
[INFO] [stderr]  Downloading crates ...
[INFO] [stderr]   Downloaded solana-sdk-macro v1.10.30
[INFO] [stderr]   Downloaded solana-frozen-abi-macro v1.10.30
[INFO] [stderr]   Downloaded solana-frozen-abi v1.10.30
[INFO] [stderr]   Downloaded solana-program v1.10.30
[INFO] running `Command { std: "docker" "create" "-v" "/var/lib/crater-agent-workspace/builds/worker-2-tc1/target:/opt/rustwide/target:rw,Z" "-v" "/var/lib/crater-agent-workspace/builds/worker-2-tc1/source:/opt/rustwide/workdir:ro,Z" "-v" "/var/lib/crater-agent-workspace/cargo-home:/opt/rustwide/cargo-home:ro,Z" "-v" "/var/lib/crater-agent-workspace/rustup-home:/opt/rustwide/rustup-home:ro,Z" "-e" "SOURCE_DIR=/opt/rustwide/workdir" "-e" "CARGO_TARGET_DIR=/opt/rustwide/target" "-e" "CARGO_HOME=/opt/rustwide/cargo-home" "-e" "RUSTUP_HOME=/opt/rustwide/rustup-home" "-w" "/opt/rustwide/workdir" "-m" "1610612736" "--user" "0:0" "--network" "none" "ghcr.io/rust-lang/crates-build-env/linux@sha256:5ff2268d62e97bff2cde7d5815dd6ed5b47097566f13b8d0ca110b04b60e07ed" "/opt/rustwide/cargo-home/bin/cargo" "+1.69.0" "metadata" "--no-deps" "--format-version=1", kill_on_drop: false }`
[INFO] [stdout] 5b5f85ac414d6ffdb9b120acf774df1ace6c6dcf556d91cad912e95a8c7cec5b
[INFO] running `Command { std: "docker" "start" "-a" "5b5f85ac414d6ffdb9b120acf774df1ace6c6dcf556d91cad912e95a8c7cec5b", kill_on_drop: false }`
[INFO] running `Command { std: "docker" "inspect" "5b5f85ac414d6ffdb9b120acf774df1ace6c6dcf556d91cad912e95a8c7cec5b", kill_on_drop: false }`
[INFO] running `Command { std: "docker" "rm" "-f" "5b5f85ac414d6ffdb9b120acf774df1ace6c6dcf556d91cad912e95a8c7cec5b", kill_on_drop: false }`
[INFO] [stdout] 5b5f85ac414d6ffdb9b120acf774df1ace6c6dcf556d91cad912e95a8c7cec5b
[INFO] running `Command { std: "docker" "create" "-v" "/var/lib/crater-agent-workspace/builds/worker-2-tc1/target:/opt/rustwide/target:rw,Z" "-v" "/var/lib/crater-agent-workspace/builds/worker-2-tc1/source:/opt/rustwide/workdir:ro,Z" "-v" "/var/lib/crater-agent-workspace/cargo-home:/opt/rustwide/cargo-home:ro,Z" "-v" "/var/lib/crater-agent-workspace/rustup-home:/opt/rustwide/rustup-home:ro,Z" "-e" "SOURCE_DIR=/opt/rustwide/workdir" "-e" "CARGO_TARGET_DIR=/opt/rustwide/target" "-e" "CARGO_INCREMENTAL=0" "-e" "RUST_BACKTRACE=full" "-e" "RUSTFLAGS=--cap-lints=warn" "-e" "RUSTDOCFLAGS=--cap-lints=warn" "-e" "CARGO_HOME=/opt/rustwide/cargo-home" "-e" "RUSTUP_HOME=/opt/rustwide/rustup-home" "-w" "/opt/rustwide/workdir" "-m" "1610612736" "--user" "0:0" "--network" "none" "ghcr.io/rust-lang/crates-build-env/linux@sha256:5ff2268d62e97bff2cde7d5815dd6ed5b47097566f13b8d0ca110b04b60e07ed" "/opt/rustwide/cargo-home/bin/cargo" "+1.69.0" "build" "--frozen" "--message-format=json", kill_on_drop: false }`
[INFO] [stdout] df250257a31468a224668c90357dbf18fff244ca636b9d1935855b7851a9126e
[INFO] running `Command { std: "docker" "start" "-a" "df250257a31468a224668c90357dbf18fff244ca636b9d1935855b7851a9126e", kill_on_drop: false }`
[INFO] [stderr]    Compiling proc-macro2 v1.0.37
[INFO] [stderr]    Compiling unicode-xid v0.2.2
[INFO] [stderr]    Compiling syn v1.0.91
[INFO] [stderr]    Compiling serde_derive v1.0.136
[INFO] [stderr]    Compiling serde v1.0.136
[INFO] [stderr]    Compiling version_check v0.9.4
[INFO] [stderr]    Compiling cfg-if v1.0.0
[INFO] [stderr]    Compiling typenum v1.15.0
[INFO] [stderr]    Compiling libc v0.2.124
[INFO] [stderr]    Compiling autocfg v1.1.0
[INFO] [stderr]    Compiling subtle v2.4.1
[INFO] [stderr]    Compiling cpufeatures v0.2.2
[INFO] [stderr]    Compiling opaque-debug v0.3.0
[INFO] [stderr]    Compiling once_cell v1.10.0
[INFO] [stderr]    Compiling semver v1.0.7
[INFO] [stderr]    Compiling crossbeam-utils v0.8.10
[INFO] [stderr]    Compiling anyhow v1.0.57
[INFO] [stderr]    Compiling serde_json v1.0.79
[INFO] [stderr]    Compiling ryu v1.0.9
[INFO] [stderr]    Compiling crunchy v0.2.2
[INFO] [stderr]    Compiling yansi v0.5.1
[INFO] [stderr]    Compiling itoa v1.0.1
[INFO] [stderr]    Compiling unicode-segmentation v1.9.0
[INFO] [stderr]    Compiling generic-array v0.14.5
[INFO] [stderr]    Compiling proc-macro2-diagnostics v0.9.1
[INFO] [stderr]    Compiling bs58 v0.3.1
[INFO] [stderr]    Compiling log v0.4.16
[INFO] [stderr]    Compiling getrandom v0.1.16
[INFO] [stderr]    Compiling memoffset v0.6.5
[INFO] [stderr]    Compiling crossbeam-epoch v0.9.9
[INFO] [stderr]    Compiling scopeguard v1.1.0
[INFO] [stderr]    Compiling rayon-core v1.9.3
[INFO] [stderr]    Compiling wasm-bindgen-shared v0.2.80
[INFO] [stderr]    Compiling lazy_static v1.4.0
[INFO] [stderr]    Compiling rayon v1.5.3
[INFO] [stderr]    Compiling rustc_version v0.4.0
[INFO] [stderr]    Compiling heck v0.3.3
[INFO] [stderr]    Compiling crossbeam-channel v0.5.5
[INFO] [stderr]    Compiling ahash v0.7.6
[INFO] [stderr]    Compiling rustversion v1.0.6
[INFO] [stderr]    Compiling bumpalo v3.9.1
[INFO] [stderr]    Compiling feature-probe v0.1.1
[INFO] [stderr]    Compiling either v1.6.1
[INFO] [stderr]    Compiling quote v1.0.18
[INFO] [stderr]    Compiling solana-frozen-abi-macro v1.10.30
[INFO] [stderr]    Compiling num_cpus v1.13.1
[INFO] [stderr]    Compiling getrandom v0.2.6
[INFO] [stderr]    Compiling im v15.1.0
[INFO] [stderr]    Compiling bv v0.11.1
[INFO] [stderr]    Compiling ppv-lite86 v0.2.16
[INFO] [stderr]    Compiling crossbeam-deque v0.8.1
[INFO] [stderr]    Compiling rand_core v0.5.1
[INFO] [stderr]    Compiling rand_core v0.6.3
[INFO] [stderr]    Compiling bs58 v0.4.0
[INFO] [stderr]    Compiling cc v1.0.73
[INFO] [stderr]    Compiling bitmaps v2.1.0
[INFO] [stderr]    Compiling rand_xoshiro v0.6.0
[INFO] [stderr]    Compiling solana-frozen-abi v1.10.30
[INFO] [stderr]    Compiling num-traits v0.2.14
[INFO] [stderr]    Compiling rand_chacha v0.2.2
[INFO] [stderr]    Compiling arrayref v0.3.6
[INFO] [stderr]    Compiling wasm-bindgen v0.2.80
[INFO] [stderr]    Compiling memchr v2.4.1
[INFO] [stderr]    Compiling memmap2 v0.5.3
[INFO] [stderr]    Compiling hashbrown v0.11.2
[INFO] [stderr]    Compiling solana-program v1.10.30
[INFO] [stderr]    Compiling byteorder v1.4.3
[INFO] [stderr]    Compiling keccak v0.1.0
[INFO] [stderr]    Compiling rand v0.7.3
[INFO] [stderr]    Compiling arrayvec v0.7.2
[INFO] [stderr]    Compiling zeroize v1.3.0
[INFO] [stderr]    Compiling base64 v0.12.3
[INFO] [stderr]    Compiling constant_time_eq v0.1.5
[INFO] [stderr]    Compiling itertools v0.10.3
[INFO] [stderr]    Compiling sized-chunks v0.6.5
[INFO] [stderr]    Compiling base64 v0.13.0
[INFO] [stderr]    Compiling bitflags v1.3.2
[INFO] [stderr]    Compiling regex-syntax v0.6.25
[INFO] [stderr]    Compiling blake3 v1.3.1
[INFO] [stderr]    Compiling aho-corasick v0.7.18
[INFO] [stderr]    Compiling regex v1.5.5
[INFO] [stderr]    Compiling wasm-bindgen-backend v0.2.80
[INFO] [stderr]    Compiling borsh-schema-derive-internal v0.9.3
[INFO] [stderr]    Compiling borsh-derive-internal v0.9.3
[INFO] [stderr]    Compiling thiserror-impl v1.0.30
[INFO] [stderr]    Compiling bytemuck_derive v1.1.0
[INFO] [stderr]    Compiling solana-sdk-macro v1.10.30
[INFO] [stderr]    Compiling num-derive v0.3.3
[INFO] [stderr]    Compiling wasm-bindgen-macro-support v0.2.80
[INFO] [stderr]    Compiling wasm-bindgen-macro v0.2.80
[INFO] [stderr]    Compiling bytemuck v1.9.1
[INFO] [stderr]    Compiling thiserror v1.0.30
[INFO] [stderr]    Compiling toml v0.5.9
[INFO] [stderr]    Compiling serde_bytes v0.11.5
[INFO] [stderr]    Compiling bincode v1.3.3
[INFO] [stderr]    Compiling digest v0.9.0
[INFO] [stderr]    Compiling block-buffer v0.9.0
[INFO] [stderr]    Compiling crypto-common v0.1.3
[INFO] [stderr]    Compiling block-buffer v0.10.2
[INFO] [stderr]    Compiling crypto-mac v0.8.0
[INFO] [stderr]    Compiling sha2 v0.9.9
[INFO] [stderr]    Compiling libsecp256k1-core v0.2.2
[INFO] [stderr]    Compiling hmac v0.8.1
[INFO] [stderr]    Compiling curve25519-dalek v3.2.1
[INFO] [stderr]    Compiling digest v0.10.3
[INFO] [stderr]    Compiling hmac-drbg v0.3.0
[INFO] [stderr]    Compiling sha2 v0.10.2
[INFO] [stderr]    Compiling sha3 v0.10.1
[INFO] [stderr]    Compiling anchor-syn v0.25.0
[INFO] [stderr]    Compiling proc-macro-crate v0.1.5
[INFO] [stderr]    Compiling proc-macro-crate v1.1.3
[INFO] [stderr]    Compiling borsh-derive v0.9.3
[INFO] [stderr]    Compiling num_enum_derive v0.5.7
[INFO] [stderr]    Compiling libsecp256k1-gen-genmult v0.2.1
[INFO] [stderr]    Compiling libsecp256k1-gen-ecmult v0.2.1
[INFO] [stderr]    Compiling libsecp256k1 v0.6.0
[INFO] [stderr]    Compiling borsh v0.9.3
[INFO] [stderr]    Compiling num_enum v0.5.7
[INFO] [stderr]    Compiling anchor-attribute-constant v0.25.0
[INFO] [stderr]    Compiling anchor-attribute-access-control v0.25.0
[INFO] [stderr]    Compiling anchor-attribute-event v0.25.0
[INFO] [stderr]    Compiling anchor-attribute-state v0.25.0
[INFO] [stderr]    Compiling anchor-attribute-program v0.25.0
[INFO] [stderr]    Compiling anchor-attribute-account v0.25.0
[INFO] [stderr]    Compiling anchor-attribute-interface v0.25.0
[INFO] [stderr]    Compiling anchor-derive-accounts v0.25.0
[INFO] [stderr]    Compiling anchor-attribute-error v0.25.0
[INFO] [stderr]    Compiling spl-token v3.3.0
[INFO] [stderr]    Compiling anchor-lang v0.25.0
[INFO] [stderr]    Compiling spl-associated-token-account v1.0.5
[INFO] [stderr]    Compiling anchor-spl v0.25.0
[INFO] [stderr]    Compiling vipers v2.0.6 (/opt/rustwide/workdir/vipers)
[INFO] [stderr]    Compiling vipers-tests v0.1.0 (/opt/rustwide/workdir/tests/vipers-tests)
[INFO] [stderr]     Finished dev [unoptimized + debuginfo] target(s) in 33.65s
[INFO] running `Command { std: "docker" "inspect" "df250257a31468a224668c90357dbf18fff244ca636b9d1935855b7851a9126e", kill_on_drop: false }`
[INFO] running `Command { std: "docker" "rm" "-f" "df250257a31468a224668c90357dbf18fff244ca636b9d1935855b7851a9126e", kill_on_drop: false }`
[INFO] [stdout] df250257a31468a224668c90357dbf18fff244ca636b9d1935855b7851a9126e
[INFO] running `Command { std: "docker" "create" "-v" "/var/lib/crater-agent-workspace/builds/worker-2-tc1/target:/opt/rustwide/target:rw,Z" "-v" "/var/lib/crater-agent-workspace/builds/worker-2-tc1/source:/opt/rustwide/workdir:ro,Z" "-v" "/var/lib/crater-agent-workspace/cargo-home:/opt/rustwide/cargo-home:ro,Z" "-v" "/var/lib/crater-agent-workspace/rustup-home:/opt/rustwide/rustup-home:ro,Z" "-e" "SOURCE_DIR=/opt/rustwide/workdir" "-e" "CARGO_TARGET_DIR=/opt/rustwide/target" "-e" "CARGO_INCREMENTAL=0" "-e" "RUST_BACKTRACE=full" "-e" "RUSTFLAGS=--cap-lints=warn" "-e" "RUSTDOCFLAGS=--cap-lints=warn" "-e" "CARGO_HOME=/opt/rustwide/cargo-home" "-e" "RUSTUP_HOME=/opt/rustwide/rustup-home" "-w" "/opt/rustwide/workdir" "-m" "1610612736" "--user" "0:0" "--network" "none" "ghcr.io/rust-lang/crates-build-env/linux@sha256:5ff2268d62e97bff2cde7d5815dd6ed5b47097566f13b8d0ca110b04b60e07ed" "/opt/rustwide/cargo-home/bin/cargo" "+1.69.0" "test" "--frozen" "--no-run" "--message-format=json", kill_on_drop: false }`
[INFO] [stdout] 3cc3b1de841a96fa7d5c3bd42e98d88fa32b886e11eaf58d238ad90d1a44f75e
[INFO] running `Command { std: "docker" "start" "-a" "3cc3b1de841a96fa7d5c3bd42e98d88fa32b886e11eaf58d238ad90d1a44f75e", kill_on_drop: false }`
[INFO] [stderr]    Compiling static-pubkey v1.0.3
[INFO] [stderr]    Compiling vipers-tests v0.1.0 (/opt/rustwide/workdir/tests/vipers-tests)
[INFO] [stderr]    Compiling vipers v2.0.6 (/opt/rustwide/workdir/vipers)
[INFO] [stderr]     Finished test [unoptimized + debuginfo] target(s) in 1.31s
[INFO] running `Command { std: "docker" "inspect" "3cc3b1de841a96fa7d5c3bd42e98d88fa32b886e11eaf58d238ad90d1a44f75e", kill_on_drop: false }`
[INFO] running `Command { std: "docker" "rm" "-f" "3cc3b1de841a96fa7d5c3bd42e98d88fa32b886e11eaf58d238ad90d1a44f75e", kill_on_drop: false }`
[INFO] [stdout] 3cc3b1de841a96fa7d5c3bd42e98d88fa32b886e11eaf58d238ad90d1a44f75e
[INFO] running `Command { std: "docker" "create" "-v" "/var/lib/crater-agent-workspace/builds/worker-2-tc1/target:/opt/rustwide/target:rw,Z" "-v" "/var/lib/crater-agent-workspace/builds/worker-2-tc1/source:/opt/rustwide/workdir:ro,Z" "-v" "/var/lib/crater-agent-workspace/cargo-home:/opt/rustwide/cargo-home:ro,Z" "-v" "/var/lib/crater-agent-workspace/rustup-home:/opt/rustwide/rustup-home:ro,Z" "-e" "SOURCE_DIR=/opt/rustwide/workdir" "-e" "CARGO_TARGET_DIR=/opt/rustwide/target" "-e" "CARGO_INCREMENTAL=0" "-e" "RUST_BACKTRACE=full" "-e" "RUSTFLAGS=--cap-lints=warn" "-e" "RUSTDOCFLAGS=--cap-lints=warn" "-e" "CARGO_HOME=/opt/rustwide/cargo-home" "-e" "RUSTUP_HOME=/opt/rustwide/rustup-home" "-w" "/opt/rustwide/workdir" "-m" "1610612736" "--user" "0:0" "--network" "none" "ghcr.io/rust-lang/crates-build-env/linux@sha256:5ff2268d62e97bff2cde7d5815dd6ed5b47097566f13b8d0ca110b04b60e07ed" "/opt/rustwide/cargo-home/bin/cargo" "+1.69.0" "test" "--frozen", kill_on_drop: false }`
[INFO] [stdout] 479ed444a276eba2490d7df0ce71761cc2afad6fbf0a87b406c68f3abf038ade
[INFO] running `Command { std: "docker" "start" "-a" "479ed444a276eba2490d7df0ce71761cc2afad6fbf0a87b406c68f3abf038ade", kill_on_drop: false }`
[INFO] [stderr]     Finished test [unoptimized + debuginfo] target(s) in 0.09s
[INFO] [stderr]      Running unittests src/lib.rs (/opt/rustwide/target/debug/deps/vipers-89b0bef372ff1a2d)
[INFO] [stdout] 
[INFO] [stdout] running 13 tests
[INFO] [stdout] test error::tests::test_anchor_errors_eq ... ok
[INFO] [stdout] test error::tests::test_anchor_errors_ne_result ... ok
[INFO] [stdout] test error::tests::test_anchor_errors_eq_result ... ok
[INFO] [stdout] test error::tests::test_display_anchor_error ... ok
[INFO] [stdout] test error::tests::test_from_anchor_error ... ok
[INFO] [stdout] test error::tests::test_program_errors_equal ... ok
[INFO] [stdout] test error::tests::test_program_errors_equal_custom ... ok
[INFO] [stdout] test error::tests::test_program_errors_equal_none ... ok
[INFO] [stdout] test error::tests::test_program_errors_mismatch ... ok
[INFO] [stdout] test error::tests::test_program_errors_mismatch_anchor_program ... ok
[INFO] [stdout] test error::tests::test_program_errors_mismatch_custom ... ok
[INFO] [stdout] test error::tests::test_program_errors_mismatch_random ... ok
[INFO] [stdout] test test_id ... ok
[INFO] [stdout] 
[INFO] [stdout] test result: ok. 13 passed; 0 failed; 0 ignored; 0 measured; 0 filtered out; finished in 0.00s
[INFO] [stdout] 
[INFO] [stderr]      Running unittests src/lib.rs (/opt/rustwide/target/debug/deps/vipers_tests-239c53f34b895619)
[INFO] [stdout] 
[INFO] [stdout] running 15 tests
[INFO] [stdout] test test_anchor_errors_eq_result ... ok
[INFO] [stdout] test test_anchor_errors_ne_result ... ok
[INFO] [stdout] test test_assert_keys_eq_boxed ... ok
[INFO] [stdout] test test_assert_keys_eq_no_match ... ok
[INFO] [stdout] test test_assert_keys_eq_pass ... ok
[INFO] [stdout] test test_assert_keys_neq_no_match ... ok
[INFO] [stdout] test test_assert_keys_neq_pass ... ok
[INFO] [stdout] test test_assert_owner ... ok
[INFO] [stdout] test test_compiles_deprecated ... ok
[INFO] [stdout] test test_id ... ok
[INFO] [stdout] test test_unwrap_bump ... ok
[INFO] [stdout] test test_invariant ... ok
[INFO] [stdout] test test_unwrap_checked ... ok
[INFO] [stdout] test test_compiles ... ok
[INFO] [stdout] test test_unwrap_opt_block ... ok
[INFO] [stdout] 
[INFO] [stdout] test result: ok. 15 passed; 0 failed; 0 ignored; 0 measured; 0 filtered out; finished in 0.00s
[INFO] [stdout] 
[INFO] [stderr]    Doc-tests vipers
[INFO] [stderr] warning: unknown lint: `rustdoc::missing_doc_code_examples`
[INFO] [stderr]  --> /opt/rustwide/workdir/vipers/src/lib.rs:4:1
[INFO] [stderr]   |
[INFO] [stderr] 4 | #![allow(rustdoc::missing_doc_code_examples)]
[INFO] [stderr]   | ^^^^^^^^^^^^^^^^^^^^^^^^^^^^^^^^^^^^^^^^^^^^^
[INFO] [stderr]   |
[INFO] [stderr]   = note: the `rustdoc::missing_doc_code_examples` lint is unstable
[INFO] [stderr]   = note: see issue #101730 <https://github.com/rust-lang/rust/issues/101730> for more information
[INFO] [stderr]   = note: `#[warn(unknown_lints)]` on by default
[INFO] [stderr] 
[INFO] [stderr] warning: 1 warning emitted
[INFO] [stderr] 
[INFO] [stdout] 
[INFO] [stdout] running 19 tests
[INFO] [stdout] test src/assert.rs - assert::unwrap_bump (line 506) ... ignored
[INFO] [stdout] test src/assert.rs - assert::assert_is_zero_token_account (line 342) ... FAILED
[INFO] [stdout] test src/assert.rs - assert::invariant (line 582) ... FAILED
[INFO] [stdout] test src/assert.rs - assert::assert_keys_eq (line 273) ... FAILED
[INFO] [stdout] test src/assert.rs - assert::format_err (line 41) ... FAILED
[INFO] [stdout] test src/assert.rs - assert::unwrap_or_err (line 464) ... FAILED
[INFO] [stdout] test src/assert.rs - assert::invariant (line 555) ... FAILED
[INFO] [stdout] test src/assert.rs - assert::assert_keys_neq (line 411) ... FAILED
[INFO] [stdout] test src/assert.rs - assert::invariant (line 573) ... ok
[INFO] [stdout] test src/assert.rs - assert::invariant (line 564) ... ok
[INFO] [stdout] test src/assert.rs - assert::try_or_err (line 531) ... ok
[INFO] [stdout] test src/assert.rs - assert::throw_err (line 146) ... ok
[INFO] [stdout] test src/assert.rs - assert::program_err (line 64) ... ok
[INFO] [stdout] test src/assert.rs - assert::assert_keys_eq (line 285) ... ok
[INFO] [stdout] test src/assert.rs - assert::unwrap_opt (line 643) ... ok
[INFO] [stdout] test src/assert.rs - assert::unwrap_int (line 486) ... ok
[INFO] [stdout] test src/assert.rs - assert::unwrap_checked (line 123) ... ok
[INFO] [stdout] test src/assert.rs - assert::unwrap_opt_block (line 97) ... ok
[INFO] [stdout] test src/lib.rs - validate_derived_address (line 25) ... ok
[INFO] [stdout] 
[INFO] [stdout] failures:
[INFO] [stdout] 
[INFO] [stdout] ---- src/assert.rs - assert::assert_is_zero_token_account (line 342) stdout ----
[INFO] [stdout] Couldn't compile the test.
[INFO] [stdout] ---- src/assert.rs - assert::invariant (line 582) stdout ----
[INFO] [stdout] Couldn't compile the test.
[INFO] [stdout] ---- src/assert.rs - assert::assert_keys_eq (line 273) stdout ----
[INFO] [stdout] Couldn't compile the test.
[INFO] [stdout] ---- src/assert.rs - assert::format_err (line 41) stdout ----
[INFO] [stdout] Couldn't compile the test.
[INFO] [stdout] ---- src/assert.rs - assert::unwrap_or_err (line 464) stdout ----
[INFO] [stdout] Couldn't compile the test.
[INFO] [stdout] ---- src/assert.rs - assert::invariant (line 555) stdout ----
[INFO] [stdout] error: linking with `cc` failed: exit status: 1
[INFO] [stdout]   |
[INFO] [stdout]   = note: LC_ALL="C" PATH="/opt/rustwide/rustup-home/toolchains/1.69.0-x86_64-unknown-linux-gnu/lib/rustlib/x86_64-unknown-linux-gnu/bin:/opt/rustwide/cargo-home/bin:/usr/local/sbin:/usr/local/bin:/usr/sbin:/usr/bin:/sbin:/bin" VSLANG="1033" "cc" "-m64" "/tmp/rustcuX37bk/symbols.o" "/tmp/rustdoctestElnrKq/rust_out.rust_out.5bfee551-cgu.0.rcgu.o" "/tmp/rustdoctestElnrKq/rust_out.j00p4ncf7xg64kg.rcgu.o" "-Wl,--as-needed" "-L" "/opt/rustwide/target/debug/deps" "-L" "/opt/rustwide/target/debug/deps" "-L" "/opt/rustwide/target/debug/build/blake3-8c4829173b074463/out" "-L" "/opt/rustwide/rustup-home/toolchains/1.69.0-x86_64-unknown-linux-gnu/lib/rustlib/x86_64-unknown-linux-gnu/lib" "-Wl,-Bstatic" "/opt/rustwide/target/debug/deps/libvipers-d5b4bbc9261b78a2.rlib" "/opt/rustwide/target/debug/deps/libanchor_spl-d37f6268e0fb1a2f.rlib" "/opt/rustwide/target/debug/deps/libspl_associated_token_account-806b1db04dcac3a4.rlib" "/opt/rustwide/target/debug/deps/libspl_token-fc4a811a5986bbd3.rlib" "/opt/rustwide/target/debug/deps/libnum_enum-f40486eea348e0ff.rlib" "/opt/rustwide/target/debug/deps/libanchor_lang-269dcb682f0f02b3.rlib" "/opt/rustwide/target/debug/deps/libsolana_program-8dd4cd27fda87d8d.rlib" "/opt/rustwide/target/debug/deps/liblibsecp256k1-030f144e88e178f2.rlib" "/opt/rustwide/target/debug/deps/libbase64-302c24c543d89420.rlib" "/opt/rustwide/target/debug/deps/libsha2-64c0b1c53103f329.rlib" "/opt/rustwide/target/debug/deps/libopaque_debug-502d41d476583e16.rlib" "/opt/rustwide/target/debug/deps/libblock_buffer-2822bf7feb654e65.rlib" "/opt/rustwide/target/debug/deps/libhmac_drbg-4b27a1d7421f3232.rlib" "/opt/rustwide/target/debug/deps/libhmac-271a25edc8843507.rlib" "/opt/rustwide/target/debug/deps/libcrypto_mac-773e2c69073dc6e2.rlib" "/opt/rustwide/target/debug/deps/liblibsecp256k1_core-1369235c72809721.rlib" "/opt/rustwide/target/debug/deps/libcrunchy-a436a26727758dc0.rlib" "/opt/rustwide/target/debug/deps/librand-7f31290893c9f019.rlib" "/opt/rustwide/target/debug/deps/librand_chacha-2f92253004be98cd.rlib" "/opt/rustwide/target/debug/deps/libppv_lite86-663deac31cfbfc11.rlib" "/opt/rustwide/target/debug/deps/libcurve25519_dalek-0532cd57e1e3f88e.rlib" "/opt/rustwide/target/debug/deps/libzeroize-f443b5a7197d5017.rlib" "/opt/rustwide/target/debug/deps/librand_core-d7aa2e64ee930ffb.rlib" "/opt/rustwide/target/debug/deps/libgetrandom-eaf8fd5ca242aae3.rlib" "/opt/rustwide/target/debug/deps/liblibc-80b1f103d8292596.rlib" "/opt/rustwide/target/debug/deps/libdigest-ab9db7acd465b28a.rlib" "/opt/rustwide/target/debug/deps/libbyteorder-f4448a6ec9b1b852.rlib" "/opt/rustwide/target/debug/deps/libbase64-007e7c1fbda2b30a.rlib" "/opt/rustwide/target/debug/deps/libserde_bytes-cc93381c2ad9ae60.rlib" "/opt/rustwide/target/debug/deps/libbs58-87068924f57c323a.rlib" "/opt/rustwide/target/debug/deps/libwasm_bindgen-4e029632016b165f.rlib" "/opt/rustwide/target/debug/deps/libbitflags-82cc2d155c6eb112.rlib" "/opt/rustwide/target/debug/deps/libbv-219d72f9890120a1.rlib" "/opt/rustwide/target/debug/deps/libitertools-616539432dbce704.rlib" "/opt/rustwide/target/debug/deps/libeither-35bc8c9d74b85ee8.rlib" "/opt/rustwide/target/debug/deps/libblake3-7c34deabf9c45bb9.rlib" "/opt/rustwide/target/debug/deps/libconstant_time_eq-6fe25b1f97b127b0.rlib" "/opt/rustwide/target/debug/deps/libarrayvec-eaab725bd11a1a74.rlib" "/opt/rustwide/target/debug/deps/libarrayref-6f2a7630164a9ee6.rlib" "/opt/rustwide/target/debug/deps/liblazy_static-a15e1ed0a3c31761.rlib" "/opt/rustwide/target/debug/deps/libsha3-5358115d04507e07.rlib" "/opt/rustwide/target/debug/deps/libkeccak-fd9fc6edce8c4c5b.rlib" "/opt/rustwide/target/debug/deps/libsha2-33a2b898874185f7.rlib" "/opt/rustwide/target/debug/deps/libcpufeatures-ad597cf4e94adabe.rlib" "/opt/rustwide/target/debug/deps/libdigest-e5b4c2ea94760fc2.rlib" "/opt/rustwide/target/debug/deps/libsubtle-ae2c2164c6e4cd38.rlib" "/opt/rustwide/target/debug/deps/libblock_buffer-211110f8093983f2.rlib" "/opt/rustwide/target/debug/deps/libcrypto_common-f2dda5d69df038b3.rlib" "/opt/rustwide/target/debug/deps/libgeneric_array-b9ba134eaa8b0538.rlib" "/opt/rustwide/target/debug/deps/libtypenum-9f315a73fa1c732e.rlib" "/opt/rustwide/target/debug/deps/liblog-15d23313864f9d39.rlib" "/opt/rustwide/target/debug/deps/libcfg_if-e5e118dd7d121aaa.rlib" "/opt/rustwide/target/debug/deps/libnum_traits-2c8497aa4c636c1a.rlib" "/opt/rustwide/target/debug/deps/libbincode-4a4b9234904f2108.rlib" "/opt/rustwide/target/debug/deps/libserde-6a90b3095441cca7.rlib" "/opt/rustwide/target/debug/deps/libthiserror-8eda066a4906bac9.rlib" "/opt/rustwide/target/debug/deps/libborsh-b619f88fa3b3ed70.rlib" "/opt/rustwide/target/debug/deps/libbytemuck-2b8319f8e640466a.rlib" "/opt/rustwide/rustup-home/toolchains/1.69.0-x86_64-unknown-linux-gnu/lib/rustlib/x86_64-unknown-linux-gnu/lib/libstd-89bc084783fdc439.rlib" "/opt/rustwide/rustup-home/toolchains/1.69.0-x86_64-unknown-linux-gnu/lib/rustlib/x86_64-unknown-linux-gnu/lib/libpanic_unwind-8bee4b287d4367c1.rlib" "/opt/rustwide/rustup-home/toolchains/1.69.0-x86_64-unknown-linux-gnu/lib/rustlib/x86_64-unknown-linux-gnu/lib/libobject-d61707aed80694c0.rlib" "/opt/rustwide/rustup-home/toolchains/1.69.0-x86_64-unknown-linux-gnu/lib/rustlib/x86_64-unknown-linux-gnu/lib/libmemchr-d85366256f22345b.rlib" "/opt/rustwide/rustup-home/toolchains/1.69.0-x86_64-unknown-linux-gnu/lib/rustlib/x86_64-unknown-linux-gnu/lib/libaddr2line-96069b86b8a8cae9.rlib" "/opt/rustwide/rustup-home/toolchains/1.69.0-x86_64-unknown-linux-gnu/lib/rustlib/x86_64-unknown-linux-gnu/lib/libgimli-d19d53abf68dfa6c.rlib" "/opt/rustwide/rustup-home/toolchains/1.69.0-x86_64-unknown-linux-gnu/lib/rustlib/x86_64-unknown-linux-gnu/lib/librustc_demangle-787cbccd19d64ac6.rlib" "/opt/rustwide/rustup-home/toolchains/1.69.0-x86_64-unknown-linux-gnu/lib/rustlib/x86_64-unknown-linux-gnu/lib/libstd_detect-b3837a36b830e0d0.rlib" "/opt/rustwide/rustup-home/toolchains/1.69.0-x86_64-unknown-linux-gnu/lib/rustlib/x86_64-unknown-linux-gnu/lib/libhashbrown-e3deb0e7e3f04966.rlib" "/opt/rustwide/rustup-home/toolchains/1.69.0-x86_64-unknown-linux-gnu/lib/rustlib/x86_64-unknown-linux-gnu/lib/libminiz_oxide-dabbb79c9815def4.rlib" "/opt/rustwide/rustup-home/toolchains/1.69.0-x86_64-unknown-linux-gnu/lib/rustlib/x86_64-unknown-linux-gnu/lib/libadler-305b01f34c9409f2.rlib" "/opt/rustwide/rustup-home/toolchains/1.69.0-x86_64-unknown-linux-gnu/lib/rustlib/x86_64-unknown-linux-gnu/lib/librustc_std_workspace_alloc-f833521df6074e73.rlib" "/opt/rustwide/rustup-home/toolchains/1.69.0-x86_64-unknown-linux-gnu/lib/rustlib/x86_64-unknown-linux-gnu/lib/libunwind-9ac333113350d171.rlib" "/opt/rustwide/rustup-home/toolchains/1.69.0-x86_64-unknown-linux-gnu/lib/rustlib/x86_64-unknown-linux-gnu/lib/libcfg_if-1c126114322d0eee.rlib" "/opt/rustwide/rustup-home/toolchains/1.69.0-x86_64-unknown-linux-gnu/lib/rustlib/x86_64-unknown-linux-gnu/lib/liblibc-bad9164fdeeecf92.rlib" "/opt/rustwide/rustup-home/toolchains/1.69.0-x86_64-unknown-linux-gnu/lib/rustlib/x86_64-unknown-linux-gnu/lib/liballoc-f9374b1e480fa681.rlib" "/opt/rustwide/rustup-home/toolchains/1.69.0-x86_64-unknown-linux-gnu/lib/rustlib/x86_64-unknown-linux-gnu/lib/librustc_std_workspace_core-207f06e41d9603af.rlib" "/opt/rustwide/rustup-home/toolchains/1.69.0-x86_64-unknown-linux-gnu/lib/rustlib/x86_64-unknown-linux-gnu/lib/libcore-7e2768e66e984e85.rlib" "/opt/rustwide/rustup-home/toolchains/1.69.0-x86_64-unknown-linux-gnu/lib/rustlib/x86_64-unknown-linux-gnu/lib/libcompiler_builtins-957b4aff41f8cd46.rlib" "-Wl,-Bdynamic" "-lgcc_s" "-lutil" "-lrt" "-lpthread" "-lm" "-ldl" "-lc" "-Wl,--eh-frame-hdr" "-Wl,-z,noexecstack" "-L" "/opt/rustwide/rustup-home/toolchains/1.69.0-x86_64-unknown-linux-gnu/lib/rustlib/x86_64-unknown-linux-gnu/lib" "-o" "/tmp/rustdoctestElnrKq/rust_out" "-Wl,--gc-sections" "-pie" "-Wl,-z,relro,-z,now" "-nodefaultlibs"
[INFO] [stdout]   = note: collect2: fatal error: ld terminated with signal 9 [Killed]
[INFO] [stdout]           compilation terminated.
[INFO] [stdout]           
[INFO] [stdout] 
[INFO] [stdout] error: aborting due to previous error
[INFO] [stdout] 
[INFO] [stdout] Couldn't compile the test.
[INFO] [stdout] ---- src/assert.rs - assert::assert_keys_neq (line 411) stdout ----
[INFO] [stdout] error: linking with `cc` failed: exit status: 1
[INFO] [stdout]   |
[INFO] [stdout]   = note: LC_ALL="C" PATH="/opt/rustwide/rustup-home/toolchains/1.69.0-x86_64-unknown-linux-gnu/lib/rustlib/x86_64-unknown-linux-gnu/bin:/opt/rustwide/cargo-home/bin:/usr/local/sbin:/usr/local/bin:/usr/sbin:/usr/bin:/sbin:/bin" VSLANG="1033" "cc" "-m64" "/tmp/rustcKVkFl5/symbols.o" "/tmp/rustdoctestR2tAIR/rust_out.rust_out.5bfee551-cgu.0.rcgu.o" "/tmp/rustdoctestR2tAIR/rust_out.j00p4ncf7xg64kg.rcgu.o" "-Wl,--as-needed" "-L" "/opt/rustwide/target/debug/deps" "-L" "/opt/rustwide/target/debug/deps" "-L" "/opt/rustwide/target/debug/build/blake3-8c4829173b074463/out" "-L" "/opt/rustwide/rustup-home/toolchains/1.69.0-x86_64-unknown-linux-gnu/lib/rustlib/x86_64-unknown-linux-gnu/lib" "-Wl,-Bstatic" "/opt/rustwide/target/debug/deps/libvipers-d5b4bbc9261b78a2.rlib" "/opt/rustwide/target/debug/deps/libanchor_spl-d37f6268e0fb1a2f.rlib" "/opt/rustwide/target/debug/deps/libspl_associated_token_account-806b1db04dcac3a4.rlib" "/opt/rustwide/target/debug/deps/libspl_token-fc4a811a5986bbd3.rlib" "/opt/rustwide/target/debug/deps/libnum_enum-f40486eea348e0ff.rlib" "/opt/rustwide/target/debug/deps/libanchor_lang-269dcb682f0f02b3.rlib" "/opt/rustwide/target/debug/deps/libsolana_program-8dd4cd27fda87d8d.rlib" "/opt/rustwide/target/debug/deps/liblibsecp256k1-030f144e88e178f2.rlib" "/opt/rustwide/target/debug/deps/libbase64-302c24c543d89420.rlib" "/opt/rustwide/target/debug/deps/libsha2-64c0b1c53103f329.rlib" "/opt/rustwide/target/debug/deps/libopaque_debug-502d41d476583e16.rlib" "/opt/rustwide/target/debug/deps/libblock_buffer-2822bf7feb654e65.rlib" "/opt/rustwide/target/debug/deps/libhmac_drbg-4b27a1d7421f3232.rlib" "/opt/rustwide/target/debug/deps/libhmac-271a25edc8843507.rlib" "/opt/rustwide/target/debug/deps/libcrypto_mac-773e2c69073dc6e2.rlib" "/opt/rustwide/target/debug/deps/liblibsecp256k1_core-1369235c72809721.rlib" "/opt/rustwide/target/debug/deps/libcrunchy-a436a26727758dc0.rlib" "/opt/rustwide/target/debug/deps/librand-7f31290893c9f019.rlib" "/opt/rustwide/target/debug/deps/librand_chacha-2f92253004be98cd.rlib" "/opt/rustwide/target/debug/deps/libppv_lite86-663deac31cfbfc11.rlib" "/opt/rustwide/target/debug/deps/libcurve25519_dalek-0532cd57e1e3f88e.rlib" "/opt/rustwide/target/debug/deps/libzeroize-f443b5a7197d5017.rlib" "/opt/rustwide/target/debug/deps/librand_core-d7aa2e64ee930ffb.rlib" "/opt/rustwide/target/debug/deps/libgetrandom-eaf8fd5ca242aae3.rlib" "/opt/rustwide/target/debug/deps/liblibc-80b1f103d8292596.rlib" "/opt/rustwide/target/debug/deps/libdigest-ab9db7acd465b28a.rlib" "/opt/rustwide/target/debug/deps/libbyteorder-f4448a6ec9b1b852.rlib" "/opt/rustwide/target/debug/deps/libbase64-007e7c1fbda2b30a.rlib" "/opt/rustwide/target/debug/deps/libserde_bytes-cc93381c2ad9ae60.rlib" "/opt/rustwide/target/debug/deps/libbs58-87068924f57c323a.rlib" "/opt/rustwide/target/debug/deps/libwasm_bindgen-4e029632016b165f.rlib" "/opt/rustwide/target/debug/deps/libbitflags-82cc2d155c6eb112.rlib" "/opt/rustwide/target/debug/deps/libbv-219d72f9890120a1.rlib" "/opt/rustwide/target/debug/deps/libitertools-616539432dbce704.rlib" "/opt/rustwide/target/debug/deps/libeither-35bc8c9d74b85ee8.rlib" "/opt/rustwide/target/debug/deps/libblake3-7c34deabf9c45bb9.rlib" "/opt/rustwide/target/debug/deps/libconstant_time_eq-6fe25b1f97b127b0.rlib" "/opt/rustwide/target/debug/deps/libarrayvec-eaab725bd11a1a74.rlib" "/opt/rustwide/target/debug/deps/libarrayref-6f2a7630164a9ee6.rlib" "/opt/rustwide/target/debug/deps/liblazy_static-a15e1ed0a3c31761.rlib" "/opt/rustwide/target/debug/deps/libsha3-5358115d04507e07.rlib" "/opt/rustwide/target/debug/deps/libkeccak-fd9fc6edce8c4c5b.rlib" "/opt/rustwide/target/debug/deps/libsha2-33a2b898874185f7.rlib" "/opt/rustwide/target/debug/deps/libcpufeatures-ad597cf4e94adabe.rlib" "/opt/rustwide/target/debug/deps/libdigest-e5b4c2ea94760fc2.rlib" "/opt/rustwide/target/debug/deps/libsubtle-ae2c2164c6e4cd38.rlib" "/opt/rustwide/target/debug/deps/libblock_buffer-211110f8093983f2.rlib" "/opt/rustwide/target/debug/deps/libcrypto_common-f2dda5d69df038b3.rlib" "/opt/rustwide/target/debug/deps/libgeneric_array-b9ba134eaa8b0538.rlib" "/opt/rustwide/target/debug/deps/libtypenum-9f315a73fa1c732e.rlib" "/opt/rustwide/target/debug/deps/liblog-15d23313864f9d39.rlib" "/opt/rustwide/target/debug/deps/libcfg_if-e5e118dd7d121aaa.rlib" "/opt/rustwide/target/debug/deps/libnum_traits-2c8497aa4c636c1a.rlib" "/opt/rustwide/target/debug/deps/libbincode-4a4b9234904f2108.rlib" "/opt/rustwide/target/debug/deps/libserde-6a90b3095441cca7.rlib" "/opt/rustwide/target/debug/deps/libthiserror-8eda066a4906bac9.rlib" "/opt/rustwide/target/debug/deps/libborsh-b619f88fa3b3ed70.rlib" "/opt/rustwide/target/debug/deps/libbytemuck-2b8319f8e640466a.rlib" "/opt/rustwide/rustup-home/toolchains/1.69.0-x86_64-unknown-linux-gnu/lib/rustlib/x86_64-unknown-linux-gnu/lib/libstd-89bc084783fdc439.rlib" "/opt/rustwide/rustup-home/toolchains/1.69.0-x86_64-unknown-linux-gnu/lib/rustlib/x86_64-unknown-linux-gnu/lib/libpanic_unwind-8bee4b287d4367c1.rlib" "/opt/rustwide/rustup-home/toolchains/1.69.0-x86_64-unknown-linux-gnu/lib/rustlib/x86_64-unknown-linux-gnu/lib/libobject-d61707aed80694c0.rlib" "/opt/rustwide/rustup-home/toolchains/1.69.0-x86_64-unknown-linux-gnu/lib/rustlib/x86_64-unknown-linux-gnu/lib/libmemchr-d85366256f22345b.rlib" "/opt/rustwide/rustup-home/toolchains/1.69.0-x86_64-unknown-linux-gnu/lib/rustlib/x86_64-unknown-linux-gnu/lib/libaddr2line-96069b86b8a8cae9.rlib" "/opt/rustwide/rustup-home/toolchains/1.69.0-x86_64-unknown-linux-gnu/lib/rustlib/x86_64-unknown-linux-gnu/lib/libgimli-d19d53abf68dfa6c.rlib" "/opt/rustwide/rustup-home/toolchains/1.69.0-x86_64-unknown-linux-gnu/lib/rustlib/x86_64-unknown-linux-gnu/lib/librustc_demangle-787cbccd19d64ac6.rlib" "/opt/rustwide/rustup-home/toolchains/1.69.0-x86_64-unknown-linux-gnu/lib/rustlib/x86_64-unknown-linux-gnu/lib/libstd_detect-b3837a36b830e0d0.rlib" "/opt/rustwide/rustup-home/toolchains/1.69.0-x86_64-unknown-linux-gnu/lib/rustlib/x86_64-unknown-linux-gnu/lib/libhashbrown-e3deb0e7e3f04966.rlib" "/opt/rustwide/rustup-home/toolchains/1.69.0-x86_64-unknown-linux-gnu/lib/rustlib/x86_64-unknown-linux-gnu/lib/libminiz_oxide-dabbb79c9815def4.rlib" "/opt/rustwide/rustup-home/toolchains/1.69.0-x86_64-unknown-linux-gnu/lib/rustlib/x86_64-unknown-linux-gnu/lib/libadler-305b01f34c9409f2.rlib" "/opt/rustwide/rustup-home/toolchains/1.69.0-x86_64-unknown-linux-gnu/lib/rustlib/x86_64-unknown-linux-gnu/lib/librustc_std_workspace_alloc-f833521df6074e73.rlib" "/opt/rustwide/rustup-home/toolchains/1.69.0-x86_64-unknown-linux-gnu/lib/rustlib/x86_64-unknown-linux-gnu/lib/libunwind-9ac333113350d171.rlib" "/opt/rustwide/rustup-home/toolchains/1.69.0-x86_64-unknown-linux-gnu/lib/rustlib/x86_64-unknown-linux-gnu/lib/libcfg_if-1c126114322d0eee.rlib" "/opt/rustwide/rustup-home/toolchains/1.69.0-x86_64-unknown-linux-gnu/lib/rustlib/x86_64-unknown-linux-gnu/lib/liblibc-bad9164fdeeecf92.rlib" "/opt/rustwide/rustup-home/toolchains/1.69.0-x86_64-unknown-linux-gnu/lib/rustlib/x86_64-unknown-linux-gnu/lib/liballoc-f9374b1e480fa681.rlib" "/opt/rustwide/rustup-home/toolchains/1.69.0-x86_64-unknown-linux-gnu/lib/rustlib/x86_64-unknown-linux-gnu/lib/librustc_std_workspace_core-207f06e41d9603af.rlib" "/opt/rustwide/rustup-home/toolchains/1.69.0-x86_64-unknown-linux-gnu/lib/rustlib/x86_64-unknown-linux-gnu/lib/libcore-7e2768e66e984e85.rlib" "/opt/rustwide/rustup-home/toolchains/1.69.0-x86_64-unknown-linux-gnu/lib/rustlib/x86_64-unknown-linux-gnu/lib/libcompiler_builtins-957b4aff41f8cd46.rlib" "-Wl,-Bdynamic" "-lgcc_s" "-lutil" "-lrt" "-lpthread" "-lm" "-ldl" "-lc" "-Wl,--eh-frame-hdr" "-Wl,-z,noexecstack" "-L" "/opt/rustwide/rustup-home/toolchains/1.69.0-x86_64-unknown-linux-gnu/lib/rustlib/x86_64-unknown-linux-gnu/lib" "-o" "/tmp/rustdoctestR2tAIR/rust_out" "-Wl,--gc-sections" "-pie" "-Wl,-z,relro,-z,now" "-nodefaultlibs"
[INFO] [stdout]   = note: collect2: fatal error: ld terminated with signal 9 [Killed]
[INFO] [stdout]           compilation terminated.
[INFO] [stdout]           
[INFO] [stdout] 
[INFO] [stdout] error: aborting due to previous error
[INFO] [stdout] 
[INFO] [stdout] Couldn't compile the test.
[INFO] [stdout] 
[INFO] [stdout] failures:
[INFO] [stdout]     src/assert.rs - assert::assert_is_zero_token_account (line 342)
[INFO] [stdout]     src/assert.rs - assert::assert_keys_eq (line 273)
[INFO] [stdout]     src/assert.rs - assert::assert_keys_neq (line 411)
[INFO] [stdout]     src/assert.rs - assert::format_err (line 41)
[INFO] [stdout]     src/assert.rs - assert::invariant (line 555)
[INFO] [stdout]     src/assert.rs - assert::invariant (line 582)
[INFO] [stdout]     src/assert.rs - assert::unwrap_or_err (line 464)
[INFO] [stdout] 
[INFO] [stdout] test result: FAILED. 11 passed; 7 failed; 1 ignored; 0 measured; 0 filtered out; finished in 2.97s
[INFO] [stdout] 
[INFO] [stderr] error: doctest failed, to rerun pass `-p vipers --doc`
[INFO] running `Command { std: "docker" "inspect" "479ed444a276eba2490d7df0ce71761cc2afad6fbf0a87b406c68f3abf038ade", kill_on_drop: false }`
[INFO] running `Command { std: "docker" "rm" "-f" "479ed444a276eba2490d7df0ce71761cc2afad6fbf0a87b406c68f3abf038ade", kill_on_drop: false }`
[INFO] [stdout] 479ed444a276eba2490d7df0ce71761cc2afad6fbf0a87b406c68f3abf038ade
