[INFO] cloning repository https://github.com/saaadhu/avrvm
[INFO] running `Command { std: "git" "-c" "credential.helper=" "-c" "credential.helper=/workspace/cargo-home/bin/git-credential-null" "clone" "--bare" "https://github.com/saaadhu/avrvm" "/workspace/cache/git-repos/https%3A%2F%2Fgithub.com%2Fsaaadhu%2Favrvm", kill_on_drop: false }`
[INFO] [stderr] Cloning into bare repository '/workspace/cache/git-repos/https%3A%2F%2Fgithub.com%2Fsaaadhu%2Favrvm'...
[INFO] running `Command { std: "git" "rev-parse" "HEAD", kill_on_drop: false }`
[INFO] [stdout] 08dbf5008532eed33d1892b5555b4e05ca4b6a16
[INFO] testing saaadhu/avrvm against beta-2023-04-20 for beta-1.70-1
[INFO] running `Command { std: "git" "clone" "/workspace/cache/git-repos/https%3A%2F%2Fgithub.com%2Fsaaadhu%2Favrvm" "/workspace/builds/worker-6-tc2/source", kill_on_drop: false }`
[INFO] [stderr] Cloning into '/workspace/builds/worker-6-tc2/source'...
[INFO] [stderr] done.
[INFO] validating manifest of git repo https://github.com/saaadhu/avrvm on toolchain beta-2023-04-20
[INFO] running `Command { std: CARGO_HOME="/workspace/cargo-home" RUSTUP_HOME="/workspace/rustup-home" "/workspace/cargo-home/bin/cargo" "+beta-2023-04-20" "metadata" "--manifest-path" "Cargo.toml" "--no-deps", kill_on_drop: false }`
[INFO] started tweaking git repo https://github.com/saaadhu/avrvm
[INFO] finished tweaking git repo https://github.com/saaadhu/avrvm
[INFO] tweaked toml for git repo https://github.com/saaadhu/avrvm written to /workspace/builds/worker-6-tc2/source/Cargo.toml
[INFO] crate git repo https://github.com/saaadhu/avrvm already has a lockfile, it will not be regenerated
[INFO] running `Command { std: CARGO_HOME="/workspace/cargo-home" RUSTUP_HOME="/workspace/rustup-home" "/workspace/cargo-home/bin/cargo" "+beta-2023-04-20" "fetch" "--manifest-path" "Cargo.toml", kill_on_drop: false }`
[INFO] running `Command { std: "docker" "create" "-v" "/var/lib/crater-agent-workspace/builds/worker-6-tc2/target:/opt/rustwide/target:rw,Z" "-v" "/var/lib/crater-agent-workspace/builds/worker-6-tc2/source:/opt/rustwide/workdir:ro,Z" "-v" "/var/lib/crater-agent-workspace/cargo-home:/opt/rustwide/cargo-home:ro,Z" "-v" "/var/lib/crater-agent-workspace/rustup-home:/opt/rustwide/rustup-home:ro,Z" "-e" "SOURCE_DIR=/opt/rustwide/workdir" "-e" "CARGO_TARGET_DIR=/opt/rustwide/target" "-e" "CARGO_HOME=/opt/rustwide/cargo-home" "-e" "RUSTUP_HOME=/opt/rustwide/rustup-home" "-w" "/opt/rustwide/workdir" "-m" "1610612736" "--user" "0:0" "--network" "none" "ghcr.io/rust-lang/crates-build-env/linux@sha256:5ff2268d62e97bff2cde7d5815dd6ed5b47097566f13b8d0ca110b04b60e07ed" "/opt/rustwide/cargo-home/bin/cargo" "+beta-2023-04-20" "metadata" "--no-deps" "--format-version=1", kill_on_drop: false }`
[INFO] [stdout] 9427a8f964674d41a075f4b018cde878194f762e24b0f6b68f0201d4db325c5a
[INFO] running `Command { std: "docker" "start" "-a" "9427a8f964674d41a075f4b018cde878194f762e24b0f6b68f0201d4db325c5a", kill_on_drop: false }`
[INFO] running `Command { std: "docker" "inspect" "9427a8f964674d41a075f4b018cde878194f762e24b0f6b68f0201d4db325c5a", kill_on_drop: false }`
[INFO] running `Command { std: "docker" "rm" "-f" "9427a8f964674d41a075f4b018cde878194f762e24b0f6b68f0201d4db325c5a", kill_on_drop: false }`
[INFO] [stdout] 9427a8f964674d41a075f4b018cde878194f762e24b0f6b68f0201d4db325c5a
[INFO] running `Command { std: "docker" "create" "-v" "/var/lib/crater-agent-workspace/builds/worker-6-tc2/target:/opt/rustwide/target:rw,Z" "-v" "/var/lib/crater-agent-workspace/builds/worker-6-tc2/source:/opt/rustwide/workdir:ro,Z" "-v" "/var/lib/crater-agent-workspace/cargo-home:/opt/rustwide/cargo-home:ro,Z" "-v" "/var/lib/crater-agent-workspace/rustup-home:/opt/rustwide/rustup-home:ro,Z" "-e" "SOURCE_DIR=/opt/rustwide/workdir" "-e" "CARGO_TARGET_DIR=/opt/rustwide/target" "-e" "CARGO_INCREMENTAL=0" "-e" "RUST_BACKTRACE=full" "-e" "RUSTFLAGS=--cap-lints=warn" "-e" "RUSTDOCFLAGS=--cap-lints=warn" "-e" "CARGO_HOME=/opt/rustwide/cargo-home" "-e" "RUSTUP_HOME=/opt/rustwide/rustup-home" "-w" "/opt/rustwide/workdir" "-m" "1610612736" "--user" "0:0" "--network" "none" "ghcr.io/rust-lang/crates-build-env/linux@sha256:5ff2268d62e97bff2cde7d5815dd6ed5b47097566f13b8d0ca110b04b60e07ed" "/opt/rustwide/cargo-home/bin/cargo" "+beta-2023-04-20" "build" "--frozen" "--message-format=json", kill_on_drop: false }`
[INFO] [stdout] 0a9fd20e8aa2d733791bd73157e5b10ecb8990913190490291f6afe5fadf5ebd
[INFO] running `Command { std: "docker" "start" "-a" "0a9fd20e8aa2d733791bd73157e5b10ecb8990913190490291f6afe5fadf5ebd", kill_on_drop: false }`
[INFO] [stderr]    Compiling avrvm v0.1.0 (/opt/rustwide/workdir)
[INFO] [stdout] warning: `...` range patterns are deprecated
[INFO] [stdout]    --> src/elfparser.rs:114:20
[INFO] [stdout]     |
[INFO] [stdout] 114 |         x @ 0xff00 ... 0xffff => Ok(ElfFileType::ProcessorSpecific(x)),
[INFO] [stdout]     |                    ^^^ help: use `..=` for an inclusive range
[INFO] [stdout]     |
[INFO] [stdout]     = warning: this is accepted in the current edition (Rust 2015) but is a hard error in Rust 2021!
[INFO] [stdout]     = note: for more information, see <https://doc.rust-lang.org/nightly/edition-guide/rust-2021/warnings-promoted-to-error.html>
[INFO] [stdout]     = note: `#[warn(ellipsis_inclusive_range_patterns)]` on by default
[INFO] [stdout] 
[INFO] [stdout] 
[INFO] [stdout] warning: use of deprecated macro `try`: use the `?` operator instead
[INFO] [stdout]    --> src/elfparser.rs:155:9
[INFO] [stdout]     |
[INFO] [stdout] 155 |         try! (self.inner.read_exact(&mut buf));
[INFO] [stdout]     |         ^^^
[INFO] [stdout]     |
[INFO] [stdout]     = note: `#[warn(deprecated)]` on by default
[INFO] [stdout] 
[INFO] [stdout] 
[INFO] [stdout] warning: use of deprecated macro `try`: use the `?` operator instead
[INFO] [stdout]    --> src/elfparser.rs:161:9
[INFO] [stdout]     |
[INFO] [stdout] 161 |         try! (self.inner.read_exact(&mut buf));
[INFO] [stdout]     |         ^^^
[INFO] [stdout] 
[INFO] [stdout] 
[INFO] [stdout] warning: use of deprecated macro `try`: use the `?` operator instead
[INFO] [stdout]    --> src/elfparser.rs:172:9
[INFO] [stdout]     |
[INFO] [stdout] 172 |         try! (self.inner.read_exact(&mut buf));
[INFO] [stdout]     |         ^^^
[INFO] [stdout] 
[INFO] [stdout] 
[INFO] [stdout] warning: use of deprecated macro `try`: use the `?` operator instead
[INFO] [stdout]    --> src/elfparser.rs:207:5
[INFO] [stdout]     |
[INFO] [stdout] 207 |     try!(reader.read(&mut id));
[INFO] [stdout]     |     ^^^
[INFO] [stdout] 
[INFO] [stdout] 
[INFO] [stdout] warning: use of deprecated macro `try`: use the `?` operator instead
[INFO] [stdout]    --> src/elfparser.rs:213:15
[INFO] [stdout]     |
[INFO] [stdout] 213 |     h.class = try!(get_elf_class(id[4] as u8));
[INFO] [stdout]     |               ^^^
[INFO] [stdout] 
[INFO] [stdout] 
[INFO] [stdout] warning: use of deprecated macro `try`: use the `?` operator instead
[INFO] [stdout]    --> src/elfparser.rs:214:20
[INFO] [stdout]     |
[INFO] [stdout] 214 |     h.endianness = try!(get_elf_endianness(id[5] as u8));
[INFO] [stdout]     |                    ^^^
[INFO] [stdout] 
[INFO] [stdout] 
[INFO] [stdout] warning: use of deprecated macro `try`: use the `?` operator instead
[INFO] [stdout]    --> src/elfparser.rs:215:23
[INFO] [stdout]     |
[INFO] [stdout] 215 |     h.ident_version = try!(get_elf_ident_version(id[6] as u8));
[INFO] [stdout]     |                       ^^^
[INFO] [stdout] 
[INFO] [stdout] 
[INFO] [stdout] warning: use of deprecated macro `try`: use the `?` operator instead
[INFO] [stdout]    --> src/elfparser.rs:219:22
[INFO] [stdout]     |
[INFO] [stdout] 219 |         h.filetype = try!(elfreader.read_u16().and_then(get_elf_filetype));
[INFO] [stdout]     |                      ^^^
[INFO] [stdout] 
[INFO] [stdout] 
[INFO] [stdout] warning: use of deprecated macro `try`: use the `?` operator instead
[INFO] [stdout]    --> src/elfparser.rs:220:21
[INFO] [stdout]     |
[INFO] [stdout] 220 |         h.machine = try!(elfreader.read_u16().and_then(get_elf_machine));
[INFO] [stdout]     |                     ^^^
[INFO] [stdout] 
[INFO] [stdout] 
[INFO] [stdout] warning: use of deprecated macro `try`: use the `?` operator instead
[INFO] [stdout]    --> src/elfparser.rs:221:21
[INFO] [stdout]     |
[INFO] [stdout] 221 |         h.version = try!(elfreader.read_u32().and_then(get_elf_version));
[INFO] [stdout]     |                     ^^^
[INFO] [stdout] 
[INFO] [stdout] 
[INFO] [stdout] warning: use of deprecated macro `try`: use the `?` operator instead
[INFO] [stdout]    --> src/elfparser.rs:222:19
[INFO] [stdout]     |
[INFO] [stdout] 222 |         h.entry = try!(elfreader.read_u32());
[INFO] [stdout]     |                   ^^^
[INFO] [stdout] 
[INFO] [stdout] 
[INFO] [stdout] warning: use of deprecated macro `try`: use the `?` operator instead
[INFO] [stdout]    --> src/elfparser.rs:223:19
[INFO] [stdout]     |
[INFO] [stdout] 223 |         h.phoff = try!(elfreader.read_u32());
[INFO] [stdout]     |                   ^^^
[INFO] [stdout] 
[INFO] [stdout] 
[INFO] [stdout] warning: trait objects without an explicit `dyn` are deprecated
[INFO] [stdout]    --> src/elfparser.rs:148:21
[INFO] [stdout]     |
[INFO] [stdout] 148 |     inner : &'a mut Read,
[INFO] [stdout]     |                     ^^^^
[INFO] [stdout]     |
[INFO] [stdout]     = warning: this is accepted in the current edition (Rust 2015) but is a hard error in Rust 2021!
[INFO] [stdout]     = note: for more information, see <https://doc.rust-lang.org/nightly/edition-guide/rust-2021/warnings-promoted-to-error.html>
[INFO] [stdout]     = note: `#[warn(bare_trait_objects)]` on by default
[INFO] [stdout] help: use `dyn`
[INFO] [stdout]     |
[INFO] [stdout] 148 |     inner : &'a mut dyn Read,
[INFO] [stdout]     |                     +++
[INFO] [stdout] 
[INFO] [stdout] 
[INFO] [stdout] warning: fields `Header` and `ProgramHeader` are never read
[INFO] [stdout]   --> src/elfparser.rs:76:5
[INFO] [stdout]    |
[INFO] [stdout] 75 | pub struct ElfFile {
[INFO] [stdout]    |            ------- fields in this struct
[INFO] [stdout] 76 |     Header: ElfHeader,
[INFO] [stdout]    |     ^^^^^^
[INFO] [stdout] 77 |     ProgramHeader: ProgramHeader
[INFO] [stdout]    |     ^^^^^^^^^^^^^
[INFO] [stdout]    |
[INFO] [stdout]    = note: `#[warn(dead_code)]` on by default
[INFO] [stdout] 
[INFO] [stdout] 
[INFO] [stdout] warning: structure field `Header` should have a snake case name
[INFO] [stdout]   --> src/elfparser.rs:76:5
[INFO] [stdout]    |
[INFO] [stdout] 76 |     Header: ElfHeader,
[INFO] [stdout]    |     ^^^^^^ help: convert the identifier to snake case: `header`
[INFO] [stdout]    |
[INFO] [stdout]    = note: `#[warn(non_snake_case)]` on by default
[INFO] [stdout] 
[INFO] [stdout] 
[INFO] [stdout] warning: structure field `ProgramHeader` should have a snake case name
[INFO] [stdout]   --> src/elfparser.rs:77:5
[INFO] [stdout]    |
[INFO] [stdout] 77 |     ProgramHeader: ProgramHeader
[INFO] [stdout]    |     ^^^^^^^^^^^^^ help: convert the identifier to snake case: `program_header`
[INFO] [stdout] 
[INFO] [stdout] 
[INFO] [stdout] warning: 17 warnings emitted
[INFO] [stdout] 
[INFO] [stdout] 
[INFO] [stderr]     Finished dev [unoptimized + debuginfo] target(s) in 0.42s
[INFO] running `Command { std: "docker" "inspect" "0a9fd20e8aa2d733791bd73157e5b10ecb8990913190490291f6afe5fadf5ebd", kill_on_drop: false }`
[INFO] running `Command { std: "docker" "rm" "-f" "0a9fd20e8aa2d733791bd73157e5b10ecb8990913190490291f6afe5fadf5ebd", kill_on_drop: false }`
[INFO] [stdout] 0a9fd20e8aa2d733791bd73157e5b10ecb8990913190490291f6afe5fadf5ebd
[INFO] running `Command { std: "docker" "create" "-v" "/var/lib/crater-agent-workspace/builds/worker-6-tc2/target:/opt/rustwide/target:rw,Z" "-v" "/var/lib/crater-agent-workspace/builds/worker-6-tc2/source:/opt/rustwide/workdir:ro,Z" "-v" "/var/lib/crater-agent-workspace/cargo-home:/opt/rustwide/cargo-home:ro,Z" "-v" "/var/lib/crater-agent-workspace/rustup-home:/opt/rustwide/rustup-home:ro,Z" "-e" "SOURCE_DIR=/opt/rustwide/workdir" "-e" "CARGO_TARGET_DIR=/opt/rustwide/target" "-e" "CARGO_INCREMENTAL=0" "-e" "RUST_BACKTRACE=full" "-e" "RUSTFLAGS=--cap-lints=warn" "-e" "RUSTDOCFLAGS=--cap-lints=warn" "-e" "CARGO_HOME=/opt/rustwide/cargo-home" "-e" "RUSTUP_HOME=/opt/rustwide/rustup-home" "-w" "/opt/rustwide/workdir" "-m" "1610612736" "--user" "0:0" "--network" "none" "ghcr.io/rust-lang/crates-build-env/linux@sha256:5ff2268d62e97bff2cde7d5815dd6ed5b47097566f13b8d0ca110b04b60e07ed" "/opt/rustwide/cargo-home/bin/cargo" "+beta-2023-04-20" "test" "--frozen" "--no-run" "--message-format=json", kill_on_drop: false }`
[INFO] [stdout] 4c3ee7a40e13c82e9e01b0a7ad7d8b55ccec700487e9ec92be48cc9b381e1243
[INFO] running `Command { std: "docker" "start" "-a" "4c3ee7a40e13c82e9e01b0a7ad7d8b55ccec700487e9ec92be48cc9b381e1243", kill_on_drop: false }`
[INFO] [stdout] warning: `...` range patterns are deprecated
[INFO] [stdout]    --> src/elfparser.rs:114:20
[INFO] [stdout]     |
[INFO] [stdout] 114 |         x @ 0xff00 ... 0xffff => Ok(ElfFileType::ProcessorSpecific(x)),
[INFO] [stdout]     |                    ^^^ help: use `..=` for an inclusive range
[INFO] [stdout]     |
[INFO] [stdout]     = warning: this is accepted in the current edition (Rust 2015) but is a hard error in Rust 2021!
[INFO] [stdout]     = note: for more information, see <https://doc.rust-lang.org/nightly/edition-guide/rust-2021/warnings-promoted-to-error.html>
[INFO] [stdout]     = note: `#[warn(ellipsis_inclusive_range_patterns)]` on by default
[INFO] [stdout] 
[INFO] [stdout] 
[INFO] [stdout] warning: use of deprecated macro `try`: use the `?` operator instead
[INFO] [stdout]    --> src/elfparser.rs:155:9
[INFO] [stdout]     |
[INFO] [stdout] 155 |         try! (self.inner.read_exact(&mut buf));
[INFO] [stdout]     |         ^^^
[INFO] [stdout]     |
[INFO] [stdout]     = note: `#[warn(deprecated)]` on by default
[INFO] [stdout] 
[INFO] [stdout] 
[INFO] [stdout] warning: use of deprecated macro `try`: use the `?` operator instead
[INFO] [stdout]    --> src/elfparser.rs:161:9
[INFO] [stdout]     |
[INFO] [stdout] 161 |         try! (self.inner.read_exact(&mut buf));
[INFO] [stdout]     |         ^^^
[INFO] [stdout] 
[INFO] [stdout] 
[INFO] [stdout] warning: use of deprecated macro `try`: use the `?` operator instead
[INFO] [stdout]    --> src/elfparser.rs:172:9
[INFO] [stdout]     |
[INFO] [stdout] 172 |         try! (self.inner.read_exact(&mut buf));
[INFO] [stdout]     |         ^^^
[INFO] [stdout] 
[INFO] [stdout] 
[INFO] [stdout] warning: use of deprecated macro `try`: use the `?` operator instead
[INFO] [stdout]    --> src/elfparser.rs:207:5
[INFO] [stdout]     |
[INFO] [stdout] 207 |     try!(reader.read(&mut id));
[INFO] [stdout]     |     ^^^
[INFO] [stdout] 
[INFO] [stdout] 
[INFO] [stdout] warning: use of deprecated macro `try`: use the `?` operator instead
[INFO] [stdout]    --> src/elfparser.rs:213:15
[INFO] [stdout]     |
[INFO] [stdout] 213 |     h.class = try!(get_elf_class(id[4] as u8));
[INFO] [stdout]     |               ^^^
[INFO] [stdout] 
[INFO] [stdout] 
[INFO] [stdout] warning: use of deprecated macro `try`: use the `?` operator instead
[INFO] [stdout]    --> src/elfparser.rs:214:20
[INFO] [stdout]     |
[INFO] [stdout] 214 |     h.endianness = try!(get_elf_endianness(id[5] as u8));
[INFO] [stdout]     |                    ^^^
[INFO] [stdout] 
[INFO] [stdout] 
[INFO] [stdout] warning: use of deprecated macro `try`: use the `?` operator instead
[INFO] [stdout]    --> src/elfparser.rs:215:23
[INFO] [stdout]     |
[INFO] [stdout] 215 |     h.ident_version = try!(get_elf_ident_version(id[6] as u8));
[INFO] [stdout]     |                       ^^^
[INFO] [stdout] 
[INFO] [stdout] 
[INFO] [stdout] warning: use of deprecated macro `try`: use the `?` operator instead
[INFO] [stdout]    --> src/elfparser.rs:219:22
[INFO] [stdout]     |
[INFO] [stdout] 219 |         h.filetype = try!(elfreader.read_u16().and_then(get_elf_filetype));
[INFO] [stdout]     |                      ^^^
[INFO] [stdout] 
[INFO] [stdout] 
[INFO] [stdout] warning: use of deprecated macro `try`: use the `?` operator instead
[INFO] [stdout]    --> src/elfparser.rs:220:21
[INFO] [stdout]     |
[INFO] [stdout] 220 |         h.machine = try!(elfreader.read_u16().and_then(get_elf_machine));
[INFO] [stdout]     |                     ^^^
[INFO] [stdout] 
[INFO] [stdout] 
[INFO] [stdout] warning: use of deprecated macro `try`: use the `?` operator instead
[INFO] [stdout]    --> src/elfparser.rs:221:21
[INFO] [stdout]     |
[INFO] [stdout] 221 |         h.version = try!(elfreader.read_u32().and_then(get_elf_version));
[INFO] [stdout]     |                     ^^^
[INFO] [stdout] 
[INFO] [stdout] 
[INFO] [stdout] warning: use of deprecated macro `try`: use the `?` operator instead
[INFO] [stdout]    --> src/elfparser.rs:222:19
[INFO] [stdout]     |
[INFO] [stdout] 222 |         h.entry = try!(elfreader.read_u32());
[INFO] [stdout]     |                   ^^^
[INFO] [stdout] 
[INFO] [stdout] 
[INFO] [stdout] warning: use of deprecated macro `try`: use the `?` operator instead
[INFO] [stdout]    --> src/elfparser.rs:223:19
[INFO] [stdout]     |
[INFO] [stdout] 223 |         h.phoff = try!(elfreader.read_u32());
[INFO] [stdout]     |                   ^^^
[INFO] [stdout] 
[INFO] [stdout] 
[INFO] [stdout] warning: trait objects without an explicit `dyn` are deprecated
[INFO] [stdout]    --> src/elfparser.rs:148:21
[INFO] [stdout]     |
[INFO] [stdout] 148 |     inner : &'a mut Read,
[INFO] [stdout]     |                     ^^^^
[INFO] [stdout]     |
[INFO] [stdout]     = warning: this is accepted in the current edition (Rust 2015) but is a hard error in Rust 2021!
[INFO] [stdout]     = note: for more information, see <https://doc.rust-lang.org/nightly/edition-guide/rust-2021/warnings-promoted-to-error.html>
[INFO] [stdout]     = note: `#[warn(bare_trait_objects)]` on by default
[INFO] [stdout] help: use `dyn`
[INFO] [stdout]     |
[INFO] [stdout] 148 |     inner : &'a mut dyn Read,
[INFO] [stdout]     |                     +++
[INFO] [stdout] 
[INFO] [stdout] 
[INFO] [stdout] warning: fields `Header` and `ProgramHeader` are never read
[INFO] [stdout]   --> src/elfparser.rs:76:5
[INFO] [stdout]    |
[INFO] [stdout] 75 | pub struct ElfFile {
[INFO] [stdout]    |            ------- fields in this struct
[INFO] [stdout] 76 |     Header: ElfHeader,
[INFO] [stdout]    |     ^^^^^^
[INFO] [stdout] 77 |     ProgramHeader: ProgramHeader
[INFO] [stdout]    |     ^^^^^^^^^^^^^
[INFO] [stdout]    |
[INFO] [stdout]    = note: `#[warn(dead_code)]` on by default
[INFO] [stdout] 
[INFO] [stdout] 
[INFO] [stdout] warning: structure field `Header` should have a snake case name
[INFO] [stdout]   --> src/elfparser.rs:76:5
[INFO] [stdout]    |
[INFO] [stdout] 76 |     Header: ElfHeader,
[INFO] [stdout]    |     ^^^^^^ help: convert the identifier to snake case: `header`
[INFO] [stdout]    |
[INFO] [stdout]    = note: `#[warn(non_snake_case)]` on by default
[INFO] [stdout] 
[INFO] [stdout] 
[INFO] [stdout] warning: structure field `ProgramHeader` should have a snake case name
[INFO] [stdout]   --> src/elfparser.rs:77:5
[INFO] [stdout]    |
[INFO] [stdout] 77 |     ProgramHeader: ProgramHeader
[INFO] [stdout]    |     ^^^^^^^^^^^^^ help: convert the identifier to snake case: `program_header`
[INFO] [stdout] 
[INFO] [stdout] 
[INFO] [stderr]    Compiling avrvm v0.1.0 (/opt/rustwide/workdir)
[INFO] [stdout] warning: 17 warnings emitted
[INFO] [stdout] 
[INFO] [stdout] 
[INFO] [stdout] warning: `...` range patterns are deprecated
[INFO] [stdout]    --> src/elfparser.rs:114:20
[INFO] [stdout]     |
[INFO] [stdout] 114 |         x @ 0xff00 ... 0xffff => Ok(ElfFileType::ProcessorSpecific(x)),
[INFO] [stdout]     |                    ^^^ help: use `..=` for an inclusive range
[INFO] [stdout]     |
[INFO] [stdout]     = warning: this is accepted in the current edition (Rust 2015) but is a hard error in Rust 2021!
[INFO] [stdout]     = note: for more information, see <https://doc.rust-lang.org/nightly/edition-guide/rust-2021/warnings-promoted-to-error.html>
[INFO] [stdout]     = note: `#[warn(ellipsis_inclusive_range_patterns)]` on by default
[INFO] [stdout] 
[INFO] [stdout] 
[INFO] [stdout] warning: use of deprecated macro `try`: use the `?` operator instead
[INFO] [stdout]    --> src/elfparser.rs:155:9
[INFO] [stdout]     |
[INFO] [stdout] 155 |         try! (self.inner.read_exact(&mut buf));
[INFO] [stdout]     |         ^^^
[INFO] [stdout]     |
[INFO] [stdout]     = note: `#[warn(deprecated)]` on by default
[INFO] [stdout] 
[INFO] [stdout] 
[INFO] [stdout] warning: use of deprecated macro `try`: use the `?` operator instead
[INFO] [stdout]    --> src/elfparser.rs:161:9
[INFO] [stdout]     |
[INFO] [stdout] 161 |         try! (self.inner.read_exact(&mut buf));
[INFO] [stdout]     |         ^^^
[INFO] [stdout] 
[INFO] [stdout] 
[INFO] [stdout] warning: use of deprecated macro `try`: use the `?` operator instead
[INFO] [stdout]    --> src/elfparser.rs:172:9
[INFO] [stdout]     |
[INFO] [stdout] 172 |         try! (self.inner.read_exact(&mut buf));
[INFO] [stdout]     |         ^^^
[INFO] [stdout] 
[INFO] [stdout] 
[INFO] [stdout] warning: use of deprecated macro `try`: use the `?` operator instead
[INFO] [stdout]    --> src/elfparser.rs:207:5
[INFO] [stdout]     |
[INFO] [stdout] 207 |     try!(reader.read(&mut id));
[INFO] [stdout]     |     ^^^
[INFO] [stdout] 
[INFO] [stdout] 
[INFO] [stdout] warning: use of deprecated macro `try`: use the `?` operator instead
[INFO] [stdout]    --> src/elfparser.rs:213:15
[INFO] [stdout]     |
[INFO] [stdout] 213 |     h.class = try!(get_elf_class(id[4] as u8));
[INFO] [stdout]     |               ^^^
[INFO] [stdout] 
[INFO] [stdout] 
[INFO] [stdout] warning: use of deprecated macro `try`: use the `?` operator instead
[INFO] [stdout]    --> src/elfparser.rs:214:20
[INFO] [stdout]     |
[INFO] [stdout] 214 |     h.endianness = try!(get_elf_endianness(id[5] as u8));
[INFO] [stdout]     |                    ^^^
[INFO] [stdout] 
[INFO] [stdout] 
[INFO] [stdout] warning: use of deprecated macro `try`: use the `?` operator instead
[INFO] [stdout]    --> src/elfparser.rs:215:23
[INFO] [stdout]     |
[INFO] [stdout] 215 |     h.ident_version = try!(get_elf_ident_version(id[6] as u8));
[INFO] [stdout]     |                       ^^^
[INFO] [stdout] 
[INFO] [stdout] 
[INFO] [stdout] warning: use of deprecated macro `try`: use the `?` operator instead
[INFO] [stdout]    --> src/elfparser.rs:219:22
[INFO] [stdout]     |
[INFO] [stdout] 219 |         h.filetype = try!(elfreader.read_u16().and_then(get_elf_filetype));
[INFO] [stdout]     |                      ^^^
[INFO] [stdout] 
[INFO] [stdout] 
[INFO] [stdout] warning: use of deprecated macro `try`: use the `?` operator instead
[INFO] [stdout]    --> src/elfparser.rs:220:21
[INFO] [stdout]     |
[INFO] [stdout] 220 |         h.machine = try!(elfreader.read_u16().and_then(get_elf_machine));
[INFO] [stdout]     |                     ^^^
[INFO] [stdout] 
[INFO] [stdout] 
[INFO] [stdout] warning: use of deprecated macro `try`: use the `?` operator instead
[INFO] [stdout]    --> src/elfparser.rs:221:21
[INFO] [stdout]     |
[INFO] [stdout] 221 |         h.version = try!(elfreader.read_u32().and_then(get_elf_version));
[INFO] [stdout]     |                     ^^^
[INFO] [stdout] 
[INFO] [stdout] 
[INFO] [stdout] warning: use of deprecated macro `try`: use the `?` operator instead
[INFO] [stdout]    --> src/elfparser.rs:222:19
[INFO] [stdout]     |
[INFO] [stdout] 222 |         h.entry = try!(elfreader.read_u32());
[INFO] [stdout]     |                   ^^^
[INFO] [stdout] 
[INFO] [stdout] 
[INFO] [stdout] warning: use of deprecated macro `try`: use the `?` operator instead
[INFO] [stdout]    --> src/elfparser.rs:223:19
[INFO] [stdout]     |
[INFO] [stdout] 223 |         h.phoff = try!(elfreader.read_u32());
[INFO] [stdout]     |                   ^^^
[INFO] [stdout] 
[INFO] [stdout] 
[INFO] [stdout] warning: trait objects without an explicit `dyn` are deprecated
[INFO] [stdout]    --> src/elfparser.rs:148:21
[INFO] [stdout]     |
[INFO] [stdout] 148 |     inner : &'a mut Read,
[INFO] [stdout]     |                     ^^^^
[INFO] [stdout]     |
[INFO] [stdout]     = warning: this is accepted in the current edition (Rust 2015) but is a hard error in Rust 2021!
[INFO] [stdout]     = note: for more information, see <https://doc.rust-lang.org/nightly/edition-guide/rust-2021/warnings-promoted-to-error.html>
[INFO] [stdout]     = note: `#[warn(bare_trait_objects)]` on by default
[INFO] [stdout] help: use `dyn`
[INFO] [stdout]     |
[INFO] [stdout] 148 |     inner : &'a mut dyn Read,
[INFO] [stdout]     |                     +++
[INFO] [stdout] 
[INFO] [stdout] 
[INFO] [stdout] warning: fields `Header` and `ProgramHeader` are never read
[INFO] [stdout]   --> src/elfparser.rs:76:5
[INFO] [stdout]    |
[INFO] [stdout] 75 | pub struct ElfFile {
[INFO] [stdout]    |            ------- fields in this struct
[INFO] [stdout] 76 |     Header: ElfHeader,
[INFO] [stdout]    |     ^^^^^^
[INFO] [stdout] 77 |     ProgramHeader: ProgramHeader
[INFO] [stdout]    |     ^^^^^^^^^^^^^
[INFO] [stdout]    |
[INFO] [stdout]    = note: `#[warn(dead_code)]` on by default
[INFO] [stdout] 
[INFO] [stdout] 
[INFO] [stdout] warning: structure field `Header` should have a snake case name
[INFO] [stdout]   --> src/elfparser.rs:76:5
[INFO] [stdout]    |
[INFO] [stdout] 76 |     Header: ElfHeader,
[INFO] [stdout]    |     ^^^^^^ help: convert the identifier to snake case: `header`
[INFO] [stdout]    |
[INFO] [stdout]    = note: `#[warn(non_snake_case)]` on by default
[INFO] [stdout] 
[INFO] [stdout] 
[INFO] [stdout] warning: structure field `ProgramHeader` should have a snake case name
[INFO] [stdout]   --> src/elfparser.rs:77:5
[INFO] [stdout]    |
[INFO] [stdout] 77 |     ProgramHeader: ProgramHeader
[INFO] [stdout]    |     ^^^^^^^^^^^^^ help: convert the identifier to snake case: `program_header`
[INFO] [stdout] 
[INFO] [stdout] 
[INFO] [stdout] warning: 17 warnings emitted
[INFO] [stdout] 
[INFO] [stdout] 
[INFO] [stderr]     Finished test [unoptimized + debuginfo] target(s) in 0.24s
[INFO] running `Command { std: "docker" "inspect" "4c3ee7a40e13c82e9e01b0a7ad7d8b55ccec700487e9ec92be48cc9b381e1243", kill_on_drop: false }`
[INFO] running `Command { std: "docker" "rm" "-f" "4c3ee7a40e13c82e9e01b0a7ad7d8b55ccec700487e9ec92be48cc9b381e1243", kill_on_drop: false }`
[INFO] [stdout] 4c3ee7a40e13c82e9e01b0a7ad7d8b55ccec700487e9ec92be48cc9b381e1243
[INFO] running `Command { std: "docker" "create" "-v" "/var/lib/crater-agent-workspace/builds/worker-6-tc2/target:/opt/rustwide/target:rw,Z" "-v" "/var/lib/crater-agent-workspace/builds/worker-6-tc2/source:/opt/rustwide/workdir:ro,Z" "-v" "/var/lib/crater-agent-workspace/cargo-home:/opt/rustwide/cargo-home:ro,Z" "-v" "/var/lib/crater-agent-workspace/rustup-home:/opt/rustwide/rustup-home:ro,Z" "-e" "SOURCE_DIR=/opt/rustwide/workdir" "-e" "CARGO_TARGET_DIR=/opt/rustwide/target" "-e" "CARGO_INCREMENTAL=0" "-e" "RUST_BACKTRACE=full" "-e" "RUSTFLAGS=--cap-lints=warn" "-e" "RUSTDOCFLAGS=--cap-lints=warn" "-e" "CARGO_HOME=/opt/rustwide/cargo-home" "-e" "RUSTUP_HOME=/opt/rustwide/rustup-home" "-w" "/opt/rustwide/workdir" "-m" "1610612736" "--user" "0:0" "--network" "none" "ghcr.io/rust-lang/crates-build-env/linux@sha256:5ff2268d62e97bff2cde7d5815dd6ed5b47097566f13b8d0ca110b04b60e07ed" "/opt/rustwide/cargo-home/bin/cargo" "+beta-2023-04-20" "test" "--frozen", kill_on_drop: false }`
[INFO] [stdout] b3c9802ebc828b52bb335f61370d7f3d90264325271411d085ae66c0c341f063
[INFO] running `Command { std: "docker" "start" "-a" "b3c9802ebc828b52bb335f61370d7f3d90264325271411d085ae66c0c341f063", kill_on_drop: false }`
[INFO] [stderr] warning: `...` range patterns are deprecated
[INFO] [stderr]    --> src/elfparser.rs:114:20
[INFO] [stderr]     |
[INFO] [stderr] 114 |         x @ 0xff00 ... 0xffff => Ok(ElfFileType::ProcessorSpecific(x)),
[INFO] [stderr]     |                    ^^^ help: use `..=` for an inclusive range
[INFO] [stderr]     |
[INFO] [stderr]     = warning: this is accepted in the current edition (Rust 2015) but is a hard error in Rust 2021!
[INFO] [stderr]     = note: for more information, see <https://doc.rust-lang.org/nightly/edition-guide/rust-2021/warnings-promoted-to-error.html>
[INFO] [stderr]     = note: `#[warn(ellipsis_inclusive_range_patterns)]` on by default
[INFO] [stderr] 
[INFO] [stderr] warning: use of deprecated macro `try`: use the `?` operator instead
[INFO] [stderr]    --> src/elfparser.rs:155:9
[INFO] [stderr]     |
[INFO] [stderr] 155 |         try! (self.inner.read_exact(&mut buf));
[INFO] [stderr]     |         ^^^
[INFO] [stderr]     |
[INFO] [stderr]     = note: `#[warn(deprecated)]` on by default
[INFO] [stderr] 
[INFO] [stderr] warning: use of deprecated macro `try`: use the `?` operator instead
[INFO] [stderr]    --> src/elfparser.rs:161:9
[INFO] [stderr]     |
[INFO] [stderr] 161 |         try! (self.inner.read_exact(&mut buf));
[INFO] [stderr]     |         ^^^
[INFO] [stderr] 
[INFO] [stderr] warning: use of deprecated macro `try`: use the `?` operator instead
[INFO] [stderr]    --> src/elfparser.rs:172:9
[INFO] [stderr]     |
[INFO] [stderr] 172 |         try! (self.inner.read_exact(&mut buf));
[INFO] [stderr]     |         ^^^
[INFO] [stderr] 
[INFO] [stderr] warning: use of deprecated macro `try`: use the `?` operator instead
[INFO] [stderr]    --> src/elfparser.rs:207:5
[INFO] [stderr]     |
[INFO] [stderr] 207 |     try!(reader.read(&mut id));
[INFO] [stderr]     |     ^^^
[INFO] [stderr] 
[INFO] [stderr] warning: use of deprecated macro `try`: use the `?` operator instead
[INFO] [stderr]    --> src/elfparser.rs:213:15
[INFO] [stderr]     |
[INFO] [stderr] 213 |     h.class = try!(get_elf_class(id[4] as u8));
[INFO] [stderr]     |               ^^^
[INFO] [stderr] 
[INFO] [stderr] warning: use of deprecated macro `try`: use the `?` operator instead
[INFO] [stderr]    --> src/elfparser.rs:214:20
[INFO] [stderr]     |
[INFO] [stderr] 214 |     h.endianness = try!(get_elf_endianness(id[5] as u8));
[INFO] [stderr]     |                    ^^^
[INFO] [stderr] 
[INFO] [stderr] warning: use of deprecated macro `try`: use the `?` operator instead
[INFO] [stderr]    --> src/elfparser.rs:215:23
[INFO] [stderr]     |
[INFO] [stderr] 215 |     h.ident_version = try!(get_elf_ident_version(id[6] as u8));
[INFO] [stderr]     |                       ^^^
[INFO] [stderr] 
[INFO] [stderr] warning: use of deprecated macro `try`: use the `?` operator instead
[INFO] [stderr]    --> src/elfparser.rs:219:22
[INFO] [stderr]     |
[INFO] [stderr] 219 |         h.filetype = try!(elfreader.read_u16().and_then(get_elf_filetype));
[INFO] [stderr]     |                      ^^^
[INFO] [stderr] 
[INFO] [stderr] warning: use of deprecated macro `try`: use the `?` operator instead
[INFO] [stderr]    --> src/elfparser.rs:220:21
[INFO] [stderr]     |
[INFO] [stderr] 220 |         h.machine = try!(elfreader.read_u16().and_then(get_elf_machine));
[INFO] [stderr]     |                     ^^^
[INFO] [stderr] 
[INFO] [stderr] warning: use of deprecated macro `try`: use the `?` operator instead
[INFO] [stderr]    --> src/elfparser.rs:221:21
[INFO] [stderr]     |
[INFO] [stderr] 221 |         h.version = try!(elfreader.read_u32().and_then(get_elf_version));
[INFO] [stderr]     |                     ^^^
[INFO] [stderr] 
[INFO] [stderr] warning: use of deprecated macro `try`: use the `?` operator instead
[INFO] [stderr]    --> src/elfparser.rs:222:19
[INFO] [stderr]     |
[INFO] [stderr] 222 |         h.entry = try!(elfreader.read_u32());
[INFO] [stderr]     |                   ^^^
[INFO] [stderr] 
[INFO] [stderr] warning: use of deprecated macro `try`: use the `?` operator instead
[INFO] [stderr]    --> src/elfparser.rs:223:19
[INFO] [stderr]     |
[INFO] [stderr] 223 |         h.phoff = try!(elfreader.read_u32());
[INFO] [stderr]     |                   ^^^
[INFO] [stderr] 
[INFO] [stderr] warning: trait objects without an explicit `dyn` are deprecated
[INFO] [stderr]    --> src/elfparser.rs:148:21
[INFO] [stderr]     |
[INFO] [stderr] 148 |     inner : &'a mut Read,
[INFO] [stderr]     |                     ^^^^
[INFO] [stderr]     |
[INFO] [stderr]     = warning: this is accepted in the current edition (Rust 2015) but is a hard error in Rust 2021!
[INFO] [stderr]     = note: for more information, see <https://doc.rust-lang.org/nightly/edition-guide/rust-2021/warnings-promoted-to-error.html>
[INFO] [stderr]     = note: `#[warn(bare_trait_objects)]` on by default
[INFO] [stderr] help: use `dyn`
[INFO] [stderr]     |
[INFO] [stderr] 148 |     inner : &'a mut dyn Read,
[INFO] [stderr]     |                     +++
[INFO] [stderr] 
[INFO] [stderr] warning: fields `Header` and `ProgramHeader` are never read
[INFO] [stderr]   --> src/elfparser.rs:76:5
[INFO] [stderr]    |
[INFO] [stderr] 75 | pub struct ElfFile {
[INFO] [stderr]    |            ------- fields in this struct
[INFO] [stderr] 76 |     Header: ElfHeader,
[INFO] [stderr]    |     ^^^^^^
[INFO] [stderr] 77 |     ProgramHeader: ProgramHeader
[INFO] [stderr]    |     ^^^^^^^^^^^^^
[INFO] [stderr]    |
[INFO] [stderr]    = note: `#[warn(dead_code)]` on by default
[INFO] [stderr] 
[INFO] [stderr] warning: structure field `Header` should have a snake case name
[INFO] [stderr]   --> src/elfparser.rs:76:5
[INFO] [stderr]    |
[INFO] [stderr] 76 |     Header: ElfHeader,
[INFO] [stderr]    |     ^^^^^^ help: convert the identifier to snake case: `header`
[INFO] [stderr]    |
[INFO] [stderr]    = note: `#[warn(non_snake_case)]` on by default
[INFO] [stderr] 
[INFO] [stderr] warning: structure field `ProgramHeader` should have a snake case name
[INFO] [stderr]   --> src/elfparser.rs:77:5
[INFO] [stderr]    |
[INFO] [stderr] 77 |     ProgramHeader: ProgramHeader
[INFO] [stderr]    |     ^^^^^^^^^^^^^ help: convert the identifier to snake case: `program_header`
[INFO] [stderr] 
[INFO] [stderr] warning: `avrvm` (lib) generated 17 warnings (run `cargo fix --lib -p avrvm` to apply 2 suggestions)
[INFO] [stderr] warning: `avrvm` (lib test) generated 17 warnings (17 duplicates)
[INFO] [stderr]     Finished test [unoptimized + debuginfo] target(s) in 0.00s
[INFO] [stderr]      Running unittests src/lib.rs (/opt/rustwide/target/debug/deps/avrvm-e87138a11fe141e1)
[INFO] [stdout] 
[INFO] [stdout] running 0 tests
[INFO] [stdout] 
[INFO] [stdout] test result: ok. 0 passed; 0 failed; 0 ignored; 0 measured; 0 filtered out; finished in 0.00s
[INFO] [stdout] 
[INFO] [stderr]      Running unittests src/main.rs (/opt/rustwide/target/debug/deps/avrvm-addf315941789875)
[INFO] [stdout] 
[INFO] [stdout] running 0 tests
[INFO] [stdout] 
[INFO] [stdout] test result: ok. 0 passed; 0 failed; 0 ignored; 0 measured; 0 filtered out; finished in 0.00s
[INFO] [stdout] 
[INFO] [stderr]      Running tests/elfparser_tests.rs (/opt/rustwide/target/debug/deps/elfparser_tests-a5516bd16312c461)
[INFO] [stdout] 
[INFO] [stdout] running 1 test
[INFO] [stdout] test elf_header_read ... FAILED
[INFO] [stdout] 
[INFO] [stdout] failures:
[INFO] [stdout] 
[INFO] [stdout] ---- elf_header_read stdout ----
[INFO] [stdout] thread 'elf_header_read' panicked at 'called `Result::unwrap()` on an `Err` value: Os { code: 2, kind: NotFound, message: "No such file or directory" }', src/elfparser.rs:184:39
[INFO] [stdout] stack backtrace:
[INFO] [stdout]    0:     0x562ee85a52aa - std::backtrace_rs::backtrace::libunwind::trace::h2f05d0192276a8f6
[INFO] [stdout]                                at /rustc/1b7dd2252b99671ce5d1cb9664c5f8636329436d/library/std/src/../../backtrace/src/backtrace/libunwind.rs:93:5
[INFO] [stdout]    1:     0x562ee85a52aa - std::backtrace_rs::backtrace::trace_unsynchronized::hedc23dff7a1af150
[INFO] [stdout]                                at /rustc/1b7dd2252b99671ce5d1cb9664c5f8636329436d/library/std/src/../../backtrace/src/backtrace/mod.rs:66:5
[INFO] [stdout]    2:     0x562ee85a52aa - std::sys_common::backtrace::_print_fmt::h17541ef7592f3ce2
[INFO] [stdout]                                at /rustc/1b7dd2252b99671ce5d1cb9664c5f8636329436d/library/std/src/sys_common/backtrace.rs:65:5
[INFO] [stdout]    3:     0x562ee85a52aa - <std::sys_common::backtrace::_print::DisplayBacktrace as core::fmt::Display>::fmt::h20f75df5ab0c0792
[INFO] [stdout]                                at /rustc/1b7dd2252b99671ce5d1cb9664c5f8636329436d/library/std/src/sys_common/backtrace.rs:44:22
[INFO] [stdout]    4:     0x562ee85c8eff - core::fmt::write::h78109e6f466b3af6
[INFO] [stdout]                                at /rustc/1b7dd2252b99671ce5d1cb9664c5f8636329436d/library/core/src/fmt/mod.rs:1254:17
[INFO] [stdout]    5:     0x562ee85a25f5 - std::io::Write::write_fmt::hd24bfb68a1b35a25
[INFO] [stdout]                                at /rustc/1b7dd2252b99671ce5d1cb9664c5f8636329436d/library/std/src/io/mod.rs:1698:15
[INFO] [stdout]    6:     0x562ee85a5075 - std::sys_common::backtrace::_print::h8dac57a9f8fbf9a5
[INFO] [stdout]                                at /rustc/1b7dd2252b99671ce5d1cb9664c5f8636329436d/library/std/src/sys_common/backtrace.rs:47:5
[INFO] [stdout]    7:     0x562ee85a5075 - std::sys_common::backtrace::print::hf9ecbf41d1aa712f
[INFO] [stdout]                                at /rustc/1b7dd2252b99671ce5d1cb9664c5f8636329436d/library/std/src/sys_common/backtrace.rs:34:9
[INFO] [stdout]    8:     0x562ee85a6d2e - std::panicking::default_hook::{{closure}}::h04c07acfc84ca028
[INFO] [stdout]                                at /rustc/1b7dd2252b99671ce5d1cb9664c5f8636329436d/library/std/src/panicking.rs:269:22
[INFO] [stdout]    9:     0x562ee85a6a61 - std::panicking::default_hook::h01f6bb23e1eceb2c
[INFO] [stdout]                                at /rustc/1b7dd2252b99671ce5d1cb9664c5f8636329436d/library/std/src/panicking.rs:285:9
[INFO] [stdout]   10:     0x562ee857196b - <alloc::boxed::Box<F,A> as core::ops::function::Fn<Args>>::call::h87fe9f7b2fd49e4c
[INFO] [stdout]                                at /rustc/1b7dd2252b99671ce5d1cb9664c5f8636329436d/library/alloc/src/boxed.rs:1987:9
[INFO] [stdout]   11:     0x562ee857196b - test::test_main::{{closure}}::he94d679243a7531b
[INFO] [stdout]                                at /rustc/1b7dd2252b99671ce5d1cb9664c5f8636329436d/library/test/src/lib.rs:134:21
[INFO] [stdout]   12:     0x562ee85a7414 - <alloc::boxed::Box<F,A> as core::ops::function::Fn<Args>>::call::h3f2d6d8b14c4769f
[INFO] [stdout]                                at /rustc/1b7dd2252b99671ce5d1cb9664c5f8636329436d/library/alloc/src/boxed.rs:1987:9
[INFO] [stdout]   13:     0x562ee85a7414 - std::panicking::rust_panic_with_hook::h2bb3722bbaf2f6df
[INFO] [stdout]                                at /rustc/1b7dd2252b99671ce5d1cb9664c5f8636329436d/library/std/src/panicking.rs:695:13
[INFO] [stdout]   14:     0x562ee85a7189 - std::panicking::begin_panic_handler::{{closure}}::h91bc7f36a4be011b
[INFO] [stdout]                                at /rustc/1b7dd2252b99671ce5d1cb9664c5f8636329436d/library/std/src/panicking.rs:582:13
[INFO] [stdout]   15:     0x562ee85a5716 - std::sys_common::backtrace::__rust_end_short_backtrace::h8b3d3717114f9e59
[INFO] [stdout]                                at /rustc/1b7dd2252b99671ce5d1cb9664c5f8636329436d/library/std/src/sys_common/backtrace.rs:150:18
[INFO] [stdout]   16:     0x562ee85a6ee2 - rust_begin_unwind
[INFO] [stdout]                                at /rustc/1b7dd2252b99671ce5d1cb9664c5f8636329436d/library/std/src/panicking.rs:578:5
[INFO] [stdout]   17:     0x562ee853cba3 - core::panicking::panic_fmt::hfd368e3fbdabea26
[INFO] [stdout]                                at /rustc/1b7dd2252b99671ce5d1cb9664c5f8636329436d/library/core/src/panicking.rs:67:14
[INFO] [stdout]   18:     0x562ee853cff3 - core::result::unwrap_failed::he54eb4b2f125b26f
[INFO] [stdout]                                at /rustc/1b7dd2252b99671ce5d1cb9664c5f8636329436d/library/core/src/result.rs:1687:5
[INFO] [stdout]   19:     0x562ee857fddb - core::result::Result<T,E>::unwrap::hd00931d99fa6395d
[INFO] [stdout]                                at /rustc/1b7dd2252b99671ce5d1cb9664c5f8636329436d/library/core/src/result.rs:1089:23
[INFO] [stdout]   20:     0x562ee857cda0 - avrvm::elfparser::read_elf_header::h585568be9ca3b7d3
[INFO] [stdout]                                at /opt/rustwide/workdir/src/elfparser.rs:184:37
[INFO] [stdout]   21:     0x562ee853db51 - elfparser_tests::elf_header_read::haaf04894372f2550
[INFO] [stdout]                                at /opt/rustwide/workdir/tests/elfparser_tests.rs:7:18
[INFO] [stdout]   22:     0x562ee853db17 - elfparser_tests::elf_header_read::{{closure}}::hd167c0a36ded57a5
[INFO] [stdout]                                at /opt/rustwide/workdir/tests/elfparser_tests.rs:6:22
[INFO] [stdout]   23:     0x562ee853d655 - core::ops::function::FnOnce::call_once::hc2896487e0ddf38f
[INFO] [stdout]                                at /rustc/1b7dd2252b99671ce5d1cb9664c5f8636329436d/library/core/src/ops/function.rs:250:5
[INFO] [stdout]   24:     0x562ee857683f - core::ops::function::FnOnce::call_once::ha6a70e79f7481a7e
[INFO] [stdout]                                at /rustc/1b7dd2252b99671ce5d1cb9664c5f8636329436d/library/core/src/ops/function.rs:250:5
[INFO] [stdout]   25:     0x562ee857683f - test::__rust_begin_short_backtrace::hce33033019b61e69
[INFO] [stdout]                                at /rustc/1b7dd2252b99671ce5d1cb9664c5f8636329436d/library/test/src/lib.rs:655:18
[INFO] [stdout]   26:     0x562ee854402c - test::run_test::{{closure}}::h858d3528838ae3e5
[INFO] [stdout]                                at /rustc/1b7dd2252b99671ce5d1cb9664c5f8636329436d/library/test/src/lib.rs:646:30
[INFO] [stdout]   27:     0x562ee854402c - core::ops::function::FnOnce::call_once{{vtable.shim}}::he8ac2b00f01ae79e
[INFO] [stdout]                                at /rustc/1b7dd2252b99671ce5d1cb9664c5f8636329436d/library/core/src/ops/function.rs:250:5
[INFO] [stdout]   28:     0x562ee8575916 - <alloc::boxed::Box<F,A> as core::ops::function::FnOnce<Args>>::call_once::h8093d25b522725ef
[INFO] [stdout]                                at /rustc/1b7dd2252b99671ce5d1cb9664c5f8636329436d/library/alloc/src/boxed.rs:1973:9
[INFO] [stdout]   29:     0x562ee8575916 - <core::panic::unwind_safe::AssertUnwindSafe<F> as core::ops::function::FnOnce<()>>::call_once::h5c334c204e4a3913
[INFO] [stdout]                                at /rustc/1b7dd2252b99671ce5d1cb9664c5f8636329436d/library/core/src/panic/unwind_safe.rs:271:9
[INFO] [stdout]   30:     0x562ee8575916 - std::panicking::try::do_call::ha8b740c7b9478074
[INFO] [stdout]                                at /rustc/1b7dd2252b99671ce5d1cb9664c5f8636329436d/library/std/src/panicking.rs:485:40
[INFO] [stdout]   31:     0x562ee8575916 - std::panicking::try::h5d34f63d0e41b64e
[INFO] [stdout]                                at /rustc/1b7dd2252b99671ce5d1cb9664c5f8636329436d/library/std/src/panicking.rs:449:19
[INFO] [stdout]   32:     0x562ee8575916 - std::panic::catch_unwind::hcfbb511e1aa7fc67
[INFO] [stdout]                                at /rustc/1b7dd2252b99671ce5d1cb9664c5f8636329436d/library/std/src/panic.rs:140:14
[INFO] [stdout]   33:     0x562ee8575916 - test::run_test_in_process::h9abda90f802eaf21
[INFO] [stdout]                                at /rustc/1b7dd2252b99671ce5d1cb9664c5f8636329436d/library/test/src/lib.rs:678:27
[INFO] [stdout]   34:     0x562ee8575916 - test::run_test::run_test_inner::{{closure}}::h0f058de91f6c6edf
[INFO] [stdout]                                at /rustc/1b7dd2252b99671ce5d1cb9664c5f8636329436d/library/test/src/lib.rs:572:39
[INFO] [stdout]   35:     0x562ee853e835 - test::run_test::run_test_inner::{{closure}}::h5ca48a4c59c6c1fb
[INFO] [stdout]                                at /rustc/1b7dd2252b99671ce5d1cb9664c5f8636329436d/library/test/src/lib.rs:599:37
[INFO] [stdout]   36:     0x562ee853e835 - std::sys_common::backtrace::__rust_begin_short_backtrace::h32bd51e1495d4a33
[INFO] [stdout]                                at /rustc/1b7dd2252b99671ce5d1cb9664c5f8636329436d/library/std/src/sys_common/backtrace.rs:134:18
[INFO] [stdout]   37:     0x562ee8543d71 - std::thread::Builder::spawn_unchecked_::{{closure}}::{{closure}}::hc086fae9b128b2db
[INFO] [stdout]                                at /rustc/1b7dd2252b99671ce5d1cb9664c5f8636329436d/library/std/src/thread/mod.rs:526:17
[INFO] [stdout]   38:     0x562ee8543d71 - <core::panic::unwind_safe::AssertUnwindSafe<F> as core::ops::function::FnOnce<()>>::call_once::hb66571888d270d43
[INFO] [stdout]                                at /rustc/1b7dd2252b99671ce5d1cb9664c5f8636329436d/library/core/src/panic/unwind_safe.rs:271:9
[INFO] [stdout]   39:     0x562ee8543d71 - std::panicking::try::do_call::h4fa2ef4f6e51fecf
[INFO] [stdout]                                at /rustc/1b7dd2252b99671ce5d1cb9664c5f8636329436d/library/std/src/panicking.rs:485:40
[INFO] [stdout]   40:     0x562ee8543d71 - std::panicking::try::h1e9e22b8584489b5
[INFO] [stdout]                                at /rustc/1b7dd2252b99671ce5d1cb9664c5f8636329436d/library/std/src/panicking.rs:449:19
[INFO] [stdout]   41:     0x562ee8543d71 - std::panic::catch_unwind::h44698a3de0e0769e
[INFO] [stdout]                                at /rustc/1b7dd2252b99671ce5d1cb9664c5f8636329436d/library/std/src/panic.rs:140:14
[INFO] [stdout]   42:     0x562ee8543d71 - std::thread::Builder::spawn_unchecked_::{{closure}}::h50153abde3fe239e
[INFO] [stdout]                                at /rustc/1b7dd2252b99671ce5d1cb9664c5f8636329436d/library/std/src/thread/mod.rs:525:30
[INFO] [stdout]   43:     0x562ee8543d71 - core::ops::function::FnOnce::call_once{{vtable.shim}}::hbe5bbf6f38394364
[INFO] [stdout]                                at /rustc/1b7dd2252b99671ce5d1cb9664c5f8636329436d/library/core/src/ops/function.rs:250:5
[INFO] [stdout]   44:     0x562ee85ab8e5 - <alloc::boxed::Box<F,A> as core::ops::function::FnOnce<Args>>::call_once::h0d83cb2920a49046
[INFO] [stdout]                                at /rustc/1b7dd2252b99671ce5d1cb9664c5f8636329436d/library/alloc/src/boxed.rs:1973:9
[INFO] [stdout]   45:     0x562ee85ab8e5 - <alloc::boxed::Box<F,A> as core::ops::function::FnOnce<Args>>::call_once::hbe0a008aa7d9ef59
[INFO] [stdout]                                at /rustc/1b7dd2252b99671ce5d1cb9664c5f8636329436d/library/alloc/src/boxed.rs:1973:9
[INFO] [stdout]   46:     0x562ee85ab8e5 - std::sys::unix::thread::Thread::new::thread_start::h3a466996bdf6b1f9
[INFO] [stdout]                                at /rustc/1b7dd2252b99671ce5d1cb9664c5f8636329436d/library/std/src/sys/unix/thread.rs:108:17
[INFO] [stdout]   47:     0x7f85ff785b43 - <unknown>
[INFO] [stdout]   48:     0x7f85ff816bb4 - __clone
[INFO] [stdout]   49:                0x0 - <unknown>
[INFO] [stdout] 
[INFO] [stdout] 
[INFO] [stdout] failures:
[INFO] [stdout]     elf_header_read
[INFO] [stdout] 
[INFO] [stdout] test result: FAILED. 0 passed; 1 failed; 0 ignored; 0 measured; 0 filtered out; finished in 0.01s
[INFO] [stdout] 
[INFO] [stderr] error: test failed, to rerun pass `--test elfparser_tests`
[INFO] running `Command { std: "docker" "inspect" "b3c9802ebc828b52bb335f61370d7f3d90264325271411d085ae66c0c341f063", kill_on_drop: false }`
[INFO] running `Command { std: "docker" "rm" "-f" "b3c9802ebc828b52bb335f61370d7f3d90264325271411d085ae66c0c341f063", kill_on_drop: false }`
[INFO] [stdout] b3c9802ebc828b52bb335f61370d7f3d90264325271411d085ae66c0c341f063
