[INFO] cloning repository https://github.com/ryhoh/-Rust-ProgressBar
[INFO] running `Command { std: "git" "-c" "credential.helper=" "-c" "credential.helper=/workspace/cargo-home/bin/git-credential-null" "clone" "--bare" "https://github.com/ryhoh/-Rust-ProgressBar" "/workspace/cache/git-repos/https%3A%2F%2Fgithub.com%2Fryhoh%2F-Rust-ProgressBar", kill_on_drop: false }`
[INFO] [stderr] Cloning into bare repository '/workspace/cache/git-repos/https%3A%2F%2Fgithub.com%2Fryhoh%2F-Rust-ProgressBar'...
[INFO] running `Command { std: "git" "rev-parse" "HEAD", kill_on_drop: false }`
[INFO] [stdout] 7eebbdcc4ffb84a1d13e55ff5024bb0a23fd0c8d
[INFO] testing ryhoh/-Rust-ProgressBar against 1.69.0 for beta-1.70-1
[INFO] running `Command { std: "git" "clone" "/workspace/cache/git-repos/https%3A%2F%2Fgithub.com%2Fryhoh%2F-Rust-ProgressBar" "/workspace/builds/worker-7-tc1/source", kill_on_drop: false }`
[INFO] [stderr] Cloning into '/workspace/builds/worker-7-tc1/source'...
[INFO] [stderr] done.
[INFO] validating manifest of git repo https://github.com/ryhoh/-Rust-ProgressBar on toolchain 1.69.0
[INFO] running `Command { std: CARGO_HOME="/workspace/cargo-home" RUSTUP_HOME="/workspace/rustup-home" "/workspace/cargo-home/bin/cargo" "+1.69.0" "metadata" "--manifest-path" "Cargo.toml" "--no-deps", kill_on_drop: false }`
[INFO] started tweaking git repo https://github.com/ryhoh/-Rust-ProgressBar
[INFO] finished tweaking git repo https://github.com/ryhoh/-Rust-ProgressBar
[INFO] tweaked toml for git repo https://github.com/ryhoh/-Rust-ProgressBar written to /workspace/builds/worker-7-tc1/source/Cargo.toml
[INFO] crate git repo https://github.com/ryhoh/-Rust-ProgressBar already has a lockfile, it will not be regenerated
[INFO] running `Command { std: CARGO_HOME="/workspace/cargo-home" RUSTUP_HOME="/workspace/rustup-home" "/workspace/cargo-home/bin/cargo" "+1.69.0" "fetch" "--manifest-path" "Cargo.toml", kill_on_drop: false }`
[INFO] running `Command { std: "docker" "create" "-v" "/var/lib/crater-agent-workspace/builds/worker-7-tc1/target:/opt/rustwide/target:rw,Z" "-v" "/var/lib/crater-agent-workspace/builds/worker-7-tc1/source:/opt/rustwide/workdir:ro,Z" "-v" "/var/lib/crater-agent-workspace/cargo-home:/opt/rustwide/cargo-home:ro,Z" "-v" "/var/lib/crater-agent-workspace/rustup-home:/opt/rustwide/rustup-home:ro,Z" "-e" "SOURCE_DIR=/opt/rustwide/workdir" "-e" "CARGO_TARGET_DIR=/opt/rustwide/target" "-e" "CARGO_HOME=/opt/rustwide/cargo-home" "-e" "RUSTUP_HOME=/opt/rustwide/rustup-home" "-w" "/opt/rustwide/workdir" "-m" "1610612736" "--user" "0:0" "--network" "none" "ghcr.io/rust-lang/crates-build-env/linux@sha256:5ff2268d62e97bff2cde7d5815dd6ed5b47097566f13b8d0ca110b04b60e07ed" "/opt/rustwide/cargo-home/bin/cargo" "+1.69.0" "metadata" "--no-deps" "--format-version=1", kill_on_drop: false }`
[INFO] [stdout] d121188bb430e78840ccdf25bd12b4f9e167eb598c08840b65e9ebf07bbaa55c
[INFO] running `Command { std: "docker" "start" "-a" "d121188bb430e78840ccdf25bd12b4f9e167eb598c08840b65e9ebf07bbaa55c", kill_on_drop: false }`
[INFO] running `Command { std: "docker" "inspect" "d121188bb430e78840ccdf25bd12b4f9e167eb598c08840b65e9ebf07bbaa55c", kill_on_drop: false }`
[INFO] running `Command { std: "docker" "rm" "-f" "d121188bb430e78840ccdf25bd12b4f9e167eb598c08840b65e9ebf07bbaa55c", kill_on_drop: false }`
[INFO] [stdout] d121188bb430e78840ccdf25bd12b4f9e167eb598c08840b65e9ebf07bbaa55c
[INFO] running `Command { std: "docker" "create" "-v" "/var/lib/crater-agent-workspace/builds/worker-7-tc1/target:/opt/rustwide/target:rw,Z" "-v" "/var/lib/crater-agent-workspace/builds/worker-7-tc1/source:/opt/rustwide/workdir:ro,Z" "-v" "/var/lib/crater-agent-workspace/cargo-home:/opt/rustwide/cargo-home:ro,Z" "-v" "/var/lib/crater-agent-workspace/rustup-home:/opt/rustwide/rustup-home:ro,Z" "-e" "SOURCE_DIR=/opt/rustwide/workdir" "-e" "CARGO_TARGET_DIR=/opt/rustwide/target" "-e" "CARGO_INCREMENTAL=0" "-e" "RUST_BACKTRACE=full" "-e" "RUSTFLAGS=--cap-lints=warn" "-e" "RUSTDOCFLAGS=--cap-lints=warn" "-e" "CARGO_HOME=/opt/rustwide/cargo-home" "-e" "RUSTUP_HOME=/opt/rustwide/rustup-home" "-w" "/opt/rustwide/workdir" "-m" "1610612736" "--user" "0:0" "--network" "none" "ghcr.io/rust-lang/crates-build-env/linux@sha256:5ff2268d62e97bff2cde7d5815dd6ed5b47097566f13b8d0ca110b04b60e07ed" "/opt/rustwide/cargo-home/bin/cargo" "+1.69.0" "build" "--frozen" "--message-format=json", kill_on_drop: false }`
[INFO] [stdout] 6528d2a4a3f1bcf85dcf718387e95b81bbf81b6a845929a4fc161d471541f226
[INFO] running `Command { std: "docker" "start" "-a" "6528d2a4a3f1bcf85dcf718387e95b81bbf81b6a845929a4fc161d471541f226", kill_on_drop: false }`
[INFO] [stderr]    Compiling progressbar v0.1.0 (/opt/rustwide/workdir)
[INFO] [stderr]     Finished dev [unoptimized + debuginfo] target(s) in 0.27s
[INFO] running `Command { std: "docker" "inspect" "6528d2a4a3f1bcf85dcf718387e95b81bbf81b6a845929a4fc161d471541f226", kill_on_drop: false }`
[INFO] running `Command { std: "docker" "rm" "-f" "6528d2a4a3f1bcf85dcf718387e95b81bbf81b6a845929a4fc161d471541f226", kill_on_drop: false }`
[INFO] [stdout] 6528d2a4a3f1bcf85dcf718387e95b81bbf81b6a845929a4fc161d471541f226
[INFO] running `Command { std: "docker" "create" "-v" "/var/lib/crater-agent-workspace/builds/worker-7-tc1/target:/opt/rustwide/target:rw,Z" "-v" "/var/lib/crater-agent-workspace/builds/worker-7-tc1/source:/opt/rustwide/workdir:ro,Z" "-v" "/var/lib/crater-agent-workspace/cargo-home:/opt/rustwide/cargo-home:ro,Z" "-v" "/var/lib/crater-agent-workspace/rustup-home:/opt/rustwide/rustup-home:ro,Z" "-e" "SOURCE_DIR=/opt/rustwide/workdir" "-e" "CARGO_TARGET_DIR=/opt/rustwide/target" "-e" "CARGO_INCREMENTAL=0" "-e" "RUST_BACKTRACE=full" "-e" "RUSTFLAGS=--cap-lints=warn" "-e" "RUSTDOCFLAGS=--cap-lints=warn" "-e" "CARGO_HOME=/opt/rustwide/cargo-home" "-e" "RUSTUP_HOME=/opt/rustwide/rustup-home" "-w" "/opt/rustwide/workdir" "-m" "1610612736" "--user" "0:0" "--network" "none" "ghcr.io/rust-lang/crates-build-env/linux@sha256:5ff2268d62e97bff2cde7d5815dd6ed5b47097566f13b8d0ca110b04b60e07ed" "/opt/rustwide/cargo-home/bin/cargo" "+1.69.0" "test" "--frozen" "--no-run" "--message-format=json", kill_on_drop: false }`
[INFO] [stdout] 32a1cb3f713de42558cc92c457bc948e44bd5b572d4ab3b7e6c272a6976aab65
[INFO] running `Command { std: "docker" "start" "-a" "32a1cb3f713de42558cc92c457bc948e44bd5b572d4ab3b7e6c272a6976aab65", kill_on_drop: false }`
[INFO] [stderr]    Compiling progressbar v0.1.0 (/opt/rustwide/workdir)
[INFO] [stderr]     Finished test [unoptimized + debuginfo] target(s) in 0.24s
[INFO] running `Command { std: "docker" "inspect" "32a1cb3f713de42558cc92c457bc948e44bd5b572d4ab3b7e6c272a6976aab65", kill_on_drop: false }`
[INFO] running `Command { std: "docker" "rm" "-f" "32a1cb3f713de42558cc92c457bc948e44bd5b572d4ab3b7e6c272a6976aab65", kill_on_drop: false }`
[INFO] [stdout] 32a1cb3f713de42558cc92c457bc948e44bd5b572d4ab3b7e6c272a6976aab65
[INFO] running `Command { std: "docker" "create" "-v" "/var/lib/crater-agent-workspace/builds/worker-7-tc1/target:/opt/rustwide/target:rw,Z" "-v" "/var/lib/crater-agent-workspace/builds/worker-7-tc1/source:/opt/rustwide/workdir:ro,Z" "-v" "/var/lib/crater-agent-workspace/cargo-home:/opt/rustwide/cargo-home:ro,Z" "-v" "/var/lib/crater-agent-workspace/rustup-home:/opt/rustwide/rustup-home:ro,Z" "-e" "SOURCE_DIR=/opt/rustwide/workdir" "-e" "CARGO_TARGET_DIR=/opt/rustwide/target" "-e" "CARGO_INCREMENTAL=0" "-e" "RUST_BACKTRACE=full" "-e" "RUSTFLAGS=--cap-lints=warn" "-e" "RUSTDOCFLAGS=--cap-lints=warn" "-e" "CARGO_HOME=/opt/rustwide/cargo-home" "-e" "RUSTUP_HOME=/opt/rustwide/rustup-home" "-w" "/opt/rustwide/workdir" "-m" "1610612736" "--user" "0:0" "--network" "none" "ghcr.io/rust-lang/crates-build-env/linux@sha256:5ff2268d62e97bff2cde7d5815dd6ed5b47097566f13b8d0ca110b04b60e07ed" "/opt/rustwide/cargo-home/bin/cargo" "+1.69.0" "test" "--frozen", kill_on_drop: false }`
[INFO] [stdout] 978422b6618705242d39c35cd2f95590c7356317a71b4fb6f6c23dfff1521d17
[INFO] running `Command { std: "docker" "start" "-a" "978422b6618705242d39c35cd2f95590c7356317a71b4fb6f6c23dfff1521d17", kill_on_drop: false }`
[INFO] [stderr]     Finished test [unoptimized + debuginfo] target(s) in 0.00s
[INFO] [stderr]      Running unittests src/lib.rs (/opt/rustwide/target/debug/deps/progressbar-70a7c526e1782876)
[INFO] [stdout] 
[INFO] [stdout] running 4 tests
[INFO] [stdout] test test_progress_bar::test_increase ... ok
[INFO] [stdout] test test_progress_bar::test_increase_stopping ... ok
[INFO] [stdout] test test_progress_bar::test_to_string_custom ... ok
[INFO] [stderr]      Running unittests src/main.rs (/opt/rustwide/target/debug/deps/progressbar-ed35cc1a0e2cb1bb)
[INFO] [stdout] test test_progress_bar::test_to_string_default ... ok
[INFO] [stdout] 
[INFO] [stdout] test result: ok. 4 passed; 0 failed; 0 ignored; 0 measured; 0 filtered out; finished in 0.00s
[INFO] [stdout] 
[INFO] [stdout] 
[INFO] [stdout] running 0 tests
[INFO] [stdout] 
[INFO] [stdout] test result: ok. 0 passed; 0 failed; 0 ignored; 0 measured; 0 filtered out; finished in 0.00s
[INFO] [stdout] 
[INFO] [stderr]    Doc-tests progressbar
[INFO] [stdout] 
[INFO] [stdout] running 10 tests
[INFO] [stdout] test src/progress.rs - progress::progress (line 41) ... FAILED
[INFO] [stdout] test src/progress.rs - progress::progress (line 16) ... FAILED
[INFO] [stdout] test src/progress.rs - progress::progress (line 46) ... FAILED
[INFO] [stdout] test src/progress.rs - progress::progress (line 11) ... FAILED
[INFO] [stdout] test src/progress.rs - progress::progress (line 36) ... FAILED
[INFO] [stdout] test src/progress.rs - progress::progress (line 26) ... FAILED
[INFO] [stdout] test src/progress.rs - progress::progress (line 31) ... FAILED
[INFO] [stdout] test src/progress.rs - progress::progress (line 21) ... FAILED
[INFO] [stdout] test src/progress.rs - progress::progress (line 58) ... FAILED
[INFO] [stdout] test src/progress.rs - progress::progress (line 53) ... FAILED
[INFO] [stdout] 
[INFO] [stdout] failures:
[INFO] [stdout] 
[INFO] [stdout] ---- src/progress.rs - progress::progress (line 41) stdout ----
[INFO] [stdout] error[E0425]: cannot find value `progress_bar` in this scope
[INFO] [stdout]  --> src/progress.rs:42:1
[INFO] [stdout]   |
[INFO] [stdout] 3 | progress_bar.increase();  // has no effects
[INFO] [stdout]   | ^^^^^^^^^^^^ not found in this scope
[INFO] [stdout] 
[INFO] [stdout] error: aborting due to previous error
[INFO] [stdout] 
[INFO] [stdout] For more information about this error, try `rustc --explain E0425`.
[INFO] [stdout] Couldn't compile the test.
[INFO] [stdout] ---- src/progress.rs - progress::progress (line 16) stdout ----
[INFO] [stdout] error[E0425]: cannot find value `progress_bar` in this scope
[INFO] [stdout]  --> src/progress.rs:17:16
[INFO] [stdout]   |
[INFO] [stdout] 3 | println!("{}", progress_bar.to_string());
[INFO] [stdout]   |                ^^^^^^^^^^^^ not found in this scope
[INFO] [stdout] 
[INFO] [stdout] error: aborting due to previous error
[INFO] [stdout] 
[INFO] [stdout] For more information about this error, try `rustc --explain E0425`.
[INFO] [stdout] Couldn't compile the test.
[INFO] [stdout] ---- src/progress.rs - progress::progress (line 46) stdout ----
[INFO] [stdout] error[E0425]: cannot find value `progress_bar` in this scope
[INFO] [stdout]  --> src/progress.rs:47:16
[INFO] [stdout]   |
[INFO] [stdout] 3 | println!("{}", progress_bar.to_string());
[INFO] [stdout]   |                ^^^^^^^^^^^^ not found in this scope
[INFO] [stdout] 
[INFO] [stdout] error: aborting due to previous error
[INFO] [stdout] 
[INFO] [stdout] For more information about this error, try `rustc --explain E0425`.
[INFO] [stdout] Couldn't compile the test.
[INFO] [stdout] ---- src/progress.rs - progress::progress (line 11) stdout ----
[INFO] [stdout] error[E0433]: failed to resolve: use of undeclared crate or module `progress`
[INFO] [stdout]  --> src/progress.rs:12:24
[INFO] [stdout]   |
[INFO] [stdout] 3 | let mut progress_bar = progress::ProgressBar::new(2);
[INFO] [stdout]   |                        ^^^^^^^^ use of undeclared crate or module `progress`
[INFO] [stdout] 
[INFO] [stdout] error: aborting due to previous error
[INFO] [stdout] 
[INFO] [stdout] For more information about this error, try `rustc --explain E0433`.
[INFO] [stdout] Couldn't compile the test.
[INFO] [stdout] ---- src/progress.rs - progress::progress (line 36) stdout ----
[INFO] [stdout] error[E0425]: cannot find value `progress_bar` in this scope
[INFO] [stdout]  --> src/progress.rs:37:16
[INFO] [stdout]   |
[INFO] [stdout] 3 | println!("{}", progress_bar.to_string());
[INFO] [stdout]   |                ^^^^^^^^^^^^ not found in this scope
[INFO] [stdout] 
[INFO] [stdout] error: aborting due to previous error
[INFO] [stdout] 
[INFO] [stdout] For more information about this error, try `rustc --explain E0425`.
[INFO] [stdout] Couldn't compile the test.
[INFO] [stdout] ---- src/progress.rs - progress::progress (line 26) stdout ----
[INFO] [stdout] error[E0425]: cannot find value `progress_bar` in this scope
[INFO] [stdout]  --> src/progress.rs:27:16
[INFO] [stdout]   |
[INFO] [stdout] 3 | println!("{}", progress_bar.to_string());
[INFO] [stdout]   |                ^^^^^^^^^^^^ not found in this scope
[INFO] [stdout] 
[INFO] [stdout] error: aborting due to previous error
[INFO] [stdout] 
[INFO] [stdout] For more information about this error, try `rustc --explain E0425`.
[INFO] [stdout] Couldn't compile the test.
[INFO] [stdout] ---- src/progress.rs - progress::progress (line 31) stdout ----
[INFO] [stdout] error[E0425]: cannot find value `progress_bar` in this scope
[INFO] [stdout]  --> src/progress.rs:32:1
[INFO] [stdout]   |
[INFO] [stdout] 3 | progress_bar.increase();
[INFO] [stdout]   | ^^^^^^^^^^^^ not found in this scope
[INFO] [stdout] 
[INFO] [stdout] error: aborting due to previous error
[INFO] [stdout] 
[INFO] [stdout] For more information about this error, try `rustc --explain E0425`.
[INFO] [stdout] Couldn't compile the test.
[INFO] [stdout] ---- src/progress.rs - progress::progress (line 21) stdout ----
[INFO] [stdout] error[E0425]: cannot find value `progress_bar` in this scope
[INFO] [stdout]  --> src/progress.rs:22:1
[INFO] [stdout]   |
[INFO] [stdout] 3 | progress_bar.increase();
[INFO] [stdout]   | ^^^^^^^^^^^^ not found in this scope
[INFO] [stdout] 
[INFO] [stdout] error: aborting due to previous error
[INFO] [stdout] 
[INFO] [stdout] For more information about this error, try `rustc --explain E0425`.
[INFO] [stdout] Couldn't compile the test.
[INFO] [stdout] ---- src/progress.rs - progress::progress (line 58) stdout ----
[INFO] [stdout] error[E0425]: cannot find value `progress_bar` in this scope
[INFO] [stdout]  --> src/progress.rs:59:16
[INFO] [stdout]   |
[INFO] [stdout] 3 | println!("{}", progress_bar.to_string());
[INFO] [stdout]   |                ^^^^^^^^^^^^ not found in this scope
[INFO] [stdout] 
[INFO] [stdout] error: aborting due to previous error
[INFO] [stdout] 
[INFO] [stdout] For more information about this error, try `rustc --explain E0425`.
[INFO] [stdout] Couldn't compile the test.
[INFO] [stdout] ---- src/progress.rs - progress::progress (line 53) stdout ----
[INFO] [stdout] error[E0425]: cannot find value `progress_bar` in this scope
[INFO] [stdout]  --> src/progress.rs:54:1
[INFO] [stdout]   |
[INFO] [stdout] 3 | progress_bar.set_format("%C of %F are done (%P\\%)".to_string());
[INFO] [stdout]   | ^^^^^^^^^^^^ not found in this scope
[INFO] [stdout] 
[INFO] [stdout] error: aborting due to previous error
[INFO] [stdout] 
[INFO] [stdout] For more information about this error, try `rustc --explain E0425`.
[INFO] [stdout] Couldn't compile the test.
[INFO] [stdout] 
[INFO] [stdout] failures:
[INFO] [stdout]     src/progress.rs - progress::progress (line 11)
[INFO] [stdout]     src/progress.rs - progress::progress (line 16)
[INFO] [stdout]     src/progress.rs - progress::progress (line 21)
[INFO] [stdout]     src/progress.rs - progress::progress (line 26)
[INFO] [stdout]     src/progress.rs - progress::progress (line 31)
[INFO] [stdout]     src/progress.rs - progress::progress (line 36)
[INFO] [stdout]     src/progress.rs - progress::progress (line 41)
[INFO] [stdout]     src/progress.rs - progress::progress (line 46)
[INFO] [stdout]     src/progress.rs - progress::progress (line 53)
[INFO] [stdout]     src/progress.rs - progress::progress (line 58)
[INFO] [stdout] 
[INFO] [stdout] test result: FAILED. 0 passed; 10 failed; 0 ignored; 0 measured; 0 filtered out; finished in 0.06s
[INFO] [stdout] 
[INFO] [stderr] error: doctest failed, to rerun pass `--doc`
[INFO] running `Command { std: "docker" "inspect" "978422b6618705242d39c35cd2f95590c7356317a71b4fb6f6c23dfff1521d17", kill_on_drop: false }`
[INFO] running `Command { std: "docker" "rm" "-f" "978422b6618705242d39c35cd2f95590c7356317a71b4fb6f6c23dfff1521d17", kill_on_drop: false }`
[INFO] [stdout] 978422b6618705242d39c35cd2f95590c7356317a71b4fb6f6c23dfff1521d17
