[INFO] cloning repository https://github.com/rutgerclaes/advent-of-code-rs
[INFO] running `Command { std: "git" "-c" "credential.helper=" "-c" "credential.helper=/workspace/cargo-home/bin/git-credential-null" "clone" "--bare" "https://github.com/rutgerclaes/advent-of-code-rs" "/workspace/cache/git-repos/https%3A%2F%2Fgithub.com%2Frutgerclaes%2Fadvent-of-code-rs", kill_on_drop: false }`
[INFO] [stderr] Cloning into bare repository '/workspace/cache/git-repos/https%3A%2F%2Fgithub.com%2Frutgerclaes%2Fadvent-of-code-rs'...
[INFO] running `Command { std: "git" "rev-parse" "HEAD", kill_on_drop: false }`
[INFO] [stdout] 76e66a219cb3ba15c0a998f5f9a0b364d50d4c65
[INFO] testing rutgerclaes/advent-of-code-rs against 1.69.0 for beta-1.70-1
[INFO] running `Command { std: "git" "clone" "/workspace/cache/git-repos/https%3A%2F%2Fgithub.com%2Frutgerclaes%2Fadvent-of-code-rs" "/workspace/builds/worker-3-tc1/source", kill_on_drop: false }`
[INFO] [stderr] Cloning into '/workspace/builds/worker-3-tc1/source'...
[INFO] [stderr] done.
[INFO] validating manifest of git repo https://github.com/rutgerclaes/advent-of-code-rs on toolchain 1.69.0
[INFO] running `Command { std: CARGO_HOME="/workspace/cargo-home" RUSTUP_HOME="/workspace/rustup-home" "/workspace/cargo-home/bin/cargo" "+1.69.0" "metadata" "--manifest-path" "Cargo.toml" "--no-deps", kill_on_drop: false }`
[INFO] started tweaking git repo https://github.com/rutgerclaes/advent-of-code-rs
[INFO] finished tweaking git repo https://github.com/rutgerclaes/advent-of-code-rs
[INFO] tweaked toml for git repo https://github.com/rutgerclaes/advent-of-code-rs written to /workspace/builds/worker-3-tc1/source/Cargo.toml
[INFO] crate git repo https://github.com/rutgerclaes/advent-of-code-rs already has a lockfile, it will not be regenerated
[INFO] running `Command { std: CARGO_HOME="/workspace/cargo-home" RUSTUP_HOME="/workspace/rustup-home" "/workspace/cargo-home/bin/cargo" "+1.69.0" "fetch" "--manifest-path" "Cargo.toml", kill_on_drop: false }`
[INFO] [stderr]     Blocking waiting for file lock on package cache
[INFO] [stderr]     Blocking waiting for file lock on package cache
[INFO] running `Command { std: "docker" "create" "-v" "/var/lib/crater-agent-workspace/builds/worker-3-tc1/target:/opt/rustwide/target:rw,Z" "-v" "/var/lib/crater-agent-workspace/builds/worker-3-tc1/source:/opt/rustwide/workdir:ro,Z" "-v" "/var/lib/crater-agent-workspace/cargo-home:/opt/rustwide/cargo-home:ro,Z" "-v" "/var/lib/crater-agent-workspace/rustup-home:/opt/rustwide/rustup-home:ro,Z" "-e" "SOURCE_DIR=/opt/rustwide/workdir" "-e" "CARGO_TARGET_DIR=/opt/rustwide/target" "-e" "CARGO_HOME=/opt/rustwide/cargo-home" "-e" "RUSTUP_HOME=/opt/rustwide/rustup-home" "-w" "/opt/rustwide/workdir" "-m" "1610612736" "--user" "0:0" "--network" "none" "ghcr.io/rust-lang/crates-build-env/linux@sha256:5ff2268d62e97bff2cde7d5815dd6ed5b47097566f13b8d0ca110b04b60e07ed" "/opt/rustwide/cargo-home/bin/cargo" "+1.69.0" "metadata" "--no-deps" "--format-version=1", kill_on_drop: false }`
[INFO] [stdout] a8e0b55649c48d543328725bd074236013dbbbd419cf338c36511cda778e4d7a
[INFO] running `Command { std: "docker" "start" "-a" "a8e0b55649c48d543328725bd074236013dbbbd419cf338c36511cda778e4d7a", kill_on_drop: false }`
[INFO] running `Command { std: "docker" "inspect" "a8e0b55649c48d543328725bd074236013dbbbd419cf338c36511cda778e4d7a", kill_on_drop: false }`
[INFO] running `Command { std: "docker" "rm" "-f" "a8e0b55649c48d543328725bd074236013dbbbd419cf338c36511cda778e4d7a", kill_on_drop: false }`
[INFO] [stdout] a8e0b55649c48d543328725bd074236013dbbbd419cf338c36511cda778e4d7a
[INFO] running `Command { std: "docker" "create" "-v" "/var/lib/crater-agent-workspace/builds/worker-3-tc1/target:/opt/rustwide/target:rw,Z" "-v" "/var/lib/crater-agent-workspace/builds/worker-3-tc1/source:/opt/rustwide/workdir:ro,Z" "-v" "/var/lib/crater-agent-workspace/cargo-home:/opt/rustwide/cargo-home:ro,Z" "-v" "/var/lib/crater-agent-workspace/rustup-home:/opt/rustwide/rustup-home:ro,Z" "-e" "SOURCE_DIR=/opt/rustwide/workdir" "-e" "CARGO_TARGET_DIR=/opt/rustwide/target" "-e" "CARGO_INCREMENTAL=0" "-e" "RUST_BACKTRACE=full" "-e" "RUSTFLAGS=--cap-lints=warn" "-e" "RUSTDOCFLAGS=--cap-lints=warn" "-e" "CARGO_HOME=/opt/rustwide/cargo-home" "-e" "RUSTUP_HOME=/opt/rustwide/rustup-home" "-w" "/opt/rustwide/workdir" "-m" "1610612736" "--user" "0:0" "--network" "none" "ghcr.io/rust-lang/crates-build-env/linux@sha256:5ff2268d62e97bff2cde7d5815dd6ed5b47097566f13b8d0ca110b04b60e07ed" "/opt/rustwide/cargo-home/bin/cargo" "+1.69.0" "build" "--frozen" "--message-format=json", kill_on_drop: false }`
[INFO] [stdout] 2d51d4a90aeb2ac31147ce0825c9a5ba257f7bee83c3c5b8043125099123bdea
[INFO] running `Command { std: "docker" "start" "-a" "2d51d4a90aeb2ac31147ce0825c9a5ba257f7bee83c3c5b8043125099123bdea", kill_on_drop: false }`
[INFO] [stderr]    Compiling utils v0.1.0 (/opt/rustwide/workdir/utils)
[INFO] [stderr]    Compiling memchr v2.2.1
[INFO] [stderr]    Compiling lazy_static v1.4.0
[INFO] [stderr]    Compiling regex-syntax v0.6.12
[INFO] [stderr]    Compiling day_1 v0.1.0 (/opt/rustwide/workdir/day_1)
[INFO] [stderr]    Compiling day_2 v0.1.0 (/opt/rustwide/workdir/day_2)
[INFO] [stderr]    Compiling day_5 v0.1.0 (/opt/rustwide/workdir/day_5)
[INFO] [stderr]    Compiling thread_local v0.3.6
[INFO] [stderr]    Compiling aho-corasick v0.7.6
[INFO] [stderr]    Compiling regex v1.3.1
[INFO] [stderr]    Compiling day_4 v0.1.0 (/opt/rustwide/workdir/day_4)
[INFO] [stderr]    Compiling day_3 v0.1.0 (/opt/rustwide/workdir/day_3)
[INFO] [stderr]     Finished dev [unoptimized + debuginfo] target(s) in 6.00s
[INFO] running `Command { std: "docker" "inspect" "2d51d4a90aeb2ac31147ce0825c9a5ba257f7bee83c3c5b8043125099123bdea", kill_on_drop: false }`
[INFO] running `Command { std: "docker" "rm" "-f" "2d51d4a90aeb2ac31147ce0825c9a5ba257f7bee83c3c5b8043125099123bdea", kill_on_drop: false }`
[INFO] [stdout] 2d51d4a90aeb2ac31147ce0825c9a5ba257f7bee83c3c5b8043125099123bdea
[INFO] running `Command { std: "docker" "create" "-v" "/var/lib/crater-agent-workspace/builds/worker-3-tc1/target:/opt/rustwide/target:rw,Z" "-v" "/var/lib/crater-agent-workspace/builds/worker-3-tc1/source:/opt/rustwide/workdir:ro,Z" "-v" "/var/lib/crater-agent-workspace/cargo-home:/opt/rustwide/cargo-home:ro,Z" "-v" "/var/lib/crater-agent-workspace/rustup-home:/opt/rustwide/rustup-home:ro,Z" "-e" "SOURCE_DIR=/opt/rustwide/workdir" "-e" "CARGO_TARGET_DIR=/opt/rustwide/target" "-e" "CARGO_INCREMENTAL=0" "-e" "RUST_BACKTRACE=full" "-e" "RUSTFLAGS=--cap-lints=warn" "-e" "RUSTDOCFLAGS=--cap-lints=warn" "-e" "CARGO_HOME=/opt/rustwide/cargo-home" "-e" "RUSTUP_HOME=/opt/rustwide/rustup-home" "-w" "/opt/rustwide/workdir" "-m" "1610612736" "--user" "0:0" "--network" "none" "ghcr.io/rust-lang/crates-build-env/linux@sha256:5ff2268d62e97bff2cde7d5815dd6ed5b47097566f13b8d0ca110b04b60e07ed" "/opt/rustwide/cargo-home/bin/cargo" "+1.69.0" "test" "--frozen" "--no-run" "--message-format=json", kill_on_drop: false }`
[INFO] [stdout] 1a260e409281f89bf12f8ef916d6132779d076e30b66ee7ad8750c2b9dc7c4d3
[INFO] running `Command { std: "docker" "start" "-a" "1a260e409281f89bf12f8ef916d6132779d076e30b66ee7ad8750c2b9dc7c4d3", kill_on_drop: false }`
[INFO] [stderr]    Compiling day_2 v0.1.0 (/opt/rustwide/workdir/day_2)
[INFO] [stderr]    Compiling day_5 v0.1.0 (/opt/rustwide/workdir/day_5)
[INFO] [stderr]    Compiling day_1 v0.1.0 (/opt/rustwide/workdir/day_1)
[INFO] [stderr]    Compiling utils v0.1.0 (/opt/rustwide/workdir/utils)
[INFO] [stderr]    Compiling day_3 v0.1.0 (/opt/rustwide/workdir/day_3)
[INFO] [stderr]    Compiling day_4 v0.1.0 (/opt/rustwide/workdir/day_4)
[INFO] [stderr]     Finished test [unoptimized + debuginfo] target(s) in 0.84s
[INFO] running `Command { std: "docker" "inspect" "1a260e409281f89bf12f8ef916d6132779d076e30b66ee7ad8750c2b9dc7c4d3", kill_on_drop: false }`
[INFO] running `Command { std: "docker" "rm" "-f" "1a260e409281f89bf12f8ef916d6132779d076e30b66ee7ad8750c2b9dc7c4d3", kill_on_drop: false }`
[INFO] [stdout] 1a260e409281f89bf12f8ef916d6132779d076e30b66ee7ad8750c2b9dc7c4d3
[INFO] running `Command { std: "docker" "create" "-v" "/var/lib/crater-agent-workspace/builds/worker-3-tc1/target:/opt/rustwide/target:rw,Z" "-v" "/var/lib/crater-agent-workspace/builds/worker-3-tc1/source:/opt/rustwide/workdir:ro,Z" "-v" "/var/lib/crater-agent-workspace/cargo-home:/opt/rustwide/cargo-home:ro,Z" "-v" "/var/lib/crater-agent-workspace/rustup-home:/opt/rustwide/rustup-home:ro,Z" "-e" "SOURCE_DIR=/opt/rustwide/workdir" "-e" "CARGO_TARGET_DIR=/opt/rustwide/target" "-e" "CARGO_INCREMENTAL=0" "-e" "RUST_BACKTRACE=full" "-e" "RUSTFLAGS=--cap-lints=warn" "-e" "RUSTDOCFLAGS=--cap-lints=warn" "-e" "CARGO_HOME=/opt/rustwide/cargo-home" "-e" "RUSTUP_HOME=/opt/rustwide/rustup-home" "-w" "/opt/rustwide/workdir" "-m" "1610612736" "--user" "0:0" "--network" "none" "ghcr.io/rust-lang/crates-build-env/linux@sha256:5ff2268d62e97bff2cde7d5815dd6ed5b47097566f13b8d0ca110b04b60e07ed" "/opt/rustwide/cargo-home/bin/cargo" "+1.69.0" "test" "--frozen", kill_on_drop: false }`
[INFO] [stdout] 955b13aa138cebc3c8f90e7f618e4da0ef8937bdca30e2dcd1b1dbbb2652b514
[INFO] running `Command { std: "docker" "start" "-a" "955b13aa138cebc3c8f90e7f618e4da0ef8937bdca30e2dcd1b1dbbb2652b514", kill_on_drop: false }`
[INFO] [stderr]     Finished test [unoptimized + debuginfo] target(s) in 0.01s
[INFO] [stderr]      Running unittests src/lib.rs (/opt/rustwide/target/debug/deps/day_1-e0fc382ac7a77df4)
[INFO] [stdout] 
[INFO] [stdout] running 3 tests
[INFO] [stdout] test tests::test_part_1 ... ok
[INFO] [stdout] test tests::test_part_2 ... ok
[INFO] [stdout] test tests::test_read_integers ... ok
[INFO] [stdout] 
[INFO] [stdout] test result: ok. 3 passed; 0 failed; 0 ignored; 0 measured; 0 filtered out; finished in 0.00s
[INFO] [stdout] 
[INFO] [stderr]      Running unittests src/main.rs (/opt/rustwide/target/debug/deps/day_1-051371c9cfd3ba52)
[INFO] [stdout] 
[INFO] [stdout] running 0 tests
[INFO] [stdout] 
[INFO] [stdout] test result: ok. 0 passed; 0 failed; 0 ignored; 0 measured; 0 filtered out; finished in 0.00s
[INFO] [stdout] 
[INFO] [stderr]      Running unittests src/lib.rs (/opt/rustwide/target/debug/deps/day_2-25e46bb33b21775a)
[INFO] [stdout] 
[INFO] [stdout] running 0 tests
[INFO] [stdout] 
[INFO] [stdout] test result: ok. 0 passed; 0 failed; 0 ignored; 0 measured; 0 filtered out; finished in 0.00s
[INFO] [stdout] 
[INFO] [stderr]      Running unittests src/main.rs (/opt/rustwide/target/debug/deps/day_2-3df0249933e60d44)
[INFO] [stdout] 
[INFO] [stdout] running 0 tests
[INFO] [stdout] 
[INFO] [stdout] test result: ok. 0 passed; 0 failed; 0 ignored; 0 measured; 0 filtered out; finished in 0.00s
[INFO] [stdout] 
[INFO] [stderr]      Running unittests src/lib.rs (/opt/rustwide/target/debug/deps/day_3-33b96dc8d0afdb72)
[INFO] [stdout] 
[INFO] [stdout] running 0 tests
[INFO] [stdout] 
[INFO] [stdout] test result: ok. 0 passed; 0 failed; 0 ignored; 0 measured; 0 filtered out; finished in 0.00s
[INFO] [stdout] 
[INFO] [stderr]      Running unittests src/main.rs (/opt/rustwide/target/debug/deps/day_3-2d94c41e86032b4e)
[INFO] [stdout] 
[INFO] [stdout] running 0 tests
[INFO] [stdout] 
[INFO] [stdout] test result: ok. 0 passed; 0 failed; 0 ignored; 0 measured; 0 filtered out; finished in 0.00s
[INFO] [stdout] 
[INFO] [stderr]      Running unittests src/lib.rs (/opt/rustwide/target/debug/deps/day_4-d4720a7dd0fe9196)
[INFO] [stdout] 
[INFO] [stdout] running 0 tests
[INFO] [stdout] 
[INFO] [stdout] test result: ok. 0 passed; 0 failed; 0 ignored; 0 measured; 0 filtered out; finished in 0.00s
[INFO] [stdout] 
[INFO] [stderr]      Running unittests src/main.rs (/opt/rustwide/target/debug/deps/day_4-78a9ebc4262472df)
[INFO] [stdout] 
[INFO] [stdout] running 0 tests
[INFO] [stdout] 
[INFO] [stdout] test result: ok. 0 passed; 0 failed; 0 ignored; 0 measured; 0 filtered out; finished in 0.00s
[INFO] [stdout] 
[INFO] [stderr]      Running unittests src/lib.rs (/opt/rustwide/target/debug/deps/day_5-9d2f29ba9e553c66)
[INFO] [stdout] 
[INFO] [stdout] running 0 tests
[INFO] [stdout] 
[INFO] [stdout] test result: ok. 0 passed; 0 failed; 0 ignored; 0 measured; 0 filtered out; finished in 0.00s
[INFO] [stdout] 
[INFO] [stderr]      Running unittests src/main.rs (/opt/rustwide/target/debug/deps/day_5-f2c2eab9dfd05265)
[INFO] [stdout] 
[INFO] [stdout] running 0 tests
[INFO] [stdout] 
[INFO] [stdout] test result: ok. 0 passed; 0 failed; 0 ignored; 0 measured; 0 filtered out; finished in 0.00s
[INFO] [stdout] 
[INFO] [stderr]      Running unittests src/lib.rs (/opt/rustwide/target/debug/deps/utils-4a9597306f3a4027)
[INFO] [stdout] 
[INFO] [stdout] running 0 tests
[INFO] [stdout] 
[INFO] [stdout] test result: ok. 0 passed; 0 failed; 0 ignored; 0 measured; 0 filtered out; finished in 0.00s
[INFO] [stdout] 
[INFO] [stderr]    Doc-tests day_1
[INFO] [stdout] 
[INFO] [stdout] running 3 tests
[INFO] [stdout] test src/lib.rs - part_1 (line 14) ... ok
[INFO] [stdout] test src/lib.rs - part_2 (line 27) ... ok
[INFO] [stdout] test src/lib.rs - read_integers (line 57) ... ok
[INFO] [stdout] 
[INFO] [stdout] test result: ok. 3 passed; 0 failed; 0 ignored; 0 measured; 0 filtered out; finished in 0.26s
[INFO] [stdout] 
[INFO] [stderr]    Doc-tests day_2
[INFO] [stdout] 
[INFO] [stdout] running 5 tests
[INFO] [stdout] test src/lib.rs - correct_input (line 102) ... ok
[INFO] [stdout] test src/lib.rs - part_2 (line 60) ... ok
[INFO] [stdout] test src/lib.rs - common_string (line 81) ... ok
[INFO] [stdout] test src/lib.rs - letter_counts (line 30) ... ok
[INFO] [stderr]    Doc-tests day_3
[INFO] [stdout] test src/lib.rs - part_1 (line 12) ... ok
[INFO] [stdout] 
[INFO] [stdout] test result: ok. 5 passed; 0 failed; 0 ignored; 0 measured; 0 filtered out; finished in 0.33s
[INFO] [stdout] 
[INFO] [stdout] 
[INFO] [stdout] running 7 tests
[INFO] [stdout] test src/lib.rs - Claim::contains (line 161) ... ok
[INFO] [stdout] test src/lib.rs - part_1 (line 221) ... ok
[INFO] [stdout] test src/lib.rs - Claim::points (line 143) ... ok
[INFO] [stdout] test src/lib.rs - Claim::overlap (line 192) ... ok
[INFO] [stdout] test src/lib.rs - Claim::corners (line 110) ... ok
[INFO] [stdout] test src/lib.rs - Claim::parse (line 72) ... ok
[INFO] [stdout] test src/lib.rs - part_2 (line 255) ... ok
[INFO] [stdout] 
[INFO] [stdout] test result: ok. 7 passed; 0 failed; 0 ignored; 0 measured; 0 filtered out; finished in 0.76s
[INFO] [stdout] 
[INFO] [stderr]    Doc-tests day_4
[INFO] [stdout] 
[INFO] [stdout] running 2 tests
[INFO] [stdout] test src/lib.rs - accumulate_events (line 7) ... FAILED
[INFO] [stdout] test src/lib.rs - GuardEvent::parse (line 92) ... ok
[INFO] [stdout] 
[INFO] [stdout] failures:
[INFO] [stdout] 
[INFO] [stdout] ---- src/lib.rs - accumulate_events (line 7) stdout ----
[INFO] [stdout] error[E0425]: cannot find value `second_guard` in this scope
[INFO] [stdout]   --> src/lib.rs:27:1
[INFO] [stdout]    |
[INFO] [stdout] 23 | second_guard.sort_by_cached_key( |(&min,_)| min );
[INFO] [stdout]    | ^^^^^^^^^^^^ not found in this scope
[INFO] [stdout] 
[INFO] [stdout] error[E0425]: cannot find value `second_guard` in this scope
[INFO] [stdout]   --> src/lib.rs:28:12
[INFO] [stdout]    |
[INFO] [stdout] 24 | assert_eq!(second_guard, vec!((&30,&1), (&31,&1)));
[INFO] [stdout]    |            ^^^^^^^^^^^^ not found in this scope
[INFO] [stdout] 
[INFO] [stdout] error: aborting due to 2 previous errors
[INFO] [stdout] 
[INFO] [stdout] For more information about this error, try `rustc --explain E0425`.
[INFO] [stdout] Couldn't compile the test.
[INFO] [stdout] 
[INFO] [stdout] failures:
[INFO] [stdout]     src/lib.rs - accumulate_events (line 7)
[INFO] [stdout] 
[INFO] [stdout] test result: FAILED. 1 passed; 1 failed; 0 ignored; 0 measured; 0 filtered out; finished in 0.65s
[INFO] [stdout] 
[INFO] [stderr] error: doctest failed, to rerun pass `-p day_4 --doc`
[INFO] running `Command { std: "docker" "inspect" "955b13aa138cebc3c8f90e7f618e4da0ef8937bdca30e2dcd1b1dbbb2652b514", kill_on_drop: false }`
[INFO] running `Command { std: "docker" "rm" "-f" "955b13aa138cebc3c8f90e7f618e4da0ef8937bdca30e2dcd1b1dbbb2652b514", kill_on_drop: false }`
[INFO] [stdout] 955b13aa138cebc3c8f90e7f618e4da0ef8937bdca30e2dcd1b1dbbb2652b514
