[INFO] cloning repository https://github.com/rusty-cat-life/parser_2
[INFO] running `Command { std: "git" "-c" "credential.helper=" "-c" "credential.helper=/workspace/cargo-home/bin/git-credential-null" "clone" "--bare" "https://github.com/rusty-cat-life/parser_2" "/workspace/cache/git-repos/https%3A%2F%2Fgithub.com%2Frusty-cat-life%2Fparser_2", kill_on_drop: false }`
[INFO] [stderr] Cloning into bare repository '/workspace/cache/git-repos/https%3A%2F%2Fgithub.com%2Frusty-cat-life%2Fparser_2'...
[INFO] running `Command { std: "git" "rev-parse" "HEAD", kill_on_drop: false }`
[INFO] [stdout] b0f36855feb908c51948059186687b240401f7c9
[INFO] testing rusty-cat-life/parser_2 against 1.69.0 for beta-1.70-1
[INFO] running `Command { std: "git" "clone" "/workspace/cache/git-repos/https%3A%2F%2Fgithub.com%2Frusty-cat-life%2Fparser_2" "/workspace/builds/worker-4-tc1/source", kill_on_drop: false }`
[INFO] [stderr] Cloning into '/workspace/builds/worker-4-tc1/source'...
[INFO] [stderr] done.
[INFO] validating manifest of git repo https://github.com/rusty-cat-life/parser_2 on toolchain 1.69.0
[INFO] running `Command { std: CARGO_HOME="/workspace/cargo-home" RUSTUP_HOME="/workspace/rustup-home" "/workspace/cargo-home/bin/cargo" "+1.69.0" "metadata" "--manifest-path" "Cargo.toml" "--no-deps", kill_on_drop: false }`
[INFO] started tweaking git repo https://github.com/rusty-cat-life/parser_2
[INFO] finished tweaking git repo https://github.com/rusty-cat-life/parser_2
[INFO] tweaked toml for git repo https://github.com/rusty-cat-life/parser_2 written to /workspace/builds/worker-4-tc1/source/Cargo.toml
[INFO] crate git repo https://github.com/rusty-cat-life/parser_2 already has a lockfile, it will not be regenerated
[INFO] running `Command { std: CARGO_HOME="/workspace/cargo-home" RUSTUP_HOME="/workspace/rustup-home" "/workspace/cargo-home/bin/cargo" "+1.69.0" "fetch" "--manifest-path" "Cargo.toml", kill_on_drop: false }`
[INFO] running `Command { std: "docker" "create" "-v" "/var/lib/crater-agent-workspace/builds/worker-4-tc1/target:/opt/rustwide/target:rw,Z" "-v" "/var/lib/crater-agent-workspace/builds/worker-4-tc1/source:/opt/rustwide/workdir:ro,Z" "-v" "/var/lib/crater-agent-workspace/cargo-home:/opt/rustwide/cargo-home:ro,Z" "-v" "/var/lib/crater-agent-workspace/rustup-home:/opt/rustwide/rustup-home:ro,Z" "-e" "SOURCE_DIR=/opt/rustwide/workdir" "-e" "CARGO_TARGET_DIR=/opt/rustwide/target" "-e" "CARGO_HOME=/opt/rustwide/cargo-home" "-e" "RUSTUP_HOME=/opt/rustwide/rustup-home" "-w" "/opt/rustwide/workdir" "-m" "1610612736" "--user" "0:0" "--network" "none" "ghcr.io/rust-lang/crates-build-env/linux@sha256:5ff2268d62e97bff2cde7d5815dd6ed5b47097566f13b8d0ca110b04b60e07ed" "/opt/rustwide/cargo-home/bin/cargo" "+1.69.0" "metadata" "--no-deps" "--format-version=1", kill_on_drop: false }`
[INFO] [stdout] 021d9387be52aa19da07df94b35e6f9845d59cc3bc56964251219198fde114db
[INFO] running `Command { std: "docker" "start" "-a" "021d9387be52aa19da07df94b35e6f9845d59cc3bc56964251219198fde114db", kill_on_drop: false }`
[INFO] running `Command { std: "docker" "inspect" "021d9387be52aa19da07df94b35e6f9845d59cc3bc56964251219198fde114db", kill_on_drop: false }`
[INFO] running `Command { std: "docker" "rm" "-f" "021d9387be52aa19da07df94b35e6f9845d59cc3bc56964251219198fde114db", kill_on_drop: false }`
[INFO] [stdout] 021d9387be52aa19da07df94b35e6f9845d59cc3bc56964251219198fde114db
[INFO] running `Command { std: "docker" "create" "-v" "/var/lib/crater-agent-workspace/builds/worker-4-tc1/target:/opt/rustwide/target:rw,Z" "-v" "/var/lib/crater-agent-workspace/builds/worker-4-tc1/source:/opt/rustwide/workdir:ro,Z" "-v" "/var/lib/crater-agent-workspace/cargo-home:/opt/rustwide/cargo-home:ro,Z" "-v" "/var/lib/crater-agent-workspace/rustup-home:/opt/rustwide/rustup-home:ro,Z" "-e" "SOURCE_DIR=/opt/rustwide/workdir" "-e" "CARGO_TARGET_DIR=/opt/rustwide/target" "-e" "CARGO_INCREMENTAL=0" "-e" "RUST_BACKTRACE=full" "-e" "RUSTFLAGS=--cap-lints=warn" "-e" "RUSTDOCFLAGS=--cap-lints=warn" "-e" "CARGO_HOME=/opt/rustwide/cargo-home" "-e" "RUSTUP_HOME=/opt/rustwide/rustup-home" "-w" "/opt/rustwide/workdir" "-m" "1610612736" "--user" "0:0" "--network" "none" "ghcr.io/rust-lang/crates-build-env/linux@sha256:5ff2268d62e97bff2cde7d5815dd6ed5b47097566f13b8d0ca110b04b60e07ed" "/opt/rustwide/cargo-home/bin/cargo" "+1.69.0" "build" "--frozen" "--message-format=json", kill_on_drop: false }`
[INFO] [stdout] 3bdf0973475656afa6f579b2c81884df03a2515b3baa8f01f3d76a58a9b620f0
[INFO] running `Command { std: "docker" "start" "-a" "3bdf0973475656afa6f579b2c81884df03a2515b3baa8f01f3d76a58a9b620f0", kill_on_drop: false }`
[INFO] [stderr]    Compiling compiler_interpreter v0.1.0 (/opt/rustwide/workdir)
[INFO] [stdout] warning: `...` range patterns are deprecated
[INFO] [stdout]   --> src/parser.rs:22:17
[INFO] [stdout]    |
[INFO] [stdout] 22 |             b'0'...b'9' => lex_a_token!(lex_number(input, position)),
[INFO] [stdout]    |                 ^^^ help: use `..=` for an inclusive range
[INFO] [stdout]    |
[INFO] [stdout]    = warning: this is accepted in the current edition (Rust 2018) but is a hard error in Rust 2021!
[INFO] [stdout]    = note: for more information, see <https://doc.rust-lang.org/nightly/edition-guide/rust-2021/warnings-promoted-to-error.html>
[INFO] [stdout]    = note: `#[warn(ellipsis_inclusive_range_patterns)]` on by default
[INFO] [stdout] 
[INFO] [stdout] 
[INFO] [stdout] warning: `...` range patterns are deprecated
[INFO] [stdout]   --> src/parser.rs:31:17
[INFO] [stdout]    |
[INFO] [stdout] 31 |             b'a'...b'z' => lex_a_token!(lex_str(input, position)),
[INFO] [stdout]    |                 ^^^ help: use `..=` for an inclusive range
[INFO] [stdout]    |
[INFO] [stdout]    = warning: this is accepted in the current edition (Rust 2018) but is a hard error in Rust 2021!
[INFO] [stdout]    = note: for more information, see <https://doc.rust-lang.org/nightly/edition-guide/rust-2021/warnings-promoted-to-error.html>
[INFO] [stdout] 
[INFO] [stdout] 
[INFO] [stdout] warning: trait objects without an explicit `dyn` are deprecated
[INFO] [stdout]    --> src/common.rs:301:25
[INFO] [stdout]     |
[INFO] [stdout] 301 |         let (e, loc): (&std::error::Error, Loc) = match self {
[INFO] [stdout]     |                         ^^^^^^^^^^^^^^^^^
[INFO] [stdout]     |
[INFO] [stdout]     = warning: this is accepted in the current edition (Rust 2018) but is a hard error in Rust 2021!
[INFO] [stdout]     = note: for more information, see <https://doc.rust-lang.org/nightly/edition-guide/rust-2021/warnings-promoted-to-error.html>
[INFO] [stdout]     = note: `#[warn(bare_trait_objects)]` on by default
[INFO] [stdout] help: use `dyn`
[INFO] [stdout]     |
[INFO] [stdout] 301 |         let (e, loc): (&dyn std::error::Error, Loc) = match self {
[INFO] [stdout]     |                         +++
[INFO] [stdout] 
[INFO] [stdout] 
[INFO] [stdout] warning: unused variable: `e`
[INFO] [stdout]   --> src/main.rs:41:21
[INFO] [stdout]    |
[INFO] [stdout] 41 |                 Err(e) => {
[INFO] [stdout]    |                     ^ help: if this is intentional, prefix it with an underscore: `_e`
[INFO] [stdout]    |
[INFO] [stdout]    = note: `#[warn(unused_variables)]` on by default
[INFO] [stdout] 
[INFO] [stdout] 
[INFO] [stdout] warning: variants `Equal`, `Unequal`, `Greater`, `GreaterEqual`, `Less`, and `LessEqual` are never constructed
[INFO] [stdout]   --> src/common.rs:57:5
[INFO] [stdout]    |
[INFO] [stdout] 33 | pub enum TokenKind {
[INFO] [stdout]    |          --------- variants in this enum
[INFO] [stdout] ...
[INFO] [stdout] 57 |     Equal,
[INFO] [stdout]    |     ^^^^^
[INFO] [stdout] 58 |     // !=
[INFO] [stdout] 59 |     Unequal,
[INFO] [stdout]    |     ^^^^^^^
[INFO] [stdout] 60 |     /// >
[INFO] [stdout] 61 |     Greater,
[INFO] [stdout]    |     ^^^^^^^
[INFO] [stdout] 62 |     /// >=
[INFO] [stdout] 63 |     GreaterEqual,
[INFO] [stdout]    |     ^^^^^^^^^^^^
[INFO] [stdout] 64 |     /// <
[INFO] [stdout] 65 |     Less,
[INFO] [stdout]    |     ^^^^
[INFO] [stdout] 66 |     /// <=
[INFO] [stdout] 67 |     LessEqual
[INFO] [stdout]    |     ^^^^^^^^^
[INFO] [stdout]    |
[INFO] [stdout]    = note: `TokenKind` has derived impls for the traits `Clone` and `Debug`, but these are intentionally ignored during dead code analysis
[INFO] [stdout]    = note: `#[warn(dead_code)]` on by default
[INFO] [stdout] 
[INFO] [stdout] 
[INFO] [stdout] warning: associated function `num` is never used
[INFO] [stdout]    --> src/common.rs:194:12
[INFO] [stdout]     |
[INFO] [stdout] 194 |     pub fn num(n: u64, loc: Loc) -> Self {
[INFO] [stdout]     |            ^^^
[INFO] [stdout] 
[INFO] [stdout] 
[INFO] [stdout] warning: associated function `var` is never used
[INFO] [stdout]    --> src/common.rs:221:12
[INFO] [stdout]     |
[INFO] [stdout] 221 |     pub fn var(s: String, loc: Loc) -> Self {
[INFO] [stdout]     |            ^^^
[INFO] [stdout] 
[INFO] [stdout] 
[INFO] [stdout] warning: 7 warnings emitted
[INFO] [stdout] 
[INFO] [stdout] 
[INFO] [stderr]     Finished dev [unoptimized + debuginfo] target(s) in 0.58s
[INFO] running `Command { std: "docker" "inspect" "3bdf0973475656afa6f579b2c81884df03a2515b3baa8f01f3d76a58a9b620f0", kill_on_drop: false }`
[INFO] running `Command { std: "docker" "rm" "-f" "3bdf0973475656afa6f579b2c81884df03a2515b3baa8f01f3d76a58a9b620f0", kill_on_drop: false }`
[INFO] [stdout] 3bdf0973475656afa6f579b2c81884df03a2515b3baa8f01f3d76a58a9b620f0
[INFO] running `Command { std: "docker" "create" "-v" "/var/lib/crater-agent-workspace/builds/worker-4-tc1/target:/opt/rustwide/target:rw,Z" "-v" "/var/lib/crater-agent-workspace/builds/worker-4-tc1/source:/opt/rustwide/workdir:ro,Z" "-v" "/var/lib/crater-agent-workspace/cargo-home:/opt/rustwide/cargo-home:ro,Z" "-v" "/var/lib/crater-agent-workspace/rustup-home:/opt/rustwide/rustup-home:ro,Z" "-e" "SOURCE_DIR=/opt/rustwide/workdir" "-e" "CARGO_TARGET_DIR=/opt/rustwide/target" "-e" "CARGO_INCREMENTAL=0" "-e" "RUST_BACKTRACE=full" "-e" "RUSTFLAGS=--cap-lints=warn" "-e" "RUSTDOCFLAGS=--cap-lints=warn" "-e" "CARGO_HOME=/opt/rustwide/cargo-home" "-e" "RUSTUP_HOME=/opt/rustwide/rustup-home" "-w" "/opt/rustwide/workdir" "-m" "1610612736" "--user" "0:0" "--network" "none" "ghcr.io/rust-lang/crates-build-env/linux@sha256:5ff2268d62e97bff2cde7d5815dd6ed5b47097566f13b8d0ca110b04b60e07ed" "/opt/rustwide/cargo-home/bin/cargo" "+1.69.0" "test" "--frozen" "--no-run" "--message-format=json", kill_on_drop: false }`
[INFO] [stdout] 3cd5da31b79786f6a60f55977e86216456f2b9b39b0979aea4d5be993c5963e3
[INFO] running `Command { std: "docker" "start" "-a" "3cd5da31b79786f6a60f55977e86216456f2b9b39b0979aea4d5be993c5963e3", kill_on_drop: false }`
[INFO] [stderr]    Compiling compiler_interpreter v0.1.0 (/opt/rustwide/workdir)
[INFO] [stdout] warning: `...` range patterns are deprecated
[INFO] [stdout]   --> src/parser.rs:22:17
[INFO] [stdout]    |
[INFO] [stdout] 22 |             b'0'...b'9' => lex_a_token!(lex_number(input, position)),
[INFO] [stdout]    |                 ^^^ help: use `..=` for an inclusive range
[INFO] [stdout]    |
[INFO] [stdout]    = warning: this is accepted in the current edition (Rust 2018) but is a hard error in Rust 2021!
[INFO] [stdout]    = note: for more information, see <https://doc.rust-lang.org/nightly/edition-guide/rust-2021/warnings-promoted-to-error.html>
[INFO] [stdout]    = note: `#[warn(ellipsis_inclusive_range_patterns)]` on by default
[INFO] [stdout] 
[INFO] [stdout] 
[INFO] [stdout] warning: `...` range patterns are deprecated
[INFO] [stdout]   --> src/parser.rs:31:17
[INFO] [stdout]    |
[INFO] [stdout] 31 |             b'a'...b'z' => lex_a_token!(lex_str(input, position)),
[INFO] [stdout]    |                 ^^^ help: use `..=` for an inclusive range
[INFO] [stdout]    |
[INFO] [stdout]    = warning: this is accepted in the current edition (Rust 2018) but is a hard error in Rust 2021!
[INFO] [stdout]    = note: for more information, see <https://doc.rust-lang.org/nightly/edition-guide/rust-2021/warnings-promoted-to-error.html>
[INFO] [stdout] 
[INFO] [stdout] 
[INFO] [stdout] warning: trait objects without an explicit `dyn` are deprecated
[INFO] [stdout]    --> src/common.rs:301:25
[INFO] [stdout]     |
[INFO] [stdout] 301 |         let (e, loc): (&std::error::Error, Loc) = match self {
[INFO] [stdout]     |                         ^^^^^^^^^^^^^^^^^
[INFO] [stdout]     |
[INFO] [stdout]     = warning: this is accepted in the current edition (Rust 2018) but is a hard error in Rust 2021!
[INFO] [stdout]     = note: for more information, see <https://doc.rust-lang.org/nightly/edition-guide/rust-2021/warnings-promoted-to-error.html>
[INFO] [stdout]     = note: `#[warn(bare_trait_objects)]` on by default
[INFO] [stdout] help: use `dyn`
[INFO] [stdout]     |
[INFO] [stdout] 301 |         let (e, loc): (&dyn std::error::Error, Loc) = match self {
[INFO] [stdout]     |                         +++
[INFO] [stdout] 
[INFO] [stdout] 
[INFO] [stdout] warning: unused variable: `e`
[INFO] [stdout]   --> src/main.rs:41:21
[INFO] [stdout]    |
[INFO] [stdout] 41 |                 Err(e) => {
[INFO] [stdout]    |                     ^ help: if this is intentional, prefix it with an underscore: `_e`
[INFO] [stdout]    |
[INFO] [stdout]    = note: `#[warn(unused_variables)]` on by default
[INFO] [stdout] 
[INFO] [stdout] 
[INFO] [stdout] warning: variants `Equal`, `Unequal`, `Greater`, `GreaterEqual`, `Less`, and `LessEqual` are never constructed
[INFO] [stdout]   --> src/common.rs:57:5
[INFO] [stdout]    |
[INFO] [stdout] 33 | pub enum TokenKind {
[INFO] [stdout]    |          --------- variants in this enum
[INFO] [stdout] ...
[INFO] [stdout] 57 |     Equal,
[INFO] [stdout]    |     ^^^^^
[INFO] [stdout] 58 |     // !=
[INFO] [stdout] 59 |     Unequal,
[INFO] [stdout]    |     ^^^^^^^
[INFO] [stdout] 60 |     /// >
[INFO] [stdout] 61 |     Greater,
[INFO] [stdout]    |     ^^^^^^^
[INFO] [stdout] 62 |     /// >=
[INFO] [stdout] 63 |     GreaterEqual,
[INFO] [stdout]    |     ^^^^^^^^^^^^
[INFO] [stdout] 64 |     /// <
[INFO] [stdout] 65 |     Less,
[INFO] [stdout]    |     ^^^^
[INFO] [stdout] 66 |     /// <=
[INFO] [stdout] 67 |     LessEqual
[INFO] [stdout]    |     ^^^^^^^^^
[INFO] [stdout]    |
[INFO] [stdout]    = note: `TokenKind` has derived impls for the traits `Clone` and `Debug`, but these are intentionally ignored during dead code analysis
[INFO] [stdout]    = note: `#[warn(dead_code)]` on by default
[INFO] [stdout] 
[INFO] [stdout] 
[INFO] [stdout] warning: associated function `var` is never used
[INFO] [stdout]    --> src/common.rs:221:12
[INFO] [stdout]     |
[INFO] [stdout] 221 |     pub fn var(s: String, loc: Loc) -> Self {
[INFO] [stdout]     |            ^^^
[INFO] [stdout] 
[INFO] [stdout] 
[INFO] [stdout] warning: 6 warnings emitted
[INFO] [stdout] 
[INFO] [stdout] 
[INFO] [stderr]     Finished test [unoptimized + debuginfo] target(s) in 0.43s
[INFO] running `Command { std: "docker" "inspect" "3cd5da31b79786f6a60f55977e86216456f2b9b39b0979aea4d5be993c5963e3", kill_on_drop: false }`
[INFO] running `Command { std: "docker" "rm" "-f" "3cd5da31b79786f6a60f55977e86216456f2b9b39b0979aea4d5be993c5963e3", kill_on_drop: false }`
[INFO] [stdout] 3cd5da31b79786f6a60f55977e86216456f2b9b39b0979aea4d5be993c5963e3
[INFO] running `Command { std: "docker" "create" "-v" "/var/lib/crater-agent-workspace/builds/worker-4-tc1/target:/opt/rustwide/target:rw,Z" "-v" "/var/lib/crater-agent-workspace/builds/worker-4-tc1/source:/opt/rustwide/workdir:ro,Z" "-v" "/var/lib/crater-agent-workspace/cargo-home:/opt/rustwide/cargo-home:ro,Z" "-v" "/var/lib/crater-agent-workspace/rustup-home:/opt/rustwide/rustup-home:ro,Z" "-e" "SOURCE_DIR=/opt/rustwide/workdir" "-e" "CARGO_TARGET_DIR=/opt/rustwide/target" "-e" "CARGO_INCREMENTAL=0" "-e" "RUST_BACKTRACE=full" "-e" "RUSTFLAGS=--cap-lints=warn" "-e" "RUSTDOCFLAGS=--cap-lints=warn" "-e" "CARGO_HOME=/opt/rustwide/cargo-home" "-e" "RUSTUP_HOME=/opt/rustwide/rustup-home" "-w" "/opt/rustwide/workdir" "-m" "1610612736" "--user" "0:0" "--network" "none" "ghcr.io/rust-lang/crates-build-env/linux@sha256:5ff2268d62e97bff2cde7d5815dd6ed5b47097566f13b8d0ca110b04b60e07ed" "/opt/rustwide/cargo-home/bin/cargo" "+1.69.0" "test" "--frozen", kill_on_drop: false }`
[INFO] [stdout] af2f8479a68f4f13730cf3d87d978672e22943b0a4cbd65ef077a91127c13208
[INFO] running `Command { std: "docker" "start" "-a" "af2f8479a68f4f13730cf3d87d978672e22943b0a4cbd65ef077a91127c13208", kill_on_drop: false }`
[INFO] [stderr] warning: `...` range patterns are deprecated
[INFO] [stderr]   --> src/parser.rs:22:17
[INFO] [stderr]    |
[INFO] [stderr] 22 |             b'0'...b'9' => lex_a_token!(lex_number(input, position)),
[INFO] [stderr]    |                 ^^^ help: use `..=` for an inclusive range
[INFO] [stderr]    |
[INFO] [stderr]    = warning: this is accepted in the current edition (Rust 2018) but is a hard error in Rust 2021!
[INFO] [stderr]    = note: for more information, see <https://doc.rust-lang.org/nightly/edition-guide/rust-2021/warnings-promoted-to-error.html>
[INFO] [stderr]    = note: `#[warn(ellipsis_inclusive_range_patterns)]` on by default
[INFO] [stderr] 
[INFO] [stderr] warning: `...` range patterns are deprecated
[INFO] [stderr]   --> src/parser.rs:31:17
[INFO] [stderr]    |
[INFO] [stderr] 31 |             b'a'...b'z' => lex_a_token!(lex_str(input, position)),
[INFO] [stderr]    |                 ^^^ help: use `..=` for an inclusive range
[INFO] [stderr]    |
[INFO] [stderr]    = warning: this is accepted in the current edition (Rust 2018) but is a hard error in Rust 2021!
[INFO] [stderr]    = note: for more information, see <https://doc.rust-lang.org/nightly/edition-guide/rust-2021/warnings-promoted-to-error.html>
[INFO] [stderr] 
[INFO] [stderr] warning: trait objects without an explicit `dyn` are deprecated
[INFO] [stderr]    --> src/common.rs:301:25
[INFO] [stderr]     |
[INFO] [stderr] 301 |         let (e, loc): (&std::error::Error, Loc) = match self {
[INFO] [stderr]     |                         ^^^^^^^^^^^^^^^^^
[INFO] [stderr]     |
[INFO] [stderr]     = warning: this is accepted in the current edition (Rust 2018) but is a hard error in Rust 2021!
[INFO] [stderr]     = note: for more information, see <https://doc.rust-lang.org/nightly/edition-guide/rust-2021/warnings-promoted-to-error.html>
[INFO] [stderr]     = note: `#[warn(bare_trait_objects)]` on by default
[INFO] [stderr] help: use `dyn`
[INFO] [stderr]     |
[INFO] [stderr] 301 |         let (e, loc): (&dyn std::error::Error, Loc) = match self {
[INFO] [stderr]     |                         +++
[INFO] [stderr] 
[INFO] [stderr] warning: unused variable: `e`
[INFO] [stderr]   --> src/main.rs:41:21
[INFO] [stderr]    |
[INFO] [stderr] 41 |                 Err(e) => {
[INFO] [stderr]    |                     ^ help: if this is intentional, prefix it with an underscore: `_e`
[INFO] [stderr]    |
[INFO] [stderr]    = note: `#[warn(unused_variables)]` on by default
[INFO] [stderr] 
[INFO] [stderr] warning: variants `Equal`, `Unequal`, `Greater`, `GreaterEqual`, `Less`, and `LessEqual` are never constructed
[INFO] [stderr]   --> src/common.rs:57:5
[INFO] [stderr]    |
[INFO] [stderr] 33 | pub enum TokenKind {
[INFO] [stderr]    |          --------- variants in this enum
[INFO] [stderr] ...
[INFO] [stderr] 57 |     Equal,
[INFO] [stderr]    |     ^^^^^
[INFO] [stderr] 58 |     // !=
[INFO] [stderr] 59 |     Unequal,
[INFO] [stderr]    |     ^^^^^^^
[INFO] [stderr] 60 |     /// >
[INFO] [stderr] 61 |     Greater,
[INFO] [stderr]    |     ^^^^^^^
[INFO] [stderr] 62 |     /// >=
[INFO] [stderr] 63 |     GreaterEqual,
[INFO] [stderr]    |     ^^^^^^^^^^^^
[INFO] [stderr] 64 |     /// <
[INFO] [stderr] 65 |     Less,
[INFO] [stderr]    |     ^^^^
[INFO] [stderr] 66 |     /// <=
[INFO] [stderr] 67 |     LessEqual
[INFO] [stderr]    |     ^^^^^^^^^
[INFO] [stderr]    |
[INFO] [stderr]    = note: `TokenKind` has derived impls for the traits `Clone` and `Debug`, but these are intentionally ignored during dead code analysis
[INFO] [stderr]    = note: `#[warn(dead_code)]` on by default
[INFO] [stderr] 
[INFO] [stderr] warning: associated function `var` is never used
[INFO] [stderr]    --> src/common.rs:221:12
[INFO] [stderr]     |
[INFO] [stderr] 221 |     pub fn var(s: String, loc: Loc) -> Self {
[INFO] [stderr]     |            ^^^
[INFO] [stderr] 
[INFO] [stderr] warning: `compiler_interpreter` (bin "compiler_interpreter" test) generated 6 warnings (run `cargo fix --bin "compiler_interpreter" --tests` to apply 4 suggestions)
[INFO] [stderr]     Finished test [unoptimized + debuginfo] target(s) in 0.00s
[INFO] [stderr]      Running unittests src/main.rs (/opt/rustwide/target/debug/deps/compiler_interpreter-88c17e52716fe672)
[INFO] [stdout] 
[INFO] [stdout] running 4 tests
[INFO] [stdout] test parser::test_parser ... ok
[INFO] [stdout] test parser::test_lexer2 ... ok
[INFO] [stdout] test parser::test_lexer ... ok
[INFO] [stdout] test parser::test_parser2 ... FAILED
[INFO] [stdout] 
[INFO] [stdout] failures:
[INFO] [stdout] 
[INFO] [stdout] ---- parser::test_parser2 stdout ----
[INFO] [stdout] thread 'parser::test_parser2' panicked at 'assertion failed: `(left == right)`
[INFO] [stdout]   left: `Err(UnexpectedToken(Annot { value: Assign, loc: Loc(6, 7) }))`,
[INFO] [stdout]  right: `Ok(Annot { value: Int { var: "x", body: Annot { value: Num(1), loc: Loc(8, 9) } }, loc: Loc(0, 10) })`', src/parser.rs:420:5
[INFO] [stdout] stack backtrace:
[INFO] [stdout]    0:     0x5621b0f7608a - std::backtrace_rs::backtrace::libunwind::trace::ha9053a9a07ca49cb
[INFO] [stdout]                                at /rustc/84c898d65adf2f39a5a98507f1fe0ce10a2b8dbc/library/std/src/../../backtrace/src/backtrace/libunwind.rs:93:5
[INFO] [stdout]    1:     0x5621b0f7608a - std::backtrace_rs::backtrace::trace_unsynchronized::h9c2852a457ad564e
[INFO] [stdout]                                at /rustc/84c898d65adf2f39a5a98507f1fe0ce10a2b8dbc/library/std/src/../../backtrace/src/backtrace/mod.rs:66:5
[INFO] [stdout]    2:     0x5621b0f7608a - std::sys_common::backtrace::_print_fmt::h457936fbfaa0070f
[INFO] [stdout]                                at /rustc/84c898d65adf2f39a5a98507f1fe0ce10a2b8dbc/library/std/src/sys_common/backtrace.rs:65:5
[INFO] [stdout]    3:     0x5621b0f7608a - <std::sys_common::backtrace::_print::DisplayBacktrace as core::fmt::Display>::fmt::h5779d7bf7f70cb0c
[INFO] [stdout]                                at /rustc/84c898d65adf2f39a5a98507f1fe0ce10a2b8dbc/library/std/src/sys_common/backtrace.rs:44:22
[INFO] [stdout]    4:     0x5621b0f9971e - core::fmt::write::h5a4baaff1bcd3eb5
[INFO] [stdout]                                at /rustc/84c898d65adf2f39a5a98507f1fe0ce10a2b8dbc/library/core/src/fmt/mod.rs:1232:17
[INFO] [stdout]    5:     0x5621b0f73505 - std::io::Write::write_fmt::h478f79c628ef31d1
[INFO] [stdout]                                at /rustc/84c898d65adf2f39a5a98507f1fe0ce10a2b8dbc/library/std/src/io/mod.rs:1684:15
[INFO] [stdout]    6:     0x5621b0f75e55 - std::sys_common::backtrace::_print::h5fcdc36060f177e8
[INFO] [stdout]                                at /rustc/84c898d65adf2f39a5a98507f1fe0ce10a2b8dbc/library/std/src/sys_common/backtrace.rs:47:5
[INFO] [stdout]    7:     0x5621b0f75e55 - std::sys_common::backtrace::print::h54ca9458b876c8bf
[INFO] [stdout]                                at /rustc/84c898d65adf2f39a5a98507f1fe0ce10a2b8dbc/library/std/src/sys_common/backtrace.rs:34:9
[INFO] [stdout]    8:     0x5621b0f77c1f - std::panicking::default_hook::{{closure}}::hbe471161c7664ed6
[INFO] [stdout]                                at /rustc/84c898d65adf2f39a5a98507f1fe0ce10a2b8dbc/library/std/src/panicking.rs:271:22
[INFO] [stdout]    9:     0x5621b0f778df - std::panicking::default_hook::ha3500da57aa4ac4f
[INFO] [stdout]                                at /rustc/84c898d65adf2f39a5a98507f1fe0ce10a2b8dbc/library/std/src/panicking.rs:287:9
[INFO] [stdout]   10:     0x5621b0f4a5f7 - <alloc::boxed::Box<F,A> as core::ops::function::Fn<Args>>::call::hdf1b89dd137ece34
[INFO] [stdout]                                at /rustc/84c898d65adf2f39a5a98507f1fe0ce10a2b8dbc/library/alloc/src/boxed.rs:2001:9
[INFO] [stdout]   11:     0x5621b0f4a5f7 - test::test_main::{{closure}}::h9081a79f20e75698
[INFO] [stdout]                                at /rustc/84c898d65adf2f39a5a98507f1fe0ce10a2b8dbc/library/test/src/lib.rs:135:21
[INFO] [stdout]   12:     0x5621b0f7834d - <alloc::boxed::Box<F,A> as core::ops::function::Fn<Args>>::call::h6507bddc3eebb4a5
[INFO] [stdout]                                at /rustc/84c898d65adf2f39a5a98507f1fe0ce10a2b8dbc/library/alloc/src/boxed.rs:2001:9
[INFO] [stdout]   13:     0x5621b0f7834d - std::panicking::rust_panic_with_hook::h50c09d000dc561d2
[INFO] [stdout]                                at /rustc/84c898d65adf2f39a5a98507f1fe0ce10a2b8dbc/library/std/src/panicking.rs:696:13
[INFO] [stdout]   14:     0x5621b0f780c9 - std::panicking::begin_panic_handler::{{closure}}::h9e2b2176e00e0d9c
[INFO] [stdout]                                at /rustc/84c898d65adf2f39a5a98507f1fe0ce10a2b8dbc/library/std/src/panicking.rs:583:13
[INFO] [stdout]   15:     0x5621b0f764f6 - std::sys_common::backtrace::__rust_end_short_backtrace::h5739b8e512c09d02
[INFO] [stdout]                                at /rustc/84c898d65adf2f39a5a98507f1fe0ce10a2b8dbc/library/std/src/sys_common/backtrace.rs:150:18
[INFO] [stdout]   16:     0x5621b0f77dd2 - rust_begin_unwind
[INFO] [stdout]                                at /rustc/84c898d65adf2f39a5a98507f1fe0ce10a2b8dbc/library/std/src/panicking.rs:579:5
[INFO] [stdout]   17:     0x5621b0f0ab83 - core::panicking::panic_fmt::hf33a1475b4dc5c3e
[INFO] [stdout]                                at /rustc/84c898d65adf2f39a5a98507f1fe0ce10a2b8dbc/library/core/src/panicking.rs:64:14
[INFO] [stdout]   18:     0x5621b0f0ae5f - core::panicking::assert_failed_inner::haf9816227b20b6f2
[INFO] [stdout]   19:     0x5621b0f12caa - core::panicking::assert_failed::hea8fe70e3970e4d4
[INFO] [stdout]                                at /rustc/84c898d65adf2f39a5a98507f1fe0ce10a2b8dbc/library/core/src/panicking.rs:211:5
[INFO] [stdout]   20:     0x5621b0f113e2 - compiler_interpreter::parser::test_parser2::h3c0161cb1f9f80bb
[INFO] [stdout]                                at /opt/rustwide/workdir/src/parser.rs:420:5
[INFO] [stdout]   21:     0x5621b0f10ea7 - compiler_interpreter::parser::test_parser2::{{closure}}::h6b919708e6cffda5
[INFO] [stdout]                                at /opt/rustwide/workdir/src/parser.rs:411:19
[INFO] [stdout]   22:     0x5621b0f13e05 - core::ops::function::FnOnce::call_once::h5e63c436e18b0857
[INFO] [stdout]                                at /rustc/84c898d65adf2f39a5a98507f1fe0ce10a2b8dbc/library/core/src/ops/function.rs:250:5
[INFO] [stdout]   23:     0x5621b0f4f9df - core::ops::function::FnOnce::call_once::h7d969581be7d0075
[INFO] [stdout]                                at /rustc/84c898d65adf2f39a5a98507f1fe0ce10a2b8dbc/library/core/src/ops/function.rs:250:5
[INFO] [stdout]   24:     0x5621b0f4f9df - test::__rust_begin_short_backtrace::hca25a52684e56655
[INFO] [stdout]                                at /rustc/84c898d65adf2f39a5a98507f1fe0ce10a2b8dbc/library/test/src/lib.rs:656:18
[INFO] [stdout]   25:     0x5621b0f20ffc - test::run_test::{{closure}}::ha8ac744c4af1a4bb
[INFO] [stdout]                                at /rustc/84c898d65adf2f39a5a98507f1fe0ce10a2b8dbc/library/test/src/lib.rs:647:30
[INFO] [stdout]   26:     0x5621b0f20ffc - core::ops::function::FnOnce::call_once{{vtable.shim}}::h7b411a9ed45bdecf
[INFO] [stdout]                                at /rustc/84c898d65adf2f39a5a98507f1fe0ce10a2b8dbc/library/core/src/ops/function.rs:250:5
[INFO] [stdout]   27:     0x5621b0f4e9a6 - <alloc::boxed::Box<F,A> as core::ops::function::FnOnce<Args>>::call_once::hd05328869a8ed200
[INFO] [stdout]                                at /rustc/84c898d65adf2f39a5a98507f1fe0ce10a2b8dbc/library/alloc/src/boxed.rs:1987:9
[INFO] [stdout]   28:     0x5621b0f4e9a6 - <core::panic::unwind_safe::AssertUnwindSafe<F> as core::ops::function::FnOnce<()>>::call_once::h0c601ce20bd5b2be
[INFO] [stdout]                                at /rustc/84c898d65adf2f39a5a98507f1fe0ce10a2b8dbc/library/core/src/panic/unwind_safe.rs:271:9
[INFO] [stdout]   29:     0x5621b0f4e9a6 - std::panicking::try::do_call::ha4be5c164fe30854
[INFO] [stdout]                                at /rustc/84c898d65adf2f39a5a98507f1fe0ce10a2b8dbc/library/std/src/panicking.rs:487:40
[INFO] [stdout]   30:     0x5621b0f4e9a6 - std::panicking::try::h604546f3609af05f
[INFO] [stdout]                                at /rustc/84c898d65adf2f39a5a98507f1fe0ce10a2b8dbc/library/std/src/panicking.rs:451:19
[INFO] [stdout]   31:     0x5621b0f4e9a6 - std::panic::catch_unwind::h5bfa8afe44c9c2f9
[INFO] [stdout]                                at /rustc/84c898d65adf2f39a5a98507f1fe0ce10a2b8dbc/library/std/src/panic.rs:140:14
[INFO] [stdout]   32:     0x5621b0f4e9a6 - test::run_test_in_process::hd50dee55dd63e6aa
[INFO] [stdout]                                at /rustc/84c898d65adf2f39a5a98507f1fe0ce10a2b8dbc/library/test/src/lib.rs:679:27
[INFO] [stdout]   33:     0x5621b0f4e9a6 - test::run_test::run_test_inner::{{closure}}::h4aa0f433aa85cea8
[INFO] [stdout]                                at /rustc/84c898d65adf2f39a5a98507f1fe0ce10a2b8dbc/library/test/src/lib.rs:573:39
[INFO] [stdout]   34:     0x5621b0f1b671 - test::run_test::run_test_inner::{{closure}}::had56431adf24b4d6
[INFO] [stdout]                                at /rustc/84c898d65adf2f39a5a98507f1fe0ce10a2b8dbc/library/test/src/lib.rs:600:37
[INFO] [stdout]   35:     0x5621b0f1b671 - std::sys_common::backtrace::__rust_begin_short_backtrace::ha8d9890e0c73bf13
[INFO] [stdout]                                at /rustc/84c898d65adf2f39a5a98507f1fe0ce10a2b8dbc/library/std/src/sys_common/backtrace.rs:134:18
[INFO] [stdout]   36:     0x5621b0f2108b - std::thread::Builder::spawn_unchecked_::{{closure}}::{{closure}}::h251832bcb4a95327
[INFO] [stdout]                                at /rustc/84c898d65adf2f39a5a98507f1fe0ce10a2b8dbc/library/std/src/thread/mod.rs:560:17
[INFO] [stdout]   37:     0x5621b0f2108b - <core::panic::unwind_safe::AssertUnwindSafe<F> as core::ops::function::FnOnce<()>>::call_once::h8fdff598fa414831
[INFO] [stdout]                                at /rustc/84c898d65adf2f39a5a98507f1fe0ce10a2b8dbc/library/core/src/panic/unwind_safe.rs:271:9
[INFO] [stdout]   38:     0x5621b0f2108b - std::panicking::try::do_call::h455dd2f7764a950f
[INFO] [stdout]                                at /rustc/84c898d65adf2f39a5a98507f1fe0ce10a2b8dbc/library/std/src/panicking.rs:487:40
[INFO] [stdout]   39:     0x5621b0f2108b - std::panicking::try::had6f23b7b73ae72a
[INFO] [stdout]                                at /rustc/84c898d65adf2f39a5a98507f1fe0ce10a2b8dbc/library/std/src/panicking.rs:451:19
[INFO] [stdout]   40:     0x5621b0f2108b - std::panic::catch_unwind::ha6a5ca3915b4dad0
[INFO] [stdout]                                at /rustc/84c898d65adf2f39a5a98507f1fe0ce10a2b8dbc/library/std/src/panic.rs:140:14
[INFO] [stdout]   41:     0x5621b0f2108b - std::thread::Builder::spawn_unchecked_::{{closure}}::h883b72ef75da6231
[INFO] [stdout]                                at /rustc/84c898d65adf2f39a5a98507f1fe0ce10a2b8dbc/library/std/src/thread/mod.rs:559:30
[INFO] [stdout]   42:     0x5621b0f2108b - core::ops::function::FnOnce::call_once{{vtable.shim}}::hb7dff73dc8bd2ccb
[INFO] [stdout]                                at /rustc/84c898d65adf2f39a5a98507f1fe0ce10a2b8dbc/library/core/src/ops/function.rs:250:5
[INFO] [stdout]   43:     0x5621b0f7c6b3 - <alloc::boxed::Box<F,A> as core::ops::function::FnOnce<Args>>::call_once::h39990b24eedef2ab
[INFO] [stdout]                                at /rustc/84c898d65adf2f39a5a98507f1fe0ce10a2b8dbc/library/alloc/src/boxed.rs:1987:9
[INFO] [stdout]   44:     0x5621b0f7c6b3 - <alloc::boxed::Box<F,A> as core::ops::function::FnOnce<Args>>::call_once::h01a027258444143b
[INFO] [stdout]                                at /rustc/84c898d65adf2f39a5a98507f1fe0ce10a2b8dbc/library/alloc/src/boxed.rs:1987:9
[INFO] [stdout]   45:     0x5621b0f7c6b3 - std::sys::unix::thread::Thread::new::thread_start::ha4f1cdd9c25884ba
[INFO] [stdout]                                at /rustc/84c898d65adf2f39a5a98507f1fe0ce10a2b8dbc/library/std/src/sys/unix/thread.rs:108:17
[INFO] [stdout]   46:     0x7f9aaceceb43 - <unknown>
[INFO] [stdout]   47:     0x7f9aacf5fbb4 - __clone
[INFO] [stdout]   48:                0x0 - <unknown>
[INFO] [stdout] 
[INFO] [stdout] 
[INFO] [stdout] failures:
[INFO] [stdout]     parser::test_parser2
[INFO] [stdout] 
[INFO] [stdout] test result: FAILED. 3 passed; 1 failed; 0 ignored; 0 measured; 0 filtered out; finished in 0.01s
[INFO] [stdout] 
[INFO] [stderr] error: test failed, to rerun pass `--bin compiler_interpreter`
[INFO] running `Command { std: "docker" "inspect" "af2f8479a68f4f13730cf3d87d978672e22943b0a4cbd65ef077a91127c13208", kill_on_drop: false }`
[INFO] running `Command { std: "docker" "rm" "-f" "af2f8479a68f4f13730cf3d87d978672e22943b0a4cbd65ef077a91127c13208", kill_on_drop: false }`
[INFO] [stdout] af2f8479a68f4f13730cf3d87d978672e22943b0a4cbd65ef077a91127c13208
