[INFO] cloning repository https://github.com/rohankumardubey/nextest
[INFO] running `Command { std: "git" "-c" "credential.helper=" "-c" "credential.helper=/workspace/cargo-home/bin/git-credential-null" "clone" "--bare" "https://github.com/rohankumardubey/nextest" "/workspace/cache/git-repos/https%3A%2F%2Fgithub.com%2Frohankumardubey%2Fnextest", kill_on_drop: false }`
[INFO] [stderr] Cloning into bare repository '/workspace/cache/git-repos/https%3A%2F%2Fgithub.com%2Frohankumardubey%2Fnextest'...
[INFO] running `Command { std: "git" "rev-parse" "HEAD", kill_on_drop: false }`
[INFO] [stdout] 04a0ac0cb4094603fda3230ca52025d99aa2a6e6
[INFO] testing rohankumardubey/nextest against beta-2023-04-20 for beta-1.70-1
[INFO] running `Command { std: "git" "clone" "/workspace/cache/git-repos/https%3A%2F%2Fgithub.com%2Frohankumardubey%2Fnextest" "/workspace/builds/worker-1-tc2/source", kill_on_drop: false }`
[INFO] [stderr] Cloning into '/workspace/builds/worker-1-tc2/source'...
[INFO] [stderr] done.
[INFO] validating manifest of git repo https://github.com/rohankumardubey/nextest on toolchain beta-2023-04-20
[INFO] running `Command { std: CARGO_HOME="/workspace/cargo-home" RUSTUP_HOME="/workspace/rustup-home" "/workspace/cargo-home/bin/cargo" "+beta-2023-04-20" "metadata" "--manifest-path" "Cargo.toml" "--no-deps", kill_on_drop: false }`
[INFO] removed /workspace/builds/worker-1-tc2/source/.cargo/config.toml
[INFO] started tweaking git repo https://github.com/rohankumardubey/nextest
[INFO] finished tweaking git repo https://github.com/rohankumardubey/nextest
[INFO] tweaked toml for git repo https://github.com/rohankumardubey/nextest written to /workspace/builds/worker-1-tc2/source/Cargo.toml
[INFO] crate git repo https://github.com/rohankumardubey/nextest already has a lockfile, it will not be regenerated
[INFO] running `Command { std: CARGO_HOME="/workspace/cargo-home" RUSTUP_HOME="/workspace/rustup-home" "/workspace/cargo-home/bin/cargo" "+beta-2023-04-20" "fetch" "--manifest-path" "Cargo.toml", kill_on_drop: false }`
[INFO] [stderr]     Updating crates.io index
[INFO] [stderr]  Downloading crates ...
[INFO] [stderr]   Downloaded nested v0.1.1
[INFO] [stderr]   Downloaded duct v0.13.5
[INFO] [stderr]   Downloaded proptest-derive v0.3.0
[INFO] [stderr]   Downloaded guppy-workspace-hack v0.1.0
[INFO] [stderr]   Downloaded goldenfile v1.1.0
[INFO] [stderr]   Downloaded shared_child v0.3.5
[INFO] [stderr]   Downloaded debug-ignore v1.0.1
[INFO] [stderr]   Downloaded target-spec v1.0.1
[INFO] [stderr]   Downloaded guppy v0.13.0
[INFO] [stderr]   Downloaded color-eyre v0.6.0
[INFO] running `Command { std: "docker" "create" "-v" "/var/lib/crater-agent-workspace/builds/worker-1-tc2/target:/opt/rustwide/target:rw,Z" "-v" "/var/lib/crater-agent-workspace/builds/worker-1-tc2/source:/opt/rustwide/workdir:ro,Z" "-v" "/var/lib/crater-agent-workspace/cargo-home:/opt/rustwide/cargo-home:ro,Z" "-v" "/var/lib/crater-agent-workspace/rustup-home:/opt/rustwide/rustup-home:ro,Z" "-e" "SOURCE_DIR=/opt/rustwide/workdir" "-e" "CARGO_TARGET_DIR=/opt/rustwide/target" "-e" "CARGO_HOME=/opt/rustwide/cargo-home" "-e" "RUSTUP_HOME=/opt/rustwide/rustup-home" "-w" "/opt/rustwide/workdir" "-m" "1610612736" "--user" "0:0" "--network" "none" "ghcr.io/rust-lang/crates-build-env/linux@sha256:5ff2268d62e97bff2cde7d5815dd6ed5b47097566f13b8d0ca110b04b60e07ed" "/opt/rustwide/cargo-home/bin/cargo" "+beta-2023-04-20" "metadata" "--no-deps" "--format-version=1", kill_on_drop: false }`
[INFO] [stdout] 57e275e92d5eefbc6b7b26b4edb749fa0309ca35bcdcdf11bd741a47faf49b38
[INFO] running `Command { std: "docker" "start" "-a" "57e275e92d5eefbc6b7b26b4edb749fa0309ca35bcdcdf11bd741a47faf49b38", kill_on_drop: false }`
[INFO] running `Command { std: "docker" "inspect" "57e275e92d5eefbc6b7b26b4edb749fa0309ca35bcdcdf11bd741a47faf49b38", kill_on_drop: false }`
[INFO] running `Command { std: "docker" "rm" "-f" "57e275e92d5eefbc6b7b26b4edb749fa0309ca35bcdcdf11bd741a47faf49b38", kill_on_drop: false }`
[INFO] [stdout] 57e275e92d5eefbc6b7b26b4edb749fa0309ca35bcdcdf11bd741a47faf49b38
[INFO] running `Command { std: "docker" "create" "-v" "/var/lib/crater-agent-workspace/builds/worker-1-tc2/target:/opt/rustwide/target:rw,Z" "-v" "/var/lib/crater-agent-workspace/builds/worker-1-tc2/source:/opt/rustwide/workdir:ro,Z" "-v" "/var/lib/crater-agent-workspace/cargo-home:/opt/rustwide/cargo-home:ro,Z" "-v" "/var/lib/crater-agent-workspace/rustup-home:/opt/rustwide/rustup-home:ro,Z" "-e" "SOURCE_DIR=/opt/rustwide/workdir" "-e" "CARGO_TARGET_DIR=/opt/rustwide/target" "-e" "CARGO_INCREMENTAL=0" "-e" "RUST_BACKTRACE=full" "-e" "RUSTFLAGS=--cap-lints=warn" "-e" "RUSTDOCFLAGS=--cap-lints=warn" "-e" "CARGO_HOME=/opt/rustwide/cargo-home" "-e" "RUSTUP_HOME=/opt/rustwide/rustup-home" "-w" "/opt/rustwide/workdir" "-m" "1610612736" "--user" "0:0" "--network" "none" "ghcr.io/rust-lang/crates-build-env/linux@sha256:5ff2268d62e97bff2cde7d5815dd6ed5b47097566f13b8d0ca110b04b60e07ed" "/opt/rustwide/cargo-home/bin/cargo" "+beta-2023-04-20" "build" "--frozen" "--message-format=json", kill_on_drop: false }`
[INFO] [stdout] 6b4b23ccd83b16e1327343a260e2ca38ad1d36e7421d37295efc2bfb582eb336
[INFO] running `Command { std: "docker" "start" "-a" "6b4b23ccd83b16e1327343a260e2ca38ad1d36e7421d37295efc2bfb582eb336", kill_on_drop: false }`
[INFO] [stderr]    Compiling autocfg v1.1.0
[INFO] [stderr]    Compiling proc-macro2 v1.0.36
[INFO] [stderr]    Compiling unicode-xid v0.2.2
[INFO] [stderr]    Compiling libc v0.2.117
[INFO] [stderr]    Compiling syn v1.0.86
[INFO] [stderr]    Compiling cfg-if v1.0.0
[INFO] [stderr]    Compiling serde_derive v1.0.136
[INFO] [stderr]    Compiling memchr v2.4.1
[INFO] [stderr]    Compiling serde v1.0.136
[INFO] [stderr]    Compiling version_check v0.9.4
[INFO] [stderr]    Compiling lazy_static v1.4.0
[INFO] [stderr]    Compiling crossbeam-utils v0.8.7
[INFO] [stderr]    Compiling ryu v1.0.9
[INFO] [stderr]    Compiling camino v1.0.7
[INFO] [stderr]    Compiling bitflags v1.3.2
[INFO] [stderr]    Compiling target-lexicon v0.12.3
[INFO] [stderr]    Compiling serde_json v1.0.79
[INFO] [stderr]    Compiling crossbeam-epoch v0.9.7
[INFO] [stderr]    Compiling hashbrown v0.11.2
[INFO] [stderr]    Compiling arrayvec v0.5.2
[INFO] [stderr]    Compiling rayon-core v1.9.1
[INFO] [stderr]    Compiling once_cell v1.9.0
[INFO] [stderr]    Compiling static_assertions v1.1.0
[INFO] [stderr]    Compiling itoa v1.0.1
[INFO] [stderr]    Compiling memoffset v0.6.5
[INFO] [stderr]    Compiling indexmap v1.8.0
[INFO] [stderr]    Compiling num-traits v0.2.14
[INFO] [stderr]    Compiling proc-macro-error-attr v1.0.4
[INFO] [stderr]    Compiling num-integer v0.1.44
[INFO] [stderr]    Compiling lexical-core v0.7.6
[INFO] [stderr]    Compiling semver v1.0.5
[INFO] [stderr]    Compiling scopeguard v1.1.0
[INFO] [stderr]    Compiling guppy-workspace-hack v0.1.0
[INFO] [stderr]    Compiling miniz_oxide v0.4.4
[INFO] [stderr]    Compiling proc-macro-error v1.0.4
[INFO] [stderr]    Compiling nom v5.1.2
[INFO] [stderr]    Compiling quote v1.0.15
[INFO] [stderr]    Compiling target-spec v1.0.1
[INFO] [stderr]    Compiling cc v1.0.72
[INFO] [stderr]    Compiling is_ci v1.1.1
[INFO] [stderr]    Compiling smallvec v1.8.0
[INFO] [stderr]    Compiling either v1.6.1
[INFO] [stderr]    Compiling cfg-expr v0.10.1
[INFO] [stderr]    Compiling crossbeam-deque v0.8.1
[INFO] [stderr]    Compiling aho-corasick v0.7.18
[INFO] [stderr]    Compiling vte_generate_state_changes v0.1.1
[INFO] [stderr]    Compiling crossbeam-channel v0.5.2
[INFO] [stderr]    Compiling rayon v1.5.1
[INFO] [stderr]    Compiling utf8parse v0.2.0
[INFO] [stderr]    Compiling eyre v0.6.6
[INFO] [stderr]    Compiling log v0.4.14
[INFO] [stderr]    Compiling adler v1.0.2
[INFO] [stderr]    Compiling gimli v0.26.1
[INFO] [stderr]    Compiling fixedbitset v0.4.1
[INFO] [stderr]    Compiling atty v0.2.14
[INFO] [stderr]    Compiling time v0.1.44
[INFO] [stderr]    Compiling supports-color v1.3.0
[INFO] [stderr]    Compiling num_cpus v1.13.1
[INFO] [stderr]    Compiling vte v0.10.1
[INFO] [stderr]    Compiling petgraph v0.6.0
[INFO] [stderr]    Compiling os_pipe v0.9.2
[INFO] [stderr]    Compiling backtrace v0.3.64
[INFO] [stderr]    Compiling owo-colors v3.2.0
[INFO] [stderr]    Compiling chrono v0.4.19
[INFO] [stderr]    Compiling nix v0.23.1
[INFO] [stderr]    Compiling shared_child v0.3.5
[INFO] [stderr]    Compiling itertools v0.10.3
[INFO] [stderr]    Compiling quick-xml v0.22.0
[INFO] [stderr]    Compiling object v0.27.1
[INFO] [stderr]    Compiling debug-ignore v1.0.1
[INFO] [stderr]    Compiling heck v0.4.0
[INFO] [stderr]    Compiling nested v0.1.1
[INFO] [stderr]    Compiling humantime v2.1.0
[INFO] [stderr]    Compiling rustc-demangle v0.1.21
[INFO] [stderr]    Compiling regex-syntax v0.6.25
[INFO] [stderr]    Compiling indenter v0.3.3
[INFO] [stderr]    Compiling quick-junit v0.1.5 (/opt/rustwide/workdir/quick-junit)
[INFO] [stderr]    Compiling strip-ansi-escapes v0.1.1
[INFO] [stdout] warning: use of deprecated associated function `std::array::IntoIter::<T, N>::new`: use `IntoIterator::into_iter` instead
[INFO] [stdout]   --> quick-junit/src/serialize.rs:60:55
[INFO] [stdout]    |
[INFO] [stdout] 60 |     testsuites_tag.extend_attributes(array::IntoIter::new([
[INFO] [stdout]    |                                                       ^^^
[INFO] [stdout]    |
[INFO] [stdout]    = note: `#[warn(deprecated)]` on by default
[INFO] [stdout] 
[INFO] [stdout] 
[INFO] [stdout] warning: use of deprecated associated function `std::array::IntoIter::<T, N>::new`: use `IntoIterator::into_iter` instead
[INFO] [stdout]    --> quick-junit/src/serialize.rs:105:55
[INFO] [stdout]     |
[INFO] [stdout] 105 |     test_suite_tag.extend_attributes(array::IntoIter::new([
[INFO] [stdout]     |                                                       ^^^
[INFO] [stdout] 
[INFO] [stdout] 
[INFO] [stdout] warning: use of deprecated associated function `std::array::IntoIter::<T, N>::new`: use `IntoIterator::into_iter` instead
[INFO] [stdout]    --> quick-junit/src/serialize.rs:154:53
[INFO] [stdout]     |
[INFO] [stdout] 154 |     property_tag.extend_attributes(array::IntoIter::new([
[INFO] [stdout]     |                                                     ^^^
[INFO] [stdout] 
[INFO] [stdout] 
[INFO] [stdout] warning: use of deprecated associated function `std::array::IntoIter::<T, N>::new`: use `IntoIterator::into_iter` instead
[INFO] [stdout]    --> quick-junit/src/serialize.rs:179:53
[INFO] [stdout]     |
[INFO] [stdout] 179 |     testcase_tag.extend_attributes(array::IntoIter::new([("name", name.as_str())]));
[INFO] [stdout]     |                                                     ^^^
[INFO] [stdout] 
[INFO] [stdout] 
[INFO] [stderr]    Compiling duct v0.13.5
[INFO] [stderr]    Compiling addr2line v0.17.0
[INFO] [stderr]    Compiling os_str_bytes v6.0.0
[INFO] [stderr]    Compiling twox-hash v1.6.2
[INFO] [stderr]    Compiling textwrap v0.14.2
[INFO] [stdout] warning: 4 warnings emitted
[INFO] [stdout] 
[INFO] [stdout] 
[INFO] [stderr]    Compiling termcolor v1.1.2
[INFO] [stderr]    Compiling strsim v0.10.0
[INFO] [stderr]    Compiling indent_write v2.2.0
[INFO] [stderr]    Compiling env_logger v0.9.0
[INFO] [stderr]    Compiling enable-ansi-support v0.1.2
[INFO] [stderr]    Compiling clap_derive v3.0.14
[INFO] [stderr]    Compiling regex v1.5.4
[INFO] [stderr]    Compiling ctrlc v3.2.1
[INFO] [stderr]    Compiling color-eyre v0.6.0
[INFO] [stderr]    Compiling shellwords v1.1.0
[INFO] [stderr]    Compiling clap v3.0.14
[INFO] [stderr]    Compiling cargo-platform v0.1.2
[INFO] [stderr]    Compiling toml v0.5.8
[INFO] [stderr]    Compiling humantime-serde v1.0.1
[INFO] [stderr]    Compiling pathdiff v0.2.1
[INFO] [stderr]    Compiling cargo_metadata v0.14.1
[INFO] [stderr]    Compiling nextest-metadata v0.1.0 (/opt/rustwide/workdir/nextest-metadata)
[INFO] [stderr]    Compiling config v0.11.0
[INFO] [stderr]    Compiling guppy v0.13.0
[INFO] [stderr]    Compiling nextest-runner v0.1.1 (/opt/rustwide/workdir/nextest-runner)
[INFO] [stderr]    Compiling cargo-nextest v0.9.3 (/opt/rustwide/workdir/cargo-nextest)
[INFO] [stderr]     Finished dev [unoptimized + debuginfo] target(s) in 20.81s
[INFO] [stderr] warning: the following packages contain code that will be rejected by a future version of Rust: nom v5.1.2, quick-xml v0.22.0
[INFO] [stderr] note: to see what the problems were, use the option `--future-incompat-report`, or run `cargo report future-incompatibilities --id 1`
[INFO] running `Command { std: "docker" "inspect" "6b4b23ccd83b16e1327343a260e2ca38ad1d36e7421d37295efc2bfb582eb336", kill_on_drop: false }`
[INFO] running `Command { std: "docker" "rm" "-f" "6b4b23ccd83b16e1327343a260e2ca38ad1d36e7421d37295efc2bfb582eb336", kill_on_drop: false }`
[INFO] [stdout] 6b4b23ccd83b16e1327343a260e2ca38ad1d36e7421d37295efc2bfb582eb336
[INFO] running `Command { std: "docker" "create" "-v" "/var/lib/crater-agent-workspace/builds/worker-1-tc2/target:/opt/rustwide/target:rw,Z" "-v" "/var/lib/crater-agent-workspace/builds/worker-1-tc2/source:/opt/rustwide/workdir:ro,Z" "-v" "/var/lib/crater-agent-workspace/cargo-home:/opt/rustwide/cargo-home:ro,Z" "-v" "/var/lib/crater-agent-workspace/rustup-home:/opt/rustwide/rustup-home:ro,Z" "-e" "SOURCE_DIR=/opt/rustwide/workdir" "-e" "CARGO_TARGET_DIR=/opt/rustwide/target" "-e" "CARGO_INCREMENTAL=0" "-e" "RUST_BACKTRACE=full" "-e" "RUSTFLAGS=--cap-lints=warn" "-e" "RUSTDOCFLAGS=--cap-lints=warn" "-e" "CARGO_HOME=/opt/rustwide/cargo-home" "-e" "RUSTUP_HOME=/opt/rustwide/rustup-home" "-w" "/opt/rustwide/workdir" "-m" "1610612736" "--user" "0:0" "--network" "none" "ghcr.io/rust-lang/crates-build-env/linux@sha256:5ff2268d62e97bff2cde7d5815dd6ed5b47097566f13b8d0ca110b04b60e07ed" "/opt/rustwide/cargo-home/bin/cargo" "+beta-2023-04-20" "test" "--frozen" "--no-run" "--message-format=json", kill_on_drop: false }`
[INFO] [stdout] e6a7783c6b2c8a05b24299f07887c3b658da122c70be16bf784565f5e5e176d9
[INFO] running `Command { std: "docker" "start" "-a" "e6a7783c6b2c8a05b24299f07887c3b658da122c70be16bf784565f5e5e176d9", kill_on_drop: false }`
[INFO] [stderr]    Compiling num-traits v0.2.14
[INFO] [stderr]    Compiling fastrand v1.7.0
[INFO] [stderr]    Compiling remove_dir_all v0.5.3
[INFO] [stderr]    Compiling getrandom v0.2.4
[INFO] [stderr]    Compiling proc-macro2 v0.4.30
[INFO] [stderr]    Compiling unicode-xid v0.1.0
[INFO] [stderr]    Compiling ppv-lite86 v0.2.16
[INFO] [stderr]    Compiling syn v0.15.44
[INFO] [stderr]    Compiling wait-timeout v0.2.0
[INFO] [stderr]    Compiling quick-error v1.2.3
[INFO] [stderr]    Compiling bit-vec v0.6.3
[INFO] [stderr]    Compiling fnv v1.0.7
[INFO] [stderr]    Compiling ansi_term v0.12.1
[INFO] [stderr]    Compiling unindent v0.1.7
[INFO] [stderr]    Compiling diff v0.1.12
[INFO] [stderr]    Compiling byteorder v1.4.3
[INFO] [stderr]    Compiling quick-error v2.0.1
[INFO] [stderr]    Compiling difference v2.0.0
[INFO] [stderr]    Compiling maplit v1.0.2
[INFO] [stderr]    Compiling nextest-metadata v0.1.0 (/opt/rustwide/workdir/nextest-metadata)
[INFO] [stderr]    Compiling tempfile v3.3.0
[INFO] [stderr]    Compiling rand_core v0.6.3
[INFO] [stderr]    Compiling bit-set v0.5.2
[INFO] [stderr]    Compiling indoc v1.0.3
[INFO] [stderr]    Compiling pretty_assertions v1.1.0
[INFO] [stderr]    Compiling rusty-fork v0.3.0
[INFO] [stderr]    Compiling goldenfile v1.1.0
[INFO] [stderr]    Compiling rand_chacha v0.3.1
[INFO] [stderr]    Compiling rand_xorshift v0.3.0
[INFO] [stderr]    Compiling rand v0.8.4
[INFO] [stderr]    Compiling quote v0.6.13
[INFO] [stderr]    Compiling num-integer v0.1.44
[INFO] [stderr]    Compiling proptest v1.0.0
[INFO] [stderr]    Compiling chrono v0.4.19
[INFO] [stderr]    Compiling quick-junit v0.1.5 (/opt/rustwide/workdir/quick-junit)
[INFO] [stdout] warning: use of deprecated associated function `std::array::IntoIter::<T, N>::new`: use `IntoIterator::into_iter` instead
[INFO] [stdout]   --> quick-junit/src/serialize.rs:60:55
[INFO] [stdout]    |
[INFO] [stdout] 60 |     testsuites_tag.extend_attributes(array::IntoIter::new([
[INFO] [stdout]    |                                                       ^^^
[INFO] [stdout]    |
[INFO] [stdout]    = note: `#[warn(deprecated)]` on by default
[INFO] [stdout] 
[INFO] [stdout] 
[INFO] [stdout] warning: use of deprecated associated function `std::array::IntoIter::<T, N>::new`: use `IntoIterator::into_iter` instead
[INFO] [stdout]    --> quick-junit/src/serialize.rs:105:55
[INFO] [stdout]     |
[INFO] [stdout] 105 |     test_suite_tag.extend_attributes(array::IntoIter::new([
[INFO] [stdout]     |                                                       ^^^
[INFO] [stdout] 
[INFO] [stdout] 
[INFO] [stdout] warning: use of deprecated associated function `std::array::IntoIter::<T, N>::new`: use `IntoIterator::into_iter` instead
[INFO] [stdout]    --> quick-junit/src/serialize.rs:154:53
[INFO] [stdout]     |
[INFO] [stdout] 154 |     property_tag.extend_attributes(array::IntoIter::new([
[INFO] [stdout]     |                                                     ^^^
[INFO] [stdout] 
[INFO] [stdout] 
[INFO] [stdout] warning: use of deprecated associated function `std::array::IntoIter::<T, N>::new`: use `IntoIterator::into_iter` instead
[INFO] [stdout]    --> quick-junit/src/serialize.rs:179:53
[INFO] [stdout]     |
[INFO] [stdout] 179 |     testcase_tag.extend_attributes(array::IntoIter::new([("name", name.as_str())]));
[INFO] [stdout]     |                                                     ^^^
[INFO] [stdout] 
[INFO] [stdout] 
[INFO] [stderr]    Compiling nextest-runner v0.1.1 (/opt/rustwide/workdir/nextest-runner)
[INFO] [stdout] warning: use of deprecated associated function `std::array::IntoIter::<T, N>::new`: use `IntoIterator::into_iter` instead
[INFO] [stdout]   --> quick-junit/src/serialize.rs:60:55
[INFO] [stdout]    |
[INFO] [stdout] 60 |     testsuites_tag.extend_attributes(array::IntoIter::new([
[INFO] [stdout]    |                                                       ^^^
[INFO] [stdout]    |
[INFO] [stdout]    = note: `#[warn(deprecated)]` on by default
[INFO] [stdout] 
[INFO] [stdout] 
[INFO] [stdout] warning: use of deprecated associated function `std::array::IntoIter::<T, N>::new`: use `IntoIterator::into_iter` instead
[INFO] [stdout]    --> quick-junit/src/serialize.rs:105:55
[INFO] [stdout]     |
[INFO] [stdout] 105 |     test_suite_tag.extend_attributes(array::IntoIter::new([
[INFO] [stdout]     |                                                       ^^^
[INFO] [stdout] 
[INFO] [stdout] 
[INFO] [stdout] warning: use of deprecated associated function `std::array::IntoIter::<T, N>::new`: use `IntoIterator::into_iter` instead
[INFO] [stdout]    --> quick-junit/src/serialize.rs:154:53
[INFO] [stdout]     |
[INFO] [stdout] 154 |     property_tag.extend_attributes(array::IntoIter::new([
[INFO] [stdout]     |                                                     ^^^
[INFO] [stdout] 
[INFO] [stdout] 
[INFO] [stdout] warning: use of deprecated associated function `std::array::IntoIter::<T, N>::new`: use `IntoIterator::into_iter` instead
[INFO] [stdout]    --> quick-junit/src/serialize.rs:179:53
[INFO] [stdout]     |
[INFO] [stdout] 179 |     testcase_tag.extend_attributes(array::IntoIter::new([("name", name.as_str())]));
[INFO] [stdout]     |                                                     ^^^
[INFO] [stdout] 
[INFO] [stdout] 
[INFO] [stdout] warning: 4 warnings emitted
[INFO] [stdout] 
[INFO] [stdout] 
[INFO] [stdout] warning: 4 warnings emitted
[INFO] [stdout] 
[INFO] [stdout] 
[INFO] [stderr]    Compiling cargo-nextest v0.9.3 (/opt/rustwide/workdir/cargo-nextest)
[INFO] [stderr]    Compiling proptest-derive v0.3.0
[INFO] [stderr]     Finished test [unoptimized + debuginfo] target(s) in 14.41s
[INFO] [stderr] warning: the following packages contain code that will be rejected by a future version of Rust: nom v5.1.2, quick-xml v0.22.0
[INFO] [stderr] note: to see what the problems were, use the option `--future-incompat-report`, or run `cargo report future-incompatibilities --id 1`
[INFO] running `Command { std: "docker" "inspect" "e6a7783c6b2c8a05b24299f07887c3b658da122c70be16bf784565f5e5e176d9", kill_on_drop: false }`
[INFO] running `Command { std: "docker" "rm" "-f" "e6a7783c6b2c8a05b24299f07887c3b658da122c70be16bf784565f5e5e176d9", kill_on_drop: false }`
[INFO] [stdout] e6a7783c6b2c8a05b24299f07887c3b658da122c70be16bf784565f5e5e176d9
[INFO] running `Command { std: "docker" "create" "-v" "/var/lib/crater-agent-workspace/builds/worker-1-tc2/target:/opt/rustwide/target:rw,Z" "-v" "/var/lib/crater-agent-workspace/builds/worker-1-tc2/source:/opt/rustwide/workdir:ro,Z" "-v" "/var/lib/crater-agent-workspace/cargo-home:/opt/rustwide/cargo-home:ro,Z" "-v" "/var/lib/crater-agent-workspace/rustup-home:/opt/rustwide/rustup-home:ro,Z" "-e" "SOURCE_DIR=/opt/rustwide/workdir" "-e" "CARGO_TARGET_DIR=/opt/rustwide/target" "-e" "CARGO_INCREMENTAL=0" "-e" "RUST_BACKTRACE=full" "-e" "RUSTFLAGS=--cap-lints=warn" "-e" "RUSTDOCFLAGS=--cap-lints=warn" "-e" "CARGO_HOME=/opt/rustwide/cargo-home" "-e" "RUSTUP_HOME=/opt/rustwide/rustup-home" "-w" "/opt/rustwide/workdir" "-m" "1610612736" "--user" "0:0" "--network" "none" "ghcr.io/rust-lang/crates-build-env/linux@sha256:5ff2268d62e97bff2cde7d5815dd6ed5b47097566f13b8d0ca110b04b60e07ed" "/opt/rustwide/cargo-home/bin/cargo" "+beta-2023-04-20" "test" "--frozen", kill_on_drop: false }`
[INFO] [stdout] 789208b7deff0a4a0e18f544f44686e2f73b59730fc44a902c355e7883b242ca
[INFO] running `Command { std: "docker" "start" "-a" "789208b7deff0a4a0e18f544f44686e2f73b59730fc44a902c355e7883b242ca", kill_on_drop: false }`
[INFO] [stderr] warning: use of deprecated associated function `std::array::IntoIter::<T, N>::new`: use `IntoIterator::into_iter` instead
[INFO] [stderr]   --> quick-junit/src/serialize.rs:60:55
[INFO] [stderr]    |
[INFO] [stderr] 60 |     testsuites_tag.extend_attributes(array::IntoIter::new([
[INFO] [stderr]    |                                                       ^^^
[INFO] [stderr]    |
[INFO] [stderr]    = note: `#[warn(deprecated)]` on by default
[INFO] [stderr] 
[INFO] [stderr] warning: use of deprecated associated function `std::array::IntoIter::<T, N>::new`: use `IntoIterator::into_iter` instead
[INFO] [stderr]    --> quick-junit/src/serialize.rs:105:55
[INFO] [stderr]     |
[INFO] [stderr] 105 |     test_suite_tag.extend_attributes(array::IntoIter::new([
[INFO] [stderr]     |                                                       ^^^
[INFO] [stderr] 
[INFO] [stderr] warning: use of deprecated associated function `std::array::IntoIter::<T, N>::new`: use `IntoIterator::into_iter` instead
[INFO] [stderr]    --> quick-junit/src/serialize.rs:154:53
[INFO] [stderr]     |
[INFO] [stderr] 154 |     property_tag.extend_attributes(array::IntoIter::new([
[INFO] [stderr]     |                                                     ^^^
[INFO] [stderr] 
[INFO] [stderr] warning: use of deprecated associated function `std::array::IntoIter::<T, N>::new`: use `IntoIterator::into_iter` instead
[INFO] [stderr]    --> quick-junit/src/serialize.rs:179:53
[INFO] [stderr]     |
[INFO] [stderr] 179 |     testcase_tag.extend_attributes(array::IntoIter::new([("name", name.as_str())]));
[INFO] [stderr]     |                                                     ^^^
[INFO] [stderr] 
[INFO] [stderr] warning: `quick-junit` (lib) generated 4 warnings
[INFO] [stderr] warning: `quick-junit` (lib test) generated 4 warnings (4 duplicates)
[INFO] [stderr]     Finished test [unoptimized + debuginfo] target(s) in 0.16s
[INFO] [stderr] warning: the following packages contain code that will be rejected by a future version of Rust: nom v5.1.2, quick-xml v0.22.0
[INFO] [stderr] note: to see what the problems were, use the option `--future-incompat-report`, or run `cargo report future-incompatibilities --id 1`
[INFO] [stderr]      Running unittests src/lib.rs (/opt/rustwide/target/debug/deps/cargo_nextest-41385677b22a8d78)
[INFO] [stdout] 
[INFO] [stdout] running 0 tests
[INFO] [stdout] 
[INFO] [stdout] test result: ok. 0 passed; 0 failed; 0 ignored; 0 measured; 0 filtered out; finished in 0.00s
[INFO] [stdout] 
[INFO] [stderr]      Running unittests src/main.rs (/opt/rustwide/target/debug/deps/cargo_nextest-1eeb3a298954e80a)
[INFO] [stdout] 
[INFO] [stdout] running 0 tests
[INFO] [stdout] 
[INFO] [stdout] test result: ok. 0 passed; 0 failed; 0 ignored; 0 measured; 0 filtered out; finished in 0.00s
[INFO] [stdout] 
[INFO] [stderr]      Running unittests src/lib.rs (/opt/rustwide/target/debug/deps/nextest_metadata-a8ec6d8ef2f2e081)
[INFO] [stdout] 
[INFO] [stdout] running 0 tests
[INFO] [stdout] 
[INFO] [stdout] test result: ok. 0 passed; 0 failed; 0 ignored; 0 measured; 0 filtered out; finished in 0.00s
[INFO] [stdout] 
[INFO] [stderr]      Running unittests src/lib.rs (/opt/rustwide/target/debug/deps/nextest_runner-ff45731b5fae67ae)
[INFO] [stdout] 
[INFO] [stdout] running 10 tests
[INFO] [stdout] test partition::tests::partitioner_builder_from_str ... ok
[INFO] [stdout] test runner::tests::test_is_success ... ok
[INFO] [stdout] test config::tests::default_config_is_valid ... ok
[INFO] [stdout] test runner::tests::no_capture_settings ... ok
[INFO] [stdout] test test_list::tests::test_parse ... ok
[INFO] [stdout] test reporter::tests::no_capture_settings ... ok
[INFO] [stdout] test test_filter::tests::proptest_empty ... ok
[INFO] [stdout] test test_filter::tests::proptest_no_match ... ok
[INFO] [stdout] test test_filter::tests::proptest_exact ... ok
[INFO] [stdout] test test_filter::tests::proptest_substring ... ok
[INFO] [stdout] 
[INFO] [stdout] test result: ok. 10 passed; 0 failed; 0 ignored; 0 measured; 0 filtered out; finished in 3.15s
[INFO] [stdout] 
[INFO] [stderr]      Running tests/basic.rs (/opt/rustwide/target/debug/deps/basic-c95fda362135a9f9)
[INFO] [stdout] 
[INFO] [stdout] running 4 tests
[INFO] [stderr] warning: /opt/rustwide/workdir/fixtures/nextest-tests/Cargo.toml: only one of `license` or `license-file` is necessary
[INFO] [stderr] `license` should be used if the package license can be expressed with a standard SPDX expression.
[INFO] [stderr] `license-file` should be used if the package uses a non-standard license.
[INFO] [stderr] See https://doc.rust-lang.org/cargo/reference/manifest.html#the-license-and-license-file-fields for more information.
[INFO] [stderr] error: failed to write /opt/rustwide/workdir/fixtures/nextest-tests/Cargo.lock
[INFO] [stderr] 
[INFO] [stderr] Caused by:
[INFO] [stderr]   failed to open: /opt/rustwide/workdir/fixtures/nextest-tests/Cargo.lock
[INFO] [stderr] 
[INFO] [stderr] Caused by:
[INFO] [stderr]   Read-only file system (os error 30)
[INFO] [stdout] test test_run ... FAILED
[INFO] [stdout] test test_run_ignored ... FAILED
[INFO] [stdout] test test_list_tests ... FAILED
[INFO] [stdout] test test_retries ... FAILED
[INFO] [stdout] 
[INFO] [stdout] failures:
[INFO] [stdout] 
[INFO] [stdout] ---- test_run stdout ----
[INFO] [stdout] thread 'test_run' panicked at 'cargo test --no-run failed: Custom { kind: Other, error: "command [\"/opt/rustwide/rustup-home/toolchains/beta-2023-04-20-x86_64-unknown-linux-gnu/bin/cargo\", \"test\", \"--no-run\", \"--message-format\", \"json-render-diagnostics\"] exited with code 101" }', nextest-runner/tests/basic.rs:138:29
[INFO] [stdout] stack backtrace:
[INFO] [stdout]    0:     0x562570ec38ca - std::backtrace_rs::backtrace::libunwind::trace::h2f05d0192276a8f6
[INFO] [stdout]                                at /rustc/1b7dd2252b99671ce5d1cb9664c5f8636329436d/library/std/src/../../backtrace/src/backtrace/libunwind.rs:93:5
[INFO] [stdout]    1:     0x562570ec38ca - std::backtrace_rs::backtrace::trace_unsynchronized::hedc23dff7a1af150
[INFO] [stdout]                                at /rustc/1b7dd2252b99671ce5d1cb9664c5f8636329436d/library/std/src/../../backtrace/src/backtrace/mod.rs:66:5
[INFO] [stdout]    2:     0x562570ec38ca - std::sys_common::backtrace::_print_fmt::h17541ef7592f3ce2
[INFO] [stdout]                                at /rustc/1b7dd2252b99671ce5d1cb9664c5f8636329436d/library/std/src/sys_common/backtrace.rs:65:5
[INFO] [stdout]    3:     0x562570ec38ca - <std::sys_common::backtrace::_print::DisplayBacktrace as core::fmt::Display>::fmt::h20f75df5ab0c0792
[INFO] [stdout]                                at /rustc/1b7dd2252b99671ce5d1cb9664c5f8636329436d/library/std/src/sys_common/backtrace.rs:44:22
[INFO] [stdout]    4:     0x562570ee941f - core::fmt::write::h78109e6f466b3af6
[INFO] [stdout]                                at /rustc/1b7dd2252b99671ce5d1cb9664c5f8636329436d/library/core/src/fmt/mod.rs:1254:17
[INFO] [stdout]    5:     0x562570ec0385 - std::io::Write::write_fmt::hd24bfb68a1b35a25
[INFO] [stdout]                                at /rustc/1b7dd2252b99671ce5d1cb9664c5f8636329436d/library/std/src/io/mod.rs:1698:15
[INFO] [stdout]    6:     0x562570ec3695 - std::sys_common::backtrace::_print::h8dac57a9f8fbf9a5
[INFO] [stdout]                                at /rustc/1b7dd2252b99671ce5d1cb9664c5f8636329436d/library/std/src/sys_common/backtrace.rs:47:5
[INFO] [stdout]    7:     0x562570ec3695 - std::sys_common::backtrace::print::hf9ecbf41d1aa712f
[INFO] [stdout]                                at /rustc/1b7dd2252b99671ce5d1cb9664c5f8636329436d/library/std/src/sys_common/backtrace.rs:34:9
[INFO] [stdout]    8:     0x562570ec534e - std::panicking::default_hook::{{closure}}::h04c07acfc84ca028
[INFO] [stdout]                                at /rustc/1b7dd2252b99671ce5d1cb9664c5f8636329436d/library/std/src/panicking.rs:269:22
[INFO] [stdout]    9:     0x562570ec5081 - std::panicking::default_hook::h01f6bb23e1eceb2c
[INFO] [stdout]                                at /rustc/1b7dd2252b99671ce5d1cb9664c5f8636329436d/library/std/src/panicking.rs:285:9
[INFO] [stdout]   10:     0x562570bf0ddb - <alloc::boxed::Box<F,A> as core::ops::function::Fn<Args>>::call::h87fe9f7b2fd49e4c
[INFO] [stdout]                                at /rustc/1b7dd2252b99671ce5d1cb9664c5f8636329436d/library/alloc/src/boxed.rs:1987:9
[INFO] [stdout]   11:     0x562570bf0ddb - test::test_main::{{closure}}::he94d679243a7531b
[INFO] [stdout]                                at /rustc/1b7dd2252b99671ce5d1cb9664c5f8636329436d/library/test/src/lib.rs:134:21
[INFO] [stdout]   12:     0x562570ec5a34 - <alloc::boxed::Box<F,A> as core::ops::function::Fn<Args>>::call::h3f2d6d8b14c4769f
[INFO] [stdout]                                at /rustc/1b7dd2252b99671ce5d1cb9664c5f8636329436d/library/alloc/src/boxed.rs:1987:9
[INFO] [stdout]   13:     0x562570ec5a34 - std::panicking::rust_panic_with_hook::h2bb3722bbaf2f6df
[INFO] [stdout]                                at /rustc/1b7dd2252b99671ce5d1cb9664c5f8636329436d/library/std/src/panicking.rs:695:13
[INFO] [stdout]   14:     0x562570ec57a9 - std::panicking::begin_panic_handler::{{closure}}::h91bc7f36a4be011b
[INFO] [stdout]                                at /rustc/1b7dd2252b99671ce5d1cb9664c5f8636329436d/library/std/src/panicking.rs:582:13
[INFO] [stdout]   15:     0x562570ec3d36 - std::sys_common::backtrace::__rust_end_short_backtrace::h8b3d3717114f9e59
[INFO] [stdout]                                at /rustc/1b7dd2252b99671ce5d1cb9664c5f8636329436d/library/std/src/sys_common/backtrace.rs:150:18
[INFO] [stdout]   16:     0x562570ec5502 - rust_begin_unwind
[INFO] [stdout]                                at /rustc/1b7dd2252b99671ce5d1cb9664c5f8636329436d/library/std/src/panicking.rs:578:5
[INFO] [stdout]   17:     0x562570af3ee3 - core::panicking::panic_fmt::hfd368e3fbdabea26
[INFO] [stdout]                                at /rustc/1b7dd2252b99671ce5d1cb9664c5f8636329436d/library/core/src/panicking.rs:67:14
[INFO] [stdout]   18:     0x562570af4483 - core::result::unwrap_failed::he54eb4b2f125b26f
[INFO] [stdout]                                at /rustc/1b7dd2252b99671ce5d1cb9664c5f8636329436d/library/core/src/result.rs:1687:5
[INFO] [stdout]   19:     0x562570b413e2 - core::result::Result<T,E>::expect::h5c50fee69d92b589
[INFO] [stdout]                                at /rustc/1b7dd2252b99671ce5d1cb9664c5f8636329436d/library/core/src/result.rs:1046:23
[INFO] [stdout]   20:     0x562570b98e84 - basic::init_fixture_targets::h980da2eb513494c5
[INFO] [stdout]                                at /opt/rustwide/workdir/nextest-runner/tests/basic.rs:138:18
[INFO] [stdout]   21:     0x562570ba1872 - core::ops::function::FnOnce::call_once::hbe9fb6a867053ffd
[INFO] [stdout]                                at /rustc/1b7dd2252b99671ce5d1cb9664c5f8636329436d/library/core/src/ops/function.rs:250:5
[INFO] [stdout]   22:     0x562570b31723 - once_cell::sync::Lazy<T,F>::force::{{closure}}::h2b319f1abb8f323a
[INFO] [stdout]                                at /opt/rustwide/cargo-home/registry/src/index.crates.io-6f17d22bba15001f/once_cell-1.9.0/src/lib.rs:1163:28
[INFO] [stdout]   23:     0x562570b3190d - once_cell::sync::OnceCell<T>::get_or_init::{{closure}}::h619cf7b1174a1b93
[INFO] [stdout]                                at /opt/rustwide/cargo-home/registry/src/index.crates.io-6f17d22bba15001f/once_cell-1.9.0/src/lib.rs:974:57
[INFO] [stdout]   24:     0x562570bac3e1 - once_cell::imp::OnceCell<T>::initialize::{{closure}}::hebd1d479f5c9a01a
[INFO] [stdout]                                at /opt/rustwide/cargo-home/registry/src/index.crates.io-6f17d22bba15001f/once_cell-1.9.0/src/imp_std.rs:95:19
[INFO] [stdout]   25:     0x562570e971ae - once_cell::imp::initialize_inner::h32cbe0a04fb91a32
[INFO] [stdout]                                at /opt/rustwide/cargo-home/registry/src/index.crates.io-6f17d22bba15001f/once_cell-1.9.0/src/imp_std.rs:171:31
[INFO] [stdout]   26:     0x562570bac04c - once_cell::imp::OnceCell<T>::initialize::hb33a8aa1e00d5368
[INFO] [stdout]                                at /opt/rustwide/cargo-home/registry/src/index.crates.io-6f17d22bba15001f/once_cell-1.9.0/src/imp_std.rs:93:9
[INFO] [stdout]   27:     0x562570b31c0d - once_cell::sync::OnceCell<T>::get_or_try_init::hba364962085bcab9
[INFO] [stdout]                                at /opt/rustwide/cargo-home/registry/src/index.crates.io-6f17d22bba15001f/once_cell-1.9.0/src/lib.rs:1014:13
[INFO] [stdout]   28:     0x562570b3184d - once_cell::sync::OnceCell<T>::get_or_init::h2794ea07b5c9fd1e
[INFO] [stdout]                                at /opt/rustwide/cargo-home/registry/src/index.crates.io-6f17d22bba15001f/once_cell-1.9.0/src/lib.rs:974:19
[INFO] [stdout]   29:     0x562570b31642 - once_cell::sync::Lazy<T,F>::force::h1dc8fcea66d35be0
[INFO] [stdout]                                at /opt/rustwide/cargo-home/registry/src/index.crates.io-6f17d22bba15001f/once_cell-1.9.0/src/lib.rs:1162:13
[INFO] [stdout]   30:     0x562570b309ea - <once_cell::sync::Lazy<T,F> as core::ops::deref::Deref>::deref::had30f381f8107346
[INFO] [stdout]                                at /opt/rustwide/cargo-home/registry/src/index.crates.io-6f17d22bba15001f/once_cell-1.9.0/src/lib.rs:1172:13
[INFO] [stdout]   31:     0x562570b9a464 - basic::test_run::hed79424452d02015
[INFO] [stdout]                                at /opt/rustwide/workdir/nextest-runner/tests/basic.rs:212:29
[INFO] [stdout]   32:     0x562570b9a417 - basic::test_run::{{closure}}::heb14a620795a0db2
[INFO] [stdout]                                at /opt/rustwide/workdir/nextest-runner/tests/basic.rs:210:18
[INFO] [stdout]   33:     0x562570ba1635 - core::ops::function::FnOnce::call_once::h8c3b680d4df6b68c
[INFO] [stdout]                                at /rustc/1b7dd2252b99671ce5d1cb9664c5f8636329436d/library/core/src/ops/function.rs:250:5
[INFO] [stdout]   34:     0x562570bf5caf - core::ops::function::FnOnce::call_once::ha6a70e79f7481a7e
[INFO] [stdout]                                at /rustc/1b7dd2252b99671ce5d1cb9664c5f8636329436d/library/core/src/ops/function.rs:250:5
[INFO] [stdout]   35:     0x562570bf5caf - test::__rust_begin_short_backtrace::hce33033019b61e69
[INFO] [stdout]                                at /rustc/1b7dd2252b99671ce5d1cb9664c5f8636329436d/library/test/src/lib.rs:655:18
[INFO] [stdout]   36:     0x562570bc349c - test::run_test::{{closure}}::h858d3528838ae3e5
[INFO] [stdout]                                at /rustc/1b7dd2252b99671ce5d1cb9664c5f8636329436d/library/test/src/lib.rs:646:30
[INFO] [stdout]   37:     0x562570bc349c - core::ops::function::FnOnce::call_once{{vtable.shim}}::he8ac2b00f01ae79e
[INFO] [stdout]                                at /rustc/1b7dd2252b99671ce5d1cb9664c5f8636329436d/library/core/src/ops/function.rs:250:5
[INFO] [stdout]   38:     0x562570bf4d86 - <alloc::boxed::Box<F,A> as core::ops::function::FnOnce<Args>>::call_once::h8093d25b522725ef
[INFO] [stdout]                                at /rustc/1b7dd2252b99671ce5d1cb9664c5f8636329436d/library/alloc/src/boxed.rs:1973:9
[INFO] [stdout]   39:     0x562570bf4d86 - <core::panic::unwind_safe::AssertUnwindSafe<F> as core::ops::function::FnOnce<()>>::call_once::h5c334c204e4a3913
[INFO] [stdout]                                at /rustc/1b7dd2252b99671ce5d1cb9664c5f8636329436d/library/core/src/panic/unwind_safe.rs:271:9
[INFO] [stdout]   40:     0x562570bf4d86 - std::panicking::try::do_call::ha8b740c7b9478074
[INFO] [stdout]                                at /rustc/1b7dd2252b99671ce5d1cb9664c5f8636329436d/library/std/src/panicking.rs:485:40
[INFO] [stdout]   41:     0x562570bf4d86 - std::panicking::try::h5d34f63d0e41b64e
[INFO] [stdout]                                at /rustc/1b7dd2252b99671ce5d1cb9664c5f8636329436d/library/std/src/panicking.rs:449:19
[INFO] [stdout]   42:     0x562570bf4d86 - std::panic::catch_unwind::hcfbb511e1aa7fc67
[INFO] [stdout]                                at /rustc/1b7dd2252b99671ce5d1cb9664c5f8636329436d/library/std/src/panic.rs:140:14
[INFO] [stdout]   43:     0x562570bf4d86 - test::run_test_in_process::h9abda90f802eaf21
[INFO] [stdout]                                at /rustc/1b7dd2252b99671ce5d1cb9664c5f8636329436d/library/test/src/lib.rs:678:27
[INFO] [stdout]   44:     0x562570bf4d86 - test::run_test::run_test_inner::{{closure}}::h0f058de91f6c6edf
[INFO] [stdout]                                at /rustc/1b7dd2252b99671ce5d1cb9664c5f8636329436d/library/test/src/lib.rs:572:39
[INFO] [stdout]   45:     0x562570bbdca5 - test::run_test::run_test_inner::{{closure}}::h5ca48a4c59c6c1fb
[INFO] [stdout]                                at /rustc/1b7dd2252b99671ce5d1cb9664c5f8636329436d/library/test/src/lib.rs:599:37
[INFO] [stdout]   46:     0x562570bbdca5 - std::sys_common::backtrace::__rust_begin_short_backtrace::h32bd51e1495d4a33
[INFO] [stdout]                                at /rustc/1b7dd2252b99671ce5d1cb9664c5f8636329436d/library/std/src/sys_common/backtrace.rs:134:18
[INFO] [stdout]   47:     0x562570bc31e1 - std::thread::Builder::spawn_unchecked_::{{closure}}::{{closure}}::hc086fae9b128b2db
[INFO] [stdout]                                at /rustc/1b7dd2252b99671ce5d1cb9664c5f8636329436d/library/std/src/thread/mod.rs:526:17
[INFO] [stdout]   48:     0x562570bc31e1 - <core::panic::unwind_safe::AssertUnwindSafe<F> as core::ops::function::FnOnce<()>>::call_once::hb66571888d270d43
[INFO] [stdout]                                at /rustc/1b7dd2252b99671ce5d1cb9664c5f8636329436d/library/core/src/panic/unwind_safe.rs:271:9
[INFO] [stdout]   49:     0x562570bc31e1 - std::panicking::try::do_call::h4fa2ef4f6e51fecf
[INFO] [stdout]                                at /rustc/1b7dd2252b99671ce5d1cb9664c5f8636329436d/library/std/src/panicking.rs:485:40
[INFO] [stdout]   50:     0x562570bc31e1 - std::panicking::try::h1e9e22b8584489b5
[INFO] [stdout]                                at /rustc/1b7dd2252b99671ce5d1cb9664c5f8636329436d/library/std/src/panicking.rs:449:19
[INFO] [stdout]   51:     0x562570bc31e1 - std::panic::catch_unwind::h44698a3de0e0769e
[INFO] [stdout]                                at /rustc/1b7dd2252b99671ce5d1cb9664c5f8636329436d/library/std/src/panic.rs:140:14
[INFO] [stdout]   52:     0x562570bc31e1 - std::thread::Builder::spawn_unchecked_::{{closure}}::h50153abde3fe239e
[INFO] [stdout]                                at /rustc/1b7dd2252b99671ce5d1cb9664c5f8636329436d/library/std/src/thread/mod.rs:525:30
[INFO] [stdout]   53:     0x562570bc31e1 - core::ops::function::FnOnce::call_once{{vtable.shim}}::hbe5bbf6f38394364
[INFO] [stdout]                                at /rustc/1b7dd2252b99671ce5d1cb9664c5f8636329436d/library/core/src/ops/function.rs:250:5
[INFO] [stdout]   54:     0x562570eca1d5 - <alloc::boxed::Box<F,A> as core::ops::function::FnOnce<Args>>::call_once::h0d83cb2920a49046
[INFO] [stdout]                                at /rustc/1b7dd2252b99671ce5d1cb9664c5f8636329436d/library/alloc/src/boxed.rs:1973:9
[INFO] [stdout]   55:     0x562570eca1d5 - <alloc::boxed::Box<F,A> as core::ops::function::FnOnce<Args>>::call_once::hbe0a008aa7d9ef59
[INFO] [stdout]                                at /rustc/1b7dd2252b99671ce5d1cb9664c5f8636329436d/library/alloc/src/boxed.rs:1973:9
[INFO] [stdout]   56:     0x562570eca1d5 - std::sys::unix::thread::Thread::new::thread_start::h3a466996bdf6b1f9
[INFO] [stdout]                                at /rustc/1b7dd2252b99671ce5d1cb9664c5f8636329436d/library/std/src/sys/unix/thread.rs:108:17
[INFO] [stdout]   57:     0x7fd18d38cb43 - <unknown>
[INFO] [stdout]   58:     0x7fd18d41dbb4 - __clone
[INFO] [stdout]   59:                0x0 - <unknown>
[INFO] [stdout] 
[INFO] [stdout] ---- test_run_ignored stdout ----
[INFO] [stdout] thread 'test_run_ignored' panicked at 'Lazy instance has previously been poisoned', /opt/rustwide/cargo-home/registry/src/index.crates.io-6f17d22bba15001f/once_cell-1.9.0/src/lib.rs:1164:25
[INFO] [stdout] stack backtrace:
[INFO] [stdout]    0:     0x562570ec38ca - std::backtrace_rs::backtrace::libunwind::trace::h2f05d0192276a8f6
[INFO] [stdout]                                at /rustc/1b7dd2252b99671ce5d1cb9664c5f8636329436d/library/std/src/../../backtrace/src/backtrace/libunwind.rs:93:5
[INFO] [stdout]    1:     0x562570ec38ca - std::backtrace_rs::backtrace::trace_unsynchronized::hedc23dff7a1af150
[INFO] [stdout]                                at /rustc/1b7dd2252b99671ce5d1cb9664c5f8636329436d/library/std/src/../../backtrace/src/backtrace/mod.rs:66:5
[INFO] [stdout]    2:     0x562570ec38ca - std::sys_common::backtrace::_print_fmt::h17541ef7592f3ce2
[INFO] [stdout]                                at /rustc/1b7dd2252b99671ce5d1cb9664c5f8636329436d/library/std/src/sys_common/backtrace.rs:65:5
[INFO] [stdout]    3:     0x562570ec38ca - <std::sys_common::backtrace::_print::DisplayBacktrace as core::fmt::Display>::fmt::h20f75df5ab0c0792
[INFO] [stdout]                                at /rustc/1b7dd2252b99671ce5d1cb9664c5f8636329436d/library/std/src/sys_common/backtrace.rs:44:22
[INFO] [stdout]    4:     0x562570ee941f - core::fmt::write::h78109e6f466b3af6
[INFO] [stdout]                                at /rustc/1b7dd2252b99671ce5d1cb9664c5f8636329436d/library/core/src/fmt/mod.rs:1254:17
[INFO] [stdout]    5:     0x562570ec0385 - std::io::Write::write_fmt::hd24bfb68a1b35a25
[INFO] [stdout]                                at /rustc/1b7dd2252b99671ce5d1cb9664c5f8636329436d/library/std/src/io/mod.rs:1698:15
[INFO] [stdout]    6:     0x562570ec3695 - std::sys_common::backtrace::_print::h8dac57a9f8fbf9a5
[INFO] [stdout]                                at /rustc/1b7dd2252b99671ce5d1cb9664c5f8636329436d/library/std/src/sys_common/backtrace.rs:47:5
[INFO] [stdout]    7:     0x562570ec3695 - std::sys_common::backtrace::print::hf9ecbf41d1aa712f
[INFO] [stdout]                                at /rustc/1b7dd2252b99671ce5d1cb9664c5f8636329436d/library/std/src/sys_common/backtrace.rs:34:9
[INFO] [stdout]    8:     0x562570ec534e - std::panicking::default_hook::{{closure}}::h04c07acfc84ca028
[INFO] [stdout]                                at /rustc/1b7dd2252b99671ce5d1cb9664c5f8636329436d/library/std/src/panicking.rs:269:22
[INFO] [stdout]    9:     0x562570ec5081 - std::panicking::default_hook::h01f6bb23e1eceb2c
[INFO] [stdout]                                at /rustc/1b7dd2252b99671ce5d1cb9664c5f8636329436d/library/std/src/panicking.rs:285:9
[INFO] [stdout]   10:     0x562570bf0ddb - <alloc::boxed::Box<F,A> as core::ops::function::Fn<Args>>::call::h87fe9f7b2fd49e4c
[INFO] [stdout]                                at /rustc/1b7dd2252b99671ce5d1cb9664c5f8636329436d/library/alloc/src/boxed.rs:1987:9
[INFO] [stdout]   11:     0x562570bf0ddb - test::test_main::{{closure}}::he94d679243a7531b
[INFO] [stdout]                                at /rustc/1b7dd2252b99671ce5d1cb9664c5f8636329436d/library/test/src/lib.rs:134:21
[INFO] [stdout]   12:     0x562570ec5a34 - <alloc::boxed::Box<F,A> as core::ops::function::Fn<Args>>::call::h3f2d6d8b14c4769f
[INFO] [stdout]                                at /rustc/1b7dd2252b99671ce5d1cb9664c5f8636329436d/library/alloc/src/boxed.rs:1987:9
[INFO] [stdout]   13:     0x562570ec5a34 - std::panicking::rust_panic_with_hook::h2bb3722bbaf2f6df
[INFO] [stdout]                                at /rustc/1b7dd2252b99671ce5d1cb9664c5f8636329436d/library/std/src/panicking.rs:695:13
[INFO] [stdout]   14:     0x562570c52b2a - std::panicking::begin_panic::{{closure}}::h6ff56d7c363c5450
[INFO] [stdout]                                at /rustc/1b7dd2252b99671ce5d1cb9664c5f8636329436d/library/std/src/panicking.rs:611:9
[INFO] [stdout]   15:     0x562570c5267d - std::sys_common::backtrace::__rust_end_short_backtrace::ha52789180af903a2
[INFO] [stdout]                                at /rustc/1b7dd2252b99671ce5d1cb9664c5f8636329436d/library/std/src/sys_common/backtrace.rs:150:18
[INFO] [stdout]   16:     0x562570c52a67 - std::panicking::begin_panic::h281365d97ee41a7e
[INFO] [stdout]                                at /rustc/1b7dd2252b99671ce5d1cb9664c5f8636329436d/library/std/src/panicking.rs:610:12
[INFO] [stdout]   17:     0x562570b3170e - once_cell::sync::Lazy<T,F>::force::{{closure}}::h2b319f1abb8f323a
[INFO] [stdout]                                at /opt/rustwide/cargo-home/registry/src/index.crates.io-6f17d22bba15001f/once_cell-1.9.0/src/lib.rs:1164:25
[INFO] [stdout]   18:     0x562570b3190d - once_cell::sync::OnceCell<T>::get_or_init::{{closure}}::h619cf7b1174a1b93
[INFO] [stdout]                                at /opt/rustwide/cargo-home/registry/src/index.crates.io-6f17d22bba15001f/once_cell-1.9.0/src/lib.rs:974:57
[INFO] [stdout]   19:     0x562570bac3e1 - once_cell::imp::OnceCell<T>::initialize::{{closure}}::hebd1d479f5c9a01a
[INFO] [stdout]                                at /opt/rustwide/cargo-home/registry/src/index.crates.io-6f17d22bba15001f/once_cell-1.9.0/src/imp_std.rs:95:19
[INFO] [stdout]   20:     0x562570e971ae - once_cell::imp::initialize_inner::h32cbe0a04fb91a32
[INFO] [stdout]                                at /opt/rustwide/cargo-home/registry/src/index.crates.io-6f17d22bba15001f/once_cell-1.9.0/src/imp_std.rs:171:31
[INFO] [stdout]   21:     0x562570bac04c - once_cell::imp::OnceCell<T>::initialize::hb33a8aa1e00d5368
[INFO] [stdout]                                at /opt/rustwide/cargo-home/registry/src/index.crates.io-6f17d22bba15001f/once_cell-1.9.0/src/imp_std.rs:93:9
[INFO] [stdout]   22:     0x562570b31c0d - once_cell::sync::OnceCell<T>::get_or_try_init::hba364962085bcab9
[INFO] [stdout]                                at /opt/rustwide/cargo-home/registry/src/index.crates.io-6f17d22bba15001f/once_cell-1.9.0/src/lib.rs:1014:13
[INFO] [stdout]   23:     0x562570b3184d - once_cell::sync::OnceCell<T>::get_or_init::h2794ea07b5c9fd1e
[INFO] [stdout]                                at /opt/rustwide/cargo-home/registry/src/index.crates.io-6f17d22bba15001f/once_cell-1.9.0/src/lib.rs:974:19
[INFO] [stdout]   24:     0x562570b31642 - once_cell::sync::Lazy<T,F>::force::h1dc8fcea66d35be0
[INFO] [stdout]                                at /opt/rustwide/cargo-home/registry/src/index.crates.io-6f17d22bba15001f/once_cell-1.9.0/src/lib.rs:1162:13
[INFO] [stdout]   25:     0x562570b309ea - <once_cell::sync::Lazy<T,F> as core::ops::deref::Deref>::deref::had30f381f8107346
[INFO] [stdout]                                at /opt/rustwide/cargo-home/registry/src/index.crates.io-6f17d22bba15001f/once_cell-1.9.0/src/lib.rs:1172:13
[INFO] [stdout]   26:     0x562570b9b1a4 - basic::test_run_ignored::hbf186f5f892f01d8
[INFO] [stdout]                                at /opt/rustwide/workdir/nextest-runner/tests/basic.rs:261:29
[INFO] [stdout]   27:     0x562570b9b157 - basic::test_run_ignored::{{closure}}::h61bdc63004ee0f2c
[INFO] [stdout]                                at /opt/rustwide/workdir/nextest-runner/tests/basic.rs:259:26
[INFO] [stdout]   28:     0x562570ba1765 - core::ops::function::FnOnce::call_once::hafd7c28213f4062f
[INFO] [stdout]                                at /rustc/1b7dd2252b99671ce5d1cb9664c5f8636329436d/library/core/src/ops/function.rs:250:5
[INFO] [stdout]   29:     0x562570bf5caf - core::ops::function::FnOnce::call_once::ha6a70e79f7481a7e
[INFO] [stdout]                                at /rustc/1b7dd2252b99671ce5d1cb9664c5f8636329436d/library/core/src/ops/function.rs:250:5
[INFO] [stdout]   30:     0x562570bf5caf - test::__rust_begin_short_backtrace::hce33033019b61e69
[INFO] [stdout]                                at /rustc/1b7dd2252b99671ce5d1cb9664c5f8636329436d/library/test/src/lib.rs:655:18
[INFO] [stdout]   31:     0x562570bc349c - test::run_test::{{closure}}::h858d3528838ae3e5
[INFO] [stdout]                                at /rustc/1b7dd2252b99671ce5d1cb9664c5f8636329436d/library/test/src/lib.rs:646:30
[INFO] [stdout]   32:     0x562570bc349c - core::ops::function::FnOnce::call_once{{vtable.shim}}::he8ac2b00f01ae79e
[INFO] [stdout]                                at /rustc/1b7dd2252b99671ce5d1cb9664c5f8636329436d/library/core/src/ops/function.rs:250:5
[INFO] [stdout]   33:     0x562570bf4d86 - <alloc::boxed::Box<F,A> as core::ops::function::FnOnce<Args>>::call_once::h8093d25b522725ef
[INFO] [stdout]                                at /rustc/1b7dd2252b99671ce5d1cb9664c5f8636329436d/library/alloc/src/boxed.rs:1973:9
[INFO] [stdout]   34:     0x562570bf4d86 - <core::panic::unwind_safe::AssertUnwindSafe<F> as core::ops::function::FnOnce<()>>::call_once::h5c334c204e4a3913
[INFO] [stdout]                                at /rustc/1b7dd2252b99671ce5d1cb9664c5f8636329436d/library/core/src/panic/unwind_safe.rs:271:9
[INFO] [stdout]   35:     0x562570bf4d86 - std::panicking::try::do_call::ha8b740c7b9478074
[INFO] [stdout]                                at /rustc/1b7dd2252b99671ce5d1cb9664c5f8636329436d/library/std/src/panicking.rs:485:40
[INFO] [stdout]   36:     0x562570bf4d86 - std::panicking::try::h5d34f63d0e41b64e
[INFO] [stdout]                                at /rustc/1b7dd2252b99671ce5d1cb9664c5f8636329436d/library/std/src/panicking.rs:449:19
[INFO] [stdout]   37:     0x562570bf4d86 - std::panic::catch_unwind::hcfbb511e1aa7fc67
[INFO] [stdout]                                at /rustc/1b7dd2252b99671ce5d1cb9664c5f8636329436d/library/std/src/panic.rs:140:14
[INFO] [stdout]   38:     0x562570bf4d86 - test::run_test_in_process::h9abda90f802eaf21
[INFO] [stdout]                                at /rustc/1b7dd2252b99671ce5d1cb9664c5f8636329436d/library/test/src/lib.rs:678:27
[INFO] [stdout]   39:     0x562570bf4d86 - test::run_test::run_test_inner::{{closure}}::h0f058de91f6c6edf
[INFO] [stdout]                                at /rustc/1b7dd2252b99671ce5d1cb9664c5f8636329436d/library/test/src/lib.rs:572:39
[INFO] [stdout]   40:     0x562570bbdca5 - test::run_test::run_test_inner::{{closure}}::h5ca48a4c59c6c1fb
[INFO] [stdout]                                at /rustc/1b7dd2252b99671ce5d1cb9664c5f8636329436d/library/test/src/lib.rs:599:37
[INFO] [stdout]   41:     0x562570bbdca5 - std::sys_common::backtrace::__rust_begin_short_backtrace::h32bd51e1495d4a33
[INFO] [stdout]                                at /rustc/1b7dd2252b99671ce5d1cb9664c5f8636329436d/library/std/src/sys_common/backtrace.rs:134:18
[INFO] [stdout]   42:     0x562570bc31e1 - std::thread::Builder::spawn_unchecked_::{{closure}}::{{closure}}::hc086fae9b128b2db
[INFO] [stdout]                                at /rustc/1b7dd2252b99671ce5d1cb9664c5f8636329436d/library/std/src/thread/mod.rs:526:17
[INFO] [stdout]   43:     0x562570bc31e1 - <core::panic::unwind_safe::AssertUnwindSafe<F> as core::ops::function::FnOnce<()>>::call_once::hb66571888d270d43
[INFO] [stdout]                                at /rustc/1b7dd2252b99671ce5d1cb9664c5f8636329436d/library/core/src/panic/unwind_safe.rs:271:9
[INFO] [stdout]   44:     0x562570bc31e1 - std::panicking::try::do_call::h4fa2ef4f6e51fecf
[INFO] [stdout]                                at /rustc/1b7dd2252b99671ce5d1cb9664c5f8636329436d/library/std/src/panicking.rs:485:40
[INFO] [stdout]   45:     0x562570bc31e1 - std::panicking::try::h1e9e22b8584489b5
[INFO] [stdout]                                at /rustc/1b7dd2252b99671ce5d1cb9664c5f8636329436d/library/std/src/panicking.rs:449:19
[INFO] [stdout]   46:     0x562570bc31e1 - std::panic::catch_unwind::h44698a3de0e0769e
[INFO] [stdout]                                at /rustc/1b7dd2252b99671ce5d1cb9664c5f8636329436d/library/std/src/panic.rs:140:14
[INFO] [stdout]   47:     0x562570bc31e1 - std::thread::Builder::spawn_unchecked_::{{closure}}::h50153abde3fe239e
[INFO] [stdout]                                at /rustc/1b7dd2252b99671ce5d1cb9664c5f8636329436d/library/std/src/thread/mod.rs:525:30
[INFO] [stdout]   48:     0x562570bc31e1 - core::ops::function::FnOnce::call_once{{vtable.shim}}::hbe5bbf6f38394364
[INFO] [stdout]                                at /rustc/1b7dd2252b99671ce5d1cb9664c5f8636329436d/library/core/src/ops/function.rs:250:5
[INFO] [stdout]   49:     0x562570eca1d5 - <alloc::boxed::Box<F,A> as core::ops::function::FnOnce<Args>>::call_once::h0d83cb2920a49046
[INFO] [stdout]                                at /rustc/1b7dd2252b99671ce5d1cb9664c5f8636329436d/library/alloc/src/boxed.rs:1973:9
[INFO] [stdout]   50:     0x562570eca1d5 - <alloc::boxed::Box<F,A> as core::ops::function::FnOnce<Args>>::call_once::hbe0a008aa7d9ef59
[INFO] [stdout]                                at /rustc/1b7dd2252b99671ce5d1cb9664c5f8636329436d/library/alloc/src/boxed.rs:1973:9
[INFO] [stdout]   51:     0x562570eca1d5 - std::sys::unix::thread::Thread::new::thread_start::h3a466996bdf6b1f9
[INFO] [stdout]                                at /rustc/1b7dd2252b99671ce5d1cb9664c5f8636329436d/library/std/src/sys/unix/thread.rs:108:17
[INFO] [stdout]   52:     0x7fd18d38cb43 - <unknown>
[INFO] [stdout]   53:     0x7fd18d41dbb4 - __clone
[INFO] [stdout]   54:                0x0 - <unknown>
[INFO] [stdout] 
[INFO] [stdout] ---- test_list_tests stdout ----
[INFO] [stdout] thread 'test_list_tests' panicked at 'Lazy instance has previously been poisoned', /opt/rustwide/cargo-home/registry/src/index.crates.io-6f17d22bba15001f/once_cell-1.9.0/src/lib.rs:1164:25
[INFO] [stdout] stack backtrace:
[INFO] [stdout]    0:     0x562570ec38ca - std::backtrace_rs::backtrace::libunwind::trace::h2f05d0192276a8f6
[INFO] [stdout]                                at /rustc/1b7dd2252b99671ce5d1cb9664c5f8636329436d/library/std/src/../../backtrace/src/backtrace/libunwind.rs:93:5
[INFO] [stdout]    1:     0x562570ec38ca - std::backtrace_rs::backtrace::trace_unsynchronized::hedc23dff7a1af150
[INFO] [stdout]                                at /rustc/1b7dd2252b99671ce5d1cb9664c5f8636329436d/library/std/src/../../backtrace/src/backtrace/mod.rs:66:5
[INFO] [stdout]    2:     0x562570ec38ca - std::sys_common::backtrace::_print_fmt::h17541ef7592f3ce2
[INFO] [stdout]                                at /rustc/1b7dd2252b99671ce5d1cb9664c5f8636329436d/library/std/src/sys_common/backtrace.rs:65:5
[INFO] [stdout]    3:     0x562570ec38ca - <std::sys_common::backtrace::_print::DisplayBacktrace as core::fmt::Display>::fmt::h20f75df5ab0c0792
[INFO] [stdout]                                at /rustc/1b7dd2252b99671ce5d1cb9664c5f8636329436d/library/std/src/sys_common/backtrace.rs:44:22
[INFO] [stdout]    4:     0x562570ee941f - core::fmt::write::h78109e6f466b3af6
[INFO] [stdout]                                at /rustc/1b7dd2252b99671ce5d1cb9664c5f8636329436d/library/core/src/fmt/mod.rs:1254:17
[INFO] [stdout]    5:     0x562570ec0385 - std::io::Write::write_fmt::hd24bfb68a1b35a25
[INFO] [stdout]                                at /rustc/1b7dd2252b99671ce5d1cb9664c5f8636329436d/library/std/src/io/mod.rs:1698:15
[INFO] [stdout]    6:     0x562570ec3695 - std::sys_common::backtrace::_print::h8dac57a9f8fbf9a5
[INFO] [stdout]                                at /rustc/1b7dd2252b99671ce5d1cb9664c5f8636329436d/library/std/src/sys_common/backtrace.rs:47:5
[INFO] [stdout]    7:     0x562570ec3695 - std::sys_common::backtrace::print::hf9ecbf41d1aa712f
[INFO] [stdout]                                at /rustc/1b7dd2252b99671ce5d1cb9664c5f8636329436d/library/std/src/sys_common/backtrace.rs:34:9
[INFO] [stdout]    8:     0x562570ec534e - std::panicking::default_hook::{{closure}}::h04c07acfc84ca028
[INFO] [stdout]                                at /rustc/1b7dd2252b99671ce5d1cb9664c5f8636329436d/library/std/src/panicking.rs:269:22
[INFO] [stdout]    9:     0x562570ec5081 - std::panicking::default_hook::h01f6bb23e1eceb2c
[INFO] [stdout]                                at /rustc/1b7dd2252b99671ce5d1cb9664c5f8636329436d/library/std/src/panicking.rs:285:9
[INFO] [stdout]   10:     0x562570bf0ddb - <alloc::boxed::Box<F,A> as core::ops::function::Fn<Args>>::call::h87fe9f7b2fd49e4c
[INFO] [stdout]                                at /rustc/1b7dd2252b99671ce5d1cb9664c5f8636329436d/library/alloc/src/boxed.rs:1987:9
[INFO] [stdout]   11:     0x562570bf0ddb - test::test_main::{{closure}}::he94d679243a7531b
[INFO] [stdout]                                at /rustc/1b7dd2252b99671ce5d1cb9664c5f8636329436d/library/test/src/lib.rs:134:21
[INFO] [stdout]   12:     0x562570ec5a34 - <alloc::boxed::Box<F,A> as core::ops::function::Fn<Args>>::call::h3f2d6d8b14c4769f
[INFO] [stdout]                                at /rustc/1b7dd2252b99671ce5d1cb9664c5f8636329436d/library/alloc/src/boxed.rs:1987:9
[INFO] [stdout]   13:     0x562570ec5a34 - std::panicking::rust_panic_with_hook::h2bb3722bbaf2f6df
[INFO] [stdout]                                at /rustc/1b7dd2252b99671ce5d1cb9664c5f8636329436d/library/std/src/panicking.rs:695:13
[INFO] [stdout]   14:     0x562570c52b2a - std::panicking::begin_panic::{{closure}}::h6ff56d7c363c5450
[INFO] [stdout]                                at /rustc/1b7dd2252b99671ce5d1cb9664c5f8636329436d/library/std/src/panicking.rs:611:9
[INFO] [stdout]   15:     0x562570c5267d - std::sys_common::backtrace::__rust_end_short_backtrace::ha52789180af903a2
[INFO] [stdout]                                at /rustc/1b7dd2252b99671ce5d1cb9664c5f8636329436d/library/std/src/sys_common/backtrace.rs:150:18
[INFO] [stdout]   16:     0x562570c52a67 - std::panicking::begin_panic::h281365d97ee41a7e
[INFO] [stdout]                                at /rustc/1b7dd2252b99671ce5d1cb9664c5f8636329436d/library/std/src/panicking.rs:610:12
[INFO] [stdout]   17:     0x562570b3170e - once_cell::sync::Lazy<T,F>::force::{{closure}}::h2b319f1abb8f323a
[INFO] [stdout]                                at /opt/rustwide/cargo-home/registry/src/index.crates.io-6f17d22bba15001f/once_cell-1.9.0/src/lib.rs:1164:25
[INFO] [stdout]   18:     0x562570b3190d - once_cell::sync::OnceCell<T>::get_or_init::{{closure}}::h619cf7b1174a1b93
[INFO] [stdout]                                at /opt/rustwide/cargo-home/registry/src/index.crates.io-6f17d22bba15001f/once_cell-1.9.0/src/lib.rs:974:57
[INFO] [stdout]   19:     0x562570bac3e1 - once_cell::imp::OnceCell<T>::initialize::{{closure}}::hebd1d479f5c9a01a
[INFO] [stdout]                                at /opt/rustwide/cargo-home/registry/src/index.crates.io-6f17d22bba15001f/once_cell-1.9.0/src/imp_std.rs:95:19
[INFO] [stdout]   20:     0x562570e971ae - once_cell::imp::initialize_inner::h32cbe0a04fb91a32
[INFO] [stdout]                                at /opt/rustwide/cargo-home/registry/src/index.crates.io-6f17d22bba15001f/once_cell-1.9.0/src/imp_std.rs:171:31
[INFO] [stdout]   21:     0x562570bac04c - once_cell::imp::OnceCell<T>::initialize::hb33a8aa1e00d5368
[INFO] [stdout]                                at /opt/rustwide/cargo-home/registry/src/index.crates.io-6f17d22bba15001f/once_cell-1.9.0/src/imp_std.rs:93:9
[INFO] [stdout]   22:     0x562570b31c0d - once_cell::sync::OnceCell<T>::get_or_try_init::hba364962085bcab9
[INFO] [stdout]                                at /opt/rustwide/cargo-home/registry/src/index.crates.io-6f17d22bba15001f/once_cell-1.9.0/src/lib.rs:1014:13
[INFO] [stdout]   23:     0x562570b3184d - once_cell::sync::OnceCell<T>::get_or_init::h2794ea07b5c9fd1e
[INFO] [stdout]                                at /opt/rustwide/cargo-home/registry/src/index.crates.io-6f17d22bba15001f/once_cell-1.9.0/src/lib.rs:974:19
[INFO] [stdout]   24:     0x562570b31642 - once_cell::sync::Lazy<T,F>::force::h1dc8fcea66d35be0
[INFO] [stdout]                                at /opt/rustwide/cargo-home/registry/src/index.crates.io-6f17d22bba15001f/once_cell-1.9.0/src/lib.rs:1162:13
[INFO] [stdout]   25:     0x562570b309ea - <once_cell::sync::Lazy<T,F> as core::ops::deref::Deref>::deref::had30f381f8107346
[INFO] [stdout]                                at /opt/rustwide/cargo-home/registry/src/index.crates.io-6f17d22bba15001f/once_cell-1.9.0/src/lib.rs:1172:13
[INFO] [stdout]   26:     0x562570b99c74 - basic::test_list_tests::h8c71ac4bdeed5a7e
[INFO] [stdout]                                at /opt/rustwide/workdir/nextest-runner/tests/basic.rs:152:29
[INFO] [stdout]   27:     0x562570b99c27 - basic::test_list_tests::{{closure}}::hf5fe27046edf2856
[INFO] [stdout]                                at /opt/rustwide/workdir/nextest-runner/tests/basic.rs:150:25
[INFO] [stdout]   28:     0x562570ba0f75 - core::ops::function::FnOnce::call_once::h35364f1a27592bf4
[INFO] [stdout]                                at /rustc/1b7dd2252b99671ce5d1cb9664c5f8636329436d/library/core/src/ops/function.rs:250:5
[INFO] [stdout]   29:     0x562570bf5caf - core::ops::function::FnOnce::call_once::ha6a70e79f7481a7e
[INFO] [stdout]                                at /rustc/1b7dd2252b99671ce5d1cb9664c5f8636329436d/library/core/src/ops/function.rs:250:5
[INFO] [stdout]   30:     0x562570bf5caf - test::__rust_begin_short_backtrace::hce33033019b61e69
[INFO] [stdout]                                at /rustc/1b7dd2252b99671ce5d1cb9664c5f8636329436d/library/test/src/lib.rs:655:18
[INFO] [stdout]   31:     0x562570bc349c - test::run_test::{{closure}}::h858d3528838ae3e5
[INFO] [stdout]                                at /rustc/1b7dd2252b99671ce5d1cb9664c5f8636329436d/library/test/src/lib.rs:646:30
[INFO] [stdout]   32:     0x562570bc349c - core::ops::function::FnOnce::call_once{{vtable.shim}}::he8ac2b00f01ae79e
[INFO] [stdout]                                at /rustc/1b7dd2252b99671ce5d1cb9664c5f8636329436d/library/core/src/ops/function.rs:250:5
[INFO] [stdout]   33:     0x562570bf4d86 - <alloc::boxed::Box<F,A> as core::ops::function::FnOnce<Args>>::call_once::h8093d25b522725ef
[INFO] [stdout]                                at /rustc/1b7dd2252b99671ce5d1cb9664c5f8636329436d/library/alloc/src/boxed.rs:1973:9
[INFO] [stdout]   34:     0x562570bf4d86 - <core::panic::unwind_safe::AssertUnwindSafe<F> as core::ops::function::FnOnce<()>>::call_once::h5c334c204e4a3913
[INFO] [stdout]                                at /rustc/1b7dd2252b99671ce5d1cb9664c5f8636329436d/library/core/src/panic/unwind_safe.rs:271:9
[INFO] [stdout]   35:     0x562570bf4d86 - std::panicking::try::do_call::ha8b740c7b9478074
[INFO] [stdout]                                at /rustc/1b7dd2252b99671ce5d1cb9664c5f8636329436d/library/std/src/panicking.rs:485:40
[INFO] [stdout]   36:     0x562570bf4d86 - std::panicking::try::h5d34f63d0e41b64e
[INFO] [stdout]                                at /rustc/1b7dd2252b99671ce5d1cb9664c5f8636329436d/library/std/src/panicking.rs:449:19
[INFO] [stdout]   37:     0x562570bf4d86 - std::panic::catch_unwind::hcfbb511e1aa7fc67
[INFO] [stdout]                                at /rustc/1b7dd2252b99671ce5d1cb9664c5f8636329436d/library/std/src/panic.rs:140:14
[INFO] [stdout]   38:     0x562570bf4d86 - test::run_test_in_process::h9abda90f802eaf21
[INFO] [stdout]                                at /rustc/1b7dd2252b99671ce5d1cb9664c5f8636329436d/library/test/src/lib.rs:678:27
[INFO] [stdout]   39:     0x562570bf4d86 - test::run_test::run_test_inner::{{closure}}::h0f058de91f6c6edf
[INFO] [stdout]                                at /rustc/1b7dd2252b99671ce5d1cb9664c5f8636329436d/library/test/src/lib.rs:572:39
[INFO] [stdout]   40:     0x562570bbdca5 - test::run_test::run_test_inner::{{closure}}::h5ca48a4c59c6c1fb
[INFO] [stdout]                                at /rustc/1b7dd2252b99671ce5d1cb9664c5f8636329436d/library/test/src/lib.rs:599:37
[INFO] [stdout]   41:     0x562570bbdca5 - std::sys_common::backtrace::__rust_begin_short_backtrace::h32bd51e1495d4a33
[INFO] [stdout]                                at /rustc/1b7dd2252b99671ce5d1cb9664c5f8636329436d/library/std/src/sys_common/backtrace.rs:134:18
[INFO] [stdout]   42:     0x562570bc31e1 - std::thread::Builder::spawn_unchecked_::{{closure}}::{{closure}}::hc086fae9b128b2db
[INFO] [stdout]                                at /rustc/1b7dd2252b99671ce5d1cb9664c5f8636329436d/library/std/src/thread/mod.rs:526:17
[INFO] [stdout]   43:     0x562570bc31e1 - <core::panic::unwind_safe::AssertUnwindSafe<F> as core::ops::function::FnOnce<()>>::call_once::hb66571888d270d43
[INFO] [stdout]                                at /rustc/1b7dd2252b99671ce5d1cb9664c5f8636329436d/library/core/src/panic/unwind_safe.rs:271:9
[INFO] [stdout]   44:     0x562570bc31e1 - std::panicking::try::do_call::h4fa2ef4f6e51fecf
[INFO] [stdout]                                at /rustc/1b7dd2252b99671ce5d1cb9664c5f8636329436d/library/std/src/panicking.rs:485:40
[INFO] [stdout]   45:     0x562570bc31e1 - std::panicking::try::h1e9e22b8584489b5
[INFO] [stdout]                                at /rustc/1b7dd2252b99671ce5d1cb9664c5f8636329436d/library/std/src/panicking.rs:449:19
[INFO] [stdout]   46:     0x562570bc31e1 - std::panic::catch_unwind::h44698a3de0e0769e
[INFO] [stdout]                                at /rustc/1b7dd2252b99671ce5d1cb9664c5f8636329436d/library/std/src/panic.rs:140:14
[INFO] [stdout]   47:     0x562570bc31e1 - std::thread::Builder::spawn_unchecked_::{{closure}}::h50153abde3fe239e
[INFO] [stdout]                                at /rustc/1b7dd2252b99671ce5d1cb9664c5f8636329436d/library/std/src/thread/mod.rs:525:30
[INFO] [stdout]   48:     0x562570bc31e1 - core::ops::function::FnOnce::call_once{{vtable.shim}}::hbe5bbf6f38394364
[INFO] [stdout]                                at /rustc/1b7dd2252b99671ce5d1cb9664c5f8636329436d/library/core/src/ops/function.rs:250:5
[INFO] [stdout]   49:     0x562570eca1d5 - <alloc::boxed::Box<F,A> as core::ops::function::FnOnce<Args>>::call_once::h0d83cb2920a49046
[INFO] [stdout]                                at /rustc/1b7dd2252b99671ce5d1cb9664c5f8636329436d/library/alloc/src/boxed.rs:1973:9
[INFO] [stdout]   50:     0x562570eca1d5 - <alloc::boxed::Box<F,A> as core::ops::function::FnOnce<Args>>::call_once::hbe0a008aa7d9ef59
[INFO] [stdout]                                at /rustc/1b7dd2252b99671ce5d1cb9664c5f8636329436d/library/alloc/src/boxed.rs:1973:9
[INFO] [stdout]   51:     0x562570eca1d5 - std::sys::unix::thread::Thread::new::thread_start::h3a466996bdf6b1f9
[INFO] [stdout]                                at /rustc/1b7dd2252b99671ce5d1cb9664c5f8636329436d/library/std/src/sys/unix/thread.rs:108:17
[INFO] [stdout]   52:     0x7fd18d38cb43 - <unknown>
[INFO] [stdout]   53:     0x7fd18d41dbb4 - __clone
[INFO] [stdout]   54:                0x0 - <unknown>
[INFO] [stdout] 
[INFO] [stdout] ---- test_retries stdout ----
[INFO] [stdout] thread 'test_retries' panicked at 'Lazy instance has previously been poisoned', /opt/rustwide/cargo-home/registry/src/index.crates.io-6f17d22bba15001f/once_cell-1.9.0/src/lib.rs:1164:25
[INFO] [stdout] stack backtrace:
[INFO] [stdout]    0:     0x562570ec38ca - std::backtrace_rs::backtrace::libunwind::trace::h2f05d0192276a8f6
[INFO] [stdout]                                at /rustc/1b7dd2252b99671ce5d1cb9664c5f8636329436d/library/std/src/../../backtrace/src/backtrace/libunwind.rs:93:5
[INFO] [stdout]    1:     0x562570ec38ca - std::backtrace_rs::backtrace::trace_unsynchronized::hedc23dff7a1af150
[INFO] [stdout]                                at /rustc/1b7dd2252b99671ce5d1cb9664c5f8636329436d/library/std/src/../../backtrace/src/backtrace/mod.rs:66:5
[INFO] [stdout]    2:     0x562570ec38ca - std::sys_common::backtrace::_print_fmt::h17541ef7592f3ce2
[INFO] [stdout]                                at /rustc/1b7dd2252b99671ce5d1cb9664c5f8636329436d/library/std/src/sys_common/backtrace.rs:65:5
[INFO] [stdout]    3:     0x562570ec38ca - <std::sys_common::backtrace::_print::DisplayBacktrace as core::fmt::Display>::fmt::h20f75df5ab0c0792
[INFO] [stdout]                                at /rustc/1b7dd2252b99671ce5d1cb9664c5f8636329436d/library/std/src/sys_common/backtrace.rs:44:22
[INFO] [stdout]    4:     0x562570ee941f - core::fmt::write::h78109e6f466b3af6
[INFO] [stdout]                                at /rustc/1b7dd2252b99671ce5d1cb9664c5f8636329436d/library/core/src/fmt/mod.rs:1254:17
[INFO] [stdout]    5:     0x562570ec0385 - std::io::Write::write_fmt::hd24bfb68a1b35a25
[INFO] [stdout]                                at /rustc/1b7dd2252b99671ce5d1cb9664c5f8636329436d/library/std/src/io/mod.rs:1698:15
[INFO] [stdout]    6:     0x562570ec3695 - std::sys_common::backtrace::_print::h8dac57a9f8fbf9a5
[INFO] [stdout]                                at /rustc/1b7dd2252b99671ce5d1cb9664c5f8636329436d/library/std/src/sys_common/backtrace.rs:47:5
[INFO] [stdout]    7:     0x562570ec3695 - std::sys_common::backtrace::print::hf9ecbf41d1aa712f
[INFO] [stdout]                                at /rustc/1b7dd2252b99671ce5d1cb9664c5f8636329436d/library/std/src/sys_common/backtrace.rs:34:9
[INFO] [stdout]    8:     0x562570ec534e - std::panicking::default_hook::{{closure}}::h04c07acfc84ca028
[INFO] [stdout]                                at /rustc/1b7dd2252b99671ce5d1cb9664c5f8636329436d/library/std/src/panicking.rs:269:22
[INFO] [stdout]    9:     0x562570ec5081 - std::panicking::default_hook::h01f6bb23e1eceb2c
[INFO] [stdout]                                at /rustc/1b7dd2252b99671ce5d1cb9664c5f8636329436d/library/std/src/panicking.rs:285:9
[INFO] [stdout]   10:     0x562570bf0ddb - <alloc::boxed::Box<F,A> as core::ops::function::Fn<Args>>::call::h87fe9f7b2fd49e4c
[INFO] [stdout]                                at /rustc/1b7dd2252b99671ce5d1cb9664c5f8636329436d/library/alloc/src/boxed.rs:1987:9
[INFO] [stdout]   11:     0x562570bf0ddb - test::test_main::{{closure}}::he94d679243a7531b
[INFO] [stdout]                                at /rustc/1b7dd2252b99671ce5d1cb9664c5f8636329436d/library/test/src/lib.rs:134:21
[INFO] [stdout]   12:     0x562570ec5a34 - <alloc::boxed::Box<F,A> as core::ops::function::Fn<Args>>::call::h3f2d6d8b14c4769f
[INFO] [stdout]                                at /rustc/1b7dd2252b99671ce5d1cb9664c5f8636329436d/library/alloc/src/boxed.rs:1987:9
[INFO] [stdout]   13:     0x562570ec5a34 - std::panicking::rust_panic_with_hook::h2bb3722bbaf2f6df
[INFO] [stdout]                                at /rustc/1b7dd2252b99671ce5d1cb9664c5f8636329436d/library/std/src/panicking.rs:695:13
[INFO] [stdout]   14:     0x562570c52b2a - std::panicking::begin_panic::{{closure}}::h6ff56d7c363c5450
[INFO] [stdout]                                at /rustc/1b7dd2252b99671ce5d1cb9664c5f8636329436d/library/std/src/panicking.rs:611:9
[INFO] [stdout]   15:     0x562570c5267d - std::sys_common::backtrace::__rust_end_short_backtrace::ha52789180af903a2
[INFO] [stdout]                                at /rustc/1b7dd2252b99671ce5d1cb9664c5f8636329436d/library/std/src/sys_common/backtrace.rs:150:18
[INFO] [stdout]   16:     0x562570c52a67 - std::panicking::begin_panic::h281365d97ee41a7e
[INFO] [stdout]                                at /rustc/1b7dd2252b99671ce5d1cb9664c5f8636329436d/library/std/src/panicking.rs:610:12
[INFO] [stdout]   17:     0x562570b3170e - once_cell::sync::Lazy<T,F>::force::{{closure}}::h2b319f1abb8f323a
[INFO] [stdout]                                at /opt/rustwide/cargo-home/registry/src/index.crates.io-6f17d22bba15001f/once_cell-1.9.0/src/lib.rs:1164:25
[INFO] [stdout]   18:     0x562570b3190d - once_cell::sync::OnceCell<T>::get_or_init::{{closure}}::h619cf7b1174a1b93
[INFO] [stdout]                                at /opt/rustwide/cargo-home/registry/src/index.crates.io-6f17d22bba15001f/once_cell-1.9.0/src/lib.rs:974:57
[INFO] [stdout]   19:     0x562570bac3e1 - once_cell::imp::OnceCell<T>::initialize::{{closure}}::hebd1d479f5c9a01a
[INFO] [stdout]                                at /opt/rustwide/cargo-home/registry/src/index.crates.io-6f17d22bba15001f/once_cell-1.9.0/src/imp_std.rs:95:19
[INFO] [stdout]   20:     0x562570e971ae - once_cell::imp::initialize_inner::h32cbe0a04fb91a32
[INFO] [stdout]                                at /opt/rustwide/cargo-home/registry/src/index.crates.io-6f17d22bba15001f/once_cell-1.9.0/src/imp_std.rs:171:31
[INFO] [stdout]   21:     0x562570bac04c - once_cell::imp::OnceCell<T>::initialize::hb33a8aa1e00d5368
[INFO] [stdout]                                at /opt/rustwide/cargo-home/registry/src/index.crates.io-6f17d22bba15001f/once_cell-1.9.0/src/imp_std.rs:93:9
[INFO] [stdout]   22:     0x562570b31c0d - once_cell::sync::OnceCell<T>::get_or_try_init::hba364962085bcab9
[INFO] [stdout]                                at /opt/rustwide/cargo-home/registry/src/index.crates.io-6f17d22bba15001f/once_cell-1.9.0/src/lib.rs:1014:13
[INFO] [stdout]   23:     0x562570b3184d - once_cell::sync::OnceCell<T>::get_or_init::h2794ea07b5c9fd1e
[INFO] [stdout]                                at /opt/rustwide/cargo-home/registry/src/index.crates.io-6f17d22bba15001f/once_cell-1.9.0/src/lib.rs:974:19
[INFO] [stdout]   24:     0x562570b31642 - once_cell::sync::Lazy<T,F>::force::h1dc8fcea66d35be0
[INFO] [stdout]                                at /opt/rustwide/cargo-home/registry/src/index.crates.io-6f17d22bba15001f/once_cell-1.9.0/src/lib.rs:1162:13
[INFO] [stdout]   25:     0x562570b309ea - <once_cell::sync::Lazy<T,F> as core::ops::deref::Deref>::deref::had30f381f8107346
[INFO] [stdout]                                at /opt/rustwide/cargo-home/registry/src/index.crates.io-6f17d22bba15001f/once_cell-1.9.0/src/lib.rs:1172:13
[INFO] [stdout]   26:     0x562570b9bef3 - basic::test_retries::h457e45a04aab35df
[INFO] [stdout]                                at /opt/rustwide/workdir/nextest-runner/tests/basic.rs:310:29
[INFO] [stdout]   27:     0x562570b9be97 - basic::test_retries::{{closure}}::h56a9d23750c0954c
[INFO] [stdout]                                at /opt/rustwide/workdir/nextest-runner/tests/basic.rs:308:22
[INFO] [stdout]   28:     0x562570ba16c5 - core::ops::function::FnOnce::call_once::ha1983c7c6d797bfc
[INFO] [stdout]                                at /rustc/1b7dd2252b99671ce5d1cb9664c5f8636329436d/library/core/src/ops/function.rs:250:5
[INFO] [stdout]   29:     0x562570bf5caf - core::ops::function::FnOnce::call_once::ha6a70e79f7481a7e
[INFO] [stdout]                                at /rustc/1b7dd2252b99671ce5d1cb9664c5f8636329436d/library/core/src/ops/function.rs:250:5
[INFO] [stdout]   30:     0x562570bf5caf - test::__rust_begin_short_backtrace::hce33033019b61e69
[INFO] [stdout]                                at /rustc/1b7dd2252b99671ce5d1cb9664c5f8636329436d/library/test/src/lib.rs:655:18
[INFO] [stdout]   31:     0x562570bc349c - test::run_test::{{closure}}::h858d3528838ae3e5
[INFO] [stdout]                                at /rustc/1b7dd2252b99671ce5d1cb9664c5f8636329436d/library/test/src/lib.rs:646:30
[INFO] [stdout]   32:     0x562570bc349c - core::ops::function::FnOnce::call_once{{vtable.shim}}::he8ac2b00f01ae79e
[INFO] [stdout]                                at /rustc/1b7dd2252b99671ce5d1cb9664c5f8636329436d/library/core/src/ops/function.rs:250:5
[INFO] [stdout]   33:     0x562570bf4d86 - <alloc::boxed::Box<F,A> as core::ops::function::FnOnce<Args>>::call_once::h8093d25b522725ef
[INFO] [stdout]                                at /rustc/1b7dd2252b99671ce5d1cb9664c5f8636329436d/library/alloc/src/boxed.rs:1973:9
[INFO] [stdout]   34:     0x562570bf4d86 - <core::panic::unwind_safe::AssertUnwindSafe<F> as core::ops::function::FnOnce<()>>::call_once::h5c334c204e4a3913
[INFO] [stdout]                                at /rustc/1b7dd2252b99671ce5d1cb9664c5f8636329436d/library/core/src/panic/unwind_safe.rs:271:9
[INFO] [stdout]   35:     0x562570bf4d86 - std::panicking::try::do_call::ha8b740c7b9478074
[INFO] [stdout]                                at /rustc/1b7dd2252b99671ce5d1cb9664c5f8636329436d/library/std/src/panicking.rs:485:40
[INFO] [stdout]   36:     0x562570bf4d86 - std::panicking::try::h5d34f63d0e41b64e
[INFO] [stdout]                                at /rustc/1b7dd2252b99671ce5d1cb9664c5f8636329436d/library/std/src/panicking.rs:449:19
[INFO] [stdout]   37:     0x562570bf4d86 - std::panic::catch_unwind::hcfbb511e1aa7fc67
[INFO] [stdout]                                at /rustc/1b7dd2252b99671ce5d1cb9664c5f8636329436d/library/std/src/panic.rs:140:14
[INFO] [stdout]   38:     0x562570bf4d86 - test::run_test_in_process::h9abda90f802eaf21
[INFO] [stdout]                                at /rustc/1b7dd2252b99671ce5d1cb9664c5f8636329436d/library/test/src/lib.rs:678:27
[INFO] [stdout]   39:     0x562570bf4d86 - test::run_test::run_test_inner::{{closure}}::h0f058de91f6c6edf
[INFO] [stdout]                                at /rustc/1b7dd2252b99671ce5d1cb9664c5f8636329436d/library/test/src/lib.rs:572:39
[INFO] [stdout]   40:     0x562570bbdca5 - test::run_test::run_test_inner::{{closure}}::h5ca48a4c59c6c1fb
[INFO] [stdout]                                at /rustc/1b7dd2252b99671ce5d1cb9664c5f8636329436d/library/test/src/lib.rs:599:37
[INFO] [stdout]   41:     0x562570bbdca5 - std::sys_common::backtrace::__rust_begin_short_backtrace::h32bd51e1495d4a33
[INFO] [stdout]                                at /rustc/1b7dd2252b99671ce5d1cb9664c5f8636329436d/library/std/src/sys_common/backtrace.rs:134:18
[INFO] [stdout]   42:     0x562570bc31e1 - std::thread::Builder::spawn_unchecked_::{{closure}}::{{closure}}::hc086fae9b128b2db
[INFO] [stdout]                                at /rustc/1b7dd2252b99671ce5d1cb9664c5f8636329436d/library/std/src/thread/mod.rs:526:17
[INFO] [stdout]   43:     0x562570bc31e1 - <core::panic::unwind_safe::AssertUnwindSafe<F> as core::ops::function::FnOnce<()>>::call_once::hb66571888d270d43
[INFO] [stdout]                                at /rustc/1b7dd2252b99671ce5d1cb9664c5f8636329436d/library/core/src/panic/unwind_safe.rs:271:9
[INFO] [stdout]   44:     0x562570bc31e1 - std::panicking::try::do_call::h4fa2ef4f6e51fecf
[INFO] [stdout]                                at /rustc/1b7dd2252b99671ce5d1cb9664c5f8636329436d/library/std/src/panicking.rs:485:40
[INFO] [stdout]   45:     0x562570bc31e1 - std::panicking::try::h1e9e22b8584489b5
[INFO] [stdout]                                at /rustc/1b7dd2252b99671ce5d1cb9664c5f8636329436d/library/std/src/panicking.rs:449:19
[INFO] [stdout]   46:     0x562570bc31e1 - std::panic::catch_unwind::h44698a3de0e0769e
[INFO] [stdout]                                at /rustc/1b7dd2252b99671ce5d1cb9664c5f8636329436d/library/std/src/panic.rs:140:14
[INFO] [stdout]   47:     0x562570bc31e1 - std::thread::Builder::spawn_unchecked_::{{closure}}::h50153abde3fe239e
[INFO] [stdout]                                at /rustc/1b7dd2252b99671ce5d1cb9664c5f8636329436d/library/std/src/thread/mod.rs:525:30
[INFO] [stdout]   48:     0x562570bc31e1 - core::ops::function::FnOnce::call_once{{vtable.shim}}::hbe5bbf6f38394364
[INFO] [stdout]                                at /rustc/1b7dd2252b99671ce5d1cb9664c5f8636329436d/library/core/src/ops/function.rs:250:5
[INFO] [stdout]   49:     0x562570eca1d5 - <alloc::boxed::Box<F,A> as core::ops::function::FnOnce<Args>>::call_once::h0d83cb2920a49046
[INFO] [stdout]                                at /rustc/1b7dd2252b99671ce5d1cb9664c5f8636329436d/library/alloc/src/boxed.rs:1973:9
[INFO] [stdout]   50:     0x562570eca1d5 - <alloc::boxed::Box<F,A> as core::ops::function::FnOnce<Args>>::call_once::hbe0a008aa7d9ef59
[INFO] [stdout]                                at /rustc/1b7dd2252b99671ce5d1cb9664c5f8636329436d/library/alloc/src/boxed.rs:1973:9
[INFO] [stdout]   51:     0x562570eca1d5 - std::sys::unix::thread::Thread::new::thread_start::h3a466996bdf6b1f9
[INFO] [stdout]                                at /rustc/1b7dd2252b99671ce5d1cb9664c5f8636329436d/library/std/src/sys/unix/thread.rs:108:17
[INFO] [stdout]   52:     0x7fd18d38cb43 - <unknown>
[INFO] [stdout]   53:     0x7fd18d41dbb4 - __clone
[INFO] [stdout]   54:                0x0 - <unknown>
[INFO] [stdout] 
[INFO] [stdout] 
[INFO] [stdout] failures:
[INFO] [stdout]     test_list_tests
[INFO] [stdout]     test_retries
[INFO] [stdout]     test_run
[INFO] [stdout]     test_run_ignored
[INFO] [stdout] 
[INFO] [stdout] test result: FAILED. 0 passed; 4 failed; 0 ignored; 0 measured; 0 filtered out; finished in 0.04s
[INFO] [stdout] 
[INFO] [stderr] error: test failed, to rerun pass `-p nextest-runner --test basic`
[INFO] running `Command { std: "docker" "inspect" "789208b7deff0a4a0e18f544f44686e2f73b59730fc44a902c355e7883b242ca", kill_on_drop: false }`
[INFO] running `Command { std: "docker" "rm" "-f" "789208b7deff0a4a0e18f544f44686e2f73b59730fc44a902c355e7883b242ca", kill_on_drop: false }`
[INFO] [stdout] 789208b7deff0a4a0e18f544f44686e2f73b59730fc44a902c355e7883b242ca
